--
-- Host: localhost    Database: dvtsakctbu
-- ------------------------------------------------------


--
-- Table structure for table `access_keys`
--

CREATE TABLE `access_keys` (
  `access_key_id` bigint(20) NOT NULL AUTO_INCREMENT,
  `context` varchar(40) NOT NULL,
  `key_hash` varchar(40) NOT NULL,
  `user_id` bigint(20) NOT NULL,
  `assoc_id` bigint(20) DEFAULT NULL,
  `expiry_date` datetime NOT NULL,
  PRIMARY KEY (`access_key_id`),
  KEY `access_keys_hash` (`key_hash`,`user_id`,`context`)
) ENGINE=InnoDB DEFAULT CHARSET=utf8mb3 COLLATE=utf8mb3_general_ci;

--
-- Dumping data for table `access_keys`
--


--
-- Table structure for table `announcement_settings`
--

CREATE TABLE `announcement_settings` (
  `announcement_id` bigint(20) NOT NULL,
  `locale` varchar(14) NOT NULL DEFAULT '',
  `setting_name` varchar(255) NOT NULL,
  `setting_value` text DEFAULT NULL,
  `setting_type` varchar(6) DEFAULT NULL,
  UNIQUE KEY `announcement_settings_pkey` (`announcement_id`,`locale`,`setting_name`),
  KEY `announcement_settings_announcement_id` (`announcement_id`)
) ENGINE=InnoDB DEFAULT CHARSET=utf8mb3 COLLATE=utf8mb3_general_ci;

--
-- Dumping data for table `announcement_settings`
--

INSERT INTO `announcement_settings` VALUES
(1,'en_US','description','<p>Receipt of articles for the second issue of the journal ‘’The Challenges of Modern Science’’ lasts until October 30, 2020</p>','string'),
(1,'en_US','descriptionShort','<p>Receipt of articles for the second issue of the journal ‘’The Challenges of Modern Science’’ lasts until October 30, 2020</p>','string'),
(1,'en_US','title','Second issue of the journal','string'),
(2,'en_US','description','<p>International Teaching University of Management and Communication „Alterbridge“ announces the open call to receive scientific articles for university electronic scientific reviewed journal „Challenges of Modern Science“.</p>\n<p>The scientific articles can be sent by local or international academic staff of universities, research centers/institutes, scholars and young researchers in following fields:</p>\n<ul>\n<li>Social Sciences and Humanities</li>\n<li>Education</li>\n<li>Economics and Business Administration</li>\n<li>Law</li>\n</ul>\n<p>Scientific articles are reviewed by the competent experts of the field (peer review).</p>\n<p>The author rights for published articles are owned by the authors/co-authors.</p>\n<p>Publishing the article in the Alterbridge scientific journal is free.</p>\n<p>The instruction for composing the article is given here: <a href=\"https://bit.ly/3pfRSN0\">https://bit.ly/3pfRSN0</a></p>\n<p>The articles can be sent on the following mail:  <a href=\"mailto:s.vasadze@alterbridge.edu.ge\">s.vasadze@alterbridge.edu.ge</a></p>\n<p>Deadline for receiving the articles is September, 30, 2021.</p>','string'),
(2,'en_US','descriptionShort','<p>International Teaching University of Management and Communication „Alterbridge“ announces the open call to receive scientific articles for university electronic scientific reviewed journal „Challenges of Modern Science“.</p>',NULL),
(2,'en_US','title','Third issue of the journal','string'),
(2,'ka_GE','description','<p>მართვის და კომუნიკაციის საერთაშორისო სასწავლო უნივერსიტეტი ,,ალტერბრიჯი“ აცხადებს სტატიების მიღებას ელექტრონული სამეცნიერო რეცენზირებადი ჟურნალის „თანამედროვე მეცნიერების გამოწვევები“მე-3 გამოცემისთვის.</p>\n<p>სამეცნიერო ნაშრომების გამოქვეყნება შეუძლია უმაღლესი საგანმანათლებლო დაწესებულებების, კვლევითი ცენტრების/ინსტიტუტების აკადემიურ პერსონალს, მკვლევარს და ახალგაზრდა მეცნიერებს, როგორც საქართველოს მასშტაბით, ასევე უცხოეთიდან, შემდეგი მიმართულებებით:</p>\n<ul>\n<li>სოციალური და ჰუმანიტარული მეცნიერებები</li>\n<li>განათლების მიმართულება</li>\n<li>ეკონომიკისა და ბიზნესის ადმინისტრირება</li>\n<li>სამართალმცოდნეობა</li>\n</ul>\n<p>სტატიები დაიბეჭდება სფეროს კომპეტენტური სპეციალისტების რეცენზიის საფუძველზე.</p>\n<p>საავტორო უფლებები გამოქვეყნებულ ნაშრომზე ეკუთვნის  ავტორს/თანაავტორებს.</p>\n<p>ალტერბიჯის სამეცნიერო ჟურნალში სტატიის გამოქვეყნება უფასოა.</p>\n<p>სტატიების წარმოდგენა უნდა მოხდეს <em>ქართულ და ინგლისურ ენებზე.</em></p>\n<p>სტატიის შესრულების წესებს შეგიძლიათ გაეცნოთ ბმულზე: <a href=\"https://bit.ly/3pfRSN0\">https://bit.ly/3pfRSN0</a></p>\n<p>ნაშრომების გამოგზავნა შესაძლებელია ელ-ფოსტაზე: <a href=\"mailto:s.vasadze@alterbridge.edu.ge\">s.vasadze@alterbridge.edu.ge</a>  </p>\n<p>მიღების ბოლო ვადაა 2021 წლის 30 სექტემბერი.</p>',NULL),
(2,'ka_GE','descriptionShort','<p>მართვის და კომუნიკაციის საერთაშორისო სასწავლო უნივერსიტეტი ,,ალტერბრიჯი“ აცხადებს სტატიების მიღებას ელექტრონული სამეცნიერო რეცენზირებადი ჟურნალის „თანამედროვე მეცნიერების გამოწვევები“მე-3 გამოცემისთვის.</p>',NULL),
(2,'ka_GE','title','ჟურნალის მესამე გამოცემა',NULL);

--
-- Table structure for table `announcement_type_settings`
--

CREATE TABLE `announcement_type_settings` (
  `type_id` bigint(20) NOT NULL,
  `locale` varchar(14) NOT NULL DEFAULT '',
  `setting_name` varchar(255) NOT NULL,
  `setting_value` text DEFAULT NULL,
  `setting_type` varchar(6) NOT NULL,
  UNIQUE KEY `announcement_type_settings_pkey` (`type_id`,`locale`,`setting_name`),
  KEY `announcement_type_settings_type_id` (`type_id`)
) ENGINE=InnoDB DEFAULT CHARSET=utf8mb3 COLLATE=utf8mb3_general_ci;

--
-- Dumping data for table `announcement_type_settings`
--

INSERT INTO `announcement_type_settings` VALUES
(1,'en_US','name','For Authors','string');

--
-- Table structure for table `announcement_types`
--

CREATE TABLE `announcement_types` (
  `type_id` bigint(20) NOT NULL AUTO_INCREMENT,
  `assoc_type` bigint(20) NOT NULL,
  `assoc_id` bigint(20) NOT NULL,
  PRIMARY KEY (`type_id`),
  KEY `announcement_types_assoc` (`assoc_type`,`assoc_id`)
) ENGINE=InnoDB AUTO_INCREMENT=2 DEFAULT CHARSET=utf8mb3 COLLATE=utf8mb3_general_ci;

--
-- Dumping data for table `announcement_types`
--

INSERT INTO `announcement_types` VALUES
(1,256,1);

--
-- Table structure for table `announcements`
--

CREATE TABLE `announcements` (
  `announcement_id` bigint(20) NOT NULL AUTO_INCREMENT,
  `assoc_type` smallint(6) DEFAULT NULL,
  `assoc_id` bigint(20) NOT NULL,
  `type_id` bigint(20) DEFAULT NULL,
  `date_expire` date DEFAULT NULL,
  `date_posted` datetime NOT NULL,
  PRIMARY KEY (`announcement_id`),
  KEY `announcements_assoc` (`assoc_type`,`assoc_id`)
) ENGINE=InnoDB AUTO_INCREMENT=4 DEFAULT CHARSET=utf8mb3 COLLATE=utf8mb3_general_ci;

--
-- Dumping data for table `announcements`
--

INSERT INTO `announcements` VALUES
(1,256,1,1,'2020-10-30','2020-10-02 11:42:50'),
(2,256,1,1,'2021-09-30','2021-06-28 14:41:00');

--
-- Table structure for table `auth_sources`
--

CREATE TABLE `auth_sources` (
  `auth_id` bigint(20) NOT NULL AUTO_INCREMENT,
  `title` varchar(60) NOT NULL,
  `plugin` varchar(32) NOT NULL,
  `auth_default` tinyint(4) NOT NULL DEFAULT 0,
  `settings` text DEFAULT NULL,
  PRIMARY KEY (`auth_id`)
) ENGINE=InnoDB DEFAULT CHARSET=utf8mb3 COLLATE=utf8mb3_general_ci;

--
-- Dumping data for table `auth_sources`
--


--
-- Table structure for table `author_settings`
--

CREATE TABLE `author_settings` (
  `author_id` bigint(20) NOT NULL,
  `locale` varchar(14) NOT NULL DEFAULT '',
  `setting_name` varchar(255) NOT NULL,
  `setting_value` text DEFAULT NULL,
  UNIQUE KEY `author_settings_pkey` (`author_id`,`locale`,`setting_name`),
  KEY `author_settings_author_id` (`author_id`)
) ENGINE=InnoDB DEFAULT CHARSET=utf8mb3 COLLATE=utf8mb3_general_ci;

--
-- Dumping data for table `author_settings`
--

INSERT INTO `author_settings` VALUES
(1,'','country','GE'),
(1,'','orcid',''),
(1,'','url',''),
(1,'en_US','affiliation',''),
(1,'en_US','biography','<p>Ph.D. Doctor of Public Administration, Associate professor at „Alterbridge“ International Teaching University of Management and Communication</p>'),
(1,'en_US','familyName','Gotsadze'),
(1,'en_US','givenName','Natia'),
(1,'en_US','preferredPublicName',''),
(2,'','country','GE'),
(2,'','orcid',''),
(2,'','url',''),
(2,'en_US','affiliation',''),
(2,'en_US','biography','<p>Ph.D. Associate professor at „Alterbridge“ International Teaching University of Management and Communication, Communication Expert, Positive Psycho-consultant</p>'),
(2,'en_US','familyName','Jaoshvili'),
(2,'en_US','givenName','Mako'),
(2,'en_US','preferredPublicName',''),
(3,'','country','GE'),
(3,'','orcid',''),
(3,'','url',''),
(3,'en_US','affiliation',''),
(3,'en_US','biography','<p>Coach, Positive Psychotherapist</p>'),
(3,'en_US','familyName','Badridze'),
(3,'en_US','givenName','Lali'),
(3,'en_US','preferredPublicName',''),
(4,'','country','GE'),
(4,'','orcid',''),
(4,'','url',''),
(4,'en_US','affiliation',''),
(4,'en_US','biography','<p>Master of Warsaw Management University, PhD student at Georgian Technical University</p>'),
(4,'en_US','familyName','Otarashvili'),
(4,'en_US','givenName','Ketevan'),
(4,'en_US','preferredPublicName',''),
(5,'','country','GE'),
(5,'','orcid',''),
(5,'','url',''),
(5,'en_US','affiliation',''),
(5,'en_US','biography','<p>Ph.D, Doctor in Public Administration, Assistant professor at „Alterbridge“ International Teaching University of Management and Communication</p>'),
(5,'en_US','familyName','Khatiashvili'),
(5,'en_US','givenName','Nina'),
(5,'en_US','preferredPublicName',''),
(6,'','country','GE'),
(6,'','orcid',''),
(6,'','url',''),
(6,'en_US','affiliation',''),
(6,'en_US','biography','<p>Master of Warsaw Management University</p>'),
(6,'en_US','familyName','Bubuteishvili'),
(6,'en_US','givenName','Marika'),
(6,'en_US','preferredPublicName',''),
(7,'','country','GE'),
(7,'','orcid',''),
(7,'','url',''),
(7,'en_US','affiliation',''),
(7,'en_US','biography','<p>Master of Warsaw Management University</p>'),
(7,'en_US','familyName','Kekutia'),
(7,'en_US','givenName','Tamar'),
(7,'en_US','preferredPublicName',''),
(8,'','country','GE'),
(8,'','orcid',''),
(8,'','url',''),
(8,'en_US','affiliation',''),
(8,'en_US','biography','<p>Master of Warsaw Management University</p>'),
(8,'en_US','familyName','Kharitonashvili'),
(8,'en_US','givenName','Tamar'),
(8,'en_US','preferredPublicName',''),
(9,'','country','GE'),
(9,'','orcid',''),
(9,'','url',''),
(9,'en_US','affiliation',''),
(9,'en_US','biography','<p>PhD student at Tbilisi State University, Applied Social Psychology, Invited lecturer at „Alterbridge“ International Teaching University of Management and Communication</p>'),
(9,'en_US','familyName','Menagharishvili'),
(9,'en_US','givenName','Anna'),
(9,'en_US','preferredPublicName',''),
(10,'','country','GE'),
(10,'','orcid',''),
(10,'','url',''),
(10,'en_US','affiliation',''),
(10,'en_US','biography','<p>Master in Clinical Psychology, Invited lecturer at&nbsp;,,Altebridge” International Teaching University of Management and Communication</p>'),
(10,'en_US','familyName','Gubianuri'),
(10,'en_US','givenName','Teona'),
(10,'en_US','preferredPublicName',''),
(12,'','country','GE'),
(12,'','orcid',''),
(12,'','url',''),
(12,'en_US','affiliation',''),
(12,'en_US','biography','<p>PhD. Doctor of Public Administration, Associate Professor at International Teaching University of Management and Communication „Alterbridge“</p>'),
(12,'en_US','familyName','Gotsadze'),
(12,'en_US','givenName','Natia'),
(12,'en_US','preferredPublicName',''),
(13,'','country','GE'),
(13,'','orcid',''),
(13,'','url',''),
(13,'en_US','affiliation',''),
(13,'en_US','biography','<p>PhD. Associate Professor at International Teaching University of Management and Communication „Alterbridge“, Communication Expert, Positive Psycho-consultant</p>'),
(13,'en_US','familyName','Jaoshvili'),
(13,'en_US','givenName','Mako'),
(13,'en_US','preferredPublicName',''),
(14,'','country','GE'),
(14,'','orcid',''),
(14,'','url',''),
(14,'en_US','affiliation',''),
(14,'en_US','biography','<p>PhD, Associated Professor, International Black Sea University</p>'),
(14,'en_US','familyName','Abdushelishvili'),
(14,'en_US','givenName','Lela'),
(14,'en_US','preferredPublicName',''),
(15,'','country','GE'),
(15,'','orcid',''),
(15,'','url',''),
(15,'en_US','affiliation',''),
(15,'en_US','biography','<p><strong>The Doctor of Journalism (PhD), Associated Professor</strong></p>\r\n<p>International&nbsp;Black&nbsp;Sea&nbsp;University</p>'),
(15,'en_US','familyName','Memanishvili'),
(15,'en_US','givenName','Magda'),
(15,'en_US','preferredPublicName',''),
(16,'','country','GE'),
(16,'','orcid',''),
(16,'','url',''),
(16,'en_US','affiliation',''),
(16,'en_US','biography','<p>PhD student, Ivane Javakhishvili Tbilisi State University;</p>\r\n<p>Invited lecturer at International Teaching University of Management and Communication “Alterbridge’’</p>\r\n<p>The Executive Director of the Georgian Charter of Journalistic Ethics</p>'),
(16,'en_US','familyName','Gogosashvili'),
(16,'en_US','givenName','Mariam'),
(16,'en_US','preferredPublicName',''),
(17,'','country','GE'),
(17,'','orcid',''),
(17,'','url',''),
(17,'en_US','affiliation',''),
(17,'en_US','biography','<p>MA student, Ivane Javakhishvili Tbilisi State University, the Faculty of&nbsp; Philology;</p>\r\n<p>Researcher at Arn. Chikobava Institute of Linguistics at TSU</p>'),
(17,'en_US','familyName','Napireli'),
(17,'en_US','givenName','Elene'),
(17,'en_US','preferredPublicName',''),
(18,'','country','GE'),
(18,'','orcid',''),
(18,'','url',''),
(18,'en_US','affiliation',''),
(18,'en_US','biography','<p>PhD student, Faculty of Humanities at Ivane Javakhishvili Tbilisi State University;</p>\r\n<p>Researcher at Arn. Chikobava Institute of Linguistics at TSU</p>'),
(18,'en_US','familyName','Anphimiadi'),
(18,'en_US','givenName','Diana'),
(18,'en_US','preferredPublicName',''),
(19,'','country','GE'),
(19,'','orcid',''),
(19,'','url',''),
(19,'en_US','affiliation',''),
(19,'en_US','biography','<p>PhD student, Faculty of Humanities at Sokhumi State University;</p>\r\n<p>Researcher at Arn. Chikobava Institute of Linguistics at TSU</p>'),
(19,'en_US','familyName','Barikhashvili'),
(19,'en_US','givenName','Maia'),
(19,'en_US','preferredPublicName',''),
(20,'','country','GE'),
(20,'','orcid',''),
(20,'','url',''),
(20,'en_US','affiliation',''),
(20,'en_US','biography','<p>MA student, the Faculty of Philology, Ivane Javakhishvili Tbilisi State University;</p>\r\n<p>Researcher at Arn. Chikobava Institute of Linguistics at TSU</p>'),
(20,'en_US','familyName','Napireli'),
(20,'en_US','givenName','Elene'),
(20,'en_US','preferredPublicName',''),
(21,'','country','GE'),
(21,'','orcid',''),
(21,'','url',''),
(21,'en_US','affiliation',''),
(21,'en_US','biography','<p>PhD student, Faculty of Humanities, &nbsp;Ivane Javakhishvili Tbilisi State University;</p>\r\n<p>Researcher at Arn. Chikobava Institute of Linguistics at TSU</p>'),
(21,'en_US','familyName','Anphimiadi'),
(21,'en_US','givenName','Diana'),
(21,'en_US','preferredPublicName',''),
(22,'','country','GE'),
(22,'','orcid',''),
(22,'','url',''),
(22,'en_US','affiliation',''),
(22,'en_US','biography','<p>PhD student in Comparative Literature Studies, the Faculty of Humanities;</p>\r\n<p>Ivane Javakhishvili Tbilisi State University</p>'),
(22,'en_US','familyName','Tvaltchrelidze'),
(22,'en_US','givenName','Tinatin'),
(22,'en_US','preferredPublicName',''),
(23,'','country','GE'),
(23,'','orcid',''),
(23,'','url',''),
(23,'en_US','affiliation',''),
(23,'en_US','biography','<p>PhD student, the Faculty of Humanities, Ivane Javakhishvili Tbilisi State University</p>'),
(23,'en_US','familyName','Gurgenidze'),
(23,'en_US','givenName','Mariam'),
(23,'en_US','preferredPublicName',''),
(24,'','country','GE'),
(24,'','orcid',''),
(24,'','url',''),
(24,'en_US','affiliation',''),
(24,'en_US','biography','<p>PhD student Faculty of Humanities at Sokhumi State University</p>'),
(24,'en_US','familyName','Shengelia'),
(24,'en_US','givenName','Ioseb'),
(24,'en_US','preferredPublicName',''),
(25,'','country','GE'),
(25,'','orcid',''),
(25,'','url',''),
(25,'en_US','affiliation',''),
(25,'en_US','biography','<p>PhD student Faculty of Humanities at Ivane Javakhishvili Tbilisi State University</p>'),
(25,'en_US','familyName','Tsimintia'),
(25,'en_US','givenName','Ketevan'),
(25,'en_US','preferredPublicName',''),
(26,'','country','GE'),
(26,'','orcid',''),
(26,'en_US','affiliation','International Black Sea University'),
(26,'en_US','familyName','mercan'),
(26,'en_US','givenName','metin'),
(27,'','country','US'),
(27,'','orcid',''),
(27,'en_US','affiliation','saarden'),
(27,'en_US','familyName','Rogers'),
(27,'en_US','givenName','Keith'),
(28,'','country','GE'),
(28,'','orcid',''),
(28,'','url',''),
(28,'en_US','affiliation',''),
(28,'en_US','biography',''),
(28,'en_US','familyName','sfdgsdfg'),
(28,'en_US','givenName','sdgfsdfg'),
(28,'en_US','preferredPublicName',''),
(28,'ka_GE','affiliation',''),
(28,'ka_GE','biography',''),
(28,'ka_GE','familyName','sfdgsdfg'),
(28,'ka_GE','givenName','dsfsdf'),
(28,'ka_GE','preferredPublicName',''),
(30,'','country','GE'),
(30,'','orcid',''),
(30,'','url',''),
(30,'en_US','affiliation',''),
(30,'en_US','biography','<p>inglisuri afilacia</p>'),
(30,'en_US','familyName','surname'),
(30,'en_US','givenName','name'),
(30,'en_US','preferredPublicName',''),
(30,'ka_GE','affiliation',''),
(30,'ka_GE','biography','<p>ქართული აფილაცია</p>'),
(30,'ka_GE','familyName','გვარი'),
(30,'ka_GE','givenName','სახელი'),
(30,'ka_GE','preferredPublicName',''),
(31,'','country','GE'),
(31,'','orcid',''),
(31,'','url',''),
(31,'en_US','affiliation',''),
(31,'en_US','biography','<p class=\"docData;DOCY;v5;2100;BQiAAgAAEYQCAAAGiAIAAAN2BQAABYQFAAAAAAAAAAAAAAAAAAAAAAAAAAAAAAAAAAAAAAAAAAAAAAAAAAAAAAAAAAAAAAAAAAAAAAAAAAAAAAAAAAAAAAAAAAAAAAAAAAAAAAAAAAAAAAAAAAAAAAAAAAAAAAAAAAAAAAAAAAAAAAAAAAAAAAAAAAAAAAAAAAAAAAAAAAAAAAAAAAAAAAAAAAAAAAAAAAAAAAAAAAAAAAAAAAAAAAAAAAAAAAAAAAAAAAAAAAAAAAAAAAAAAAAAAAAAAAAAAAAAAAAAAAAAAAAAAAAAAAAAAAAAAAAAAAAAAAAAAAAAAAAAAAAAAAAAAAAAAAAAAAAAAAAAAAAAAAAAAAAAAAAAAAAAAAAAAAAAAAAAAAAAAAAAAAAAAAAAAAAAAAAAAAAAAAAAAAAAAAAAAAAAAAAAAAAAAAAAAAAAAAAAAAAAAAAAAAAAAAAAAAAAAAAAAAAAAAAAAAAAAAAAAAAAAAAAAAAAAAAAAAAAAAAAAAAAAAAAAAAAAAAAAAAAAAAAAAAAAAAAAAAAAAAAAAAAAAAAAAAAAAAAAAAAAAAAAAAAAAAAAAAAAAAAAAAAAAAAAAAAAAAAAAAAAAAAAAAAAAAAAAAAAAAAAAAAAAAAAAAAAAAAAAAAAAAAAAAAAAAAAAAAAAAAAAAAAAAAAAAAAAAAAAAAAAAAAAAAAAAAAAAAAAAAAAAAAAAAAAAAAAAAAAAAAAAAAAAAAAAAAAAAAAAAAAAAAAAAAAAAAAAAAAAAAAAAAAAAAAAAAAAAAAAAAAAAAAAAAAAAAAAAAAAAAAAAAAAAAAAAAAAAAAAAAAAAAAAAAAAAAAAAAAAAAAAA6gIAAADlAgAAAWcAAAAVBgYAAAA2ADEAMQABBgAAAAAFAQMJBhIAAAAcAQAoBAAAAAAdAQApBAAAAAAOBhAAAAAAAQADA////wQGAgAAAAAAGgYYAAAABwYSAAAATgBvAHQAbwAgAFMAYQBuAHMAGwYAAAAAAnQCAAAFjQAAAAEYAAAABwYSAAAATgBvAHQAbwAgAFMAYQBuAHMACGsAAAAAZgAAAFAAaAAuAEQALgAgAEQAbwBjAHQAbwByACAAbwBmACAAUAB1AGIAbABpAGMAIABBAGQAbQBpAG4AaQBzAHQAcgBhAHQAaQBvAG4ALAAgAFIAZQBjAHQAbwByACAAYQBuAGQAIABBAAVBAAAAASgAAAAHBhIAAABOAG8AdABvACAAUwBhAG4AcwAZBgoAAABlAG4ALQBVAFMACA8AAAAACgAAAGYAZgBpAGwAaQAFPwAAAAEoAAAABwYSAAAATgBvAHQAbwAgAFMAYQBuAHMAGQYKAAAAZQBuAC0AVQBTAAgNAAAAAAgAAABhAHQAZQBkAAXfAAAAARgAAAAHBhIAAABOAG8AdABvACAAUwBhAG4AcwAIvQAAAAC4AAAAIABQAHIAbwBmAGUAcwBzAG8AcgAgAGEAdAAgAEkAbgB0AGUAcgBuAGEAdABpAG8AbgBhAGwAIABUAGUAYQBjAGgAaQBuAGcAIABVAG4AaQB2AGUAcgBzAGkAdAB5ACAAbwBmACAATQBhAG4AYQBnAGUAbQBlAG4AdAAgAGEAbgBkACAAQwBvAG0AbQB1AG4AaQBjAGEAdABpAG8AbgAgAB4gQQBsAHQAZQByAGIAcgBpAGQAZwBlAAU5AAAAASgAAAAHBhIAAABOAG8AdABvACAAUwBhAG4AcwAZBgoAAABrAGEALQBHAEUACAcAAAAAAgAAABwgBQoAAAABAAAAAAgAAAAABSIAAAABGAAAAAcGEgAAAE4AbwB0AG8AIABTAGEAbgBzAAgAAAAACgAAAAAAAAAAEQAAAACsAgAAABIAAAABBgAAAAAJBgAAAAAbBgAAAAABSwAAACgBBykBByoBBysBBRMBAQgEGAAAABYEGAAAABkGCgAAAGUAbgAtAFUAUwAaBgoAAABhAHIALQBTAEEAGwYKAAAAZQBuAC0AVQBTAAJAAgAAADsCAAABBgAAADYAMQAxAAIYAAAATgBvAHIAbQBhAGwAIAAoAFcAZQBiACkACQEAAAADAwYAAAA2ADAANAALBAAAAGMAAAAOAQAAAAEFCgEAAAABAAEBAAIBAAMBAAQGHgAAAFQAaQBtAGUAcwAgAE4AZQB3ACAAUgBvAG0AYQBuAAUGHgAAAFQAaQBtAGUAcwAgAE4AZQB3ACAAUgBvAG0AYQBuAAcGHgAAAFQAaQBtAGUAcwAgAE4AZQB3ACAAUgBvAG0AYQBuAAYGHgAAAFQAaQBtAGUAcwAgAE4AZQB3ACAAUgBvAG0AYQBuAAgEGAAAAAoBAAwBACYEAAAAAA8BABABABEBACcEAAAAABQBABUBABYEGAAAABcBABgBABkGCgAAAGUAbgAtAFUAUwAaBgoAAABhAHIALQBTAEEAGwYKAAAAZQBuAC0ARwBCABwGAgAAAAAAHgEABt8AAAAAAQABBhIAAAAkBAAAAAAlBAAAAAAmBAAAAAAFAQEGAQAHAQAIAQAJBhsAAAAnBPAAAAALAQEcAQEoBGQAAAAdAQEpBGQAAAAOBggAAAAAAQEBA////xkBARsGfQAAAAAUAAAAAAMAAAAFBAAAAAAGBAQAAAADAQABFAAAAAADAAAABQQAAAAABgQEAAAAAwEAAhQAAAAAAwAAAAUEAAAAAAYEBAAAAAMBAAMUAAAAAAMAAAAFBAAAAAAGBAQAAAADAQALFAAAAAADAAAABQQAAAAABgQEAAAAAwEALAEA\">Ph.D. Doctor of Public Administration, Rector and Affiliated Professor at International Teaching University of Management and Communication „Alterbridge“</p>'),
(31,'en_US','familyName','Gotsadze'),
(31,'en_US','givenName','Natia'),
(31,'en_US','preferredPublicName',''),
(31,'ka_GE','affiliation',''),
(31,'ka_GE','biography','<p class=\"docData;DOCY;v5;2966;BQiAAgAAEYQCAAAGiAIAAAMYCwAABSYLAAAAAAAAAAAAAAAAAAAAAAAAAAAAAAAAAAAAAAAAAAAAAAAAAAAAAAAAAAAAAAAAAAAAAAAAAAAAAAAAAAAAAAAAAAAAAAAAAAAAAAAAAAAAAAAAAAAAAAAAAAAAAAAAAAAAAAAAAAAAAAAAAAAAAAAAAAAAAAAAAAAAAAAAAAAAAAAAAAAAAAAAAAAAAAAAAAAAAAAAAAAAAAAAAAAAAAAAAAAAAAAAAAAAAAAAAAAAAAAAAAAAAAAAAAAAAAAAAAAAAAAAAAAAAAAAAAAAAAAAAAAAAAAAAAAAAAAAAAAAAAAAAAAAAAAAAAAAAAAAAAAAAAAAAAAAAAAAAAAAAAAAAAAAAAAAAAAAAAAAAAAAAAAAAAAAAAAAAAAAAAAAAAAAAAAAAAAAAAAAAAAAAAAAAAAAAAAAAAAAAAAAAAAAAAAAAAAAAAAAAAAAAAAAAAAAAAAAAAAAAAAAAAAAAAAAAAAAAAAAAAAAAAAAAAAAAAAAAAAAAAAAAAAAAAAAAAAAAAAAAAAAAAAAAAAAAAAAAAAAAAAAAAAAAAAAAAAAAAAAAAAAAAAAAAAAAAAAAAAAAAAAAAAAAAAAAAAAAAAAAAAAAAAAAAAAAAAAAAAAAAAAAAAAAAAAAAAAAAAAAAAAAAAAAAAAAAAAAAAAAAAAAAAAAAAAAAAAAAAAAAAAAAAAAAAAAAAAAAAAAAAAAAAAAAAAAAAAAAAAAAAAAAAAAAAAAAAAAAAAAAAAAAAAAAAAAAAAAAAAAAAAAAAAAAAAAAAAAAAAAAAAAAAAAAAAAAAAAAAAAAAAAAAAAAAAAAAAAAAAAAAAAAAAAAAAjAgAAACHCAAAASsAAAABBgAAAAAFAQMJBgAAAAAaBhAAAAAZBgoAAABrAGEALQBHAEUAGwYAAAAAAlIIAAAFZwAAAAFMAAAABAYOAAAAUwB5AGwAZgBhAGUAbgAFBg4AAABTAHkAbABmAGEAZQBuAAcGDgAAAFMAeQBsAGYAYQBlAG4AGQYKAAAAawBhAC0ARwBFAAgRAAAAAAwAAADhENAQ7xDQEOAQ3RAFIQAAAAEQAAAAGQYKAAAAawBhAC0ARwBFAAgHAAAAAAIAAAAgAAV5AAAAAUwAAAAEBg4AAABTAHkAbABmAGEAZQBuAAUGDgAAAFMAeQBsAGYAYQBlAG4ABwYOAAAAUwB5AGwAZgBhAGUAbgAZBgoAAABrAGEALQBHAEUACCMAAAAAHgAAANAQ0xDbENgQ3BDYEOEQ4hDgENgQ4BDUENEQ2BDhEAUhAAAAARAAAAAZBgoAAABrAGEALQBHAEUACAcAAAAAAgAAACAABWkAAAABTAAAAAQGDgAAAFMAeQBsAGYAYQBlAG4ABQYOAAAAUwB5AGwAZgBhAGUAbgAHBg4AAABTAHkAbABmAGEAZQBuABkGCgAAAGsAYQAtAEcARQAIEwAAAAAOAAAA0xDdEOUQ4hDdEOAQ2BAFIwAAAAEQAAAAGQYKAAAAawBhAC0ARwBFAAgJAAAAAAQAAAAsACAABWkAAAABTAAAAAQGDgAAAFMAeQBsAGYAYQBlAG4ABQYOAAAAUwB5AGwAZgBhAGUAbgAHBg4AAABTAHkAbABmAGEAZQBuABkGCgAAAGsAYQAtAEcARQAIEwAAAAAOAAAA2xDQEOAQ1xDVENgQ4RAFIQAAAAEQAAAAGQYKAAAAawBhAC0ARwBFAAgHAAAAAAIAAAAgAAVfAAAAAUwAAAAEBg4AAABTAHkAbABmAGEAZQBuAAUGDgAAAFMAeQBsAGYAYQBlAG4ABwYOAAAAUwB5AGwAZgBhAGUAbgAZBgoAAABrAGEALQBHAEUACAkAAAAABAAAANMQ0BAFIQAAAAEQAAAAGQYKAAAAawBhAC0ARwBFAAgHAAAAAAIAAAAgAAVzAAAAAUwAAAAEBg4AAABTAHkAbABmAGEAZQBuAAUGDgAAAFMAeQBsAGYAYQBlAG4ABwYOAAAAUwB5AGwAZgBhAGUAbgAZBgoAAABrAGEALQBHAEUACB0AAAAAGAAAANkQ3RDbEOMQ3BDYENkQ0BDqENgQ2BDhEAUhAAAAARAAAAAZBgoAAABrAGEALQBHAEUACAcAAAAAAgAAACAABXMAAAABTAAAAAQGDgAAAFMAeQBsAGYAYQBlAG4ABQYOAAAAUwB5AGwAZgBhAGUAbgAHBg4AAABTAHkAbABmAGEAZQBuABkGCgAAAGsAYQAtAEcARQAIHQAAAAAYAAAA4RDQENQQ4BDXENAQ6BDdEOAQ2BDhEN0QBSEAAAABEAAAABkGCgAAAGsAYQAtAEcARQAIBwAAAAACAAAAIAAFawAAAAFMAAAABAYOAAAAUwB5AGwAZgBhAGUAbgAFBg4AAABTAHkAbABmAGEAZQBuAAcGDgAAAFMAeQBsAGYAYQBlAG4AGQYKAAAAawBhAC0ARwBFAAgVAAAAABAAAADhENAQ4RDsENAQ1RDaEN0QBSEAAAABEAAAABkGCgAAAGsAYQAtAEcARQAIBwAAAAACAAAAIAAFcQAAAAFMAAAABAYOAAAAUwB5AGwAZgBhAGUAbgAFBg4AAABTAHkAbABmAGEAZQBuAAcGDgAAAFMAeQBsAGYAYQBlAG4AGQYKAAAAawBhAC0ARwBFAAgbAAAAABYAAADjENwQ2BDVENQQ4BDhENgQ4hDUEOIQBSMAAAABEAAAABkGCgAAAGsAYQAtAEcARQAICQAAAAAEAAAAIAAcIAVxAAAAAUwAAAAEBg4AAABTAHkAbABmAGEAZQBuAAUGDgAAAFMAeQBsAGYAYQBlAG4ABwYOAAAAUwB5AGwAZgBhAGUAbgAZBgoAAABrAGEALQBHAEUACBsAAAAAFgAAANAQ2hDiENQQ4BDREOAQ2BDvENgQ4RAFIwAAAAEQAAAAGQYKAAAAawBhAC0ARwBFAAgJAAAAAAQAAAAcICAABWkAAAABTAAAAAQGDgAAAFMAeQBsAGYAYQBlAG4ABQYOAAAAUwB5AGwAZgBhAGUAbgAHBg4AAABTAHkAbABmAGEAZQBuABkGCgAAAGsAYQAtAEcARQAIEwAAAAAOAAAA4BDUEOUQ4hDdEOAQ2BAFIQAAAAEQAAAAGQYKAAAAawBhAC0ARwBFAAgHAAAAAAIAAAAgAAVfAAAAAUwAAAAEBg4AAABTAHkAbABmAGEAZQBuAAUGDgAAAFMAeQBsAGYAYQBlAG4ABwYOAAAAUwB5AGwAZgBhAGUAbgAZBgoAAABrAGEALQBHAEUACAkAAAAABAAAANMQ0BAFIQAAAAEQAAAAGQYKAAAAawBhAC0ARwBFAAgHAAAAAAIAAAAgAAVxAAAAAUwAAAAEBg4AAABTAHkAbABmAGEAZQBuAAUGDgAAAFMAeQBsAGYAYQBlAG4ABwYOAAAAUwB5AGwAZgBhAGUAbgAZBgoAAABrAGEALQBHAEUACBsAAAAAFgAAANAQ5BDYENoQ2BDgENQQ0RDjENoQ2BAFIQAAAAEQAAAAGQYKAAAAawBhAC0ARwBFAAgHAAAAAAIAAAAgAAVtAAAAAUwAAAAEBg4AAABTAHkAbABmAGEAZQBuAAUGDgAAAFMAeQBsAGYAYQBlAG4ABwYOAAAAUwB5AGwAZgBhAGUAbgAZBgoAAABrAGEALQBHAEUACBcAAAAAEgAAAN4Q4BDdEOQQ1BDhEN0Q4BDYEAUKAAAAAQAAAAAIAAAAAAUaAAAAARAAAAAZBgoAAABrAGEALQBHAEUACAAAAAAKAAAAAAAAAAARAAAAAGwAAAAAEgAAAAEGAAAAAAkGAAAAABsGAAAAAAFLAAAAKAEHKQEHKgEHKwEFEwEBCAQYAAAAFgQYAAAAGQYKAAAAZQBuAC0AVQBTABoGCgAAAGEAcgAtAFMAQQAbBgoAAABlAG4ALQBVAFMAAgAAAAA=\">საჯარო&nbsp;ადმინისტრირების&nbsp;დოქტორი, მართვის&nbsp;და&nbsp;კომუნიკაციის&nbsp;საერთაშორისო&nbsp;სასწავლო&nbsp;უნივერსიტეტ “ალტერბრიჯის“ რექტორი&nbsp;და&nbsp;აფილირებული&nbsp;პროფესორი.</p>'),
(31,'ka_GE','familyName','გოცაძე'),
(31,'ka_GE','givenName','ნათია'),
(31,'ka_GE','preferredPublicName',''),
(32,'','country','GE'),
(32,'','orcid',''),
(32,'','url',''),
(32,'en_US','affiliation',''),
(32,'en_US','biography','<p>Ph.D. Associate &nbsp;Professor and Vice-Rector of Strategic Development at International Teaching University of Management and Communication&nbsp;„Alterbridge“, Communication Expert, Positive Psychoconsultant.</p>'),
(32,'en_US','familyName','Jaoshvili'),
(32,'en_US','givenName','Mako'),
(32,'en_US','preferredPublicName',''),
(32,'ka_GE','affiliation',''),
(32,'ka_GE','biography','<p>ასოც. პროფესორი, Ph.D. პოზიტიური&nbsp;ფსიქოკონსულტანტი,<br>მართვის&nbsp;და&nbsp;კომუნიკაციის&nbsp;საერთაშორისო&nbsp;სასწავლო&nbsp;უნივერსიტეტ „ალტერბრიჯის“<br>ვიცე-რექტორი&nbsp;სტრატეგიული&nbsp;განვითარების&nbsp;მიმართულებით.</p>'),
(32,'ka_GE','familyName','ჯაოშვილი'),
(32,'ka_GE','givenName','მაკო'),
(32,'ka_GE','preferredPublicName',''),
(33,'','country','GE'),
(33,'','orcid',''),
(33,'','url',''),
(33,'en_US','affiliation',''),
(33,'en_US','biography','<p><span class=\"docData;DOCY;v5;1749;BQiAAgAAEYQCAAAGiAIAAAMXBAAABSUEAAAAAAAAAAAAAAAAAAAAAAAAAAAAAAAAAAAAAAAAAAAAAAAAAAAAAAAAAAAAAAAAAAAAAAAAAAAAAAAAAAAAAAAAAAAAAAAAAAAAAAAAAAAAAAAAAAAAAAAAAAAAAAAAAAAAAAAAAAAAAAAAAAAAAAAAAAAAAAAAAAAAAAAAAAAAAAAAAAAAAAAAAAAAAAAAAAAAAAAAAAAAAAAAAAAAAAAAAAAAAAAAAAAAAAAAAAAAAAAAAAAAAAAAAAAAAAAAAAAAAAAAAAAAAAAAAAAAAAAAAAAAAAAAAAAAAAAAAAAAAAAAAAAAAAAAAAAAAAAAAAAAAAAAAAAAAAAAAAAAAAAAAAAAAAAAAAAAAAAAAAAAAAAAAAAAAAAAAAAAAAAAAAAAAAAAAAAAAAAAAAAAAAAAAAAAAAAAAAAAAAAAAAAAAAAAAAAAAAAAAAAAAAAAAAAAAAAAAAAAAAAAAAAAAAAAAAAAAAAAAAAAAAAAAAAAAAAAAAAAAAAAAAAAAAAAAAAAAAAAAAAAAAAAAAAAAAAAAAAAAAAAAAAAAAAAAAAAAAAAAAAAAAAAAAAAAAAAAAAAAAAAAAAAAAAAAAAAAAAAAAAAAAAAAAAAAAAAAAAAAAAAAAAAAAAAAAAAAAAAAAAAAAAAAAAAAAAAAAAAAAAAAAAAAAAAAAAAAAAAAAAAAAAAAAAAAAAAAAAAAAAAAAAAAAAAAAAAAAAAAAAAAAAAAAAAAAAAAAAAAAAAAAAAAAAAAAAAAAAAAAAAAAAAAAAAAAAAAAAAAAAAAAAAAAAAAAAAAAAAAAAAAAAAAAAAAAAAAAAAAAAAAAAAAAAAiwEAAACGAQAAAScAAAAVBgYAAAA2ADEAMQABBgAAAAAFAQMJBgAAAAAaBgAAAAAbBgAAAAACVQEAAAV5AAAAAQAAAAAIbwAAAABqAAAAQQBzAHMAbwBjAC4AIABQAHIAbwBmAC4ALAAgAEgAZQBhAGQAIABvAGYAIABCAHUAcwBpAG4AZQBzAHMAIABBAGQAbQBpAG4AaQBzAHQAcgBhAHQAaQBvAG4AIABQAHIAbwBnAHIAYQBtAAW0AAAAAQAAAAAIqgAAAAUAAAAAAKAAAABJAG4AdABlAHIAbgBhAHQAaQBvAG4AYQBsACAAVABlAGEAYwBoAGkAbgBnACAAVQBuAGkAdgBlAHIAcwBpAHQAeQAgAG8AZgAgAE0AYQBuAGEAZwBlAG0AZQBuAHQAIABhAG4AZAAgAEMAbwBtAG0AdQBuAGkAYwBhAHQAaQBvAG4AIAAcIEEAbAB0AGUAcgBiAHIAaQBkAGcAZQAdICAABQoAAAABAAAAAAgAAAAABQoAAAAIBQAAAA0AAAAACgAAAAAAAAAAEQAAAACsAgAAABIAAAABBgAAAAAJBgAAAAAbBgAAAAABSwAAACgBBykBByoBBysBBRMBAQgEGAAAABYEGAAAABkGCgAAAGUAbgAtAFUAUwAaBgoAAABhAHIALQBTAEEAGwYKAAAAZQBuAC0AVQBTAAJAAgAAADsCAAABBgAAADYAMQAxAAIYAAAATgBvAHIAbQBhAGwAIAAoAFcAZQBiACkACQEAAAADAwYAAAA2ADAANAALBAAAAGMAAAAOAQAAAAEFCgEAAAABAAEBAAIBAAMBAAQGHgAAAFQAaQBtAGUAcwAgAE4AZQB3ACAAUgBvAG0AYQBuAAUGHgAAAFQAaQBtAGUAcwAgAE4AZQB3ACAAUgBvAG0AYQBuAAcGHgAAAFQAaQBtAGUAcwAgAE4AZQB3ACAAUgBvAG0AYQBuAAYGHgAAAFQAaQBtAGUAcwAgAE4AZQB3ACAAUgBvAG0AYQBuAAgEGAAAAAoBAAwBACYEAAAAAA8BABABABEBACcEAAAAABQBABUBABYEGAAAABcBABgBABkGCgAAAGUAbgAtAFUAUwAaBgoAAABhAHIALQBTAEEAGwYKAAAAZQBuAC0ARwBCABwGAgAAAAAAHgEABt8AAAAAAQABBhIAAAAkBAAAAAAlBAAAAAAmBAAAAAAFAQEGAQAHAQAIAQAJBhsAAAAnBPAAAAALAQEcAQEoBGQAAAAdAQEpBGQAAAAOBggAAAAAAQEBA////xkBARsGfQAAAAAUAAAAAAMAAAAFBAAAAAAGBAQAAAADAQABFAAAAAADAAAABQQAAAAABgQEAAAAAwEAAhQAAAAAAwAAAAUEAAAAAAYEBAAAAAMBAAMUAAAAAAMAAAAFBAAAAAAGBAQAAAADAQALFAAAAAADAAAABQQAAAAABgQEAAAAAwEALAEA\">Assoc. Prof., Head of Business Administration Program</span>&nbsp;International Teaching University of Management and Communication “Alterbridge”.</p>'),
(33,'en_US','familyName','Maisuradze'),
(33,'en_US','givenName','Teona'),
(33,'en_US','preferredPublicName',''),
(33,'ka_GE','affiliation',''),
(33,'ka_GE','biography','<p><span class=\"docData;DOCY;v5;3471;[encoded data, 4628 characters]\">ასოცირებული</span>&nbsp;პროფესორი, ბიზნესის&nbsp;ადმინისტრირების&nbsp;პროგრამის&nbsp;ხელმძღვანელი, მართვის&nbsp;და&nbsp;კომუნიკაციის&nbsp;საერთაშორისო&nbsp;სასწავლო&nbsp;უნივერსიტეტი „ალტერბრიჯი“.</p>'),
(33,'ka_GE','familyName','მაისურაძე'),
(33,'ka_GE','givenName','თეონა'),
(33,'ka_GE','preferredPublicName',''),
(34,'','country','GE'),
(34,'','orcid',''),
(34,'','url',''),
(34,'en_US','affiliation',''),
(34,'en_US','biography','<p><span class=\"docData;DOCY;v5;1820;BQiAAgAAEYQCAAAGiAIAAANeBAAABWwEAAAAAAAAAAAAAAAAAAAAAAAAAAAAAAAAAAAAAAAAAAAAAAAAAAAAAAAAAAAAAAAAAAAAAAAAAAAAAAAAAAAAAAAAAAAAAAAAAAAAAAAAAAAAAAAAAAAAAAAAAAAAAAAAAAAAAAAAAAAAAAAAAAAAAAAAAAAAAAAAAAAAAAAAAAAAAAAAAAAAAAAAAAAAAAAAAAAAAAAAAAAAAAAAAAAAAAAAAAAAAAAAAAAAAAAAAAAAAAAAAAAAAAAAAAAAAAAAAAAAAAAAAAAAAAAAAAAAAAAAAAAAAAAAAAAAAAAAAAAAAAAAAAAAAAAAAAAAAAAAAAAAAAAAAAAAAAAAAAAAAAAAAAAAAAAAAAAAAAAAAAAAAAAAAAAAAAAAAAAAAAAAAAAAAAAAAAAAAAAAAAAAAAAAAAAAAAAAAAAAAAAAAAAAAAAAAAAAAAAAAAAAAAAAAAAAAAAAAAAAAAAAAAAAAAAAAAAAAAAAAAAAAAAAAAAAAAAAAAAAAAAAAAAAAAAAAAAAAAAAAAAAAAAAAAAAAAAAAAAAAAAAAAAAAAAAAAAAAAAAAAAAAAAAAAAAAAAAAAAAAAAAAAAAAAAAAAAAAAAAAAAAAAAAAAAAAAAAAAAAAAAAAAAAAAAAAAAAAAAAAAAAAAAAAAAAAAAAAAAAAAAAAAAAAAAAAAAAAAAAAAAAAAAAAAAAAAAAAAAAAAAAAAAAAAAAAAAAAAAAAAAAAAAAAAAAAAAAAAAAAAAAAAAAAAAAAAAAAAAAAAAAAAAAAAAAAAAAAAAAAAAAAAAAAAAAAAAAAAAAAAAAAAAAAAAAAAAAAAAAAAAAAAAAAAAA0gEAAADNAQAAAScAAAAVBgYAAAA2ADEAMQABBgAAAAAFAQMJBgAAAAAaBgAAAAAbBgAAAAACnAEAAAUKAAAAAQAAAAAIAAAAAAVbAAAAAQAAAAAIUQAAAABMAAAASABlAGEAZAAgAG8AZgAgAEkAbgB0AGUAcgBuAGEAdABpAG8AbgBhAGwAIABSAGUAbABhAHQAaQBvAG4AcwAgAE8AZgBmAGkAYwBlAAUhAAAAARAAAAAZBgoAAABrAGEALQBHAEUACAcAAAAAAgAAACAABSUAAAABEAAAABkGCgAAAGUAbgAtAFUAUwAICwAAAAAGAAAAYQB0ACAABasAAAABAAAAAAihAAAAAJwAAABJAG4AdABlAHIAbgBhAHQAaQBvAG4AYQBsACAAVABlAGEAYwBoAGkAbgBnACAAVQBuAGkAdgBlAHIAcwBpAHQAeQAgAG8AZgAgAE0AYQBuAGEAZwBlAG0AZQBuAHQAIABhAG4AZAAgAEMAbwBtAG0AdQBuAGkAYwBhAHQAaQBvAG4AcwAgAEEAbAB0AGUAcgBiAHIAaQBkAGcAZQAFCgAAAAEAAAAACAAAAAAFCgAAAAEAAAAACAAAAAAFCgAAAAgFAAAADQAAAAAKAAAAAAAAAAARAAAAAKwCAAAAEgAAAAEGAAAAAAkGAAAAABsGAAAAAAFLAAAAKAEHKQEHKgEHKwEFEwEBCAQYAAAAFgQYAAAAGQYKAAAAZQBuAC0AVQBTABoGCgAAAGEAcgAtAFMAQQAbBgoAAABlAG4ALQBVAFMAAkACAAAAOwIAAAEGAAAANgAxADEAAhgAAABOAG8AcgBtAGEAbAAgACgAVwBlAGIAKQAJAQAAAAMDBgAAADYAMAA0AAsEAAAAYwAAAA4BAAAAAQUKAQAAAAEAAQEAAgEAAwEABAYeAAAAVABpAG0AZQBzACAATgBlAHcAIABSAG8AbQBhAG4ABQYeAAAAVABpAG0AZQBzACAATgBlAHcAIABSAG8AbQBhAG4ABwYeAAAAVABpAG0AZQBzACAATgBlAHcAIABSAG8AbQBhAG4ABgYeAAAAVABpAG0AZQBzACAATgBlAHcAIABSAG8AbQBhAG4ACAQYAAAACgEADAEAJgQAAAAADwEAEAEAEQEAJwQAAAAAFAEAFQEAFgQYAAAAFwEAGAEAGQYKAAAAZQBuAC0AVQBTABoGCgAAAGEAcgAtAFMAQQAbBgoAAABlAG4ALQBHAEIAHAYCAAAAAAAeAQAG3wAAAAABAAEGEgAAACQEAAAAACUEAAAAACYEAAAAAAUBAQYBAAcBAAgBAAkGGwAAACcE8AAAAAsBARwBASgEZAAAAB0BASkEZAAAAA4GCAAAAAABAQED////GQEBGwZ9AAAAABQAAAAAAwAAAAUEAAAAAAYEBAAAAAMBAAEUAAAAAAMAAAAFBAAAAAAGBAQAAAADAQACFAAAAAADAAAABQQAAAAABgQEAAAAAwEAAxQAAAAAAwAAAAUEAAAAAAYEBAAAAAMBAAsUAAAAAAMAAAAFBAAAAAAGBAQAAAADAQAsAQA=\">Head of International Relations Office</span>&nbsp;at International Teaching University of Management and Communications Alterbridge.</p>'),
(34,'en_US','familyName','Gogebashvili'),
(34,'en_US','givenName','Natia'),
(34,'en_US','preferredPublicName',''),
(34,'ka_GE','affiliation',''),
(34,'ka_GE','biography','<p><span class=\"docData;DOCY;v5;3135;[encoded data, 4180 characters]\">მართვის</span>&nbsp;და&nbsp;კომუნიკაციის&nbsp;საერთაშორისო&nbsp;სასწავლო&nbsp;უნივერსიტეტ „ალტერბრიჯის“ საერთაშორისო&nbsp;ურთიერთობების&nbsp;დეპარტამენტის&nbsp;ხელმძღვანელი.</p>'),
(34,'ka_GE','familyName','გოგებაშვილი'),
(34,'ka_GE','givenName','ნათია'),
(34,'ka_GE','preferredPublicName',''),
(35,'','country','GE'),
(35,'','orcid',''),
(35,'','url',''),
(35,'en_US','affiliation',''),
(35,'en_US','biography',''),
(35,'en_US','familyName','Shonia'),
(35,'en_US','givenName','Nana'),
(35,'en_US','preferredPublicName',''),
(35,'ka_GE','affiliation',''),
(35,'ka_GE','biography',''),
(35,'ka_GE','familyName','შონია'),
(35,'ka_GE','givenName','ნანა'),
(35,'ka_GE','preferredPublicName',''),
(36,'','country','GE'),
(36,'','orcid',''),
(36,'','url',''),
(36,'en_US','affiliation',''),
(36,'en_US','biography','<p><span class=\"docData;DOCY;v5;1444;BQiAAgAAEYQCAAAGiAIAAAMmBQAABTQFAAAAAAAAAAAAAAAAAAAAAAAAAAAAAAAAAAAAAAAAAAAAAAAAAAAAAAAAAAAAAAAAAAAAAAAAAAAAAAAAAAAAAAAAAAAAAAAAAAAAAAAAAAAAAAAAAAAAAAAAAAAAAAAAAAAAAAAAAAAAAAAAAAAAAAAAAAAAAAAAAAAAAAAAAAAAAAAAAAAAAAAAAAAAAAAAAAAAAAAAAAAAAAAAAAAAAAAAAAAAAAAAAAAAAAAAAAAAAAAAAAAAAAAAAAAAAAAAAAAAAAAAAAAAAAAAAAAAAAAAAAAAAAAAAAAAAAAAAAAAAAAAAAAAAAAAAAAAAAAAAAAAAAAAAAAAAAAAAAAAAAAAAAAAAAAAAAAAAAAAAAAAAAAAAAAAAAAAAAAAAAAAAAAAAAAAAAAAAAAAAAAAAAAAAAAAAAAAAAAAAAAAAAAAAAAAAAAAAAAAAAAAAAAAAAAAAAAAAAAAAAAAAAAAAAAAAAAAAAAAAAAAAAAAAAAAAAAAAAAAAAAAAAAAAAAAAAAAAAAAAAAAAAAAAAAAAAAAAAAAAAAAAAAAAAAAAAAAAAAAAAAAAAAAAAAAAAAAAAAAAAAAAAAAAAAAAAAAAAAAAAAAAAAAAAAAAAAAAAAAAAAAAAAAAAAAAAAAAAAAAAAAAAAAAAAAAAAAAAAAAAAAAAAAAAAAAAAAAAAAAAAAAAAAAAAAAAAAAAAAAAAAAAAAAAAAAAAAAAAAAAAAAAAAAAAAAAAAAAAAAAAAAAAAAAAAAAAAAAAAAAAAAAAAAAAAAAAAAAAAAAAAAAAAAAAAAAAAAAAAAAAAAAAAAAAAAAAAAAAAAAAAAAAAAAAAmgIAAACVAgAAAYUAAAABBgAAAAAFAQMJBhIAAAAcAQEoBGQAAAAdAQEpBGQAAAAaBlgAAAAHBh4AAABUAGkAbQBlAHMAIABOAGUAdwAgAFIAbwBtAGEAbgAGBh4AAABUAGkAbQBlAHMAIABOAGUAdwAgAFIAbwBtAGEAbgAbBgoAAABlAG4ALQBHAEIAGwYAAAAAAgYCAAAF1wAAAAFYAAAABwYeAAAAVABpAG0AZQBzACAATgBlAHcAIABSAG8AbQBhAG4ABgYeAAAAVABpAG0AZQBzACAATgBlAHcAIABSAG8AbQBhAG4AGwYKAAAAZQBuAC0ARwBCAAh1AAAAAHAAAABEAHIALgBCAC4AQQAuACAAKABEAG8AYwB0AG8AcgAgAG8AZgAgAEIAdQBzAGkAbgBlAHMAcwAgAEEAZABtAGkAbgBpAHMAdAByAGEAdABpAG8AbgApACwAIABQAHIAbwBmAGUAcwBzAG8AcgAsACAABQcBAAABbgAAAAcGHgAAAFQAaQBtAGUAcwAgAE4AZQB3ACAAUgBvAG0AYQBuAAYGHgAAAFQAaQBtAGUAcwAgAE4AZQB3ACAAUgBvAG0AYQBuABsGCgAAAGUAbgAtAEcAQgAdBhAAAAAAAQADA////wQGAgAAAAAACI8AAAAAigAAAEkAbgB0AGUAcgBuAGEAdABpAG8AbgBhAGwAIABVAG4AaQB2AGUAcgBzAGkAdAB5ACAAbwBmACAATQBhAG4AYQBnAGUAbQBlAG4AdAAgAGEAbgBkACAAQwBvAG0AbQB1AG4AaQBjAGEAdABpAG8AbgAgAEEAbAB0AGUAcgBiAHIAaQBkAGcAZQAgAAUKAAAAAQAAAAAIAAAAAAUKAAAACAUAAAANAAAAAAoAAAAAAAAAABEAAAAAbAAAAAASAAAAAQYAAAAACQYAAAAAGwYAAAAAAUsAAAAoAQcpAQcqAQcrAQUTAQEIBBgAAAAWBBgAAAAZBgoAAABlAG4ALQBVAFMAGgYKAAAAYQByAC0AUwBBABsGCgAAAGUAbgAtAFUAUwACAAAAAA==\">Dr.B.A. (Doctor of Business Administration), Professor, </span>International University of Management and Communication Alterbridge.</p>'),
(36,'en_US','familyName','Mushkudiani'),
(36,'en_US','givenName','Zurab'),
(36,'en_US','preferredPublicName',''),
(36,'ka_GE','affiliation',''),
(36,'ka_GE','biography','<p><span class=\"docData;DOCY;v5;2019;BQiAAgAAEYQCAAAGiAIAAANlBwAABXMHAAAAAAAAAAAAAAAAAAAAAAAAAAAAAAAAAAAAAAAAAAAAAAAAAAAAAAAAAAAAAAAAAAAAAAAAAAAAAAAAAAAAAAAAAAAAAAAAAAAAAAAAAAAAAAAAAAAAAAAAAAAAAAAAAAAAAAAAAAAAAAAAAAAAAAAAAAAAAAAAAAAAAAAAAAAAAAAAAAAAAAAAAAAAAAAAAAAAAAAAAAAAAAAAAAAAAAAAAAAAAAAAAAAAAAAAAAAAAAAAAAAAAAAAAAAAAAAAAAAAAAAAAAAAAAAAAAAAAAAAAAAAAAAAAAAAAAAAAAAAAAAAAAAAAAAAAAAAAAAAAAAAAAAAAAAAAAAAAAAAAAAAAAAAAAAAAAAAAAAAAAAAAAAAAAAAAAAAAAAAAAAAAAAAAAAAAAAAAAAAAAAAAAAAAAAAAAAAAAAAAAAAAAAAAAAAAAAAAAAAAAAAAAAAAAAAAAAAAAAAAAAAAAAAAAAAAAAAAAAAAAAAAAAAAAAAAAAAAAAAAAAAAAAAAAAAAAAAAAAAAAAAAAAAAAAAAAAAAAAAAAAAAAAAAAAAAAAAAAAAAAAAAAAAAAAAAAAAAAAAAAAAAAAAAAAAAAAAAAAAAAAAAAAAAAAAAAAAAAAAAAAAAAAAAAAAAAAAAAAAAAAAAAAAAAAAAAAAAAAAAAAAAAAAAAAAAAAAAAAAAAAAAAAAAAAAAAAAAAAAAAAAAAAAAAAAAAAAAAAAAAAAAAAAAAAAAAAAAAAAAAAAAAAAAAAAAAAAAAAAAAAAAAAAAAAAAAAAAAAAAAAAAAAAAAAAAAAAAAAAAAAAAAAAAAAAAAAAAAAAAAAAAAAAAAAA2QQAAADUBAAAAa0AAAABBgAAAAAFAQMJBhIAAAAcAQEoBGQAAAAdAQEpBGQAAAAaBoAAAAAEBg4AAABTAHkAbABmAGEAZQBuAAUGDgAAAFMAeQBsAGYAYQBlAG4ABwYeAAAAVABpAG0AZQBzACAATgBlAHcAIABSAG8AbQBhAG4ABgYeAAAAVABpAG0AZQBzACAATgBlAHcAIABSAG8AbQBhAG4AGwYKAAAAZQBuAC0ARwBCABsGAAAAAAIdBAAABWEBAAABgAAAAAQGDgAAAFMAeQBsAGYAYQBlAG4ABQYOAAAAUwB5AGwAZgBhAGUAbgAHBh4AAABUAGkAbQBlAHMAIABOAGUAdwAgAFIAbwBtAGEAbgAGBh4AAABUAGkAbQBlAHMAIABOAGUAdwAgAFIAbwBtAGEAbgAbBgoAAABlAG4ALQBHAEIACNcAAAAA0gAAANEQ2BDWENwQ1BDhENgQ4RAgANAQ0xDbENgQ3BDYEOEQ4hDgENgQ4BDUENEQ2BDhECAA0xDdEOUQ4hDdEOAQ2BAsACAA3hDgEN0Q5BDUEOEQ3RDgENgQLAAgANsQ0BDgENcQ1RDYEOEQ0BAgANMQ0BAgANkQ3RDbEOMQ3BDYENkQ0BDqENgQ2BDhECAA4RDQENQQ4BDXENAQ6BDdEOAQ2BDhEN0QIADhENAQ4RDsENAQ1RDaEN0QIADjENwQ2BDVENQQ4BDhENgQ4hDUEOIQ2BAgAAWhAAAAAZAAAAAEBg4AAABTAHkAbABmAGEAZQBuAAUGDgAAAFMAeQBsAGYAYQBlAG4ABwYeAAAAVABpAG0AZQBzACAATgBlAHcAIABSAG8AbQBhAG4ABgYeAAAAVABpAG0AZQBzACAATgBlAHcAIABSAG8AbQBhAG4AGQYKAAAAawBhAC0ARwBFABsGCgAAAGUAbgAtAEcAQgAIBwAAAAACAAAAHiAFowAAAAGAAAAABAYOAAAAUwB5AGwAZgBhAGUAbgAFBg4AAABTAHkAbABmAGEAZQBuAAcGHgAAAFQAaQBtAGUAcwAgAE4AZQB3ACAAUgBvAG0AYQBuAAYGHgAAAFQAaQBtAGUAcwAgAE4AZQB3ACAAUgBvAG0AYQBuABsGCgAAAGUAbgAtAEcAQgAIGQAAAAAUAAAA0BDaEOIQ1BDgENEQ4BDYEO8Q2BAFoQAAAAGQAAAABAYOAAAAUwB5AGwAZgBhAGUAbgAFBg4AAABTAHkAbABmAGEAZQBuAAcGHgAAAFQAaQBtAGUAcwAgAE4AZQB3ACAAUgBvAG0AYQBuAAYGHgAAAFQAaQBtAGUAcwAgAE4AZQB3ACAAUgBvAG0AYQBuABkGCgAAAGsAYQAtAEcARQAbBgoAAABlAG4ALQBHAEIACAcAAAAAAgAAABwgBZEAAAABgAAAAAQGDgAAAFMAeQBsAGYAYQBlAG4ABQYOAAAAUwB5AGwAZgBhAGUAbgAHBh4AAABUAGkAbQBlAHMAIABOAGUAdwAgAFIAbwBtAGEAbgAGBh4AAABUAGkAbQBlAHMAIABOAGUAdwAgAFIAbwBtAGEAbgAbBgoAAABlAG4ALQBHAEIACAcAAAAAAgAAACAABQoAAAABAAAAAAgAAAAABQoAAAABAAAAAAgAAAAABQoAAAAIBQAAAA0AAAAACgAAAAAAAAAAEQAAAABsAAAAABIAAAABBgAAAAAJBgAAAAAbBgAAAAABSwAAACgBBykBByoBBysBBRMBAQgEGAAAABYEGAAAABkGCgAAAGUAbgAtAFUAUwAaBgoAAABhAHIALQBTAEEAGwYKAAAAZQBuAC0AVQBTAAIAAAAA\">ბიზნესის ადმინისტრირების დოქტორი, პროფესორი, მართვისა და კომუნიკაციის საერთაშორისო სასწავლო უნივერსიტეტი </span>„ალტერბრიჯი“.</p>'),
(36,'ka_GE','familyName','მუშკუდიანი'),
(36,'ka_GE','givenName','ზურაბ'),
(36,'ka_GE','preferredPublicName',''),
(37,'','country','GE'),
(37,'','orcid',''),
(37,'','url',''),
(37,'en_US','affiliation',''),
(37,'en_US','biography',''),
(37,'en_US','familyName','Janelidze'),
(37,'en_US','givenName','Natela'),
(37,'en_US','preferredPublicName',''),
(37,'ka_GE','affiliation',''),
(37,'ka_GE','biography',''),
(37,'ka_GE','familyName','ჯანელიძე'),
(37,'ka_GE','givenName','ნათელა'),
(37,'ka_GE','preferredPublicName',''),
(38,'','country','GE'),
(38,'','orcid',''),
(38,'','url',''),
(38,'en_US','affiliation',''),
(38,'en_US','biography',''),
(38,'en_US','familyName','Kopaliani'),
(38,'en_US','givenName','Irine'),
(38,'en_US','preferredPublicName',''),
(38,'ka_GE','affiliation',''),
(38,'ka_GE','biography',''),
(38,'ka_GE','familyName','კოპალიანი'),
(38,'ka_GE','givenName','ირინე'),
(38,'ka_GE','preferredPublicName',''),
(41,'','country','GE'),
(41,'','orcid',''),
(41,'','url',''),
(41,'en_US','affiliation',''),
(41,'en_US','biography','<p class=\"docData;DOCY;v5;2232;BQiAAgAAEYQCAAAGiAIAAAN6BgAABYgGAAAAAAAAAAAAAAAAAAAAAAAAAAAAAAAAAAAAAAAAAAAAAAAAAAAAAAAAAAAAAAAAAAAAAAAAAAAAAAAAAAAAAAAAAAAAAAAAAAAAAAAAAAAAAAAAAAAAAAAAAAAAAAAAAAAAAAAAAAAAAAAAAAAAAAAAAAAAAAAAAAAAAAAAAAAAAAAAAAAAAAAAAAAAAAAAAAAAAAAAAAAAAAAAAAAAAAAAAAAAAAAAAAAAAAAAAAAAAAAAAAAAAAAAAAAAAAAAAAAAAAAAAAAAAAAAAAAAAAAAAAAAAAAAAAAAAAAAAAAAAAAAAAAAAAAAAAAAAAAAAAAAAAAAAAAAAAAAAAAAAAAAAAAAAAAAAAAAAAAAAAAAAAAAAAAAAAAAAAAAAAAAAAAAAAAAAAAAAAAAAAAAAAAAAAAAAAAAAAAAAAAAAAAAAAAAAAAAAAAAAAAAAAAAAAAAAAAAAAAAAAAAAAAAAAAAAAAAAAAAAAAAAAAAAAAAAAAAAAAAAAAAAAAAAAAAAAAAAAAAAAAAAAAAAAAAAAAAAAAAAAAAAAAAAAAAAAAAAAAAAAAAAAAAAAAAAAAAAAAAAAAAAAAAAAAAAAAAAAAAAAAAAAAAAAAAAAAAAAAAAAAAAAAAAAAAAAAAAAAAAAAAAAAAAAAAAAAAAAAAAAAAAAAAAAAAAAAAAAAAAAAAAAAAAAAAAAAAAAAAAAAAAAAAAAAAAAAAAAAAAAAAAAAAAAAAAAAAAAAAAAAAAAAAAAAAAAAAAAAAAAAAAAAAAAAAAAAAAAAAAAAAAAAAAAAAAAAAAAAAAAAAAAAAAAAAAAAAAAAAAAAAAAAAAAAA7gMAAADpAwAAAacAAAAVBgYAAAA2ADEAMgABBgYAAAAkBAAAAAAFAQMJBhIAAAAcAQEoBGQAAAAdAQEpBGQAAAAaBmgAAAAHBh4AAABUAGkAbQBlAHMAIABOAGUAdwAgAFIAbwBtAGEAbgAGBh4AAABUAGkAbQBlAHMAIABOAGUAdwAgAFIAbwBtAGEAbgAZBgoAAABlAG4ALQBVAFMAGwYKAAAAZQBuAC0ARwBCABsGAAAAAAI4AwAABa0AAAABaAAAAAcGHgAAAFQAaQBtAGUAcwAgAE4AZQB3ACAAUgBvAG0AYQBuAAYGHgAAAFQAaQBtAGUAcwAgAE4AZQB3ACAAUgBvAG0AYQBuABkGCgAAAGUAbgAtAFUAUwAbBgoAAABlAG4ALQBHAEIACDsAAAAANgAAAEQAbwBjAHQAbwByAGEAbAAgAHMAdAB1AGQAZQBuAHQALAAgAEEAcwBzAGkAcwB0AGEAbgB0AAV5AAAAAWgAAAAHBh4AAABUAGkAbQBlAHMAIABOAGUAdwAgAFIAbwBtAGEAbgAGBh4AAABUAGkAbQBlAHMAIABOAGUAdwAgAFIAbwBtAGEAbgAZBgoAAABrAGEALQBHAEUAGwYKAAAAZQBuAC0ARwBCAAgHAAAAAAIAAAAgAAV9AAAAAWgAAAAHBh4AAABUAGkAbQBlAHMAIABOAGUAdwAgAFIAbwBtAGEAbgAGBh4AAABUAGkAbQBlAHMAIABOAGUAdwAgAFIAbwBtAGEAbgAZBgoAAABlAG4ALQBVAFMAGwYKAAAAZQBuAC0ARwBCAAgLAAAAAAYAAABhAHQAIAAF+wAAAAFoAAAABwYeAAAAVABpAG0AZQBzACAATgBlAHcAIABSAG8AbQBhAG4ABgYeAAAAVABpAG0AZQBzACAATgBlAHcAIABSAG8AbQBhAG4AGQYKAAAAZQBuAC0AVQBTABsGCgAAAGUAbgAtAEcAQgAIiQAAAACEAAAASQBuAHQAZQByAG4AYQB0AGkAbwBuAGEAbAAgAFQAZQBhAGMAaABpAG4AZwAgAFUAbgBpAHYAZQByAHMAaQB0AHkAIABvAGYAIABNAGEAbgBhAGcAZQBtAGUAbgB0ACAAYQBuAGQAIABDAG8AbQBtAHUAbgBpAGMAYQB0AGkAbwBuAHMABQoAAAABAAAAAAgAAAAABXIAAAABaAAAAAcGHgAAAFQAaQBtAGUAcwAgAE4AZQB3ACAAUgBvAG0AYQBuAAYGHgAAAFQAaQBtAGUAcwAgAE4AZQB3ACAAUgBvAG0AYQBuABkGCgAAAGUAbgAtAFUAUwAbBgoAAABlAG4ALQBHAEIACAAAAAAKAAAAAAAAAAARAAAAACwCAAAAEgAAAAEGAAAAAAkGAAAAABsGAAAAAAFLAAAAKAEHKQEHKgEHKwEFEwEBCAQYAAAAFgQYAAAAGQYKAAAAZQBuAC0AVQBTABoGCgAAAGEAcgAtAFMAQQAbBgoAAABlAG4ALQBVAFMAAsABAAAAuwEAAAEGAAAANgAxADIAAhwAAABMAGkAcwB0ACAAUABhAHIAYQBnAHIAYQBwAGgACQEAAAADAwYAAAA2ADAANAAKAQAAAAELBAAAACIAAAAFhgAAAAABAAEBAAIBAAMBACgBBykBByoBBysBBQgEGAAAAAoBAAwBACYEAAAAAA8BABABABEBACcEAAAAABQBABUBABYEGAAAABcBABgBABkGCgAAAGUAbgAtAFUAUwAaBgoAAABhAHIALQBTAEEAGwYKAAAAZQBuAC0AVQBTABwGAgAAAAAAHgEABt8AAAAAAQEBBhIAAAAkBNACAAAlBAAAAAAmBAAAAAAFAQEGAQAHAQAIAQAJBhsAAAAnBPAAAAALAQEcAQAoBAAAAAAdAQApBAAAAAAOBggAAAAAAQEBA////xkBARsGfQAAAAAUAAAAAAMAAAAFBAAAAAAGBAQAAAADAQABFAAAAAADAAAABQQAAAAABgQEAAAAAwEAAhQAAAAAAwAAAAUEAAAAAAYEBAAAAAMBAAMUAAAAAAMAAAAFBAAAAAAGBAQAAAADAQALFAAAAAADAAAABQQAAAAABgQEAAAAAwEALAEA\">Doctoral student, Assistant&nbsp;at International Teaching University of Management and Communications.</p>'),
(41,'en_US','familyName','Mazmishvili'),
(41,'en_US','givenName','Ana'),
(41,'en_US','preferredPublicName',''),
(41,'ka_GE','affiliation',''),
(41,'ka_GE','biography','<p class=\"docData;DOCY;v5;3880;[encoded data, 5176 characters]\">დოქტორანტი, ასისტენტი, მართვისა&nbsp;და&nbsp;კომუნიკაციის&nbsp;საერთაშორისო&nbsp;სასწავლო უნივერსიტეტი,,ალტერბრიჯი“.</p>'),
(41,'ka_GE','familyName','მაზმიშვილი'),
(41,'ka_GE','givenName','ანა'),
(41,'ka_GE','preferredPublicName',''),
(42,'','country','GE'),
(42,'','orcid',''),
(42,'','url',''),
(42,'en_US','affiliation',''),
(42,'en_US','biography','<p class=\"docData;DOCY;v5;2552;BQiAAgAAEYQCAAAGiAIAAAN6CQAABYgJAAAAAAAAAAAAAAAAAAAAAAAAAAAAAAAAAAAAAAAAAAAAAAAAAAAAAAAAAAAAAAAAAAAAAAAAAAAAAAAAAAAAAAAAAAAAAAAAAAAAAAAAAAAAAAAAAAAAAAAAAAAAAAAAAAAAAAAAAAAAAAAAAAAAAAAAAAAAAAAAAAAAAAAAAAAAAAAAAAAAAAAAAAAAAAAAAAAAAAAAAAAAAAAAAAAAAAAAAAAAAAAAAAAAAAAAAAAAAAAAAAAAAAAAAAAAAAAAAAAAAAAAAAAAAAAAAAAAAAAAAAAAAAAAAAAAAAAAAAAAAAAAAAAAAAAAAAAAAAAAAAAAAAAAAAAAAAAAAAAAAAAAAAAAAAAAAAAAAAAAAAAAAAAAAAAAAAAAAAAAAAAAAAAAAAAAAAAAAAAAAAAAAAAAAAAAAAAAAAAAAAAAAAAAAAAAAAAAAAAAAAAAAAAAAAAAAAAAAAAAAAAAAAAAAAAAAAAAAAAAAAAAAAAAAAAAAAAAAAAAAAAAAAAAAAAAAAAAAAAAAAAAAAAAAAAAAAAAAAAAAAAAAAAAAAAAAAAAAAAAAAAAAAAAAAAAAAAAAAAAAAAAAAAAAAAAAAAAAAAAAAAAAAAAAAAAAAAAAAAAAAAAAAAAAAAAAAAAAAAAAAAAAAAAAAAAAAAAAAAAAAAAAAAAAAAAAAAAAAAAAAAAAAAAAAAAAAAAAAAAAAAAAAAAAAAAAAAAAAAAAAAAAAAAAAAAAAAAAAAAAAAAAAAAAAAAAAAAAAAAAAAAAAAAAAAAAAAAAAAAAAAAAAAAAAAAAAAAAAAAAAAAAAAAAAAAAAAAAAAAAAAAAAAAAAAA7gYAAAAxBAAAAZUAAAABBgAAAAAFAQMJBhIAAAAcAQEoBGQAAAAdAQEpBGQAAAAaBmgAAAAHBh4AAABUAGkAbQBlAHMAIABOAGUAdwAgAFIAbwBtAGEAbgAGBh4AAABUAGkAbQBlAHMAIABOAGUAdwAgAFIAbwBtAGEAbgAZBgoAAABlAG4ALQBVAFMAGwYKAAAAZQBuAC0ARwBCABsGAAAAAAKSAwAABXcAAAABWAAAAAcGDgAAAEMAYQBsAGkAYgByAGkABgYeAAAAVABpAG0AZQBzACAATgBlAHcAIABSAG8AbQBhAG4AGQYKAAAAZQBuAC0AVQBTABsGCgAAAGUAbgAtAEcAQgAIFQAAAAAQAAAARABvAGMAdABvAHIALAAgAAWJAAAAAWgAAAAHBh4AAABUAGkAbQBlAHMAIABOAGUAdwAgAFIAbwBtAGEAbgAGBh4AAABUAGkAbQBlAHMAIABOAGUAdwAgAFIAbwBtAGEAbgAZBgoAAABlAG4ALQBVAFMAGwYKAAAAZQBuAC0ARwBCAAgXAAAAABIAAABBAHMAcwBpAHMAdABhAG4AdAAFeQAAAAFoAAAABwYeAAAAVABpAG0AZQBzACAATgBlAHcAIABSAG8AbQBhAG4ABgYeAAAAVABpAG0AZQBzACAATgBlAHcAIABSAG8AbQBhAG4AGQYKAAAAawBhAC0ARwBFABsGCgAAAGUAbgAtAEcAQgAIBwAAAAACAAAAIAAFAQEAAAFoAAAABwYeAAAAVABpAG0AZQBzACAATgBlAHcAIABSAG8AbQBhAG4ABgYeAAAAVABpAG0AZQBzACAATgBlAHcAIABSAG8AbQBhAG4AGQYKAAAAZQBuAC0AVQBTABsGCgAAAGUAbgAtAEcAQgAIjwAAAACKAAAAYQB0ACAASQBuAHQAZQByAG4AYQB0AGkAbwBuAGEAbAAgAFQAZQBhAGMAaABpAG4AZwAgAFUAbgBpAHYAZQByAHMAaQB0AHkAIABvAGYAIABNAGEAbgBhAGcAZQBtAGUAbgB0ACAAYQBuAGQAIABDAG8AbQBtAHUAbgBpAGMAYQB0AGkAbwBuAHMABXkAAAABaAAAAAcGHgAAAFQAaQBtAGUAcwAgAE4AZQB3ACAAUgBvAG0AYQBuAAYGHgAAAFQAaQBtAGUAcwAgAE4AZQB3ACAAUgBvAG0AYQBuABkGCgAAAGUAbgAtAFUAUwAbBgoAAABlAG4ALQBHAEIACAcAAAAAAgAAACAABQoAAAABAAAAAAgAAAAABXIAAAABaAAAAAcGHgAAAFQAaQBtAGUAcwAgAE4AZQB3ACAAUgBvAG0AYQBuAAYGHgAAAFQAaQBtAGUAcwAgAE4AZQB3ACAAUgBvAG0AYQBuABkGCgAAAGUAbgAtAFUAUwAbBgoAAABlAG4ALQBHAEIACAAAAAAAswIAAAGVAAAAAQYAAAAABQEDCQYSAAAAHAEBKARkAAAAHQEBKQRkAAAAGgZoAAAABwYeAAAAVABpAG0AZQBzACAATgBlAHcAIABSAG8AbQBhAG4ABgYeAAAAVABpAG0AZQBzACAATgBlAHcAIABSAG8AbQBhAG4AGQYKAAAAawBhAC0ARwBFABsGCgAAAGUAbgAtAEcAQgAbBgAAAAACFAIAAAV5AAAAAWgAAAAHBh4AAABUAGkAbQBlAHMAIABOAGUAdwAgAFIAbwBtAGEAbgAGBh4AAABUAGkAbQBlAHMAIABOAGUAdwAgAFIAbwBtAGEAbgAZBgoAAABrAGEALQBHAEUAGwYKAAAAZQBuAC0ARwBCAAgHAAAAAAIAAAAeIAWNAAAAAWgAAAAHBh4AAABUAGkAbQBlAHMAIABOAGUAdwAgAFIAbwBtAGEAbgAGBh4AAABUAGkAbQBlAHMAIABOAGUAdwAgAFIAbwBtAGEAbgAZBgoAAABlAG4ALQBVAFMAGwYKAAAAZQBuAC0ARwBCAAgbAAAAABYAAABBAGwAdABlAHIAYgByAGkAZABnAGUABXkAAAABaAAAAAcGHgAAAFQAaQBtAGUAcwAgAE4AZQB3ACAAUgBvAG0AYQBuAAYGHgAAAFQAaQBtAGUAcwAgAE4AZQB3ACAAUgBvAG0AYQBuABkGCgAAAGsAYQAtAEcARQAbBgoAAABlAG4ALQBHAEIACAcAAAAAAgAAABwgBQoAAAABAAAAAAgAAAAABXIAAAABaAAAAAcGHgAAAFQAaQBtAGUAcwAgAE4AZQB3ACAAUgBvAG0AYQBuAAYGHgAAAFQAaQBtAGUAcwAgAE4AZQB3ACAAUgBvAG0AYQBuABkGCgAAAGsAYQAtAEcARQAbBgoAAABlAG4ALQBHAEIACAAAAAAKAAAAAAAAAAARAAAAAGwAAAAAEgAAAAEGAAAAAAkGAAAAABsGAAAAAAFLAAAAKAEHKQEHKgEHKwEFEwEBCAQYAAAAFgQYAAAAGQYKAAAAZQBuAC0AVQBTABoGCgAAAGEAcgAtAFMAQQAbBgoAAABlAG4ALQBVAFMAAgAAAAA=\">Doctor, Assistant&nbsp;at International Teaching University of Management and Communications&nbsp;„Alterbridge“.</p>'),
(42,'en_US','familyName','Shengelia'),
(42,'en_US','givenName','Keti'),
(42,'en_US','preferredPublicName',''),
(42,'ka_GE','affiliation',''),
(42,'ka_GE','biography','<p><span class=\"docData;DOCY;v5;3738;[encoded data, 4984 characters]\">დოქტორი</span>,&nbsp;ასისტენტ-პროფესორი&nbsp;მართვისა&nbsp;და&nbsp;კომუნიკაციის</p>\r\n<p>საერთაშორისო&nbsp;სასწავლო&nbsp;უნივერსიტეტი&nbsp;„ალტერბრიჯი“.</p>'),
(42,'ka_GE','familyName','შენგელია'),
(42,'ka_GE','givenName','ქეთი'),
(42,'ka_GE','preferredPublicName',''),
(43,'','country','GE'),
(43,'','orcid',''),
(43,'','url',''),
(43,'en_US','affiliation',''),
(43,'en_US','biography','<p><span class=\"docData;DOCY;v5;2011;BQiAAgAAEYQCAAAGiAIAAAOdBQAABasFAAAAAAAAAAAAAAAAAAAAAAAAAAAAAAAAAAAAAAAAAAAAAAAAAAAAAAAAAAAAAAAAAAAAAAAAAAAAAAAAAAAAAAAAAAAAAAAAAAAAAAAAAAAAAAAAAAAAAAAAAAAAAAAAAAAAAAAAAAAAAAAAAAAAAAAAAAAAAAAAAAAAAAAAAAAAAAAAAAAAAAAAAAAAAAAAAAAAAAAAAAAAAAAAAAAAAAAAAAAAAAAAAAAAAAAAAAAAAAAAAAAAAAAAAAAAAAAAAAAAAAAAAAAAAAAAAAAAAAAAAAAAAAAAAAAAAAAAAAAAAAAAAAAAAAAAAAAAAAAAAAAAAAAAAAAAAAAAAAAAAAAAAAAAAAAAAAAAAAAAAAAAAAAAAAAAAAAAAAAAAAAAAAAAAAAAAAAAAAAAAAAAAAAAAAAAAAAAAAAAAAAAAAAAAAAAAAAAAAAAAAAAAAAAAAAAAAAAAAAAAAAAAAAAAAAAAAAAAAAAAAAAAAAAAAAAAAAAAAAAAAAAAAAAAAAAAAAAAAAAAAAAAAAAAAAAAAAAAAAAAAAAAAAAAAAAAAAAAAAAAAAAAAAAAAAAAAAAAAAAAAAAAAAAAAAAAAAAAAAAAAAAAAAAAAAAAAAAAAAAAAAAAAAAAAAAAAAAAAAAAAAAAAAAAAAAAAAAAAAAAAAAAAAAAAAAAAAAAAAAAAAAAAAAAAAAAAAAAAAAAAAAAAAAAAAAAAAAAAAAAAAAAAAAAAAAAAAAAAAAAAAAAAAAAAAAAAAAAAAAAAAAAAAAAAAAAAAAAAAAAAAAAAAAAAAAAAAAAAAAAAAAAAAAAAAAAAAAAAAAAAAAAAAAAAAAEQMAAAAMAwAAAZcAAAAVBgYAAAA2ADEAMgABBgYAAAAkBAAAAAAFAQMJBhIAAAAcAQEoBGQAAAAdAQEpBGQAAAAaBlgAAAAHBh4AAABUAGkAbQBlAHMAIABOAGUAdwAgAFIAbwBtAGEAbgAGBh4AAABUAGkAbQBlAHMAIABOAGUAdwAgAFIAbwBtAGEAbgAbBgoAAABlAG4ALQBHAEIAGwYAAAAAAmsCAAAFiQAAAAFoAAAABwYeAAAAVABpAG0AZQBzACAATgBlAHcAIABSAG8AbQBhAG4ABgYeAAAAVABpAG0AZQBzACAATgBlAHcAIABSAG8AbQBhAG4AGQYKAAAAZQBuAC0AVQBTABsGCgAAAGUAbgAtAEcAQgAIFwAAAAASAAAARABvAGMAdABvAHIAYQBuAHQABVMBAAABaAAAAAcGHgAAAFQAaQBtAGUAcwAgAE4AZQB3ACAAUgBvAG0AYQBuAAYGHgAAAFQAaQBtAGUAcwAgAE4AZQB3ACAAUgBvAG0AYQBuABkGCgAAAGUAbgAtAFUAUwAbBgoAAABlAG4ALQBHAEIACOEAAAAA3AAAACAAcwB0AHUAZABlAG4AdAAgAG8AZgAgAE0AYQBzAHMAIABDAG8AbQBtAHUAbgBpAGMAYQB0AGkAbwBuAHMALAAgAFQAYgBpAGwAaQBzAGkAIABTAHQAYQB0AGUAIABVAG4AaQB2AGUAcgBzAGkAdAB5ACAAQwBvAG0AbQB1AG4AaQBjAGEAdABpAG8AbgBzACAATwBmAGYAaQBjAGUAcgAsACAASAB1AG0AYQBuACAAUgBpAGcAaAB0ACAASABvAHUAcwBlACAAbwBmACAAVABiAGkAbABpAHMAaQAFYgAAAAFYAAAABwYeAAAAVABpAG0AZQBzACAATgBlAHcAIABSAG8AbQBhAG4ABgYeAAAAVABpAG0AZQBzACAATgBlAHcAIABSAG8AbQBhAG4AGwYKAAAAZQBuAC0ARwBCAAgAAAAABQoAAAABAAAAAAgAAAAABQoAAAAIBQAAAA0AAAAACgAAAAAAAAAAEQAAAAAsAgAAABIAAAABBgAAAAAJBgAAAAAbBgAAAAABSwAAACgBBykBByoBBysBBRMBAQgEGAAAABYEGAAAABkGCgAAAGUAbgAtAFUAUwAaBgoAAABhAHIALQBTAEEAGwYKAAAAZQBuAC0AVQBTAALAAQAAALsBAAABBgAAADYAMQAyAAIcAAAATABpAHMAdAAgAFAAYQByAGEAZwByAGEAcABoAAkBAAAAAwMGAAAANgAwADQACgEAAAABCwQAAAAiAAAABYYAAAAAAQABAQACAQADAQAoAQcpAQcqAQcrAQUIBBgAAAAKAQAMAQAmBAAAAAAPAQAQAQARAQAnBAAAAAAUAQAVAQAWBBgAAAAXAQAYAQAZBgoAAABlAG4ALQBVAFMAGgYKAAAAYQByAC0AUwBBABsGCgAAAGUAbgAtAFUAUwAcBgIAAAAAAB4BAAbfAAAAAAEBAQYSAAAAJATQAgAAJQQAAAAAJgQAAAAABQEBBgEABwEACAEACQYbAAAAJwTwAAAACwEBHAEAKAQAAAAAHQEAKQQAAAAADgYIAAAAAAEBAQP///8ZAQEbBn0AAAAAFAAAAAADAAAABQQAAAAABgQEAAAAAwEAARQAAAAAAwAAAAUEAAAAAAYEBAAAAAMBAAIUAAAAAAMAAAAFBAAAAAAGBAQAAAADAQADFAAAAAADAAAABQQAAAAABgQEAAAAAwEACxQAAAAAAwAAAAUEAAAAAAYEBAAAAAMBACwBAA==\">Doctorant</span> student of Mass Communications, Tbilisi State University Communications Officer, Human Right House of Tbilisi.</p>'),
(43,'en_US','familyName','Chkhaidze'),
(43,'en_US','givenName','Tamta'),
(43,'en_US','preferredPublicName',''),
(43,'ka_GE','affiliation',''),
(43,'ka_GE','biography','<p class=\"docData;DOCY;v5;4564;[encoded data, 6088 characters]\">მასობრივი&nbsp;კომუნიკაციის&nbsp;დოქტორანტი, თბილისის&nbsp;სახელმწიფო&nbsp;უნივერსიტეტი&nbsp;კომუნიკაციების&nbsp;ოფიცერი, თბილისის&nbsp;ადამიანის&nbsp;უფლებათა&nbsp;სახლი.</p>'),
(43,'ka_GE','familyName','ჩხაიძე'),
(43,'ka_GE','givenName','თამთა'),
(43,'ka_GE','preferredPublicName',''),
(44,'','country','GE'),
(44,'','orcid',''),
(44,'','url',''),
(44,'en_US','affiliation',''),
(44,'en_US','biography','<p class=\"docData;DOCY;v5;1916;BQiAAgAAEYQCAAAGiAIAAAP+BgAABQwHAAAAAAAAAAAAAAAAAAAAAAAAAAAAAAAAAAAAAAAAAAAAAAAAAAAAAAAAAAAAAAAAAAAAAAAAAAAAAAAAAAAAAAAAAAAAAAAAAAAAAAAAAAAAAAAAAAAAAAAAAAAAAAAAAAAAAAAAAAAAAAAAAAAAAAAAAAAAAAAAAAAAAAAAAAAAAAAAAAAAAAAAAAAAAAAAAAAAAAAAAAAAAAAAAAAAAAAAAAAAAAAAAAAAAAAAAAAAAAAAAAAAAAAAAAAAAAAAAAAAAAAAAAAAAAAAAAAAAAAAAAAAAAAAAAAAAAAAAAAAAAAAAAAAAAAAAAAAAAAAAAAAAAAAAAAAAAAAAAAAAAAAAAAAAAAAAAAAAAAAAAAAAAAAAAAAAAAAAAAAAAAAAAAAAAAAAAAAAAAAAAAAAAAAAAAAAAAAAAAAAAAAAAAAAAAAAAAAAAAAAAAAAAAAAAAAAAAAAAAAAAAAAAAAAAAAAAAAAAAAAAAAAAAAAAAAAAAAAAAAAAAAAAAAAAAAAAAAAAAAAAAAAAAAAAAAAAAAAAAAAAAAAAAAAAAAAAAAAAAAAAAAAAAAAAAAAAAAAAAAAAAAAAAAAAAAAAAAAAAAAAAAAAAAAAAAAAAAAAAAAAAAAAAAAAAAAAAAAAAAAAAAAAAAAAAAAAAAAAAAAAAAAAAAAAAAAAAAAAAAAAAAAAAAAAAAAAAAAAAAAAAAAAAAAAAAAAAAAAAAAAAAAAAAAAAAAAAAAAAAAAAAAAAAAAAAAAAAAAAAAAAAAAAAAAAAAAAAAAAAAAAAAAAAAAAAAAAAAAAAAAAAAAAAAAAAAAAAAAAAAAAAAAAAAAAAcgQAAABtBAAAASsAAAABBgAAAAAFAQMJBgAAAAAaBhAAAAAZBgoAAABlAG4ALQBVAFMAGwYAAAAAAjgEAAAFQQAAAAEQAAAAGQYKAAAAZQBuAC0AVQBTAAgnAAAAACIAAABEAG8AYwB0AG8AcgBhAHQAZQAgAHMAdAB1AGQAZQBuAHQABSEAAAABEAAAABkGCgAAAGUAbgAtAFUAUwAIBwAAAAACAAAALAAFUQAAAAEQAAAAGQYKAAAAZQBuAC0AVQBTAAg3AAAAADIAAAAgAEYAYQBjAHUAbAB0AHkAIABvAGYAIABIAHUAbQBhAG4AaQB0AGkAZQBzACAAYQB0AAUhAAAAARAAAAAZBgoAAABlAG4ALQBVAFMACAcAAAAAAgAAACAABSkAAAABEAAAABkGCgAAAGUAbgAtAFUAUwAIDwAAAAAKAAAASQB2AGEAbgBlAAVtAAAAARAAAAAZBgoAAABlAG4ALQBVAFMACFMAAAAATgAAACAASgBhAHYAYQBrAGgAaQBzAGgAdgBpAGwAaQAgAFQAYgBpAGwAaQBzAGkAIABTAHQAYQB0AGUAIABVAG4AaQB2AGUAcgBzAGkAdAB5AAW7AAAAARAAAAAZBgoAAABlAG4ALQBVAFMACKEAAAAAnAAAACwAIABBAGYAZgBpAGwAaQBhAHQAZQBkACAAQQBzAHMAaQBzAHQAYQBuAHQAIABhAHQAIABJAG4AdABlAHIAbgBhAHQAaQBvAG4AYQBsACAAVABlAGEAYwBoAGkAbgBnACAAVQBuAGkAdgBlAHIAcwBpAHQAeQAgAG8AZgAgAE0AYQBuAGEAZwBlAG0AZQBuAHQAIABhAG4AZAAgAAU/AAAAARAAAAAZBgoAAABlAG4ALQBVAFMACCUAAAAAIAAAAEMAbwBtAG0AdQBuAGkAYwBhAHQAaQBvAG4AcwAgACAABSEAAAABEAAAABkGCgAAAGsAYQAtAEcARQAIBwAAAAACAAAAHiAFNQAAAAEQAAAAGQYKAAAAZQBuAC0AVQBTAAgbAAAAABYAAABBAGwAdABlAHIAYgByAGkAZABnAGUABSEAAAABEAAAABkGCgAAAGsAYQAtAEcARQAIBwAAAAACAAAAHCAFIQAAAAEQAAAAGQYKAAAAZQBuAC0AVQBTAAgHAAAAAAIAAAAsAAVVAAAAARAAAAAZBgoAAABlAG4ALQBVAFMACDsAAAAANgAAACAAUgBlAHMAZQBhAHIAYwBoAGUAcgAgAGEAdAAgAEEAcwBzAG8AYwBpAGEAdABpAG8AbgAgAAUhAAAAARAAAAAZBgoAAABrAGEALQBHAEUACAcAAAAAAgAAAB4gBScAAAABEAAAABkGCgAAAGUAbgAtAFUAUwAIDQAAAAAIAAAAVQBzAG0AYQAFIQAAAAEQAAAAGQYKAAAAawBhAC0ARwBFAAgHAAAAAAIAAAAcIAUKAAAAAQAAAAAIAAAAAAUaAAAAARAAAAAZBgoAAABlAG4ALQBVAFMACAAAAAAKAAAAAAAAAAARAAAAAGwAAAAAEgAAAAEGAAAAAAkGAAAAABsGAAAAAAFLAAAAKAEHKQEHKgEHKwEFEwEBCAQYAAAAFgQYAAAAGQYKAAAAZQBuAC0AVQBTABoGCgAAAGEAcgAtAFMAQQAbBgoAAABlAG4ALQBVAFMAAgAAAAA=\">Doctorate student, Faculty of Humanities at&nbsp;Ivane Javakhishvili Tbilisi State University, Affiliated Assistant at International Teaching University of Management and Communications&nbsp; „Alterbridge“, Researcher at Association „Usma“.</p>'),
(44,'en_US','familyName','Shukvani'),
(44,'en_US','givenName','Nino'),
(44,'en_US','preferredPublicName',''),
(44,'ka_GE','affiliation',''),
(44,'ka_GE','biography','<p>ივ. ჯავახიშვილის სახელობის თბილისის სახელმწიფო უნივერსიტეტის ჰუმანიტარულ მეცნიერებათა ფაკულტეტის დოქტორანტი, მართვისა და კომუნიკაციის საერთაშორისო სასწავლო უნივერსიტეტ „ალტერბრიჯის“ აფილირებული ასისტენტი, უსაფრთხოების სფეროს მკვლევართა ასოციაცია „უსმა“-ს მკვლევარი.</p>'),
(44,'ka_GE','familyName','შუკვანი'),
(44,'ka_GE','givenName','ნინო'),
(44,'ka_GE','preferredPublicName',''),
(45,'','country','GE'),
(45,'','orcid',''),
(45,'','url',''),
(45,'en_US','affiliation',''),
(45,'en_US','biography','<p class=\"docData;DOCY;v5;1576;BQiAAgAAEYQCAAAGiAIAAAOqBQAABbgFAAAAAAAAAAAAAAAAAAAAAAAAAAAAAAAAAAAAAAAAAAAAAAAAAAAAAAAAAAAAAAAAAAAAAAAAAAAAAAAAAAAAAAAAAAAAAAAAAAAAAAAAAAAAAAAAAAAAAAAAAAAAAAAAAAAAAAAAAAAAAAAAAAAAAAAAAAAAAAAAAAAAAAAAAAAAAAAAAAAAAAAAAAAAAAAAAAAAAAAAAAAAAAAAAAAAAAAAAAAAAAAAAAAAAAAAAAAAAAAAAAAAAAAAAAAAAAAAAAAAAAAAAAAAAAAAAAAAAAAAAAAAAAAAAAAAAAAAAAAAAAAAAAAAAAAAAAAAAAAAAAAAAAAAAAAAAAAAAAAAAAAAAAAAAAAAAAAAAAAAAAAAAAAAAAAAAAAAAAAAAAAAAAAAAAAAAAAAAAAAAAAAAAAAAAAAAAAAAAAAAAAAAAAAAAAAAAAAAAAAAAAAAAAAAAAAAAAAAAAAAAAAAAAAAAAAAAAAAAAAAAAAAAAAAAAAAAAAAAAAAAAAAAAAAAAAAAAAAAAAAAAAAAAAAAAAAAAAAAAAAAAAAAAAAAAAAAAAAAAAAAAAAAAAAAAAAAAAAAAAAAAAAAAAAAAAAAAAAAAAAAAAAAAAAAAAAAAAAAAAAAAAAAAAAAAAAAAAAAAAAAAAAAAAAAAAAAAAAAAAAAAAAAAAAAAAAAAAAAAAAAAAAAAAAAAAAAAAAAAAAAAAAAAAAAAAAAAAAAAAAAAAAAAAAAAAAAAAAAAAAAAAAAAAAAAAAAAAAAAAAAAAAAAAAAAAAAAAAAAAAAAAAAAAAAAAAAAAAAAAAAAAAAAAAAAAAAAAAAAAAAAAAAAAAAAAHgMAAAAZAwAAAZUAAAABBgAAAAAFAQMJBhIAAAAcAQEoBGQAAAAdAQEpBGQAAAAaBmgAAAAHBh4AAABUAGkAbQBlAHMAIABOAGUAdwAgAFIAbwBtAGEAbgAGBh4AAABUAGkAbQBlAHMAIABOAGUAdwAgAFIAbwBtAGEAbgAZBgoAAABlAG4ALQBVAFMAGwYKAAAAZQBuAC0ARwBCABsGAAAAAAJ6AgAABb0AAAABaAAAAAcGHgAAAFQAaQBtAGUAcwAgAE4AZQB3ACAAUgBvAG0AYQBuAAYGHgAAAFQAaQBtAGUAcwAgAE4AZQB3ACAAUgBvAG0AYQBuABkGCgAAAGsAYQAtAEcARQAbBgoAAABlAG4ALQBHAEIACEsAAAAARgAAAEkAdgBhAG4AZQAgAEoAYQB2AGEAawBoAGkAcwBoAHYAaQBsAGkAIABUAGIAaQBsAGkAcwBpACAAUwB0AGEAdABlACAAVQAFiQAAAAFoAAAABwYeAAAAVABpAG0AZQBzACAATgBlAHcAIABSAG8AbQBhAG4ABgYeAAAAVABpAG0AZQBzACAATgBlAHcAIABSAG8AbQBhAG4AGQYKAAAAZQBuAC0AVQBTABsGCgAAAGUAbgAtAEcAQgAIFwAAAAASAAAAbgBpAHYAZQByAHMAaQB0AHkABZ8AAAABaAAAAAcGHgAAAFQAaQBtAGUAcwAgAE4AZQB3ACAAUgBvAG0AYQBuAAYGHgAAAFQAaQBtAGUAcwAgAE4AZQB3ACAAUgBvAG0AYQBuABkGCgAAAGUAbgAtAFUAUwAbBgoAAABlAG4ALQBHAEIACC0AAAAAKAAAACwAIABEAG8AYwB0AG8AcgBhAHQAZQAgAHMAdAB1AGQAZQBuAHQAIAAFCgAAAAEAAAAACAAAAAAFcgAAAAFoAAAABwYeAAAAVABpAG0AZQBzACAATgBlAHcAIABSAG8AbQBhAG4ABgYeAAAAVABpAG0AZQBzACAATgBlAHcAIABSAG8AbQBhAG4AGQYKAAAAZQBuAC0AVQBTABsGCgAAAGUAbgAtAEcAQgAIAAAAAAoAAAAAAAAAABEAAAAAbAAAAAASAAAAAQYAAAAACQYAAAAAGwYAAAAAAUsAAAAoAQcpAQcqAQcrAQUTAQEIBBgAAAAWBBgAAAAZBgoAAABlAG4ALQBVAFMAGgYKAAAAYQByAC0AUwBBABsGCgAAAGUAbgAtAFUAUwACAAAAAA==\">Ivane Javakhishvili Tbilisi State University, Doctorate student.</p>'),
(45,'en_US','familyName','Kuprashvili'),
(45,'en_US','givenName','Mamuka'),
(45,'en_US','preferredPublicName',''),
(45,'ka_GE','affiliation',''),
(45,'ka_GE','biography','<p class=\"docData;DOCY;v5;2886;BQiAAgAAEYQCAAAGiAIAAAPICgAABdYKAAAAAAAAAAAAAAAAAAAAAAAAAAAAAAAAAAAAAAAAAAAAAAAAAAAAAAAAAAAAAAAAAAAAAAAAAAAAAAAAAAAAAAAAAAAAAAAAAAAAAAAAAAAAAAAAAAAAAAAAAAAAAAAAAAAAAAAAAAAAAAAAAAAAAAAAAAAAAAAAAAAAAAAAAAAAAAAAAAAAAAAAAAAAAAAAAAAAAAAAAAAAAAAAAAAAAAAAAAAAAAAAAAAAAAAAAAAAAAAAAAAAAAAAAAAAAAAAAAAAAAAAAAAAAAAAAAAAAAAAAAAAAAAAAAAAAAAAAAAAAAAAAAAAAAAAAAAAAAAAAAAAAAAAAAAAAAAAAAAAAAAAAAAAAAAAAAAAAAAAAAAAAAAAAAAAAAAAAAAAAAAAAAAAAAAAAAAAAAAAAAAAAAAAAAAAAAAAAAAAAAAAAAAAAAAAAAAAAAAAAAAAAAAAAAAAAAAAAAAAAAAAAAAAAAAAAAAAAAAAAAAAAAAAAAAAAAAAAAAAAAAAAAAAAAAAAAAAAAAAAAAAAAAAAAAAAAAAAAAAAAAAAAAAAAAAAAAAAAAAAAAAAAAAAAAAAAAAAAAAAAAAAAAAAAAAAAAAAAAAAAAAAAAAAAAAAAAAAAAAAAAAAAAAAAAAAAAAAAAAAAAAAAAAAAAAAAAAAAAAAAAAAAAAAAAAAAAAAAAAAAAAAAAAAAAAAAAAAAAAAAAAAAAAAAAAAAAAAAAAAAAAAAAAAAAAAAAAAAAAAAAAAAAAAAAAAAAAAAAAAAAAAAAAAAAAAAAAAAAAAAAAAAAAAAAAAAAAAAAAAAAAAAAAAAAAAAAAAAAAAAAAAAAAAAAAPAgAAAA3CAAAAYUAAAABBgAAAAAFAQMJBhIAAAAcAQEoBGQAAAAdAQEpBGQAAAAaBlgAAAAHBh4AAABUAGkAbQBlAHMAIABOAGUAdwAgAFIAbwBtAGEAbgAGBh4AAABUAGkAbQBlAHMAIABOAGUAdwAgAFIAbwBtAGEAbgAbBgoAAABlAG4ALQBHAEIAGwYAAAAAAqgHAAAFiQAAAAFwAAAABAYOAAAAUwB5AGwAZgBhAGUAbgAFBg4AAABTAHkAbABmAGEAZQBuAAcGDgAAAFMAeQBsAGYAYQBlAG4ABgYeAAAAVABpAG0AZQBzACAATgBlAHcAIABSAG8AbQBhAG4AGwYKAAAAZQBuAC0ARwBCAAgPAAAAAAoAAADYENUQ0BDcENQQBWkAAAABWAAAAAcGHgAAAFQAaQBtAGUAcwAgAE4AZQB3ACAAUgBvAG0AYQBuAAYGHgAAAFQAaQBtAGUAcwAgAE4AZQB3ACAAUgBvAG0AYQBuABsGCgAAAGUAbgAtAEcAQgAIBwAAAAACAAAAIAAFlwAAAAFwAAAABAYOAAAAUwB5AGwAZgBhAGUAbgAFBg4AAABTAHkAbABmAGEAZQBuAAcGDgAAAFMAeQBsAGYAYQBlAG4ABgYeAAAAVABpAG0AZQBzACAATgBlAHcAIABSAG8AbQBhAG4AGwYKAAAAZQBuAC0ARwBCAAgdAAAAABgAAADvENAQ1RDQEO4Q2BDoENUQ2BDaENgQ4RAFaQAAAAFYAAAABwYeAAAAVABpAG0AZQBzACAATgBlAHcAIABSAG8AbQBhAG4ABgYeAAAAVABpAG0AZQBzACAATgBlAHcAIABSAG8AbQBhAG4AGwYKAAAAZQBuAC0ARwBCAAgHAAAAAAIAAAAgAAWRAAAAAXAAAAAEBg4AAABTAHkAbABmAGEAZQBuAAUGDgAAAFMAeQBsAGYAYQBlAG4ABwYOAAAAUwB5AGwAZgBhAGUAbgAGBh4AAABUAGkAbQBlAHMAIABOAGUAdwAgAFIAbwBtAGEAbgAbBgoAAABlAG4ALQBHAEIACBcAAAAAEgAAAOEQ0BDuENQQ2hDdENEQ2BDhEAVpAAAAAVgAAAAHBh4AAABUAGkAbQBlAHMAIABOAGUAdwAgAFIAbwBtAGEAbgAGBh4AAABUAGkAbQBlAHMAIABOAGUAdwAgAFIAbwBtAGEAbgAbBgoAAABlAG4ALQBHAEIACAcAAAAAAgAAACAABY8AAAABcAAAAAQGDgAAAFMAeQBsAGYAYQBlAG4ABQYOAAAAUwB5AGwAZgBhAGUAbgAHBg4AAABTAHkAbABmAGEAZQBuAAYGHgAAAFQAaQBtAGUAcwAgAE4AZQB3ACAAUgBvAG0AYQBuABsGCgAAAGUAbgAtAEcAQgAIFQAAAAAQAAAA1xDRENgQ2hDYEOEQ2BDhEAVpAAAAAVgAAAAHBh4AAABUAGkAbQBlAHMAIABOAGUAdwAgAFIAbwBtAGEAbgAGBh4AAABUAGkAbQBlAHMAIABOAGUAdwAgAFIAbwBtAGEAbgAbBgoAAABlAG4ALQBHAEIACAcAAAAAAgAAACAABZMAAAABcAAAAAQGDgAAAFMAeQBsAGYAYQBlAG4ABQYOAAAAUwB5AGwAZgBhAGUAbgAHBg4AAABTAHkAbABmAGEAZQBuAAYGHgAAAFQAaQBtAGUAcwAgAE4AZQB3ACAAUgBvAG0AYQBuABsGCgAAAGUAbgAtAEcAQgAIGQAAAAAUAAAA4RDQEO4Q1BDaENsQ7BDYEOQQ3RAFaQAAAAFYAAAABwYeAAAAVABpAG0AZQBzACAATgBlAHcAIABSAG8AbQBhAG4ABgYeAAAAVABpAG0AZQBzACAATgBlAHcAIABSAG8AbQBhAG4AGwYKAAAAZQBuAC0ARwBCAAgHAAAAAAIAAAAgAAWXAAAAAXAAAAAEBg4AAABTAHkAbABmAGEAZQBuAAUGDgAAAFMAeQBsAGYAYQBlAG4ABwYOAAAAUwB5AGwAZgBhAGUAbgAGBh4AAABUAGkAbQBlAHMAIABOAGUAdwAgAFIAbwBtAGEAbgAbBgoAAABlAG4ALQBHAEIACB0AAAAAGAAAAOMQ3BDYENUQ1BDgEOEQ2BDiENQQ4hDYEAV5AAAAAWgAAAAHBh4AAABUAGkAbQBlAHMAIABOAGUAdwAgAFIAbwBtAGEAbgAGBh4AAABUAGkAbQBlAHMAIABOAGUAdwAgAFIAbwBtAGEAbgAZBgoAAABrAGEALQBHAEUAGwYKAAAAZQBuAC0ARwBCAAgHAAAAAAIAAAAsAAVpAAAAAVgAAAAHBh4AAABUAGkAbQBlAHMAIABOAGUAdwAgAFIAbwBtAGEAbgAGBh4AAABUAGkAbQBlAHMAIABOAGUAdwAgAFIAbwBtAGEAbgAbBgoAAABlAG4ALQBHAEIACAcAAAAAAgAAACAABZMAAAABcAAAAAQGDgAAAFMAeQBsAGYAYQBlAG4ABQYOAAAAUwB5AGwAZgBhAGUAbgAHBg4AAABTAHkAbABmAGEAZQBuAAYGHgAAAFQAaQBtAGUAcwAgAE4AZQB3ACAAUgBvAG0AYQBuABsGCgAAAGUAbgAtAEcAQgAIGQAAAAAUAAAA0xDdEOUQ4hDdEOAQ0BDcEOIQ2BAFCgAAAAEAAAAACAAAAAAFYgAAAAFYAAAABwYeAAAAVABpAG0AZQBzACAATgBlAHcAIABSAG8AbQBhAG4ABgYeAAAAVABpAG0AZQBzACAATgBlAHcAIABSAG8AbQBhAG4AGwYKAAAAZQBuAC0ARwBCAAgAAAAACgAAAAAAAAAAEQAAAABsAAAAABIAAAABBgAAAAAJBgAAAAAbBgAAAAABSwAAACgBBykBByoBBysBBRMBAQgEGAAAABYEGAAAABkGCgAAAGUAbgAtAFUAUwAaBgoAAABhAHIALQBTAEEAGwYKAAAAZQBuAC0AVQBTAAIAAAAA\">ივანე&nbsp;ჯავახიშვილის&nbsp;სახელობის&nbsp;თბილისის</p>\r\n<p class=\"docData;DOCY;v5;2886;BQiAAgAAEYQCAAAGiAIAAAPICgAABdYKAAAAAAAAAAAAAAAAAAAAAAAAAAAAAAAAAAAAAAAAAAAAAAAAAAAAAAAAAAAAAAAAAAAAAAAAAAAAAAAAAAAAAAAAAAAAAAAAAAAAAAAAAAAAAAAAAAAAAAAAAAAAAAAAAAAAAAAAAAAAAAAAAAAAAAAAAAAAAAAAAAAAAAAAAAAAAAAAAAAAAAAAAAAAAAAAAAAAAAAAAAAAAAAAAAAAAAAAAAAAAAAAAAAAAAAAAAAAAAAAAAAAAAAAAAAAAAAAAAAAAAAAAAAAAAAAAAAAAAAAAAAAAAAAAAAAAAAAAAAAAAAAAAAAAAAAAAAAAAAAAAAAAAAAAAAAAAAAAAAAAAAAAAAAAAAAAAAAAAAAAAAAAAAAAAAAAAAAAAAAAAAAAAAAAAAAAAAAAAAAAAAAAAAAAAAAAAAAAAAAAAAAAAAAAAAAAAAAAAAAAAAAAAAAAAAAAAAAAAAAAAAAAAAAAAAAAAAAAAAAAAAAAAAAAAAAAAAAAAAAAAAAAAAAAAAAAAAAAAAAAAAAAAAAAAAAAAAAAAAAAAAAAAAAAAAAAAAAAAAAAAAAAAAAAAAAAAAAAAAAAAAAAAAAAAAAAAAAAAAAAAAAAAAAAAAAAAAAAAAAAAAAAAAAAAAAAAAAAAAAAAAAAAAAAAAAAAAAAAAAAAAAAAAAAAAAAAAAAAAAAAAAAAAAAAAAAAAAAAAAAAAAAAAAAAAAAAAAAAAAAAAAAAAAAAAAAAAAAAAAAAAAAAAAAAAAAAAAAAAAAAAAAAAAAAAAAAAAAAAAAAAAAAAAAAAAAAAAAAAAAAAAAAAAAAAAAAAAAAAAAAAAAAAAAAAAPAgAAAA3CAAAAYUAAAABBgAAAAAFAQMJBhIAAAAcAQEoBGQAAAAdAQEpBGQAAAAaBlgAAAAHBh4AAABUAGkAbQBlAHMAIABOAGUAdwAgAFIAbwBtAGEAbgAGBh4AAABUAGkAbQBlAHMAIABOAGUAdwAgAFIAbwBtAGEAbgAbBgoAAABlAG4ALQBHAEIAGwYAAAAAAqgHAAAFiQAAAAFwAAAABAYOAAAAUwB5AGwAZgBhAGUAbgAFBg4AAABTAHkAbABmAGEAZQBuAAcGDgAAAFMAeQBsAGYAYQBlAG4ABgYeAAAAVABpAG0AZQBzACAATgBlAHcAIABSAG8AbQBhAG4AGwYKAAAAZQBuAC0ARwBCAAgPAAAAAAoAAADYENUQ0BDcENQQBWkAAAABWAAAAAcGHgAAAFQAaQBtAGUAcwAgAE4AZQB3ACAAUgBvAG0AYQBuAAYGHgAAAFQAaQBtAGUAcwAgAE4AZQB3ACAAUgBvAG0AYQBuABsGCgAAAGUAbgAtAEcAQgAIBwAAAAACAAAAIAAFlwAAAAFwAAAABAYOAAAAUwB5AGwAZgBhAGUAbgAFBg4AAABTAHkAbABmAGEAZQBuAAcGDgAAAFMAeQBsAGYAYQBlAG4ABgYeAAAAVABpAG0AZQBzACAATgBlAHcAIABSAG8AbQBhAG4AGwYKAAAAZQBuAC0ARwBCAAgdAAAAABgAAADvENAQ1RDQEO4Q2BDoENUQ2BDaENgQ4RAFaQAAAAFYAAAABwYeAAAAVABpAG0AZQBzACAATgBlAHcAIABSAG8AbQBhAG4ABgYeAAAAVABpAG0AZQBzACAATgBlAHcAIABSAG8AbQBhAG4AGwYKAAAAZQBuAC0ARwBCAAgHAAAAAAIAAAAgAAWRAAAAAXAAAAAEBg4AAABTAHkAbABmAGEAZQBuAAUGDgAAAFMAeQBsAGYAYQBlAG4ABwYOAAAAUwB5AGwAZgBhAGUAbgAGBh4AAABUAGkAbQBlAHMAIABOAGUAdwAgAFIAbwBtAGEAbgAbBgoAAABlAG4ALQBHAEIACBcAAAAAEgAAAOEQ0BDuENQQ2hDdENEQ2BDhEAVpAAAAAVgAAAAHBh4AAABUAGkAbQBlAHMAIABOAGUAdwAgAFIAbwBtAGEAbgAGBh4AAABUAGkAbQBlAHMAIABOAGUAdwAgAFIAbwBtAGEAbgAbBgoAAABlAG4ALQBHAEIACAcAAAAAAgAAACAABY8AAAABcAAAAAQGDgAAAFMAeQBsAGYAYQBlAG4ABQYOAAAAUwB5AGwAZgBhAGUAbgAHBg4AAABTAHkAbABmAGEAZQBuAAYGHgAAAFQAaQBtAGUAcwAgAE4AZQB3ACAAUgBvAG0AYQBuABsGCgAAAGUAbgAtAEcAQgAIFQAAAAAQAAAA1xDRENgQ2hDYEOEQ2BDhEAVpAAAAAVgAAAAHBh4AAABUAGkAbQBlAHMAIABOAGUAdwAgAFIAbwBtAGEAbgAGBh4AAABUAGkAbQBlAHMAIABOAGUAdwAgAFIAbwBtAGEAbgAbBgoAAABlAG4ALQBHAEIACAcAAAAAAgAAACAABZMAAAABcAAAAAQGDgAAAFMAeQBsAGYAYQBlAG4ABQYOAAAAUwB5AGwAZgBhAGUAbgAHBg4AAABTAHkAbABmAGEAZQBuAAYGHgAAAFQAaQBtAGUAcwAgAE4AZQB3ACAAUgBvAG0AYQBuABsGCgAAAGUAbgAtAEcAQgAIGQAAAAAUAAAA4RDQEO4Q1BDaENsQ7BDYEOQQ3RAFaQAAAAFYAAAABwYeAAAAVABpAG0AZQBzACAATgBlAHcAIABSAG8AbQBhAG4ABgYeAAAAVABpAG0AZQBzACAATgBlAHcAIABSAG8AbQBhAG4AGwYKAAAAZQBuAC0ARwBCAAgHAAAAAAIAAAAgAAWXAAAAAXAAAAAEBg4AAABTAHkAbABmAGEAZQBuAAUGDgAAAFMAeQBsAGYAYQBlAG4ABwYOAAAAUwB5AGwAZgBhAGUAbgAGBh4AAABUAGkAbQBlAHMAIABOAGUAdwAgAFIAbwBtAGEAbgAbBgoAAABlAG4ALQBHAEIACB0AAAAAGAAAAOMQ3BDYENUQ1BDgEOEQ2BDiENQQ4hDYEAV5AAAAAWgAAAAHBh4AAABUAGkAbQBlAHMAIABOAGUAdwAgAFIAbwBtAGEAbgAGBh4AAABUAGkAbQBlAHMAIABOAGUAdwAgAFIAbwBtAGEAbgAZBgoAAABrAGEALQBHAEUAGwYKAAAAZQBuAC0ARwBCAAgHAAAAAAIAAAAsAAVpAAAAAVgAAAAHBh4AAABUAGkAbQBlAHMAIABOAGUAdwAgAFIAbwBtAGEAbgAGBh4AAABUAGkAbQBlAHMAIABOAGUAdwAgAFIAbwBtAGEAbgAbBgoAAABlAG4ALQBHAEIACAcAAAAAAgAAACAABZMAAAABcAAAAAQGDgAAAFMAeQBsAGYAYQBlAG4ABQYOAAAAUwB5AGwAZgBhAGUAbgAHBg4AAABTAHkAbABmAGEAZQBuAAYGHgAAAFQAaQBtAGUAcwAgAE4AZQB3ACAAUgBvAG0AYQBuABsGCgAAAGUAbgAtAEcAQgAIGQAAAAAUAAAA0xDdEOUQ4hDdEOAQ0BDcEOIQ2BAFCgAAAAEAAAAACAAAAAAFYgAAAAFYAAAABwYeAAAAVABpAG0AZQBzACAATgBlAHcAIABSAG8AbQBhAG4ABgYeAAAAVABpAG0AZQBzACAATgBlAHcAIABSAG8AbQBhAG4AGwYKAAAAZQBuAC0ARwBCAAgAAAAACgAAAAAAAAAAEQAAAABsAAAAABIAAAABBgAAAAAJBgAAAAAbBgAAAAABSwAAACgBBykBByoBBysBBRMBAQgEGAAAABYEGAAAABkGCgAAAGUAbgAtAFUAUwAaBgoAAABhAHIALQBTAEEAGwYKAAAAZQBuAC0AVQBTAAIAAAAA\">სახელმწიფო&nbsp;უნივერსიტეტი,&nbsp;დოქტორანტი.</p>'),
(45,'ka_GE','familyName','კუპრაშვილი'),
(45,'ka_GE','givenName','მამუკა'),
(45,'ka_GE','preferredPublicName',''),
(46,'','country','GE'),
(46,'','orcid',''),
(46,'','url',''),
(46,'en_US','affiliation',''),
(46,'en_US','biography','<p class=\"docData;DOCY;v5;1820;BQiAAgAAEYQCAAAGiAIAAAPeBAAABewEAAAAAAAAAAAAAAAAAAAAAAAAAAAAAAAAAAAAAAAAAAAAAAAAAAAAAAAAAAAAAAAAAAAAAAAAAAAAAAAAAAAAAAAAAAAAAAAAAAAAAAAAAAAAAAAAAAAAAAAAAAAAAAAAAAAAAAAAAAAAAAAAAAAAAAAAAAAAAAAAAAAAAAAAAAAAAAAAAAAAAAAAAAAAAAAAAAAAAAAAAAAAAAAAAAAAAAAAAAAAAAAAAAAAAAAAAAAAAAAAAAAAAAAAAAAAAAAAAAAAAAAAAAAAAAAAAAAAAAAAAAAAAAAAAAAAAAAAAAAAAAAAAAAAAAAAAAAAAAAAAAAAAAAAAAAAAAAAAAAAAAAAAAAAAAAAAAAAAAAAAAAAAAAAAAAAAAAAAAAAAAAAAAAAAAAAAAAAAAAAAAAAAAAAAAAAAAAAAAAAAAAAAAAAAAAAAAAAAAAAAAAAAAAAAAAAAAAAAAAAAAAAAAAAAAAAAAAAAAAAAAAAAAAAAAAAAAAAAAAAAAAAAAAAAAAAAAAAAAAAAAAAAAAAAAAAAAAAAAAAAAAAAAAAAAAAAAAAAAAAAAAAAAAAAAAAAAAAAAAAAAAAAAAAAAAAAAAAAAAAAAAAAAAAAAAAAAAAAAAAAAAAAAAAAAAAAAAAAAAAAAAAAAAAAAAAAAAAAAAAAAAAAAAAAAAAAAAAAAAAAAAAAAAAAAAAAAAAAAAAAAAAAAAAAAAAAAAAAAAAAAAAAAAAAAAAAAAAAAAAAAAAAAAAAAAAAAAAAAAAAAAAAAAAAAAAAAAAAAAAAAAAAAAAAAAAAAAAAAAAAAAAAAAAAAAAAAAAAAAAAAAAAAAAAAAAUgIAAABNAgAAAacAAAAVBgYAAAA2ADEAMgABBgYAAAAkBAAAAAAFAQMJBhIAAAAcAQEoBGQAAAAdAQEpBGQAAAAaBmgAAAAHBh4AAABUAGkAbQBlAHMAIABOAGUAdwAgAFIAbwBtAGEAbgAGBh4AAABUAGkAbQBlAHMAIABOAGUAdwAgAFIAbwBtAGEAbgAZBgoAAABlAG4ALQBVAFMAGwYKAAAAZQBuAC0ARwBCABsGAAAAAAKcAQAABREBAAABaAAAAAcGHgAAAFQAaQBtAGUAcwAgAE4AZQB3ACAAUgBvAG0AYQBuAAYGHgAAAFQAaQBtAGUAcwAgAE4AZQB3ACAAUgBvAG0AYQBuABkGCgAAAGUAbgAtAFUAUwAbBgoAAABlAG4ALQBHAEIACJ8AAAAAmgAAAEQAbwBjAHQAbwByAGEAdABlACAAUwB0AHUAZABlAG4AdAAgAGEAdAAgAEMAYQB1AGMAYQBzAHUAcwAgAEkAbgB0AGUAcgBuAGEAdABpAG8AbgBhAGwAIABVAG4AaQB2AGUAcgBzAGkAdAB5ACAATABhAHcAIABEAG8AYwB0AG8AcgBhAHQAZQAgAFAAcgBvAGcAcgBhAG0AIAAFCgAAAAEAAAAACAAAAAAFcgAAAAFoAAAABwYeAAAAVABpAG0AZQBzACAATgBlAHcAIABSAG8AbQBhAG4ABgYeAAAAVABpAG0AZQBzACAATgBlAHcAIABSAG8AbQBhAG4AGQYKAAAAZQBuAC0AVQBTABsGCgAAAGUAbgAtAEcAQgAIAAAAAAoAAAAAAAAAABEAAAAALAIAAAASAAAAAQYAAAAACQYAAAAAGwYAAAAAAUsAAAAoAQcpAQcqAQcrAQUTAQEIBBgAAAAWBBgAAAAZBgoAAABlAG4ALQBVAFMAGgYKAAAAYQByAC0AUwBBABsGCgAAAGUAbgAtAFUAUwACwAEAAAC7AQAAAQYAAAA2ADEAMgACHAAAAEwAaQBzAHQAIABQAGEAcgBhAGcAcgBhAHAAaAAJAQAAAAMDBgAAADYAMAA0AAoBAAAAAQsEAAAAIgAAAAWGAAAAAAEAAQEAAgEAAwEAKAEHKQEHKgEHKwEFCAQYAAAACgEADAEAJgQAAAAADwEAEAEAEQEAJwQAAAAAFAEAFQEAFgQYAAAAFwEAGAEAGQYKAAAAZQBuAC0AVQBTABoGCgAAAGEAcgAtAFMAQQAbBgoAAABlAG4ALQBVAFMAHAYCAAAAAAAeAQAG3wAAAAABAQEGEgAAACQE0AIAACUEAAAAACYEAAAAAAUBAQYBAAcBAAgBAAkGGwAAACcE8AAAAAsBARwBACgEAAAAAB0BACkEAAAAAA4GCAAAAAABAQED////GQEBGwZ9AAAAABQAAAAAAwAAAAUEAAAAAAYEBAAAAAMBAAEUAAAAAAMAAAAFBAAAAAAGBAQAAAADAQACFAAAAAADAAAABQQAAAAABgQEAAAAAwEAAxQAAAAAAwAAAAUEAAAAAAYEBAAAAAMBAAsUAAAAAAMAAAAFBAAAAAAGBAQAAAADAQAsAQA=\">Doctorate Student at Caucasus International University Law Doctorate Program.</p>'),
(46,'en_US','familyName','Kanthelashvili'),
(46,'en_US','givenName','Meri'),
(46,'en_US','preferredPublicName',''),
(46,'ka_GE','affiliation',''),
(46,'ka_GE','biography','<p class=\"docData;DOCY;v5;2900;BQiAAgAAEYQCAAAGiAIAAAPWCgAABeQKAAAAAAAAAAAAAAAAAAAAAAAAAAAAAAAAAAAAAAAAAAAAAAAAAAAAAAAAAAAAAAAAAAAAAAAAAAAAAAAAAAAAAAAAAAAAAAAAAAAAAAAAAAAAAAAAAAAAAAAAAAAAAAAAAAAAAAAAAAAAAAAAAAAAAAAAAAAAAAAAAAAAAAAAAAAAAAAAAAAAAAAAAAAAAAAAAAAAAAAAAAAAAAAAAAAAAAAAAAAAAAAAAAAAAAAAAAAAAAAAAAAAAAAAAAAAAAAAAAAAAAAAAAAAAAAAAAAAAAAAAAAAAAAAAAAAAAAAAAAAAAAAAAAAAAAAAAAAAAAAAAAAAAAAAAAAAAAAAAAAAAAAAAAAAAAAAAAAAAAAAAAAAAAAAAAAAAAAAAAAAAAAAAAAAAAAAAAAAAAAAAAAAAAAAAAAAAAAAAAAAAAAAAAAAAAAAAAAAAAAAAAAAAAAAAAAAAAAAAAAAAAAAAAAAAAAAAAAAAAAAAAAAAAAAAAAAAAAAAAAAAAAAAAAAAAAAAAAAAAAAAAAAAAAAAAAAAAAAAAAAAAAAAAAAAAAAAAAAAAAAAAAAAAAAAAAAAAAAAAAAAAAAAAAAAAAAAAAAAAAAAAAAAAAAAAAAAAAAAAAAAAAAAAAAAAAAAAAAAAAAAAAAAAAAAAAAAAAAAAAAAAAAAAAAAAAAAAAAAAAAAAAAAAAAAAAAAAAAAAAAAAAAAAAAAAAAAAAAAAAAAAAAAAAAAAAAAAAAAAAAAAAAAAAAAAAAAAAAAAAAAAAAAAAAAAAAAAAAAAAAAAAAAAAAAAAAAAAAAAAAAAAAAAAAAAAAAAAAAAAAAAAAAAAAAAASggAAABFCAAAAZsAAAABBgAAAAAFAQMJBhIAAAAcAQEoBGQAAAAdAQEpBGQAAAAOBhAAAAAAAQADA////wQGAgAAAAAAGgZYAAAABwYeAAAAVABpAG0AZQBzACAATgBlAHcAIABSAG8AbQBhAG4ABgYeAAAAVABpAG0AZQBzACAATgBlAHcAIABSAG8AbQBhAG4AGwYKAAAAZQBuAC0ARwBCABsGAAAAAAKgBwAABZEAAAABcAAAAAQGDgAAAFMAeQBsAGYAYQBlAG4ABQYOAAAAUwB5AGwAZgBhAGUAbgAHBg4AAABTAHkAbABmAGEAZQBuAAYGHgAAAFQAaQBtAGUAcwAgAE4AZQB3ACAAUgBvAG0AYQBuABsGCgAAAGUAbgAtAEcAQgAIFwAAAAASAAAA2RDQENUQ2RDQEOEQ2BDYEOEQBWkAAAABWAAAAAcGHgAAAFQAaQBtAGUAcwAgAE4AZQB3ACAAUgBvAG0AYQBuAAYGHgAAAFQAaQBtAGUAcwAgAE4AZQB3ACAAUgBvAG0AYQBuABsGCgAAAGUAbgAtAEcAQgAIBwAAAAACAAAAIAAFlwAAAAFwAAAABAYOAAAAUwB5AGwAZgBhAGUAbgAFBg4AAABTAHkAbABmAGEAZQBuAAcGDgAAAFMAeQBsAGYAYQBlAG4ABgYeAAAAVABpAG0AZQBzACAATgBlAHcAIABSAG8AbQBhAG4AGwYKAAAAZQBuAC0ARwBCAAgdAAAAABgAAADhENAQ1BDgENcQ0BDoEN0Q4BDYEOEQ3RAFaQAAAAFYAAAABwYeAAAAVABpAG0AZQBzACAATgBlAHcAIABSAG8AbQBhAG4ABgYeAAAAVABpAG0AZQBzACAATgBlAHcAIABSAG8AbQBhAG4AGwYKAAAAZQBuAC0ARwBCAAgHAAAAAAIAAAAgAAWZAAAAAXAAAAAEBg4AAABTAHkAbABmAGEAZQBuAAUGDgAAAFMAeQBsAGYAYQBlAG4ABwYOAAAAUwB5AGwAZgBhAGUAbgAGBh4AAABUAGkAbQBlAHMAIABOAGUAdwAgAFIAbwBtAGEAbgAbBgoAAABlAG4ALQBHAEIACB8AAAAAGgAAAOMQ3BDYENUQ1BDgEOEQ2BDiENQQ4hDYEOEQBWkAAAABWAAAAAcGHgAAAFQAaQBtAGUAcwAgAE4AZQB3ACAAUgBvAG0AYQBuAAYGHgAAAFQAaQBtAGUAcwAgAE4AZQB3ACAAUgBvAG0AYQBuABsGCgAAAGUAbgAtAEcAQgAIBwAAAAACAAAAIAAFkQAAAAFwAAAABAYOAAAAUwB5AGwAZgBhAGUAbgAFBg4AAABTAHkAbABmAGEAZQBuAAcGDgAAAFMAeQBsAGYAYQBlAG4ABgYeAAAAVABpAG0AZQBzACAATgBlAHcAIABSAG8AbQBhAG4AGwYKAAAAZQBuAC0ARwBCAAgXAAAAABIAAADhENAQ2xDQEOAQ1xDaENgQ4RAFaQAAAAFYAAAABwYeAAAAVABpAG0AZQBzACAATgBlAHcAIABSAG8AbQBhAG4ABgYeAAAAVABpAG0AZQBzACAATgBlAHcAIABSAG8AbQBhAG4AGwYKAAAAZQBuAC0ARwBCAAgHAAAAAAIAAAAgAAWPAAAAAXAAAAAEBg4AAABTAHkAbABmAGEAZQBuAAUGDgAAAFMAeQBsAGYAYQBlAG4ABwYOAAAAUwB5AGwAZgBhAGUAbgAGBh4AAABUAGkAbQBlAHMAIABOAGUAdwAgAFIAbwBtAGEAbgAbBgoAAABlAG4ALQBHAEIACBUAAAAAEAAAAOEQ0BDTEN0Q5RDiEOAQ3RAFaQAAAAFYAAAABwYeAAAAVABpAG0AZQBzACAATgBlAHcAIABSAG8AbQBhAG4ABgYeAAAAVABpAG0AZQBzACAATgBlAHcAIABSAG8AbQBhAG4AGwYKAAAAZQBuAC0ARwBCAAgHAAAAAAIAAAAgAAWRAAAAAXAAAAAEBg4AAABTAHkAbABmAGEAZQBuAAUGDgAAAFMAeQBsAGYAYQBlAG4ABwYOAAAAUwB5AGwAZgBhAGUAbgAGBh4AAABUAGkAbQBlAHMAIABOAGUAdwAgAFIAbwBtAGEAbgAbBgoAAABlAG4ALQBHAEIACBcAAAAAEgAAAN4Q4BDdENIQ4BDQENsQ2BDhEAVpAAAAAVgAAAAHBh4AAABUAGkAbQBlAHMAIABOAGUAdwAgAFIAbwBtAGEAbgAGBh4AAABUAGkAbQBlAHMAIABOAGUAdwAgAFIAbwBtAGEAbgAbBgoAAABlAG4ALQBHAEIACAcAAAAAAgAAACAABZMAAAABcAAAAAQGDgAAAFMAeQBsAGYAYQBlAG4ABQYOAAAAUwB5AGwAZgBhAGUAbgAHBg4AAABTAHkAbABmAGEAZQBuAAYGHgAAAFQAaQBtAGUAcwAgAE4AZQB3ACAAUgBvAG0AYQBuABsGCgAAAGUAbgAtAEcAQgAIGQAAAAAUAAAA0xDdEOUQ4hDdEOAQ0BDcEOIQ2BAFaQAAAAFYAAAABwYeAAAAVABpAG0AZQBzACAATgBlAHcAIABSAG8AbQBhAG4ABgYeAAAAVABpAG0AZQBzACAATgBlAHcAIABSAG8AbQBhAG4AGwYKAAAAZQBuAC0ARwBCAAgHAAAAAAIAAAAgAAUKAAAAAQAAAAAIAAAAAAViAAAAAVgAAAAHBh4AAABUAGkAbQBlAHMAIABOAGUAdwAgAFIAbwBtAGEAbgAGBh4AAABUAGkAbQBlAHMAIABOAGUAdwAgAFIAbwBtAGEAbgAbBgoAAABlAG4ALQBHAEIACAAAAAAKAAAAAAAAAAARAAAAAGwAAAAAEgAAAAEGAAAAAAkGAAAAABsGAAAAAAFLAAAAKAEHKQEHKgEHKwEFEwEBCAQYAAAAFgQYAAAAGQYKAAAAZQBuAC0AVQBTABoGCgAAAGEAcgAtAFMAQQAbBgoAAABlAG4ALQBVAFMAAgAAAAA=\">კავკასიის&nbsp;საერთაშორისო&nbsp;უნივერსიტეტის&nbsp;სამართლის</p>\r\n<p class=\"docData;DOCY;v5;2900;BQiAAgAAEYQCAAAGiAIAAAPWCgAABeQKAAAAAAAAAAAAAAAAAAAAAAAAAAAAAAAAAAAAAAAAAAAAAAAAAAAAAAAAAAAAAAAAAAAAAAAAAAAAAAAAAAAAAAAAAAAAAAAAAAAAAAAAAAAAAAAAAAAAAAAAAAAAAAAAAAAAAAAAAAAAAAAAAAAAAAAAAAAAAAAAAAAAAAAAAAAAAAAAAAAAAAAAAAAAAAAAAAAAAAAAAAAAAAAAAAAAAAAAAAAAAAAAAAAAAAAAAAAAAAAAAAAAAAAAAAAAAAAAAAAAAAAAAAAAAAAAAAAAAAAAAAAAAAAAAAAAAAAAAAAAAAAAAAAAAAAAAAAAAAAAAAAAAAAAAAAAAAAAAAAAAAAAAAAAAAAAAAAAAAAAAAAAAAAAAAAAAAAAAAAAAAAAAAAAAAAAAAAAAAAAAAAAAAAAAAAAAAAAAAAAAAAAAAAAAAAAAAAAAAAAAAAAAAAAAAAAAAAAAAAAAAAAAAAAAAAAAAAAAAAAAAAAAAAAAAAAAAAAAAAAAAAAAAAAAAAAAAAAAAAAAAAAAAAAAAAAAAAAAAAAAAAAAAAAAAAAAAAAAAAAAAAAAAAAAAAAAAAAAAAAAAAAAAAAAAAAAAAAAAAAAAAAAAAAAAAAAAAAAAAAAAAAAAAAAAAAAAAAAAAAAAAAAAAAAAAAAAAAAAAAAAAAAAAAAAAAAAAAAAAAAAAAAAAAAAAAAAAAAAAAAAAAAAAAAAAAAAAAAAAAAAAAAAAAAAAAAAAAAAAAAAAAAAAAAAAAAAAAAAAAAAAAAAAAAAAAAAAAAAAAAAAAAAAAAAAAAAAAAAAAAAAAAAAAAAAAAAAAAAAAAAAAAAAAAAAASggAAABFCAAAAZsAAAABBgAAAAAFAQMJBhIAAAAcAQEoBGQAAAAdAQEpBGQAAAAOBhAAAAAAAQADA////wQGAgAAAAAAGgZYAAAABwYeAAAAVABpAG0AZQBzACAATgBlAHcAIABSAG8AbQBhAG4ABgYeAAAAVABpAG0AZQBzACAATgBlAHcAIABSAG8AbQBhAG4AGwYKAAAAZQBuAC0ARwBCABsGAAAAAAKgBwAABZEAAAABcAAAAAQGDgAAAFMAeQBsAGYAYQBlAG4ABQYOAAAAUwB5AGwAZgBhAGUAbgAHBg4AAABTAHkAbABmAGEAZQBuAAYGHgAAAFQAaQBtAGUAcwAgAE4AZQB3ACAAUgBvAG0AYQBuABsGCgAAAGUAbgAtAEcAQgAIFwAAAAASAAAA2RDQENUQ2RDQEOEQ2BDYEOEQBWkAAAABWAAAAAcGHgAAAFQAaQBtAGUAcwAgAE4AZQB3ACAAUgBvAG0AYQBuAAYGHgAAAFQAaQBtAGUAcwAgAE4AZQB3ACAAUgBvAG0AYQBuABsGCgAAAGUAbgAtAEcAQgAIBwAAAAACAAAAIAAFlwAAAAFwAAAABAYOAAAAUwB5AGwAZgBhAGUAbgAFBg4AAABTAHkAbABmAGEAZQBuAAcGDgAAAFMAeQBsAGYAYQBlAG4ABgYeAAAAVABpAG0AZQBzACAATgBlAHcAIABSAG8AbQBhAG4AGwYKAAAAZQBuAC0ARwBCAAgdAAAAABgAAADhENAQ1BDgENcQ0BDoEN0Q4BDYEOEQ3RAFaQAAAAFYAAAABwYeAAAAVABpAG0AZQBzACAATgBlAHcAIABSAG8AbQBhAG4ABgYeAAAAVABpAG0AZQBzACAATgBlAHcAIABSAG8AbQBhAG4AGwYKAAAAZQBuAC0ARwBCAAgHAAAAAAIAAAAgAAWZAAAAAXAAAAAEBg4AAABTAHkAbABmAGEAZQBuAAUGDgAAAFMAeQBsAGYAYQBlAG4ABwYOAAAAUwB5AGwAZgBhAGUAbgAGBh4AAABUAGkAbQBlAHMAIABOAGUAdwAgAFIAbwBtAGEAbgAbBgoAAABlAG4ALQBHAEIACB8AAAAAGgAAAOMQ3BDYENUQ1BDgEOEQ2BDiENQQ4hDYEOEQBWkAAAABWAAAAAcGHgAAAFQAaQBtAGUAcwAgAE4AZQB3ACAAUgBvAG0AYQBuAAYGHgAAAFQAaQBtAGUAcwAgAE4AZQB3ACAAUgBvAG0AYQBuABsGCgAAAGUAbgAtAEcAQgAIBwAAAAACAAAAIAAFkQAAAAFwAAAABAYOAAAAUwB5AGwAZgBhAGUAbgAFBg4AAABTAHkAbABmAGEAZQBuAAcGDgAAAFMAeQBsAGYAYQBlAG4ABgYeAAAAVABpAG0AZQBzACAATgBlAHcAIABSAG8AbQBhAG4AGwYKAAAAZQBuAC0ARwBCAAgXAAAAABIAAADhENAQ2xDQEOAQ1xDaENgQ4RAFaQAAAAFYAAAABwYeAAAAVABpAG0AZQBzACAATgBlAHcAIABSAG8AbQBhAG4ABgYeAAAAVABpAG0AZQBzACAATgBlAHcAIABSAG8AbQBhAG4AGwYKAAAAZQBuAC0ARwBCAAgHAAAAAAIAAAAgAAWPAAAAAXAAAAAEBg4AAABTAHkAbABmAGEAZQBuAAUGDgAAAFMAeQBsAGYAYQBlAG4ABwYOAAAAUwB5AGwAZgBhAGUAbgAGBh4AAABUAGkAbQBlAHMAIABOAGUAdwAgAFIAbwBtAGEAbgAbBgoAAABlAG4ALQBHAEIACBUAAAAAEAAAAOEQ0BDTEN0Q5RDiEOAQ3RAFaQAAAAFYAAAABwYeAAAAVABpAG0AZQBzACAATgBlAHcAIABSAG8AbQBhAG4ABgYeAAAAVABpAG0AZQBzACAATgBlAHcAIABSAG8AbQBhAG4AGwYKAAAAZQBuAC0ARwBCAAgHAAAAAAIAAAAgAAWRAAAAAXAAAAAEBg4AAABTAHkAbABmAGEAZQBuAAUGDgAAAFMAeQBsAGYAYQBlAG4ABwYOAAAAUwB5AGwAZgBhAGUAbgAGBh4AAABUAGkAbQBlAHMAIABOAGUAdwAgAFIAbwBtAGEAbgAbBgoAAABlAG4ALQBHAEIACBcAAAAAEgAAAN4Q4BDdENIQ4BDQENsQ2BDhEAVpAAAAAVgAAAAHBh4AAABUAGkAbQBlAHMAIABOAGUAdwAgAFIAbwBtAGEAbgAGBh4AAABUAGkAbQBlAHMAIABOAGUAdwAgAFIAbwBtAGEAbgAbBgoAAABlAG4ALQBHAEIACAcAAAAAAgAAACAABZMAAAABcAAAAAQGDgAAAFMAeQBsAGYAYQBlAG4ABQYOAAAAUwB5AGwAZgBhAGUAbgAHBg4AAABTAHkAbABmAGEAZQBuAAYGHgAAAFQAaQBtAGUAcwAgAE4AZQB3ACAAUgBvAG0AYQBuABsGCgAAAGUAbgAtAEcAQgAIGQAAAAAUAAAA0xDdEOUQ4hDdEOAQ0BDcEOIQ2BAFaQAAAAFYAAAABwYeAAAAVABpAG0AZQBzACAATgBlAHcAIABSAG8AbQBhAG4ABgYeAAAAVABpAG0AZQBzACAATgBlAHcAIABSAG8AbQBhAG4AGwYKAAAAZQBuAC0ARwBCAAgHAAAAAAIAAAAgAAUKAAAAAQAAAAAIAAAAAAViAAAAAVgAAAAHBh4AAABUAGkAbQBlAHMAIABOAGUAdwAgAFIAbwBtAGEAbgAGBh4AAABUAGkAbQBlAHMAIABOAGUAdwAgAFIAbwBtAGEAbgAbBgoAAABlAG4ALQBHAEIACAAAAAAKAAAAAAAAAAARAAAAAGwAAAAAEgAAAAEGAAAAAAkGAAAAABsGAAAAAAFLAAAAKAEHKQEHKgEHKwEFEwEBCAQYAAAAFgQYAAAAGQYKAAAAZQBuAC0AVQBTABoGCgAAAGEAcgAtAFMAQQAbBgoAAABlAG4ALQBVAFMAAgAAAAA=\">სადოქტრო&nbsp;პროგრამის&nbsp;დოქტორანტი.</p>'),
(46,'ka_GE','familyName','კანთელაშვილი'),
(46,'ka_GE','givenName','მერი'),
(46,'ka_GE','preferredPublicName',''),
(47,'','country','GE'),
(47,'','orcid',''),
(47,'','url',''),
(47,'en_US','affiliation',''),
(47,'en_US','biography','<p class=\"docData;DOCY;v5;2034;BQiAAgAAEYQCAAAGiAIAAAO0BQAABcIFAAAAAAAAAAAAAAAAAAAAAAAAAAAAAAAAAAAAAAAAAAAAAAAAAAAAAAAAAAAAAAAAAAAAAAAAAAAAAAAAAAAAAAAAAAAAAAAAAAAAAAAAAAAAAAAAAAAAAAAAAAAAAAAAAAAAAAAAAAAAAAAAAAAAAAAAAAAAAAAAAAAAAAAAAAAAAAAAAAAAAAAAAAAAAAAAAAAAAAAAAAAAAAAAAAAAAAAAAAAAAAAAAAAAAAAAAAAAAAAAAAAAAAAAAAAAAAAAAAAAAAAAAAAAAAAAAAAAAAAAAAAAAAAAAAAAAAAAAAAAAAAAAAAAAAAAAAAAAAAAAAAAAAAAAAAAAAAAAAAAAAAAAAAAAAAAAAAAAAAAAAAAAAAAAAAAAAAAAAAAAAAAAAAAAAAAAAAAAAAAAAAAAAAAAAAAAAAAAAAAAAAAAAAAAAAAAAAAAAAAAAAAAAAAAAAAAAAAAAAAAAAAAAAAAAAAAAAAAAAAAAAAAAAAAAAAAAAAAAAAAAAAAAAAAAAAAAAAAAAAAAAAAAAAAAAAAAAAAAAAAAAAAAAAAAAAAAAAAAAAAAAAAAAAAAAAAAAAAAAAAAAAAAAAAAAAAAAAAAAAAAAAAAAAAAAAAAAAAAAAAAAAAAAAAAAAAAAAAAAAAAAAAAAAAAAAAAAAAAAAAAAAAAAAAAAAAAAAAAAAAAAAAAAAAAAAAAAAAAAAAAAAAAAAAAAAAAAAAAAAAAAAAAAAAAAAAAAAAAAAAAAAAAAAAAAAAAAAAAAAAAAAAAAAAAAAAAAAAAAAAAAAAAAAAAAAAAAAAAAAAAAAAAAAAAAAAAAAAAAAAAAAAAAAAAAAKAMAAAAjAwAAAacAAAAVBgYAAAA2ADEAMgABBgYAAAAkBAAAAAAFAQMJBhIAAAAcAQEoBGQAAAAdAQEpBGQAAAAaBmgAAAAHBh4AAABUAGkAbQBlAHMAIABOAGUAdwAgAFIAbwBtAGEAbgAGBh4AAABUAGkAbQBlAHMAIABOAGUAdwAgAFIAbwBtAGEAbgAZBgoAAABlAG4ALQBVAFMAGwYKAAAAZQBuAC0ARwBCABsGAAAAAAJyAgAABZUAAAABaAAAAAcGHgAAAFQAaQBtAGUAcwAgAE4AZQB3ACAAUgBvAG0AYQBuAAYGHgAAAFQAaQBtAGUAcwAgAE4AZQB3ACAAUgBvAG0AYQBuABkGCgAAAGUAbgAtAFUAUwAbBgoAAABlAG4ALQBHAEIACCMAAAAAHgAAAE0AYQBzAHQAZQByACAAbwBmACAATABhAHcALAAgAAWBAAAAAWgAAAAHBh4AAABUAGkAbQBlAHMAIABOAGUAdwAgAFIAbwBtAGEAbgAGBh4AAABUAGkAbQBlAHMAIABOAGUAdwAgAFIAbwBtAGEAbgAZBgoAAABlAG4ALQBVAFMAGwYKAAAAZQBuAC0ARwBCAAgPAAAAAAoAAABJAHYAYQBuAGUABccAAAABaAAAAAcGHgAAAFQAaQBtAGUAcwAgAE4AZQB3ACAAUgBvAG0AYQBuAAYGHgAAAFQAaQBtAGUAcwAgAE4AZQB3ACAAUgBvAG0AYQBuABkGCgAAAGUAbgAtAFUAUwAbBgoAAABlAG4ALQBHAEIACFUAAAAAUAAAACAASgBhAHYAYQBrAGgAaQBzAGgAdgBpAGwAaQAgAFQAYgBpAGwAaQBzAGkAIABTAHQAYQB0AGUAIABVAG4AaQB2AGUAcgBzAGkAdAB5ACAABQoAAAABAAAAAAgAAAAABXIAAAABaAAAAAcGHgAAAFQAaQBtAGUAcwAgAE4AZQB3ACAAUgBvAG0AYQBuAAYGHgAAAFQAaQBtAGUAcwAgAE4AZQB3ACAAUgBvAG0AYQBuABkGCgAAAGUAbgAtAFUAUwAbBgoAAABlAG4ALQBHAEIACAAAAAAKAAAAAAAAAAARAAAAACwCAAAAEgAAAAEGAAAAAAkGAAAAABsGAAAAAAFLAAAAKAEHKQEHKgEHKwEFEwEBCAQYAAAAFgQYAAAAGQYKAAAAZQBuAC0AVQBTABoGCgAAAGEAcgAtAFMAQQAbBgoAAABlAG4ALQBVAFMAAsABAAAAuwEAAAEGAAAANgAxADIAAhwAAABMAGkAcwB0ACAAUABhAHIAYQBnAHIAYQBwAGgACQEAAAADAwYAAAA2ADAANAAKAQAAAAELBAAAACIAAAAFhgAAAAABAAEBAAIBAAMBACgBBykBByoBBysBBQgEGAAAAAoBAAwBACYEAAAAAA8BABABABEBACcEAAAAABQBABUBABYEGAAAABcBABgBABkGCgAAAGUAbgAtAFUAUwAaBgoAAABhAHIALQBTAEEAGwYKAAAAZQBuAC0AVQBTABwGAgAAAAAAHgEABt8AAAAAAQEBBhIAAAAkBNACAAAlBAAAAAAmBAAAAAAFAQEGAQAHAQAIAQAJBhsAAAAnBPAAAAALAQEcAQAoBAAAAAAdAQApBAAAAAAOBggAAAAAAQEBA////xkBARsGfQAAAAAUAAAAAAMAAAAFBAAAAAAGBAQAAAADAQABFAAAAAADAAAABQQAAAAABgQEAAAAAwEAAhQAAAAAAwAAAAUEAAAAAAYEBAAAAAMBAAMUAAAAAAMAAAAFBAAAAAAGBAQAAAADAQALFAAAAAADAAAABQQAAAAABgQEAAAAAwEALAEA\">Master of Law, Ivane Javakhishvili Tbilisi State University.</p>'),
(47,'en_US','familyName','Leonidze'),
(47,'en_US','givenName','Irakli'),
(47,'en_US','preferredPublicName',''),
(47,'ka_GE','affiliation',''),
(47,'ka_GE','biography','<p><span class=\"docData;DOCY;v5;3401;[encoded data, 4536 characters]\">სამართლის</span>&nbsp;მაგისტრანტი, ივანე&nbsp;ჯავახიშვილის&nbsp;სახელობის&nbsp;თბილისის&nbsp;სახელმწიფო&nbsp;უნივერსიტეტი.</p>'),
(47,'ka_GE','familyName','ლეონიძე'),
(47,'ka_GE','givenName','ირაკლი'),
(47,'ka_GE','preferredPublicName',''),
(48,'','country','GE'),
(48,'','orcid',''),
(48,'','url',''),
(48,'en_US','affiliation',''),
(48,'en_US','biography','<p class=\"docData;DOCY;v5;2302;BQiAAgAAEYQCAAAGiAIAAAPABgAABc4GAAAAAAAAAAAAAAAAAAAAAAAAAAAAAAAAAAAAAAAAAAAAAAAAAAAAAAAAAAAAAAAAAAAAAAAAAAAAAAAAAAAAAAAAAAAAAAAAAAAAAAAAAAAAAAAAAAAAAAAAAAAAAAAAAAAAAAAAAAAAAAAAAAAAAAAAAAAAAAAAAAAAAAAAAAAAAAAAAAAAAAAAAAAAAAAAAAAAAAAAAAAAAAAAAAAAAAAAAAAAAAAAAAAAAAAAAAAAAAAAAAAAAAAAAAAAAAAAAAAAAAAAAAAAAAAAAAAAAAAAAAAAAAAAAAAAAAAAAAAAAAAAAAAAAAAAAAAAAAAAAAAAAAAAAAAAAAAAAAAAAAAAAAAAAAAAAAAAAAAAAAAAAAAAAAAAAAAAAAAAAAAAAAAAAAAAAAAAAAAAAAAAAAAAAAAAAAAAAAAAAAAAAAAAAAAAAAAAAAAAAAAAAAAAAAAAAAAAAAAAAAAAAAAAAAAAAAAAAAAAAAAAAAAAAAAAAAAAAAAAAAAAAAAAAAAAAAAAAAAAAAAAAAAAAAAAAAAAAAAAAAAAAAAAAAAAAAAAAAAAAAAAAAAAAAAAAAAAAAAAAAAAAAAAAAAAAAAAAAAAAAAAAAAAAAAAAAAAAAAAAAAAAAAAAAAAAAAAAAAAAAAAAAAAAAAAAAAAAAAAAAAAAAAAAAAAAAAAAAAAAAAAAAAAAAAAAAAAAAAAAAAAAAAAAAAAAAAAAAAAAAAAAAAAAAAAAAAAAAAAAAAAAAAAAAAAAAAAAAAAAAAAAAAAAAAAAAAAAAAAAAAAAAAAAAAAAAAAAAAAAAAAAAAAAAAAAAAAAAAAAAAAAAAAAAAANAQAAAAvBAAAAacAAAAVBgYAAAA2ADEAMgABBgYAAAAkBAAAAAAFAQMJBhIAAAAcAQEoBGQAAAAdAQEpBGQAAAAaBmgAAAAHBh4AAABUAGkAbQBlAHMAIABOAGUAdwAgAFIAbwBtAGEAbgAGBh4AAABUAGkAbQBlAHMAIABOAGUAdwAgAFIAbwBtAGEAbgAZBgoAAABlAG4ALQBVAFMAGwYKAAAAZQBuAC0ARwBCABsGAAAAAAJ+AwAABQUBAAABaAAAAAcGHgAAAFQAaQBtAGUAcwAgAE4AZQB3ACAAUgBvAG0AYQBuAAYGHgAAAFQAaQBtAGUAcwAgAE4AZQB3ACAAUgBvAG0AYQBuABkGCgAAAGUAbgAtAFUAUwAbBgoAAABlAG4ALQBHAEIACJMAAAAAjgAAAEMAYQB1AGMAYQBzAHUAcwAgAEkAbgB0AGUAcgBuAGEAdABpAG8AbgBhAGwAIABVAG4AaQB2AGUAcgBzAGkAdAB5ACAARABvAGMAdABvAHIAYQBsACAAcwB0AHUAZABlAG4AdAAsACAASQBuAHYAZQBzAHQAaQBnAGEAdABvAHIAIABvAGYAIAB0AGgAZQAFhQAAAAFoAAAABwYeAAAAVABpAG0AZQBzACAATgBlAHcAIABSAG8AbQBhAG4ABgYeAAAAVABpAG0AZQBzACAATgBlAHcAIABSAG8AbQBhAG4AGQYKAAAAZQBuAC0AVQBTABsGCgAAAGUAbgAtAEcAQgAIEwAAAAAOAAAAIABQAGEAdAByAG8AbAAFhwAAAAFoAAAABwYeAAAAVABpAG0AZQBzACAATgBlAHcAIABSAG8AbQBhAG4ABgYeAAAAVABpAG0AZQBzACAATgBlAHcAIABSAG8AbQBhAG4AGQYKAAAAZQBuAC0AVQBTABsGCgAAAGUAbgAtAEcAQgAIFQAAAAAQAAAAIABQAG8AbABpAGMAZQAgAAXTAAAAAWgAAAAHBh4AAABUAGkAbQBlAHMAIABOAGUAdwAgAFIAbwBtAGEAbgAGBh4AAABUAGkAbQBlAHMAIABOAGUAdwAgAFIAbwBtAGEAbgAZBgoAAABlAG4ALQBVAFMAGwYKAAAAZQBuAC0ARwBCAAhhAAAAAFwAAABEAGUAcABhAHIAdABtAGUAbgB0ACAAbwBmACAAdABoAGUAIABNAGkAbgBpAHMAdAByAHkAIABvAGYAIABJAG4AdABlAHIAbgBhAGwAIABBAGYAZgBhAGkAcgBzAAUKAAAAAQAAAAAIAAAAAAVyAAAAAWgAAAAHBh4AAABUAGkAbQBlAHMAIABOAGUAdwAgAFIAbwBtAGEAbgAGBh4AAABUAGkAbQBlAHMAIABOAGUAdwAgAFIAbwBtAGEAbgAZBgoAAABlAG4ALQBVAFMAGwYKAAAAZQBuAC0ARwBCAAgAAAAACgAAAAAAAAAAEQAAAAAsAgAAABIAAAABBgAAAAAJBgAAAAAbBgAAAAABSwAAACgBBykBByoBBysBBRMBAQgEGAAAABYEGAAAABkGCgAAAGUAbgAtAFUAUwAaBgoAAABhAHIALQBTAEEAGwYKAAAAZQBuAC0AVQBTAALAAQAAALsBAAABBgAAADYAMQAyAAIcAAAATABpAHMAdAAgAFAAYQByAGEAZwByAGEAcABoAAkBAAAAAwMGAAAANgAwADQACgEAAAABCwQAAAAiAAAABYYAAAAAAQABAQACAQADAQAoAQcpAQcqAQcrAQUIBBgAAAAKAQAMAQAmBAAAAAAPAQAQAQARAQAnBAAAAAAUAQAVAQAWBBgAAAAXAQAYAQAZBgoAAABlAG4ALQBVAFMAGgYKAAAAYQByAC0AUwBBABsGCgAAAGUAbgAtAFUAUwAcBgIAAAAAAB4BAAbfAAAAAAEBAQYSAAAAJATQAgAAJQQAAAAAJgQAAAAABQEBBgEABwEACAEACQYbAAAAJwTwAAAACwEBHAEAKAQAAAAAHQEAKQQAAAAADgYIAAAAAAEBAQP///8ZAQEbBn0AAAAAFAAAAAADAAAABQQAAAAABgQEAAAAAwEAARQAAAAAAwAAAAUEAAAAAAYEBAAAAAMBAAIUAAAAAAMAAAAFBAAAAAAGBAQAAAADAQADFAAAAAADAAAABQQAAAAABgQEAAAAAwEACxQAAAAAAwAAAAUEAAAAAAYEBAAAAAMBACwBAA==\">Caucasus International University Doctoral student, Investigator of the Patrol Police Department of the Ministry of Internal Affairs.</p>'),
(48,'en_US','familyName','Guliashvili'),
(48,'en_US','givenName','Salome'),
(48,'en_US','preferredPublicName',''),
(48,'ka_GE','affiliation',''),
(48,'ka_GE','biography','<p class=\"docData;DOCY;v5;4394;[encoded data, 5860 characters]\">კავკასიის&nbsp;საერთაშორისო&nbsp;უნივერსიტეტის&nbsp;დოქტორანტი</p>\r\n<p class=\"docData;DOCY;v5;4394;[encoded data, 5860 characters]\">შინაგან&nbsp;საქმეთა&nbsp;სამინისტროს&nbsp;საპატრულო&nbsp;პოლიციის</p>\r\n<p class=\"docData;DOCY;v5;4394;[encoded data, 5860 characters]\">დეპარტამენტის&nbsp;გამომძიებელი.</p>'),
(48,'ka_GE','familyName','გულიაშვილი'),
(48,'ka_GE','givenName','სალომე'),
(48,'ka_GE','preferredPublicName',''),
(49,'','country','GE'),
(49,'','orcid',''),
(49,'','url',''),
(49,'en_US','affiliation',''),
(49,'en_US','biography',''),
(49,'en_US','familyName','Tvaradze'),
(49,'en_US','givenName','Mariam'),
(49,'en_US','preferredPublicName',''),
(49,'ka_GE','affiliation','აღმოსავლეთ ევროპის უნივერსიტეტი'),
(49,'ka_GE','biography','<p style=\"font-weight: 400;\">აღმოსავლეთ ევროპის უნივერსიტეტის დოქტორანტი, ფინანსური ანალიტიკოსი, სერტიფიცირებული ტრენერი, მოწვეული ლექტორი</p>'),
(49,'ka_GE','familyName','თვარაძე'),
(49,'ka_GE','givenName','მარიამ'),
(49,'ka_GE','preferredPublicName',''),
(50,'','country','GE'),
(50,'','orcid',''),
(50,'','url',''),
(50,'en_US','affiliation',''),
(50,'en_US','biography',''),
(50,'en_US','familyName','Khaziuri'),
(50,'en_US','givenName','Tsisi'),
(50,'en_US','preferredPublicName',''),
(50,'ka_GE','affiliation',''),
(50,'ka_GE','biography','<p style=\"font-weight: 400;\">ფილოლოგიურ მეცნიერებათა მაგისტრი, მასწავლებელი, პოზიტიური ფსიქოთერაპევტი</p>'),
(50,'ka_GE','familyName','ხაზიური'),
(50,'ka_GE','givenName','ციცი'),
(50,'ka_GE','preferredPublicName',''),
(51,'','country','GE'),
(51,'','orcid',''),
(51,'','url',''),
(51,'en_US','affiliation',''),
(51,'en_US','biography',''),
(51,'en_US','familyName','Tskhvariashvili'),
(51,'en_US','givenName','Elene'),
(51,'en_US','preferredPublicName',''),
(51,'ka_GE','affiliation','ბიზნესისა და ტექნოლოგიების უნივერსიტეტი'),
(51,'ka_GE','biography','<div>\r\n<p><span lang=\"GEO/KAT\">საჯარო მმართველობის დოქტორი(Ph.D.), </span>ბიზნესისა და ტექნოლოგიების უნივერსიტეტის ასისტენტ პროფესორი</p>\r\n</div>'),
(51,'ka_GE','familyName','ცხვარიაშვილი'),
(51,'ka_GE','givenName','ელენე'),
(51,'ka_GE','preferredPublicName',''),
(52,'','country','GE'),
(52,'','orcid',''),
(52,'','url',''),
(52,'en_US','affiliation',''),
(52,'en_US','biography',''),
(52,'en_US','familyName','Kadagidze'),
(52,'en_US','givenName','Gvanca'),
(52,'en_US','preferredPublicName',''),
(52,'ka_GE','affiliation','საქართველოს ტექნიკური უნივერსიტეტი'),
(52,'ka_GE','biography','<p>სტუ-ს დოქტორანტი</p>'),
(52,'ka_GE','familyName','ქადაგიძე'),
(52,'ka_GE','givenName','გვანცა'),
(52,'ka_GE','preferredPublicName',''),
(53,'','country','GE'),
(53,'','orcid',''),
(53,'','url',''),
(53,'en_US','affiliation',''),
(53,'en_US','biography',''),
(53,'en_US','familyName','Kiria'),
(53,'en_US','givenName','Izabela'),
(53,'en_US','preferredPublicName',''),
(53,'ka_GE','affiliation','საქართველოს ტექნიკური უნივერსიტეტი'),
(53,'ka_GE','biography','<div><span lang=\"GEO/KAT\">დოქტორანტი</span></div>'),
(53,'ka_GE','familyName','ქირია'),
(53,'ka_GE','givenName','იზაბელა'),
(53,'ka_GE','preferredPublicName',''),
(54,'','country','GE'),
(54,'','orcid',''),
(54,'','url',''),
(54,'en_US','affiliation','Ilia State University'),
(54,'en_US','biography',''),
(54,'en_US','familyName','Kotoreishvili'),
(54,'en_US','givenName','Nana'),
(54,'en_US','preferredPublicName',''),
(54,'ka_GE','affiliation','ილიას სახელმწიფო უნივერსიტეტი'),
(54,'ka_GE','biography','<p style=\"font-weight: 400;\">სოციოლოგიის მაგისტრი</p>'),
(54,'ka_GE','familyName','კოტორეიშვილი'),
(54,'ka_GE','givenName','ნანა'),
(54,'ka_GE','preferredPublicName',''),
(55,'','country','GE'),
(55,'','orcid',''),
(55,'','url',''),
(55,'en_US','affiliation',''),
(55,'en_US','biography',''),
(55,'en_US','familyName','Tsiskarishvili-Soselia'),
(55,'en_US','givenName','Olga'),
(55,'en_US','preferredPublicName',''),
(55,'ka_GE','affiliation',''),
(55,'ka_GE','biography','<p style=\"font-weight: 400;\">სოციალურ მეცნიერებათა აკადემიური დოქტორი</p>\r\n<p style=\"font-weight: 400;\">ალტერბრიჯის ასოცირებული პროფესორი, შავი ზღვის საერთაშორისო უნივერსიტეტის მიწვეული ლექტორი, ალტეს მიწვეული ლექტორი</p>'),
(55,'ka_GE','familyName','ცისკარიშვილი-სოსელია'),
(55,'ka_GE','givenName','ოლღა'),
(55,'ka_GE','preferredPublicName',''),
(56,'','country','GE'),
(56,'','orcid',''),
(56,'','url',''),
(56,'en_US','affiliation',''),
(56,'en_US','biography',''),
(56,'en_US','familyName','Gogodze'),
(56,'en_US','givenName','Keti'),
(56,'en_US','preferredPublicName',''),
(56,'ka_GE','affiliation','ალტერბრიჯი'),
(56,'ka_GE','biography','<p>აფილირებული ასისტენტ-პროფესორი</p>'),
(56,'ka_GE','familyName','გოგოძე'),
(56,'ka_GE','givenName','ქეთი'),
(56,'ka_GE','preferredPublicName',''),
(57,'','country','GE'),
(57,'','orcid',''),
(57,'','url',''),
(57,'en_US','affiliation',''),
(57,'en_US','biography',''),
(57,'en_US','familyName','Chochia'),
(57,'en_US','givenName','Vakhtang'),
(57,'en_US','preferredPublicName',''),
(57,'ka_GE','affiliation','საქართველოს პარლამენტი'),
(57,'ka_GE','biography','<p>მიწვეული სპეციალისტი,</p>\r\n<div><span lang=\"GEO/KAT\">საერთაშორისო ურთიერთობების ბაკალავრი</span></div>'),
(57,'ka_GE','familyName','ჩოჩია'),
(57,'ka_GE','givenName','ვახტანგ'),
(57,'ka_GE','preferredPublicName',''),
(58,'','country','GE'),
(58,'','orcid',''),
(58,'','url',''),
(58,'en_US','affiliation',''),
(58,'en_US','biography',''),
(58,'en_US','familyName',''),
(58,'en_US','givenName',''),
(58,'ka_GE','affiliation','asd'),
(58,'ka_GE','biography',''),
(58,'ka_GE','familyName',''),
(58,'ka_GE','givenName','nika'),
(59,'','country','GE'),
(59,'','orcid',''),
(59,'','url',''),
(59,'en_US','affiliation',''),
(59,'en_US','biography','<p>sfbsfg</p>'),
(59,'en_US','familyName','Doe'),
(59,'en_US','givenName','John'),
(59,'en_US','preferredPublicName',''),
(59,'ka_GE','affiliation',''),
(59,'ka_GE','biography','<p>cvsfv</p>'),
(59,'ka_GE','familyName','Doe'),
(59,'ka_GE','givenName','John'),
(59,'ka_GE','preferredPublicName','');

--
-- Table structure for table `authors`
--

CREATE TABLE `authors` (
  `author_id` bigint(20) NOT NULL AUTO_INCREMENT,
  `seq` double NOT NULL DEFAULT 0,
  `email` varchar(90) NOT NULL,
  `user_group_id` bigint(20) DEFAULT NULL,
  `include_in_browse` tinyint(4) NOT NULL DEFAULT 1,
  `publication_id` bigint(20) NOT NULL,
  PRIMARY KEY (`author_id`),
  KEY `authors_publication_id` (`publication_id`)
) ENGINE=InnoDB AUTO_INCREMENT=60 DEFAULT CHARSET=utf8mb3 COLLATE=utf8mb3_general_ci;

--
-- Dumping data for table `authors`
--

INSERT INTO `authors` VALUES
(1,1,'nomail@mail.co',14,1,1),
(2,1,'nomail@mail.co',14,1,2),
(3,2,'nomail@mail.co',14,1,2),
(4,1,'nomail@mail.co',14,1,3),
(5,1,'nomail@mail.co',14,1,4),
(6,1,'nomail@mail.co',14,1,5),
(7,1,'nomail@mail.co',14,1,6),
(8,1,'nomail@mail.co',14,1,7),
(9,1,'nomail@mail.co',14,1,8),
(10,1,'nomail@mail.co',14,1,9),
(12,0,'n.gotsadze@alterbridge.edu.ge',14,1,16),
(13,1,'m.jaoshvili@alterbridge.edu.ge',14,1,16),
(14,0,'nomail@mail.co',14,1,17),
(15,0,'nomail@mail.co',14,1,18),
(16,0,'nomail@mail.co',14,1,19),
(17,0,'nomail@mail.co',14,1,20),
(18,1,'nomail@mail.co',14,1,20),
(19,2,'nomail@mail.co',14,1,20),
(20,0,'nomail@mail.co',14,1,21),
(21,0,'nomail@mail.co',14,1,22),
(22,0,'nomail@mail.co',14,1,23),
(23,0,'nomail@mail.co',14,1,24),
(24,0,'nomail@mail.co',14,1,27),
(25,1,'nomail@mail.co',14,1,27),
(26,0,'mmercan@ibsu.edu.ge',14,1,28),
(27,0,'raipriv28@gmail.com',14,1,29),
(28,0,'nomail@mail.co',14,1,33),
(30,0,'nomail@mail.co',14,1,35),
(31,0,'n.gotsadze@alterbridge.edu.ge',14,1,39),
(32,0,'nomail@mail.co',14,1,40),
(33,0,'nomail@mail.co',14,1,41),
(34,0,'nomail@mail.co',14,1,42),
(35,1,'nomail@mail.co',14,1,43),
(36,0,'nomail@mail.co',14,1,43),
(37,2,'nomail@mail.co',14,1,43),
(38,3,'nomail@mail.co',14,1,43),
(41,0,'nomail@mail.co',14,1,45),
(42,0,'nomail@mail.co',14,1,46),
(43,0,'nomaiul@mail.co',14,1,47),
(44,0,'nomail@mail.co',14,1,48),
(45,0,'nomail@mail.co',14,1,49),
(46,0,'nomail@mail.co',14,1,50),
(47,0,'nomail@mail.co',14,1,51),
(48,0,'nomail@mail.co',14,1,52),
(49,0,'nomail@mail.co',14,1,53),
(50,0,'nomail@mail.co',14,1,54),
(51,0,'nomail@mail.co',14,1,55),
(52,0,'kadagidzegvanca@gmail.com',14,1,56),
(53,0,'nomail@mail.co',14,1,57),
(54,0,'nomail@mail.co',14,1,58),
(55,0,'oliko71@gmail.com',14,1,59),
(56,0,'gogodzeqeti@gmail.com',14,1,60),
(57,0,'vakhtangchochia@gmail.com',14,1,61),
(58,0,'nuevogeorgia@gmail.com',2,1,62),
(59,0,'dimitri.gogelia@iliauni.edu.ge',14,1,63);

--
-- Table structure for table `categories`
--

CREATE TABLE `categories` (
  `category_id` bigint(20) NOT NULL AUTO_INCREMENT,
  `context_id` bigint(20) NOT NULL,
  `parent_id` bigint(20) NOT NULL,
  `seq` bigint(20) DEFAULT NULL,
  `path` varchar(255) NOT NULL,
  `image` text DEFAULT NULL,
  PRIMARY KEY (`category_id`),
  UNIQUE KEY `category_path` (`context_id`,`path`),
  KEY `category_context_id` (`context_id`,`parent_id`)
) ENGINE=InnoDB DEFAULT CHARSET=utf8mb3 COLLATE=utf8mb3_general_ci;

--
-- Dumping data for table `categories`
--


--
-- Table structure for table `category_settings`
--

CREATE TABLE `category_settings` (
  `category_id` bigint(20) NOT NULL,
  `locale` varchar(14) NOT NULL DEFAULT '',
  `setting_name` varchar(255) NOT NULL,
  `setting_value` text DEFAULT NULL,
  `setting_type` varchar(6) NOT NULL,
  UNIQUE KEY `category_settings_pkey` (`category_id`,`locale`,`setting_name`)
) ENGINE=InnoDB DEFAULT CHARSET=utf8mb3 COLLATE=utf8mb3_general_ci;

--
-- Dumping data for table `category_settings`
--


--
-- Table structure for table `citation_settings`
--

CREATE TABLE `citation_settings` (
  `citation_id` bigint(20) NOT NULL,
  `locale` varchar(14) NOT NULL DEFAULT '',
  `setting_name` varchar(255) NOT NULL,
  `setting_value` text DEFAULT NULL,
  `setting_type` varchar(6) NOT NULL,
  UNIQUE KEY `citation_settings_pkey` (`citation_id`,`locale`,`setting_name`),
  KEY `citation_settings_citation_id` (`citation_id`)
) ENGINE=InnoDB DEFAULT CHARSET=utf8mb3 COLLATE=utf8mb3_general_ci;

--
-- Dumping data for table `citation_settings`
--


--
-- Table structure for table `citations`
--

CREATE TABLE `citations` (
  `citation_id` bigint(20) NOT NULL AUTO_INCREMENT,
  `publication_id` bigint(20) NOT NULL DEFAULT 0,
  `raw_citation` text DEFAULT NULL,
  `seq` bigint(20) NOT NULL DEFAULT 0,
  PRIMARY KEY (`citation_id`),
  UNIQUE KEY `citations_publication_seq` (`publication_id`,`seq`),
  KEY `citations_publication` (`publication_id`)
) ENGINE=InnoDB DEFAULT CHARSET=utf8mb3 COLLATE=utf8mb3_general_ci;

--
-- Dumping data for table `citations`
--


--
-- Table structure for table `completed_payments`
--

CREATE TABLE `completed_payments` (
  `completed_payment_id` bigint(20) NOT NULL AUTO_INCREMENT,
  `timestamp` datetime NOT NULL,
  `payment_type` bigint(20) NOT NULL,
  `context_id` bigint(20) NOT NULL,
  `user_id` bigint(20) DEFAULT NULL,
  `assoc_id` bigint(20) DEFAULT NULL,
  `amount` double NOT NULL,
  `currency_code_alpha` varchar(3) DEFAULT NULL,
  `payment_method_plugin_name` varchar(80) DEFAULT NULL,
  PRIMARY KEY (`completed_payment_id`)
) ENGINE=InnoDB DEFAULT CHARSET=utf8mb3 COLLATE=utf8mb3_general_ci;

--
-- Dumping data for table `completed_payments`
--


--
-- Table structure for table `controlled_vocab_entries`
--

CREATE TABLE `controlled_vocab_entries` (
  `controlled_vocab_entry_id` bigint(20) NOT NULL AUTO_INCREMENT,
  `controlled_vocab_id` bigint(20) NOT NULL,
  `seq` double DEFAULT NULL,
  PRIMARY KEY (`controlled_vocab_entry_id`),
  KEY `controlled_vocab_entries_cv_id` (`controlled_vocab_id`,`seq`)
) ENGINE=InnoDB AUTO_INCREMENT=200 DEFAULT CHARSET=utf8mb3 COLLATE=utf8mb3_general_ci;

--
-- Dumping data for table `controlled_vocab_entries`
--

INSERT INTO `controlled_vocab_entries` VALUES
(1,1,1),
(2,1,2),
(3,1,3),
(4,2,1),
(5,2,2),
(6,2,3),
(7,2,4),
(8,2,5),
(9,2,6),
(10,2,7),
(11,3,1),
(12,3,2),
(13,3,3),
(14,4,1),
(15,4,2),
(16,4,3),
(17,4,4),
(18,4,5),
(19,4,6),
(20,4,7),
(21,4,8),
(22,4,9),
(23,4,10),
(24,4,11),
(25,4,12),
(26,5,1),
(27,5,2),
(28,6,1),
(29,6,2),
(30,6,3),
(31,6,4),
(32,6,5),
(33,6,6),
(34,6,7),
(35,7,1),
(36,7,2),
(37,7,3),
(38,7,4),
(39,7,5),
(40,7,6),
(41,7,7),
(42,159,1),
(43,159,2),
(44,159,3),
(51,194,1),
(52,194,1),
(192,284,1),
(193,284,2),
(194,284,3),
(195,284,4),
(196,285,1),
(197,285,2),
(198,285,3),
(199,285,4),
(186,286,1),
(189,286,1),
(187,286,2),
(190,286,2),
(188,286,3),
(191,286,3),
(180,299,1),
(183,299,1),
(181,299,2),
(184,299,2),
(182,299,3),
(185,299,3),
(176,304,1),
(177,304,2),
(178,304,3),
(179,304,4),
(171,309,1),
(172,309,2),
(173,309,3),
(174,309,4),
(175,309,5),
(166,314,1),
(167,314,2),
(168,314,3),
(169,314,4),
(170,314,5),
(161,319,1),
(162,319,2),
(163,319,3),
(164,319,4),
(165,319,5),
(151,324,1),
(156,324,1),
(152,324,2),
(157,324,2),
(153,324,3),
(158,324,3),
(154,324,4),
(159,324,4),
(155,324,5),
(160,324,5);

--
-- Table structure for table `controlled_vocab_entry_settings`
--

CREATE TABLE `controlled_vocab_entry_settings` (
  `controlled_vocab_entry_id` bigint(20) NOT NULL,
  `locale` varchar(14) NOT NULL DEFAULT '',
  `setting_name` varchar(255) NOT NULL,
  `setting_value` text DEFAULT NULL,
  `setting_type` varchar(6) NOT NULL,
  UNIQUE KEY `c_v_e_s_pkey` (`controlled_vocab_entry_id`,`locale`,`setting_name`),
  KEY `c_v_e_s_entry_id` (`controlled_vocab_entry_id`)
) ENGINE=InnoDB DEFAULT CHARSET=utf8mb3 COLLATE=utf8mb3_general_ci;

--
-- Dumping data for table `controlled_vocab_entry_settings`
--

INSERT INTO `controlled_vocab_entry_settings` VALUES
(1,'','name','personal','string'),
(2,'','name','corporate','string'),
(3,'','name','conference','string'),
(4,'','description','Author','string'),
(4,'','name','aut','string'),
(5,'','description','Contributor','string'),
(5,'','name','ctb','string'),
(6,'','description','Editor','string'),
(6,'','name','edt','string'),
(7,'','description','Illustrator','string'),
(7,'','name','ill','string'),
(8,'','description','Photographer','string'),
(8,'','name','pht','string'),
(9,'','description','Sponsor','string'),
(9,'','name','spn','string'),
(10,'','description','Translator','string'),
(10,'','name','trl','string'),
(11,'','name','multimedia','string'),
(12,'','name','still image','string'),
(13,'','name','text','string'),
(14,'','name','article','string'),
(15,'','name','book','string'),
(16,'','name','conference publication','string'),
(17,'','name','issue','string'),
(18,'','name','journal','string'),
(19,'','name','newspaper','string'),
(20,'','name','picture','string'),
(21,'','name','review','string'),
(22,'','name','periodical','string'),
(23,'','name','series','string'),
(24,'','name','thesis','string'),
(25,'','name','web site','string'),
(26,'','name','electronic','string'),
(27,'','name','print','string'),
(28,'','name','journal','string'),
(29,'','name','issue','string'),
(30,'','name','article','string'),
(31,'','name','proceeding','string'),
(32,'','name','conference','string'),
(33,'','name','preprint','string'),
(34,'','name','unknown','string'),
(35,'','name','book','string'),
(36,'','name','bookitem','string'),
(37,'','name','proceeding','string'),
(38,'','name','conference','string'),
(39,'','name','report','string'),
(40,'','name','document','string'),
(41,'','name','unknown','string'),
(42,'en_US','submissionKeyword','Voluntary Disclosure','string'),
(43,'en_US','submissionKeyword','Mandatory Disclosure','string'),
(44,'en_US','submissionKeyword','Dindex','string'),
(51,'en_US','submissionKeyword','keyword','string'),
(52,'ka_GE','submissionKeyword','კისიტყვა','string'),
(151,'ka_GE','submissionKeyword','საერთაშორისო სამართალი','string'),
(152,'ka_GE','submissionKeyword','ჰუმანიტარული ინტერვენცია','string'),
(153,'ka_GE','submissionKeyword','2008 წლის რუსეთ-საქართველოს ომი','string'),
(154,'ka_GE','submissionKeyword','რუსეთ-უკრაინის ომი','string'),
(155,'ka_GE','submissionKeyword','საერთაშორისო სასამართლოები','string'),
(156,'en_US','submissionKeyword','International law','string'),
(157,'en_US','submissionKeyword','Humanitarian Intervention','string'),
(158,'en_US','submissionKeyword','2008 Ruso-Georgian war','string'),
(159,'en_US','submissionKeyword','Russo-Ukrainian war','string'),
(160,'en_US','submissionKeyword','International courts','string'),
(161,'ka_GE','submissionKeyword','ციფრული მედია','string'),
(162,'ka_GE','submissionKeyword','სოც. მედია','string'),
(163,'ka_GE','submissionKeyword','მარკეტინგი','string'),
(164,'ka_GE','submissionKeyword','კომუნიკაცია','string'),
(165,'ka_GE','submissionKeyword','კომუნიკაციის ინსტრუმენტი','string'),
(166,'ka_GE','submissionKeyword','მედია','string'),
(167,'ka_GE','submissionKeyword','რეპროდუქცია','string'),
(168,'ka_GE','submissionKeyword','ჯანმრთელობა','string'),
(169,'ka_GE','submissionKeyword','ცნობიერება','string'),
(170,'ka_GE','submissionKeyword','საზოგადოება','string'),
(171,'en_US','submissionKeyword','„სხეულის ხატი“','string'),
(172,'en_US','submissionKeyword','სილამაზის სტანდარტები','string'),
(173,'en_US','submissionKeyword','„სოციალური შედარება“ და ობიექტივიზაცია','string'),
(174,'en_US','submissionKeyword','მოტივი და მოტივაცია','string'),
(175,'en_US','submissionKeyword','„მამაკაცის მზერა“','string'),
(176,'ka_GE','submissionKeyword','სოციოლოგია','string'),
(177,'ka_GE','submissionKeyword','მარკეტინგი','string'),
(178,'ka_GE','submissionKeyword','სოციალური სტრატიფიკაცია','string'),
(179,'ka_GE','submissionKeyword','მომხმარებელი','string'),
(180,'ka_GE','submissionKeyword','სოციალური პოლიტიკა','string'),
(181,'ka_GE','submissionKeyword','ევროკავშირის ქვეყნების სოციალური პოლიტიკა','string'),
(182,'ka_GE','submissionKeyword','სოციალური მოდელები','string'),
(183,'en_US','submissionKeyword','Social Politics','string'),
(184,'en_US','submissionKeyword','EU Social Policy','string'),
(185,'en_US','submissionKeyword','Social models','string'),
(186,'ka_GE','submissionKeyword','ქალთა ეკონომიკური მდგომარეობა','string'),
(187,'ka_GE','submissionKeyword','სახელმწიფო პოლიტიკა','string'),
(188,'ka_GE','submissionKeyword','გენდერული თანასწორობა','string'),
(189,'en_US','submissionKeyword','women\'s economic situation','string'),
(190,'en_US','submissionKeyword','state policy','string'),
(191,'en_US','submissionKeyword','gender equality','string'),
(192,'ka_GE','submissionKeyword','ტოლერანტობა','string'),
(193,'ka_GE','submissionKeyword','მხატვრული ტექსტი','string'),
(194,'ka_GE','submissionKeyword','ვეფხისტყაოსანი','string'),
(195,'ka_GE','submissionKeyword','პოზიტიური ფსიქოთერაპია','string'),
(196,'en_US','submissionKeyword','Small and medium business','string'),
(197,'en_US','submissionKeyword','DCFTA','string'),
(198,'en_US','submissionKeyword','EU market','string'),
(199,'en_US','submissionKeyword','SME','string');

--
-- Table structure for table `controlled_vocabs`
--

CREATE TABLE `controlled_vocabs` (
  `controlled_vocab_id` bigint(20) NOT NULL AUTO_INCREMENT,
  `symbolic` varchar(64) NOT NULL,
  `assoc_type` bigint(20) NOT NULL DEFAULT 0,
  `assoc_id` bigint(20) NOT NULL DEFAULT 0,
  PRIMARY KEY (`controlled_vocab_id`),
  UNIQUE KEY `controlled_vocab_symbolic` (`symbolic`,`assoc_type`,`assoc_id`)
) ENGINE=InnoDB AUTO_INCREMENT=340 DEFAULT CHARSET=utf8mb3 COLLATE=utf8mb3_general_ci;

--
-- Dumping data for table `controlled_vocabs`
--

INSERT INTO `controlled_vocabs` VALUES
(93,'interest',0,0),
(4,'mods34-genre-marcgt',0,0),
(2,'mods34-name-role-roleTerms-marcrelator',0,0),
(1,'mods34-name-types',0,0),
(5,'mods34-physicalDescription-form-marcform',0,0),
(3,'mods34-typeOfResource',0,0),
(7,'openurl10-book-genres',0,0),
(6,'openurl10-journal-genres',0,0),
(16,'submissionAgency',1048588,1),
(21,'submissionAgency',1048588,2),
(26,'submissionAgency',1048588,3),
(31,'submissionAgency',1048588,4),
(41,'submissionAgency',1048588,5),
(46,'submissionAgency',1048588,6),
(51,'submissionAgency',1048588,7),
(56,'submissionAgency',1048588,8),
(61,'submissionAgency',1048588,9),
(72,'submissionAgency',1048588,10),
(77,'submissionAgency',1048588,11),
(82,'submissionAgency',1048588,12),
(87,'submissionAgency',1048588,13),
(92,'submissionAgency',1048588,14),
(98,'submissionAgency',1048588,15),
(103,'submissionAgency',1048588,16),
(108,'submissionAgency',1048588,17),
(113,'submissionAgency',1048588,18),
(118,'submissionAgency',1048588,19),
(123,'submissionAgency',1048588,20),
(128,'submissionAgency',1048588,21),
(133,'submissionAgency',1048588,22),
(138,'submissionAgency',1048588,23),
(143,'submissionAgency',1048588,24),
(148,'submissionAgency',1048588,25),
(153,'submissionAgency',1048588,26),
(158,'submissionAgency',1048588,27),
(163,'submissionAgency',1048588,28),
(168,'submissionAgency',1048588,29),
(173,'submissionAgency',1048588,30),
(178,'submissionAgency',1048588,31),
(183,'submissionAgency',1048588,32),
(188,'submissionAgency',1048588,33),
(193,'submissionAgency',1048588,34),
(198,'submissionAgency',1048588,35),
(203,'submissionAgency',1048588,36),
(208,'submissionAgency',1048588,37),
(213,'submissionAgency',1048588,38),
(218,'submissionAgency',1048588,39),
(223,'submissionAgency',1048588,40),
(228,'submissionAgency',1048588,41),
(233,'submissionAgency',1048588,42),
(238,'submissionAgency',1048588,43),
(243,'submissionAgency',1048588,44),
(248,'submissionAgency',1048588,45),
(253,'submissionAgency',1048588,46),
(258,'submissionAgency',1048588,47),
(263,'submissionAgency',1048588,48),
(268,'submissionAgency',1048588,49),
(273,'submissionAgency',1048588,50),
(278,'submissionAgency',1048588,51),
(283,'submissionAgency',1048588,52),
(290,'submissionAgency',1048588,53),
(294,'submissionAgency',1048588,54),
(298,'submissionAgency',1048588,55),
(303,'submissionAgency',1048588,56),
(308,'submissionAgency',1048588,57),
(313,'submissionAgency',1048588,58),
(318,'submissionAgency',1048588,59),
(323,'submissionAgency',1048588,60),
(328,'submissionAgency',1048588,61),
(335,'submissionAgency',1048588,62),
(339,'submissionAgency',1048588,63),
(15,'submissionDiscipline',1048588,1),
(20,'submissionDiscipline',1048588,2),
(25,'submissionDiscipline',1048588,3),
(30,'submissionDiscipline',1048588,4),
(40,'submissionDiscipline',1048588,5),
(45,'submissionDiscipline',1048588,6),
(50,'submissionDiscipline',1048588,7),
(55,'submissionDiscipline',1048588,8),
(60,'submissionDiscipline',1048588,9),
(70,'submissionDiscipline',1048588,10),
(75,'submissionDiscipline',1048588,11),
(80,'submissionDiscipline',1048588,12),
(85,'submissionDiscipline',1048588,13),
(90,'submissionDiscipline',1048588,14),
(96,'submissionDiscipline',1048588,15),
(101,'submissionDiscipline',1048588,16),
(106,'submissionDiscipline',1048588,17),
(111,'submissionDiscipline',1048588,18),
(116,'submissionDiscipline',1048588,19),
(121,'submissionDiscipline',1048588,20),
(126,'submissionDiscipline',1048588,21),
(131,'submissionDiscipline',1048588,22),
(136,'submissionDiscipline',1048588,23),
(141,'submissionDiscipline',1048588,24),
(146,'submissionDiscipline',1048588,25),
(151,'submissionDiscipline',1048588,26),
(156,'submissionDiscipline',1048588,27),
(161,'submissionDiscipline',1048588,28),
(166,'submissionDiscipline',1048588,29),
(171,'submissionDiscipline',1048588,30),
(176,'submissionDiscipline',1048588,31),
(181,'submissionDiscipline',1048588,32),
(186,'submissionDiscipline',1048588,33),
(191,'submissionDiscipline',1048588,34),
(196,'submissionDiscipline',1048588,35),
(201,'submissionDiscipline',1048588,36),
(206,'submissionDiscipline',1048588,37),
(211,'submissionDiscipline',1048588,38),
(216,'submissionDiscipline',1048588,39),
(221,'submissionDiscipline',1048588,40),
(226,'submissionDiscipline',1048588,41),
(231,'submissionDiscipline',1048588,42),
(236,'submissionDiscipline',1048588,43),
(241,'submissionDiscipline',1048588,44),
(246,'submissionDiscipline',1048588,45),
(251,'submissionDiscipline',1048588,46),
(256,'submissionDiscipline',1048588,47),
(261,'submissionDiscipline',1048588,48),
(266,'submissionDiscipline',1048588,49),
(271,'submissionDiscipline',1048588,50),
(276,'submissionDiscipline',1048588,51),
(281,'submissionDiscipline',1048588,52),
(288,'submissionDiscipline',1048588,53),
(292,'submissionDiscipline',1048588,54),
(296,'submissionDiscipline',1048588,55),
(301,'submissionDiscipline',1048588,56),
(306,'submissionDiscipline',1048588,57),
(311,'submissionDiscipline',1048588,58),
(316,'submissionDiscipline',1048588,59),
(321,'submissionDiscipline',1048588,60),
(326,'submissionDiscipline',1048588,61),
(333,'submissionDiscipline',1048588,62),
(337,'submissionDiscipline',1048588,63),
(14,'submissionKeyword',1048588,1),
(19,'submissionKeyword',1048588,2),
(24,'submissionKeyword',1048588,3),
(29,'submissionKeyword',1048588,4),
(39,'submissionKeyword',1048588,5),
(44,'submissionKeyword',1048588,6),
(49,'submissionKeyword',1048588,7),
(54,'submissionKeyword',1048588,8),
(59,'submissionKeyword',1048588,9),
(68,'submissionKeyword',1048588,10),
(73,'submissionKeyword',1048588,11),
(78,'submissionKeyword',1048588,12),
(83,'submissionKeyword',1048588,13),
(88,'submissionKeyword',1048588,14),
(94,'submissionKeyword',1048588,15),
(99,'submissionKeyword',1048588,16),
(104,'submissionKeyword',1048588,17),
(109,'submissionKeyword',1048588,18),
(114,'submissionKeyword',1048588,19),
(119,'submissionKeyword',1048588,20),
(124,'submissionKeyword',1048588,21),
(129,'submissionKeyword',1048588,22),
(134,'submissionKeyword',1048588,23),
(139,'submissionKeyword',1048588,24),
(144,'submissionKeyword',1048588,25),
(149,'submissionKeyword',1048588,26),
(154,'submissionKeyword',1048588,27),
(159,'submissionKeyword',1048588,28),
(164,'submissionKeyword',1048588,29),
(169,'submissionKeyword',1048588,30),
(174,'submissionKeyword',1048588,31),
(179,'submissionKeyword',1048588,32),
(184,'submissionKeyword',1048588,33),
(189,'submissionKeyword',1048588,34),
(194,'submissionKeyword',1048588,35),
(199,'submissionKeyword',1048588,36),
(204,'submissionKeyword',1048588,37),
(209,'submissionKeyword',1048588,38),
(214,'submissionKeyword',1048588,39),
(219,'submissionKeyword',1048588,40),
(224,'submissionKeyword',1048588,41),
(229,'submissionKeyword',1048588,42),
(234,'submissionKeyword',1048588,43),
(239,'submissionKeyword',1048588,44),
(244,'submissionKeyword',1048588,45),
(249,'submissionKeyword',1048588,46),
(254,'submissionKeyword',1048588,47),
(259,'submissionKeyword',1048588,48),
(264,'submissionKeyword',1048588,49),
(269,'submissionKeyword',1048588,50),
(274,'submissionKeyword',1048588,51),
(279,'submissionKeyword',1048588,52),
(285,'submissionKeyword',1048588,53),
(284,'submissionKeyword',1048588,54),
(286,'submissionKeyword',1048588,55),
(299,'submissionKeyword',1048588,56),
(304,'submissionKeyword',1048588,57),
(309,'submissionKeyword',1048588,58),
(314,'submissionKeyword',1048588,59),
(319,'submissionKeyword',1048588,60),
(324,'submissionKeyword',1048588,61),
(330,'submissionKeyword',1048588,62),
(329,'submissionKeyword',1048588,63),
(331,'submissionKeyword',1048588,64),
(17,'submissionLanguage',1048588,1),
(22,'submissionLanguage',1048588,2),
(27,'submissionLanguage',1048588,3),
(32,'submissionLanguage',1048588,4),
(42,'submissionLanguage',1048588,5),
(47,'submissionLanguage',1048588,6),
(52,'submissionLanguage',1048588,7),
(57,'submissionLanguage',1048588,8),
(62,'submissionLanguage',1048588,9),
(71,'submissionLanguage',1048588,10),
(76,'submissionLanguage',1048588,11),
(81,'submissionLanguage',1048588,12),
(86,'submissionLanguage',1048588,13),
(91,'submissionLanguage',1048588,14),
(97,'submissionLanguage',1048588,15),
(102,'submissionLanguage',1048588,16),
(107,'submissionLanguage',1048588,17),
(112,'submissionLanguage',1048588,18),
(117,'submissionLanguage',1048588,19),
(122,'submissionLanguage',1048588,20),
(127,'submissionLanguage',1048588,21),
(132,'submissionLanguage',1048588,22),
(137,'submissionLanguage',1048588,23),
(142,'submissionLanguage',1048588,24),
(147,'submissionLanguage',1048588,25),
(152,'submissionLanguage',1048588,26),
(157,'submissionLanguage',1048588,27),
(162,'submissionLanguage',1048588,28),
(167,'submissionLanguage',1048588,29),
(172,'submissionLanguage',1048588,30),
(177,'submissionLanguage',1048588,31),
(182,'submissionLanguage',1048588,32),
(187,'submissionLanguage',1048588,33),
(192,'submissionLanguage',1048588,34),
(197,'submissionLanguage',1048588,35),
(202,'submissionLanguage',1048588,36),
(207,'submissionLanguage',1048588,37),
(212,'submissionLanguage',1048588,38),
(217,'submissionLanguage',1048588,39),
(222,'submissionLanguage',1048588,40),
(227,'submissionLanguage',1048588,41),
(232,'submissionLanguage',1048588,42),
(237,'submissionLanguage',1048588,43),
(242,'submissionLanguage',1048588,44),
(247,'submissionLanguage',1048588,45),
(252,'submissionLanguage',1048588,46),
(257,'submissionLanguage',1048588,47),
(262,'submissionLanguage',1048588,48),
(267,'submissionLanguage',1048588,49),
(272,'submissionLanguage',1048588,50),
(277,'submissionLanguage',1048588,51),
(282,'submissionLanguage',1048588,52),
(289,'submissionLanguage',1048588,53),
(293,'submissionLanguage',1048588,54),
(297,'submissionLanguage',1048588,55),
(302,'submissionLanguage',1048588,56),
(307,'submissionLanguage',1048588,57),
(312,'submissionLanguage',1048588,58),
(317,'submissionLanguage',1048588,59),
(322,'submissionLanguage',1048588,60),
(327,'submissionLanguage',1048588,61),
(334,'submissionLanguage',1048588,62),
(338,'submissionLanguage',1048588,63),
(13,'submissionSubject',1048588,1),
(18,'submissionSubject',1048588,2),
(23,'submissionSubject',1048588,3),
(28,'submissionSubject',1048588,4),
(38,'submissionSubject',1048588,5),
(43,'submissionSubject',1048588,6),
(48,'submissionSubject',1048588,7),
(53,'submissionSubject',1048588,8),
(58,'submissionSubject',1048588,9),
(69,'submissionSubject',1048588,10),
(74,'submissionSubject',1048588,11),
(79,'submissionSubject',1048588,12),
(84,'submissionSubject',1048588,13),
(89,'submissionSubject',1048588,14),
(95,'submissionSubject',1048588,15),
(100,'submissionSubject',1048588,16),
(105,'submissionSubject',1048588,17),
(110,'submissionSubject',1048588,18),
(115,'submissionSubject',1048588,19),
(120,'submissionSubject',1048588,20),
(125,'submissionSubject',1048588,21),
(130,'submissionSubject',1048588,22),
(135,'submissionSubject',1048588,23),
(140,'submissionSubject',1048588,24),
(145,'submissionSubject',1048588,25),
(150,'submissionSubject',1048588,26),
(155,'submissionSubject',1048588,27),
(160,'submissionSubject',1048588,28),
(165,'submissionSubject',1048588,29),
(170,'submissionSubject',1048588,30),
(175,'submissionSubject',1048588,31),
(180,'submissionSubject',1048588,32),
(185,'submissionSubject',1048588,33),
(190,'submissionSubject',1048588,34),
(195,'submissionSubject',1048588,35),
(200,'submissionSubject',1048588,36),
(205,'submissionSubject',1048588,37),
(210,'submissionSubject',1048588,38),
(215,'submissionSubject',1048588,39),
(220,'submissionSubject',1048588,40),
(225,'submissionSubject',1048588,41),
(230,'submissionSubject',1048588,42),
(235,'submissionSubject',1048588,43),
(240,'submissionSubject',1048588,44),
(245,'submissionSubject',1048588,45),
(250,'submissionSubject',1048588,46),
(255,'submissionSubject',1048588,47),
(260,'submissionSubject',1048588,48),
(265,'submissionSubject',1048588,49),
(270,'submissionSubject',1048588,50),
(275,'submissionSubject',1048588,51),
(280,'submissionSubject',1048588,52),
(287,'submissionSubject',1048588,53),
(291,'submissionSubject',1048588,54),
(295,'submissionSubject',1048588,55),
(300,'submissionSubject',1048588,56),
(305,'submissionSubject',1048588,57),
(310,'submissionSubject',1048588,58),
(315,'submissionSubject',1048588,59),
(320,'submissionSubject',1048588,60),
(325,'submissionSubject',1048588,61),
(332,'submissionSubject',1048588,62),
(336,'submissionSubject',1048588,63);

--
-- Table structure for table `custom_issue_orders`
--

CREATE TABLE `custom_issue_orders` (
  `issue_id` bigint(20) NOT NULL,
  `journal_id` bigint(20) NOT NULL,
  `seq` double NOT NULL DEFAULT 0,
  UNIQUE KEY `custom_issue_orders_pkey` (`issue_id`)
) ENGINE=InnoDB DEFAULT CHARSET=utf8mb3 COLLATE=utf8mb3_general_ci;

--
-- Dumping data for table `custom_issue_orders`
--

INSERT INTO `custom_issue_orders` VALUES
(1,1,4),
(2,1,3),
(3,1,2),
(4,1,1);

--
-- Table structure for table `custom_section_orders`
--

CREATE TABLE `custom_section_orders` (
  `issue_id` bigint(20) NOT NULL,
  `section_id` bigint(20) NOT NULL,
  `seq` double NOT NULL DEFAULT 0,
  UNIQUE KEY `custom_section_orders_pkey` (`issue_id`,`section_id`)
) ENGINE=InnoDB DEFAULT CHARSET=utf8mb3 COLLATE=utf8mb3_general_ci;

--
-- Dumping data for table `custom_section_orders`
--


--
-- Table structure for table `data_object_tombstone_oai_set_objects`
--

CREATE TABLE `data_object_tombstone_oai_set_objects` (
  `object_id` bigint(20) NOT NULL AUTO_INCREMENT,
  `tombstone_id` bigint(20) NOT NULL,
  `assoc_type` bigint(20) NOT NULL,
  `assoc_id` bigint(20) NOT NULL,
  PRIMARY KEY (`object_id`),
  KEY `data_object_tombstone_oai_set_objects_tombstone_id` (`tombstone_id`)
) ENGINE=InnoDB AUTO_INCREMENT=191 DEFAULT CHARSET=utf8mb3 COLLATE=utf8mb3_general_ci;

--
-- Dumping data for table `data_object_tombstone_oai_set_objects`
--


--
-- Table structure for table `data_object_tombstone_settings`
--

CREATE TABLE `data_object_tombstone_settings` (
  `tombstone_id` bigint(20) NOT NULL,
  `locale` varchar(14) NOT NULL DEFAULT '',
  `setting_name` varchar(255) NOT NULL,
  `setting_value` text DEFAULT NULL,
  `setting_type` varchar(6) NOT NULL,
  UNIQUE KEY `data_object_tombstone_settings_pkey` (`tombstone_id`,`locale`,`setting_name`),
  KEY `data_object_tombstone_settings_tombstone_id` (`tombstone_id`)
) ENGINE=InnoDB DEFAULT CHARSET=utf8mb3 COLLATE=utf8mb3_general_ci;

--
-- Dumping data for table `data_object_tombstone_settings`
--


--
-- Table structure for table `data_object_tombstones`
--

CREATE TABLE `data_object_tombstones` (
  `tombstone_id` bigint(20) NOT NULL AUTO_INCREMENT,
  `data_object_id` bigint(20) NOT NULL,
  `date_deleted` datetime NOT NULL,
  `set_spec` varchar(255) NOT NULL,
  `set_name` varchar(255) NOT NULL,
  `oai_identifier` varchar(255) NOT NULL,
  PRIMARY KEY (`tombstone_id`),
  KEY `data_object_tombstones_data_object_id` (`data_object_id`)
) ENGINE=InnoDB AUTO_INCREMENT=96 DEFAULT CHARSET=utf8mb3 COLLATE=utf8mb3_general_ci;

--
-- Dumping data for table `data_object_tombstones`
--


--
-- Table structure for table `edit_decisions`
--

CREATE TABLE `edit_decisions` (
  `edit_decision_id` bigint(20) NOT NULL AUTO_INCREMENT,
  `submission_id` bigint(20) NOT NULL,
  `review_round_id` bigint(20) DEFAULT NULL,
  `stage_id` bigint(20) DEFAULT NULL,
  `round` tinyint(4) NOT NULL,
  `editor_id` bigint(20) NOT NULL,
  `decision` tinyint(4) NOT NULL,
  `date_decided` datetime NOT NULL,
  PRIMARY KEY (`edit_decision_id`),
  KEY `edit_decisions_submission_id` (`submission_id`),
  KEY `edit_decisions_editor_id` (`editor_id`)
) ENGINE=InnoDB DEFAULT CHARSET=utf8mb3 COLLATE=utf8mb3_general_ci;

--
-- Dumping data for table `edit_decisions`
--


--
-- Table structure for table `email_log`
--

CREATE TABLE `email_log` (
  `log_id` bigint(20) NOT NULL AUTO_INCREMENT,
  `assoc_type` bigint(20) NOT NULL,
  `assoc_id` bigint(20) NOT NULL,
  `sender_id` bigint(20) NOT NULL,
  `date_sent` datetime NOT NULL,
  `event_type` bigint(20) DEFAULT NULL,
  `from_address` varchar(255) DEFAULT NULL,
  `recipients` text DEFAULT NULL,
  `cc_recipients` text DEFAULT NULL,
  `bcc_recipients` text DEFAULT NULL,
  `subject` varchar(255) DEFAULT NULL,
  `body` text DEFAULT NULL,
  PRIMARY KEY (`log_id`),
  KEY `email_log_assoc` (`assoc_type`,`assoc_id`)
) ENGINE=InnoDB AUTO_INCREMENT=3 DEFAULT CHARSET=utf8mb3 COLLATE=utf8mb3_general_ci;

--
-- Dumping data for table `email_log`
--

INSERT INTO `email_log` VALUES
(1,1048585,31,3,'2021-01-09 08:56:33',NULL,'\"Merab Gotsadze\" <merab_55@yahoo.com>','\"metin mercan\" <mmercan@ibsu.edu.ge>',NULL,NULL,'[tcms] Submission Acknowledgement','metin mercan:<br />\n<br />\nThank you for submitting the manuscript, &quot;Corporate Voluntary and Mandatory Disclosure: Evidence from Georgian Companies&quot; to The Challenges of Modern Science. With the online journal management system that we are using, you will be able to track its progress through the editorial process by logging in to the journal web site:<br />\n<br />\nSubmission URL: <a href=\'https://journal.alterbridge.edu.ge/index.php/tcms/authorDashboard/submission/31\' class=\'submissionUrl-style-class\'>https://journal.alterbridge.edu.ge/index.php/tcms/authorDashboard/submission/31</a><br />\nUsername: mmercan<br />\n<br />\nIf you have any questions, please contact me. Thank you for considering this journal as a venue for your work.<br />\n<br />\nMerab Gotsadze<br/><br/>\n________________________________________________________________________<br/>\n<a href=\"https://journal.alterbridge.edu.ge/index.php/tcms\">The Challenges of Modern Science</a>'),
(2,1048585,65,10,'2025-09-15 19:56:32',NULL,'\"Ana Tsiklauri\" <a.tsiklauri@alterbridge.edu.ge>','webmaster <nuevogeorgia@gmail.com>',NULL,NULL,'[tcms] გაგზავნის დადასტურება','webmaster:<br />\n<br />\nThank you for submitting the manuscript, &quot;asd ტესტ&quot; to თანამედროვე მეცნიერების გამოწვევები. With the online journal management system that we are using, you will be able to track its progress through the editorial process by logging in to the journal web site:<br />\n<br />\nSubmission URL: <a href=\'https://journal.alterbridge.edu.ge/index.php/tcms/authorDashboard/submission/65\' class=\'submissionUrl-style-class\'>https://journal.alterbridge.edu.ge/index.php/tcms/authorDashboard/submission/65</a><br />\nUsername: nika163<br />\n<br />\nIf you have any questions, please contact me. Thank you for considering this journal as a venue for your work..<br />\n<br />\nAna Tsiklauri<br/><br/>\n________________________________________________________________________<br/>\n<a href=\"https://journal.alterbridge.edu.ge/index.php/tcms\">თანამედროვე მეცნიერების გამოწვევები</a>');

--
-- Table structure for table `email_log_users`
--

CREATE TABLE `email_log_users` (
  `email_log_id` bigint(20) NOT NULL,
  `user_id` bigint(20) NOT NULL,
  UNIQUE KEY `email_log_user_id` (`email_log_id`,`user_id`)
) ENGINE=InnoDB DEFAULT CHARSET=utf8mb3 COLLATE=utf8mb3_general_ci;

--
-- Dumping data for table `email_log_users`
--

INSERT INTO `email_log_users` VALUES
(1,3),
(2,10);

--
-- Table structure for table `email_templates`
--

CREATE TABLE `email_templates` (
  `email_id` bigint(20) NOT NULL AUTO_INCREMENT,
  `email_key` varchar(64) NOT NULL,
  `enabled` tinyint(4) NOT NULL DEFAULT 1,
  `context_id` bigint(20) NOT NULL DEFAULT 0,
  PRIMARY KEY (`email_id`),
  UNIQUE KEY `email_templates_email_key` (`email_key`,`context_id`)
) ENGINE=InnoDB DEFAULT CHARSET=utf8mb3 COLLATE=utf8mb3_general_ci;

--
-- Dumping data for table `email_templates`
--


--
-- Table structure for table `email_templates_default`
--

CREATE TABLE `email_templates_default` (
  `email_id` bigint(20) NOT NULL AUTO_INCREMENT,
  `email_key` varchar(64) NOT NULL,
  `can_disable` tinyint(4) NOT NULL DEFAULT 1,
  `can_edit` tinyint(4) NOT NULL DEFAULT 1,
  `from_role_id` bigint(20) DEFAULT NULL,
  `to_role_id` bigint(20) DEFAULT NULL,
  `stage_id` bigint(20) DEFAULT NULL,
  PRIMARY KEY (`email_id`),
  KEY `email_templates_default_email_key` (`email_key`)
) ENGINE=InnoDB AUTO_INCREMENT=61 DEFAULT CHARSET=utf8mb3 COLLATE=utf8mb3_general_ci;

--
-- Dumping data for table `email_templates_default`
--

INSERT INTO `email_templates_default` VALUES
(1,'NOTIFICATION',0,1,NULL,NULL,NULL),
(2,'NOTIFICATION_CENTER_DEFAULT',0,1,NULL,NULL,NULL),
(3,'PASSWORD_RESET_CONFIRM',0,1,NULL,NULL,NULL),
(4,'PASSWORD_RESET',0,1,NULL,NULL,NULL),
(5,'USER_REGISTER',0,1,NULL,NULL,NULL),
(6,'USER_VALIDATE',0,1,NULL,NULL,NULL),
(7,'REVIEWER_REGISTER',0,1,NULL,NULL,NULL),
(8,'PUBLISH_NOTIFY',0,1,NULL,NULL,NULL),
(9,'LOCKSS_EXISTING_ARCHIVE',0,1,NULL,NULL,NULL),
(10,'LOCKSS_NEW_ARCHIVE',0,1,NULL,NULL,NULL),
(11,'SUBMISSION_ACK',1,1,NULL,65536,1),
(12,'SUBMISSION_ACK_NOT_USER',1,1,NULL,65536,1),
(13,'EDITOR_ASSIGN',1,1,16,16,1),
(14,'REVIEW_CANCEL',1,1,16,4096,3),
(15,'REVIEW_REQUEST',1,1,16,4096,3),
(16,'REVIEW_REQUEST_SUBSEQUENT',1,1,16,4096,3),
(17,'REVIEW_REQUEST_ONECLICK',1,1,16,4096,3),
(18,'REVIEW_REQUEST_ONECLICK_SUBSEQUENT',1,1,16,4096,3),
(19,'REVIEW_REQUEST_ATTACHED',0,1,16,4096,3),
(20,'REVIEW_REQUEST_ATTACHED_SUBSEQUENT',0,1,16,4096,3),
(21,'REVIEW_REQUEST_REMIND_AUTO',0,1,NULL,4096,3),
(22,'REVIEW_REQUEST_REMIND_AUTO_ONECLICK',0,1,NULL,4096,3),
(23,'REVIEW_CONFIRM',1,1,4096,16,3),
(24,'REVIEW_DECLINE',1,1,4096,16,3),
(25,'REVIEW_ACK',1,1,16,4096,3),
(26,'REVIEW_REMIND',0,1,16,4096,3),
(27,'REVIEW_REMIND_AUTO',0,1,NULL,4096,3),
(28,'REVIEW_REMIND_ONECLICK',0,1,16,4096,3),
(29,'REVIEW_REMIND_AUTO_ONECLICK',0,1,NULL,4096,3),
(30,'EDITOR_DECISION_ACCEPT',0,1,16,65536,3),
(31,'EDITOR_DECISION_SEND_TO_EXTERNAL',0,1,16,65536,3),
(32,'EDITOR_DECISION_SEND_TO_PRODUCTION',0,1,16,65536,5),
(33,'EDITOR_DECISION_REVISIONS',0,1,16,65536,3),
(34,'EDITOR_DECISION_RESUBMIT',0,1,16,65536,3),
(35,'EDITOR_DECISION_DECLINE',0,1,16,65536,3),
(36,'EDITOR_DECISION_INITIAL_DECLINE',0,1,16,65536,1),
(37,'EDITOR_RECOMMENDATION',0,1,16,16,3),
(38,'COPYEDIT_REQUEST',1,1,16,4097,4),
(39,'LAYOUT_REQUEST',1,1,16,4097,5),
(40,'LAYOUT_COMPLETE',1,1,4097,16,5),
(41,'EMAIL_LINK',0,1,1048576,NULL,NULL),
(42,'SUBSCRIPTION_NOTIFY',0,1,NULL,1048576,NULL),
(43,'OPEN_ACCESS_NOTIFY',0,1,NULL,1048576,NULL),
(44,'SUBSCRIPTION_BEFORE_EXPIRY',0,1,NULL,1048576,NULL),
(45,'SUBSCRIPTION_AFTER_EXPIRY',0,1,NULL,1048576,NULL),
(46,'SUBSCRIPTION_AFTER_EXPIRY_LAST',0,1,NULL,1048576,NULL),
(47,'SUBSCRIPTION_PURCHASE_INDL',0,1,NULL,2097152,NULL),
(48,'SUBSCRIPTION_PURCHASE_INSTL',0,1,NULL,2097152,NULL),
(49,'SUBSCRIPTION_RENEW_INDL',0,1,NULL,2097152,NULL),
(50,'SUBSCRIPTION_RENEW_INSTL',0,1,NULL,2097152,NULL),
(51,'CITATION_EDITOR_AUTHOR_QUERY',0,1,NULL,NULL,4),
(52,'REVISED_VERSION_NOTIFY',0,1,NULL,16,3),
(54,'ORCID_COLLECT_AUTHOR_ID',0,1,NULL,NULL,NULL),
(55,'ORCID_REQUEST_AUTHOR_AUTHORIZATION',0,1,NULL,NULL,NULL),
(56,'MANUAL_PAYMENT_NOTIFICATION',0,1,NULL,NULL,NULL),
(57,'PAYPAL_INVESTIGATE_PAYMENT',0,1,NULL,NULL,NULL),
(58,'REVIEW_REINSTATE',1,1,16,4096,3),
(59,'STATISTICS_REPORT_NOTIFICATION',0,1,16,17,NULL),
(60,'ANNOUNCEMENT',0,1,16,1048576,NULL);

--
-- Table structure for table `email_templates_default_data`
--

CREATE TABLE `email_templates_default_data` (
  `email_key` varchar(64) NOT NULL,
  `locale` varchar(14) NOT NULL DEFAULT 'en_US',
  `subject` varchar(120) NOT NULL,
  `body` text DEFAULT NULL,
  `description` text DEFAULT NULL,
  UNIQUE KEY `email_templates_default_data_pkey` (`email_key`,`locale`)
) ENGINE=InnoDB DEFAULT CHARSET=utf8mb3 COLLATE=utf8mb3_general_ci;

--
-- Dumping data for table `email_templates_default_data`
--



--
-- Table structure for table `email_templates_settings`
--

CREATE TABLE `email_templates_settings` (
  `email_id` bigint(20) NOT NULL,
  `locale` varchar(14) NOT NULL DEFAULT '',
  `setting_name` varchar(255) NOT NULL,
  `setting_value` text DEFAULT NULL,
  UNIQUE KEY `email_settings_pkey` (`email_id`,`locale`,`setting_name`),
  KEY `email_settings_email_id` (`email_id`)
) ENGINE=InnoDB DEFAULT CHARSET=latin1 COLLATE=latin1_swedish_ci;

--
-- Dumping data for table `email_templates_settings`
--


--
-- Table structure for table `event_log`
--

CREATE TABLE `event_log` (
  `log_id` bigint(20) NOT NULL AUTO_INCREMENT,
  `assoc_type` bigint(20) NOT NULL,
  `assoc_id` bigint(20) NOT NULL,
  `user_id` bigint(20) NOT NULL,
  `date_logged` datetime NOT NULL,
  `event_type` bigint(20) DEFAULT NULL,
  `message` text DEFAULT NULL,
  `is_translated` tinyint(4) DEFAULT NULL,
  PRIMARY KEY (`log_id`),
  KEY `event_log_assoc` (`assoc_type`,`assoc_id`)
) ENGINE=InnoDB AUTO_INCREMENT=781 DEFAULT CHARSET=utf8mb3 COLLATE=utf8mb3_general_ci;

--
-- Dumping data for table `event_log`
--

INSERT INTO `event_log` VALUES
(1,515,1,1,'2020-06-04 10:21:12',1342177281,'submission.event.fileUploaded',0),
(2,1048585,2,1,'2020-06-04 10:21:17',1342177281,'submission.event.fileUploaded',0),
(3,515,3,1,'2020-06-04 10:24:48',1342177281,'submission.event.fileUploaded',0),
(4,1048585,3,1,'2020-06-04 10:24:51',1342177281,'submission.event.fileUploaded',0),
(5,515,5,1,'2020-06-04 10:27:22',1342177281,'submission.event.fileUploaded',0),
(6,1048585,4,1,'2020-06-04 10:27:25',1342177281,'submission.event.fileUploaded',0),
(7,515,7,1,'2020-06-04 10:29:21',1342177281,'submission.event.fileUploaded',0),
(8,1048585,5,1,'2020-06-04 10:29:23',1342177281,'submission.event.fileUploaded',0),
(9,515,9,1,'2020-06-04 10:32:24',1342177281,'submission.event.fileUploaded',0),
(10,1048585,7,1,'2020-06-04 10:32:28',1342177281,'submission.event.fileUploaded',0),
(11,515,11,1,'2020-06-04 10:34:55',1342177281,'submission.event.fileUploaded',0),
(12,1048585,8,1,'2020-06-04 10:34:57',1342177281,'submission.event.fileUploaded',0),
(13,515,13,1,'2020-06-04 10:36:53',1342177281,'submission.event.fileUploaded',0),
(14,1048585,9,1,'2020-06-04 10:36:55',1342177281,'submission.event.fileUploaded',0),
(15,515,15,1,'2020-06-04 10:38:49',1342177281,'submission.event.fileUploaded',0),
(16,1048585,10,1,'2020-06-04 10:38:51',1342177281,'submission.event.fileUploaded',0),
(17,515,17,1,'2020-06-04 10:40:44',1342177281,'submission.event.fileUploaded',0),
(18,1048585,11,1,'2020-06-04 10:40:46',1342177281,'submission.event.fileUploaded',0),
(19,1048585,2,1,'2020-09-25 09:05:08',268435458,'submission.event.general.metadataUpdated',0),
(20,1048585,3,1,'2020-09-25 09:05:51',268435458,'submission.event.general.metadataUpdated',0),
(21,1048585,4,1,'2020-09-25 09:06:24',268435458,'submission.event.general.metadataUpdated',0),
(22,1048585,5,1,'2020-09-25 09:07:11',268435458,'submission.event.general.metadataUpdated',0),
(23,1048585,11,1,'2020-09-28 11:02:38',268435458,'submission.event.general.metadataUpdated',0),
(24,1048585,9,1,'2020-09-28 11:03:53',268435458,'submission.event.general.metadataUpdated',0),
(26,515,19,2,'2020-12-22 19:47:07',1342177281,'submission.event.fileUploaded',0),
(28,1048585,19,1,'2020-12-25 18:51:17',268435458,'submission.event.general.metadataUpdated',0),
(29,1048585,19,1,'2020-12-25 18:52:21',268435458,'submission.event.general.metadataUpdated',0),
(30,515,20,1,'2020-12-25 18:54:03',1342177281,'submission.event.fileUploaded',0),
(31,1048585,19,1,'2020-12-25 18:54:07',1342177281,'submission.event.fileUploaded',0),
(32,1048585,19,1,'2020-12-25 18:54:29',268435458,'submission.event.general.metadataUpdated',0),
(33,1048585,19,1,'2020-12-25 18:54:29',268435462,'publication.event.scheduled',0),
(34,1048585,20,1,'2020-12-25 18:55:56',268435458,'submission.event.general.metadataUpdated',0),
(35,515,22,1,'2020-12-25 18:56:25',1342177281,'submission.event.fileUploaded',0),
(36,1048585,20,1,'2020-12-25 18:56:30',1342177281,'submission.event.fileUploaded',0),
(37,1048585,20,1,'2020-12-25 18:56:45',268435458,'submission.event.general.metadataUpdated',0),
(38,1048585,20,1,'2020-12-25 18:56:45',268435462,'publication.event.scheduled',0),
(39,1048585,21,1,'2020-12-25 18:58:03',268435458,'submission.event.general.metadataUpdated',0),
(40,515,24,1,'2020-12-25 18:58:19',1342177281,'submission.event.fileUploaded',0),
(41,1048585,21,1,'2020-12-25 18:58:22',1342177281,'submission.event.fileUploaded',0),
(42,1048585,21,1,'2020-12-25 18:58:45',268435458,'submission.event.general.metadataUpdated',0),
(43,1048585,21,1,'2020-12-25 18:58:45',268435462,'publication.event.scheduled',0),
(44,1048585,22,1,'2020-12-25 19:00:00',268435458,'submission.event.general.metadataUpdated',0),
(45,515,26,1,'2020-12-25 19:00:16',1342177281,'submission.event.fileUploaded',0),
(46,1048585,22,1,'2020-12-25 19:00:19',1342177281,'submission.event.fileUploaded',0),
(47,1048585,22,1,'2020-12-25 19:00:34',268435458,'submission.event.general.metadataUpdated',0),
(48,1048585,22,1,'2020-12-25 19:00:34',268435462,'publication.event.scheduled',0),
(49,1048585,23,1,'2020-12-25 19:02:27',268435458,'submission.event.general.metadataUpdated',0),
(50,515,28,1,'2020-12-25 19:02:46',1342177281,'submission.event.fileUploaded',0),
(51,1048585,23,1,'2020-12-25 19:02:49',1342177281,'submission.event.fileUploaded',0),
(52,1048585,23,1,'2020-12-25 19:04:12',268435458,'submission.event.general.metadataUpdated',0),
(53,1048585,23,1,'2020-12-25 19:04:12',268435462,'publication.event.scheduled',0),
(54,1048585,24,1,'2020-12-25 19:05:34',268435458,'submission.event.general.metadataUpdated',0),
(55,515,30,1,'2020-12-25 19:05:52',1342177281,'submission.event.fileUploaded',0),
(56,1048585,24,1,'2020-12-25 19:05:54',1342177281,'submission.event.fileUploaded',0),
(57,1048585,24,1,'2020-12-25 19:06:08',268435458,'submission.event.general.metadataUpdated',0),
(58,1048585,24,1,'2020-12-25 19:06:08',268435462,'publication.event.scheduled',0),
(59,1048585,25,1,'2020-12-25 19:07:53',268435458,'submission.event.general.metadataUpdated',0),
(60,515,32,1,'2020-12-25 19:08:09',1342177281,'submission.event.fileUploaded',0),
(61,1048585,25,1,'2020-12-25 19:08:11',1342177281,'submission.event.fileUploaded',0),
(62,1048585,25,1,'2020-12-25 19:08:28',268435458,'submission.event.general.metadataUpdated',0),
(63,1048585,25,1,'2020-12-25 19:08:28',268435462,'publication.event.scheduled',0),
(64,1048585,26,1,'2020-12-25 19:10:14',268435458,'submission.event.general.metadataUpdated',0),
(65,515,34,1,'2020-12-25 19:10:37',1342177281,'submission.event.fileUploaded',0),
(66,1048585,26,1,'2020-12-25 19:10:39',1342177281,'submission.event.fileUploaded',0),
(67,1048585,26,1,'2020-12-25 19:10:54',268435458,'submission.event.general.metadataUpdated',0),
(68,1048585,26,1,'2020-12-25 19:10:55',268435462,'publication.event.scheduled',0),
(69,1048585,27,1,'2020-12-25 19:12:45',268435458,'submission.event.general.metadataUpdated',0),
(70,515,36,1,'2020-12-25 19:12:58',1342177281,'submission.event.fileUploaded',0),
(71,1048585,27,1,'2020-12-25 19:13:00',1342177281,'submission.event.fileUploaded',0),
(72,1048585,27,1,'2020-12-25 19:13:15',268435458,'submission.event.general.metadataUpdated',0),
(73,1048585,27,1,'2020-12-25 19:13:15',268435462,'publication.event.scheduled',0),
(74,1048585,27,1,'2020-12-25 19:15:41',268435462,'publication.event.published',0),
(75,1048585,26,1,'2020-12-25 19:15:41',268435462,'publication.event.published',0),
(76,1048585,25,1,'2020-12-25 19:15:41',268435462,'publication.event.published',0),
(77,1048585,24,1,'2020-12-25 19:15:41',268435462,'publication.event.published',0),
(78,1048585,23,1,'2020-12-25 19:15:41',268435462,'publication.event.published',0),
(79,1048585,22,1,'2020-12-25 19:15:41',268435462,'publication.event.published',0),
(80,1048585,21,1,'2020-12-25 19:15:41',268435462,'publication.event.published',0),
(81,1048585,20,1,'2020-12-25 19:15:41',268435462,'publication.event.published',0),
(82,1048585,19,1,'2020-12-25 19:15:42',268435462,'publication.event.published',0),
(83,515,25,1,'2020-12-29 17:58:16',1342177288,'submission.event.revisionUploaded',0),
(84,1048585,21,1,'2020-12-29 17:58:19',1342177288,'submission.event.fileRevised',0),
(85,515,25,1,'2020-12-29 17:59:43',1342177289,'submission.event.revisionDeleted',0),
(86,515,25,1,'2020-12-29 17:59:51',1342177282,'submission.event.fileDeleted',0),
(87,515,38,1,'2020-12-29 18:00:14',1342177281,'submission.event.fileUploaded',0),
(88,1048585,21,1,'2020-12-29 18:00:17',1342177281,'submission.event.fileUploaded',0),
(89,515,39,1,'2020-12-29 18:00:38',1342177281,'submission.event.fileUploaded',0),
(90,1048585,21,1,'2020-12-29 18:00:41',1342177281,'submission.event.fileUploaded',0),
(91,1048585,21,1,'2020-12-29 18:01:04',268435463,'publication.event.unpublished',0),
(92,515,24,1,'2020-12-29 18:01:18',1342177288,'submission.event.revisionUploaded',0),
(93,1048585,21,1,'2020-12-29 18:01:21',1342177288,'submission.event.fileRevised',0),
(94,1048585,21,1,'2020-12-29 18:01:33',268435462,'publication.event.published',0),
(95,1048585,30,1,'2020-12-29 18:03:49',268435458,'submission.event.general.metadataUpdated',0),
(96,515,40,1,'2020-12-29 18:04:43',1342177281,'submission.event.fileUploaded',0),
(97,1048585,30,1,'2020-12-29 18:04:46',1342177281,'submission.event.fileUploaded',0),
(98,1048585,30,1,'2020-12-29 18:05:04',268435458,'submission.event.general.metadataUpdated',0),
(99,1048585,30,1,'2020-12-29 18:05:04',268435462,'publication.event.published',0),
(100,1048585,31,3,'2021-01-09 08:52:28',268435458,'submission.event.general.metadataUpdated',0),
(101,515,42,3,'2021-01-09 08:53:38',1342177281,'submission.event.fileUploaded',0),
(102,1048585,31,3,'2021-01-09 08:54:07',1342177281,'submission.event.fileUploaded',0),
(103,1048585,31,3,'2021-01-09 08:56:18',268435458,'submission.event.general.metadataUpdated',0),
(104,1048585,31,3,'2021-01-09 08:56:33',268435457,'submission.event.submissionSubmitted',0),
(105,1048585,32,2,'2021-02-09 18:28:59',268435458,'submission.event.general.metadataUpdated',0),
(106,515,43,2,'2021-02-09 18:29:46',1342177281,'submission.event.fileUploaded',0),
(107,1048585,32,2,'2021-02-09 18:29:57',1342177281,'submission.event.fileUploaded',0),
(108,515,44,2,'2021-03-09 18:06:17',1342177281,'submission.event.fileUploaded',0),
(109,1048585,32,2,'2021-03-09 18:06:22',1342177281,'submission.event.fileUploaded',0),
(110,515,45,2,'2021-03-09 18:07:03',1342177281,'submission.event.fileUploaded',0),
(111,1048585,32,2,'2021-03-09 18:07:15',1342177281,'submission.event.fileUploaded',0),
(112,515,46,2,'2021-04-08 18:22:11',1342177281,'submission.event.fileUploaded',0),
(113,1048585,32,2,'2021-04-08 18:22:16',1342177281,'submission.event.fileUploaded',0),
(114,515,47,2,'2021-04-08 18:22:45',1342177281,'submission.event.fileUploaded',0),
(115,1048585,32,2,'2021-04-08 18:22:53',1342177281,'submission.event.fileUploaded',0),
(116,1048585,36,1,'2021-12-15 12:20:14',268435458,'submission.event.general.metadataUpdated',0),
(117,515,48,1,'2021-12-15 12:20:30',1342177281,'submission.event.fileUploaded',0),
(118,1048585,36,1,'2021-12-15 12:20:30',1342177288,'submission.event.fileRevised',0),
(119,515,48,1,'2021-12-15 12:20:32',1342177296,'submission.event.fileEdited',0),
(120,1048585,36,1,'2021-12-15 12:20:32',1342177296,'submission.event.fileEdited',0),
(121,1048585,36,1,'2021-12-15 12:20:50',268435458,'submission.event.general.metadataUpdated',0),
(122,515,49,1,'2021-12-15 12:20:50',1342177281,'submission.event.fileUploaded',0),
(123,1048585,36,1,'2021-12-15 12:20:50',1342177288,'submission.event.fileRevised',0),
(124,1048585,36,1,'2021-12-15 12:20:50',268435462,'publication.event.scheduled',0),
(126,515,50,1,'2021-12-15 12:45:15',1342177281,'submission.event.fileUploaded',0),
(128,515,50,1,'2021-12-15 12:45:16',1342177296,'submission.event.fileEdited',0),
(130,515,50,1,'2021-12-15 12:47:17',1342177282,'submission.event.fileDeleted',0),
(131,1048585,38,1,'2021-12-15 12:49:39',268435458,'submission.event.general.metadataUpdated',0),
(132,515,51,1,'2021-12-15 12:49:52',1342177281,'submission.event.fileUploaded',0),
(133,1048585,38,1,'2021-12-15 12:49:52',1342177288,'submission.event.fileRevised',0),
(134,515,51,1,'2021-12-15 12:49:54',1342177296,'submission.event.fileEdited',0),
(135,1048585,38,1,'2021-12-15 12:49:54',1342177296,'submission.event.fileEdited',0),
(136,1048585,38,1,'2021-12-15 12:50:04',268435458,'submission.event.general.metadataUpdated',0),
(137,515,52,1,'2021-12-15 12:50:04',1342177281,'submission.event.fileUploaded',0),
(138,1048585,38,1,'2021-12-15 12:50:04',1342177288,'submission.event.fileRevised',0),
(139,1048585,38,1,'2021-12-15 12:50:04',268435462,'publication.event.scheduled',0),
(140,1048585,38,1,'2021-12-15 12:51:29',268435463,'publication.event.unpublished',0),
(141,1048585,38,1,'2021-12-15 12:51:29',268435458,'submission.event.general.metadataUpdated',0),
(142,1048585,36,1,'2021-12-15 12:51:32',268435463,'publication.event.unpublished',0),
(143,1048585,36,1,'2021-12-15 12:51:32',268435458,'submission.event.general.metadataUpdated',0),
(144,1048585,42,1,'2021-12-15 13:01:49',268435458,'submission.event.general.metadataUpdated',0),
(145,515,53,1,'2021-12-15 13:02:08',1342177281,'submission.event.fileUploaded',0),
(146,1048585,42,1,'2021-12-15 13:02:08',1342177288,'submission.event.fileRevised',0),
(147,515,53,1,'2021-12-15 13:02:11',1342177296,'submission.event.fileEdited',0),
(148,1048585,42,1,'2021-12-15 13:02:11',1342177296,'submission.event.fileEdited',0),
(149,1048585,42,1,'2021-12-15 13:02:23',268435458,'submission.event.general.metadataUpdated',0),
(150,515,54,1,'2021-12-15 13:02:23',1342177281,'submission.event.fileUploaded',0),
(151,1048585,42,1,'2021-12-15 13:02:23',1342177288,'submission.event.fileRevised',0),
(152,1048585,42,1,'2021-12-15 13:02:23',268435462,'publication.event.scheduled',0),
(153,1048585,43,1,'2021-12-15 13:03:36',268435458,'submission.event.general.metadataUpdated',0),
(154,515,55,1,'2021-12-15 13:03:51',1342177281,'submission.event.fileUploaded',0),
(155,1048585,43,1,'2021-12-15 13:03:51',1342177288,'submission.event.fileRevised',0),
(156,515,55,1,'2021-12-15 13:03:52',1342177296,'submission.event.fileEdited',0),
(157,1048585,43,1,'2021-12-15 13:03:52',1342177296,'submission.event.fileEdited',0),
(158,1048585,43,1,'2021-12-15 13:04:04',268435458,'submission.event.general.metadataUpdated',0),
(159,515,56,1,'2021-12-15 13:04:04',1342177281,'submission.event.fileUploaded',0),
(160,1048585,43,1,'2021-12-15 13:04:04',1342177288,'submission.event.fileRevised',0),
(161,1048585,43,1,'2021-12-15 13:04:04',268435462,'publication.event.scheduled',0),
(162,1048585,44,1,'2021-12-15 13:05:06',268435458,'submission.event.general.metadataUpdated',0),
(163,515,57,1,'2021-12-15 13:05:18',1342177281,'submission.event.fileUploaded',0),
(164,1048585,44,1,'2021-12-15 13:05:18',1342177288,'submission.event.fileRevised',0),
(165,515,57,1,'2021-12-15 13:06:19',1342177296,'submission.event.fileEdited',0),
(166,1048585,44,1,'2021-12-15 13:06:19',1342177296,'submission.event.fileEdited',0),
(167,1048585,44,1,'2021-12-15 13:06:33',268435458,'submission.event.general.metadataUpdated',0),
(168,515,58,1,'2021-12-15 13:06:33',1342177281,'submission.event.fileUploaded',0),
(169,1048585,44,1,'2021-12-15 13:06:33',1342177288,'submission.event.fileRevised',0),
(170,1048585,44,1,'2021-12-15 13:06:33',268435462,'publication.event.scheduled',0),
(171,1048585,45,1,'2021-12-15 13:07:53',268435458,'submission.event.general.metadataUpdated',0),
(172,515,59,1,'2021-12-15 13:08:08',1342177281,'submission.event.fileUploaded',0),
(173,1048585,45,1,'2021-12-15 13:08:08',1342177288,'submission.event.fileRevised',0),
(174,515,59,1,'2021-12-15 13:08:19',1342177296,'submission.event.fileEdited',0),
(175,1048585,45,1,'2021-12-15 13:08:19',1342177296,'submission.event.fileEdited',0),
(176,1048585,45,1,'2021-12-15 13:08:33',268435458,'submission.event.general.metadataUpdated',0),
(177,515,60,1,'2021-12-15 13:08:33',1342177281,'submission.event.fileUploaded',0),
(178,1048585,45,1,'2021-12-15 13:08:33',1342177288,'submission.event.fileRevised',0),
(179,1048585,45,1,'2021-12-15 13:08:33',268435462,'publication.event.scheduled',0),
(180,1048585,46,1,'2021-12-15 13:10:15',268435458,'submission.event.general.metadataUpdated',0),
(181,515,61,1,'2021-12-15 13:15:22',1342177281,'submission.event.fileUploaded',0),
(182,1048585,46,1,'2021-12-15 13:15:22',1342177288,'submission.event.fileRevised',0),
(183,515,61,1,'2021-12-15 13:15:31',1342177296,'submission.event.fileEdited',0),
(184,1048585,46,1,'2021-12-15 13:15:31',1342177296,'submission.event.fileEdited',0),
(185,1048585,46,1,'2021-12-15 13:15:46',268435458,'submission.event.general.metadataUpdated',0),
(186,515,62,1,'2021-12-15 13:15:46',1342177281,'submission.event.fileUploaded',0),
(187,1048585,46,1,'2021-12-15 13:15:46',1342177288,'submission.event.fileRevised',0),
(188,1048585,46,1,'2021-12-15 13:15:46',268435462,'publication.event.scheduled',0),
(190,515,63,1,'2021-12-15 13:18:30',1342177281,'submission.event.fileUploaded',0),
(191,1048585,46,1,'2021-12-15 13:18:30',1342177288,'submission.event.fileRevised',0),
(192,515,63,1,'2021-12-15 13:18:44',1342177296,'submission.event.fileEdited',0),
(193,1048585,46,1,'2021-12-15 13:18:44',1342177296,'submission.event.fileEdited',0),
(194,1048585,46,1,'2021-12-15 13:19:49',268435458,'submission.event.general.metadataUpdated',0),
(195,1048585,48,1,'2021-12-15 13:22:31',268435458,'submission.event.general.metadataUpdated',0),
(196,515,64,1,'2021-12-15 13:22:48',1342177281,'submission.event.fileUploaded',0),
(197,1048585,48,1,'2021-12-15 13:22:48',1342177288,'submission.event.fileRevised',0),
(198,515,64,1,'2021-12-15 13:23:02',1342177296,'submission.event.fileEdited',0),
(199,1048585,48,1,'2021-12-15 13:23:02',1342177296,'submission.event.fileEdited',0),
(200,1048585,48,1,'2021-12-15 13:23:27',268435458,'submission.event.general.metadataUpdated',0),
(201,515,65,1,'2021-12-15 13:23:27',1342177281,'submission.event.fileUploaded',0),
(202,1048585,48,1,'2021-12-15 13:23:27',1342177288,'submission.event.fileRevised',0),
(203,1048585,48,1,'2021-12-15 13:23:27',268435462,'publication.event.scheduled',0),
(204,1048585,49,1,'2021-12-15 13:25:16',268435458,'submission.event.general.metadataUpdated',0),
(205,515,66,1,'2021-12-15 13:25:46',1342177281,'submission.event.fileUploaded',0),
(206,1048585,49,1,'2021-12-15 13:25:46',1342177288,'submission.event.fileRevised',0),
(207,515,66,1,'2021-12-15 13:25:51',1342177296,'submission.event.fileEdited',0),
(208,1048585,49,1,'2021-12-15 13:25:51',1342177296,'submission.event.fileEdited',0),
(209,1048585,49,1,'2021-12-15 13:26:04',268435458,'submission.event.general.metadataUpdated',0),
(210,515,67,1,'2021-12-15 13:26:04',1342177281,'submission.event.fileUploaded',0),
(211,1048585,49,1,'2021-12-15 13:26:04',1342177288,'submission.event.fileRevised',0),
(212,1048585,49,1,'2021-12-15 13:26:04',268435462,'publication.event.scheduled',0),
(213,1048585,50,1,'2021-12-15 13:27:01',268435458,'submission.event.general.metadataUpdated',0),
(214,515,68,1,'2021-12-15 13:27:15',1342177281,'submission.event.fileUploaded',0),
(215,1048585,50,1,'2021-12-15 13:27:15',1342177288,'submission.event.fileRevised',0),
(216,515,68,1,'2021-12-15 13:27:17',1342177296,'submission.event.fileEdited',0),
(217,1048585,50,1,'2021-12-15 13:27:17',1342177296,'submission.event.fileEdited',0),
(218,1048585,50,1,'2021-12-15 13:27:30',268435458,'submission.event.general.metadataUpdated',0),
(219,515,69,1,'2021-12-15 13:27:30',1342177281,'submission.event.fileUploaded',0),
(220,1048585,50,1,'2021-12-15 13:27:30',1342177288,'submission.event.fileRevised',0),
(221,1048585,50,1,'2021-12-15 13:27:30',268435462,'publication.event.scheduled',0),
(222,1048585,51,1,'2021-12-15 13:28:45',268435458,'submission.event.general.metadataUpdated',0),
(223,515,70,1,'2021-12-15 13:28:58',1342177281,'submission.event.fileUploaded',0),
(224,1048585,51,1,'2021-12-15 13:28:58',1342177288,'submission.event.fileRevised',0),
(225,515,70,1,'2021-12-15 13:29:01',1342177296,'submission.event.fileEdited',0),
(226,1048585,51,1,'2021-12-15 13:29:01',1342177296,'submission.event.fileEdited',0),
(227,1048585,51,1,'2021-12-15 13:29:16',268435458,'submission.event.general.metadataUpdated',0),
(228,515,71,1,'2021-12-15 13:29:16',1342177281,'submission.event.fileUploaded',0),
(229,1048585,51,1,'2021-12-15 13:29:16',1342177288,'submission.event.fileRevised',0),
(230,1048585,51,1,'2021-12-15 13:29:16',268435462,'publication.event.scheduled',0),
(231,1048585,52,1,'2021-12-15 13:30:28',268435458,'submission.event.general.metadataUpdated',0),
(232,515,72,1,'2021-12-15 13:30:43',1342177281,'submission.event.fileUploaded',0),
(233,1048585,52,1,'2021-12-15 13:30:43',1342177288,'submission.event.fileRevised',0),
(234,515,72,1,'2021-12-15 13:30:46',1342177296,'submission.event.fileEdited',0),
(235,1048585,52,1,'2021-12-15 13:30:46',1342177296,'submission.event.fileEdited',0),
(236,1048585,52,1,'2021-12-15 13:30:58',268435458,'submission.event.general.metadataUpdated',0),
(237,515,73,1,'2021-12-15 13:30:58',1342177281,'submission.event.fileUploaded',0),
(238,1048585,52,1,'2021-12-15 13:30:58',1342177288,'submission.event.fileRevised',0),
(239,1048585,52,1,'2021-12-15 13:30:59',268435462,'publication.event.scheduled',0),
(240,1048585,53,1,'2021-12-15 13:32:17',268435458,'submission.event.general.metadataUpdated',0),
(241,515,74,1,'2021-12-15 13:32:32',1342177281,'submission.event.fileUploaded',0),
(242,1048585,53,1,'2021-12-15 13:32:32',1342177288,'submission.event.fileRevised',0),
(243,515,74,1,'2021-12-15 13:32:35',1342177296,'submission.event.fileEdited',0),
(244,1048585,53,1,'2021-12-15 13:32:35',1342177296,'submission.event.fileEdited',0),
(245,1048585,53,1,'2021-12-15 13:32:48',268435458,'submission.event.general.metadataUpdated',0),
(246,515,75,1,'2021-12-15 13:32:48',1342177281,'submission.event.fileUploaded',0),
(247,1048585,53,1,'2021-12-15 13:32:48',1342177288,'submission.event.fileRevised',0),
(248,1048585,53,1,'2021-12-15 13:32:48',268435462,'publication.event.scheduled',0),
(249,1048585,54,1,'2021-12-15 13:34:16',268435458,'submission.event.general.metadataUpdated',0),
(250,515,76,1,'2021-12-15 13:34:31',1342177281,'submission.event.fileUploaded',0),
(251,1048585,54,1,'2021-12-15 13:34:31',1342177288,'submission.event.fileRevised',0),
(252,515,76,1,'2021-12-15 13:34:35',1342177296,'submission.event.fileEdited',0),
(253,1048585,54,1,'2021-12-15 13:34:35',1342177296,'submission.event.fileEdited',0),
(254,515,77,1,'2021-12-15 13:34:54',1342177281,'submission.event.fileUploaded',0),
(255,1048585,54,1,'2021-12-15 13:34:54',1342177288,'submission.event.fileRevised',0),
(256,515,77,1,'2021-12-15 13:34:56',1342177296,'submission.event.fileEdited',0),
(257,1048585,54,1,'2021-12-15 13:34:56',1342177296,'submission.event.fileEdited',0),
(258,1048585,54,1,'2021-12-15 13:35:15',268435458,'submission.event.general.metadataUpdated',0),
(259,515,78,1,'2021-12-15 13:35:15',1342177281,'submission.event.fileUploaded',0),
(260,1048585,54,1,'2021-12-15 13:35:15',1342177288,'submission.event.fileRevised',0),
(261,515,79,1,'2021-12-15 13:35:15',1342177281,'submission.event.fileUploaded',0),
(262,1048585,54,1,'2021-12-15 13:35:15',1342177288,'submission.event.fileRevised',0),
(263,1048585,54,1,'2021-12-15 13:35:15',268435462,'publication.event.scheduled',0),
(264,1048585,55,1,'2021-12-15 13:36:16',268435458,'submission.event.general.metadataUpdated',0),
(265,515,80,1,'2021-12-15 13:36:30',1342177281,'submission.event.fileUploaded',0),
(266,1048585,55,1,'2021-12-15 13:36:30',1342177288,'submission.event.fileRevised',0),
(267,515,80,1,'2021-12-15 13:36:32',1342177296,'submission.event.fileEdited',0),
(268,1048585,55,1,'2021-12-15 13:36:32',1342177296,'submission.event.fileEdited',0),
(269,1048585,55,1,'2021-12-15 13:36:44',268435458,'submission.event.general.metadataUpdated',0),
(270,515,81,1,'2021-12-15 13:36:44',1342177281,'submission.event.fileUploaded',0),
(271,1048585,55,1,'2021-12-15 13:36:45',1342177288,'submission.event.fileRevised',0),
(272,1048585,55,1,'2021-12-15 13:36:45',268435462,'publication.event.scheduled',0),
(273,1048585,55,1,'2021-12-15 13:36:55',268435462,'publication.event.published',0),
(274,1048585,54,1,'2021-12-15 13:36:55',268435462,'publication.event.published',0),
(275,1048585,53,1,'2021-12-15 13:36:55',268435462,'publication.event.published',0),
(276,1048585,52,1,'2021-12-15 13:36:55',268435462,'publication.event.published',0),
(277,1048585,51,1,'2021-12-15 13:36:56',268435462,'publication.event.published',0),
(278,1048585,50,1,'2021-12-15 13:36:56',268435462,'publication.event.published',0),
(279,1048585,49,1,'2021-12-15 13:36:56',268435462,'publication.event.published',0),
(280,1048585,48,1,'2021-12-15 13:36:56',268435462,'publication.event.published',0),
(281,1048585,46,1,'2021-12-15 13:36:56',268435462,'publication.event.published',0),
(282,1048585,45,1,'2021-12-15 13:36:57',268435462,'publication.event.published',0),
(283,1048585,44,1,'2021-12-15 13:36:57',268435462,'publication.event.published',0),
(284,1048585,43,1,'2021-12-15 13:36:57',268435462,'publication.event.published',0),
(285,1048585,42,1,'2021-12-15 13:36:58',268435462,'publication.event.published',0),
(286,1048585,55,1,'2021-12-19 18:50:56',268435463,'publication.event.unpublished',0),
(287,1048585,55,1,'2021-12-19 18:50:56',268435462,'publication.event.scheduled',0),
(288,1048585,54,1,'2021-12-19 18:50:56',268435463,'publication.event.unpublished',0),
(289,1048585,54,1,'2021-12-19 18:50:56',268435462,'publication.event.scheduled',0),
(290,1048585,53,1,'2021-12-19 18:50:56',268435463,'publication.event.unpublished',0),
(291,1048585,53,1,'2021-12-19 18:50:56',268435462,'publication.event.scheduled',0),
(292,1048585,52,1,'2021-12-19 18:50:57',268435463,'publication.event.unpublished',0),
(293,1048585,52,1,'2021-12-19 18:50:57',268435462,'publication.event.scheduled',0),
(294,1048585,51,1,'2021-12-19 18:50:57',268435463,'publication.event.unpublished',0),
(295,1048585,51,1,'2021-12-19 18:50:57',268435462,'publication.event.scheduled',0),
(296,1048585,50,1,'2021-12-19 18:50:57',268435463,'publication.event.unpublished',0),
(297,1048585,50,1,'2021-12-19 18:50:57',268435462,'publication.event.scheduled',0),
(298,1048585,49,1,'2021-12-19 18:50:57',268435463,'publication.event.unpublished',0),
(299,1048585,49,1,'2021-12-19 18:50:57',268435462,'publication.event.scheduled',0),
(300,1048585,48,1,'2021-12-19 18:50:57',268435463,'publication.event.unpublished',0),
(301,1048585,48,1,'2021-12-19 18:50:57',268435462,'publication.event.scheduled',0),
(302,1048585,46,1,'2021-12-19 18:50:57',268435463,'publication.event.unpublished',0),
(303,1048585,46,1,'2021-12-19 18:50:57',268435462,'publication.event.scheduled',0),
(304,1048585,45,1,'2021-12-19 18:50:57',268435463,'publication.event.unpublished',0),
(305,1048585,45,1,'2021-12-19 18:50:57',268435462,'publication.event.scheduled',0),
(306,1048585,44,1,'2021-12-19 18:50:57',268435463,'publication.event.unpublished',0),
(307,1048585,44,1,'2021-12-19 18:50:58',268435462,'publication.event.scheduled',0),
(308,1048585,43,1,'2021-12-19 18:50:58',268435463,'publication.event.unpublished',0),
(309,1048585,43,1,'2021-12-19 18:50:58',268435462,'publication.event.scheduled',0),
(310,1048585,42,1,'2021-12-19 18:50:58',268435463,'publication.event.unpublished',0),
(311,1048585,42,1,'2021-12-19 18:50:58',268435462,'publication.event.scheduled',0),
(312,1048585,42,1,'2021-12-19 18:51:53',268435458,'submission.event.general.metadataUpdated',0),
(313,1048585,42,1,'2021-12-20 11:24:06',268435458,'submission.event.general.metadataUpdated',0),
(314,1048585,42,1,'2021-12-20 11:24:34',268435458,'submission.event.general.metadataUpdated',0),
(315,1048585,43,1,'2021-12-20 11:25:22',268435458,'submission.event.general.metadataUpdated',0),
(316,1048585,43,1,'2021-12-20 11:25:42',268435458,'submission.event.general.metadataUpdated',0),
(317,1048585,43,1,'2021-12-20 11:25:55',268435458,'submission.event.general.metadataUpdated',0),
(318,1048585,44,1,'2021-12-20 11:26:39',268435458,'submission.event.general.metadataUpdated',0),
(319,1048585,44,1,'2021-12-20 11:27:16',268435458,'submission.event.general.metadataUpdated',0),
(320,1048585,45,1,'2021-12-20 11:28:07',268435458,'submission.event.general.metadataUpdated',0),
(321,1048585,45,1,'2021-12-20 11:28:26',268435458,'submission.event.general.metadataUpdated',0),
(322,1048585,45,1,'2021-12-20 11:28:44',268435458,'submission.event.general.metadataUpdated',0),
(323,1048585,45,1,'2021-12-20 11:28:54',268435458,'submission.event.general.metadataUpdated',0),
(324,1048585,46,1,'2021-12-20 11:29:33',268435458,'submission.event.general.metadataUpdated',0),
(325,1048585,46,1,'2021-12-20 11:30:13',268435458,'submission.event.general.metadataUpdated',0),
(326,1048585,46,1,'2021-12-20 11:30:50',268435458,'submission.event.general.metadataUpdated',0),
(327,1048585,48,1,'2021-12-20 11:31:35',268435458,'submission.event.general.metadataUpdated',0),
(328,1048585,48,1,'2021-12-20 11:31:57',268435458,'submission.event.general.metadataUpdated',0),
(329,1048585,49,1,'2021-12-20 11:32:45',268435458,'submission.event.general.metadataUpdated',0),
(330,1048585,49,1,'2021-12-20 11:32:58',268435458,'submission.event.general.metadataUpdated',0),
(331,1048585,50,1,'2021-12-20 11:33:44',268435458,'submission.event.general.metadataUpdated',0),
(332,1048585,50,1,'2021-12-20 11:34:29',268435458,'submission.event.general.metadataUpdated',0),
(333,1048585,50,1,'2021-12-20 11:34:44',268435458,'submission.event.general.metadataUpdated',0),
(334,1048585,50,1,'2021-12-20 11:35:04',268435458,'submission.event.general.metadataUpdated',0),
(335,1048585,51,1,'2021-12-20 11:36:12',268435458,'submission.event.general.metadataUpdated',0),
(336,1048585,51,1,'2021-12-20 11:36:43',268435458,'submission.event.general.metadataUpdated',0),
(337,1048585,52,1,'2021-12-20 11:37:17',268435458,'submission.event.general.metadataUpdated',0),
(338,1048585,52,1,'2021-12-20 11:37:41',268435458,'submission.event.general.metadataUpdated',0),
(339,1048585,53,1,'2021-12-20 11:38:22',268435458,'submission.event.general.metadataUpdated',0),
(340,1048585,53,1,'2021-12-20 11:38:42',268435458,'submission.event.general.metadataUpdated',0),
(341,1048585,54,1,'2021-12-20 11:39:25',268435458,'submission.event.general.metadataUpdated',0),
(342,1048585,54,1,'2021-12-20 11:39:38',268435458,'submission.event.general.metadataUpdated',0),
(343,1048585,55,1,'2021-12-20 11:40:17',268435458,'submission.event.general.metadataUpdated',0),
(344,1048585,55,1,'2021-12-20 11:41:02',268435458,'submission.event.general.metadataUpdated',0),
(345,515,74,1,'2021-12-20 11:42:32',1342177288,'submission.event.revisionUploaded',0),
(346,1048585,53,1,'2021-12-20 11:42:32',1342177288,'submission.event.revisionUploaded',0),
(347,515,74,1,'2021-12-20 11:42:35',1342177296,'submission.event.fileEdited',0),
(348,1048585,53,1,'2021-12-20 11:42:35',1342177296,'submission.event.fileEdited',0),
(349,515,70,1,'2021-12-20 11:42:49',1342177288,'submission.event.revisionUploaded',0),
(350,1048585,51,1,'2021-12-20 11:42:49',1342177288,'submission.event.revisionUploaded',0),
(351,515,70,1,'2021-12-20 11:42:51',1342177296,'submission.event.fileEdited',0),
(352,1048585,51,1,'2021-12-20 11:42:51',1342177296,'submission.event.fileEdited',0),
(353,1048585,44,1,'2021-12-20 11:44:55',268435458,'submission.event.general.metadataUpdated',0),
(354,1048585,45,1,'2021-12-20 11:45:37',268435458,'submission.event.general.metadataUpdated',0),
(355,1048585,46,1,'2021-12-20 11:46:14',268435458,'submission.event.general.metadataUpdated',0),
(356,1048585,55,1,'2021-12-20 11:48:17',268435462,'publication.event.published',0),
(357,1048585,54,1,'2021-12-20 11:48:18',268435462,'publication.event.published',0),
(358,1048585,53,1,'2021-12-20 11:48:18',268435462,'publication.event.published',0),
(359,1048585,52,1,'2021-12-20 11:48:18',268435462,'publication.event.published',0),
(360,1048585,51,1,'2021-12-20 11:48:18',268435462,'publication.event.published',0),
(361,1048585,50,1,'2021-12-20 11:48:19',268435462,'publication.event.published',0),
(362,1048585,49,1,'2021-12-20 11:48:19',268435462,'publication.event.published',0),
(363,1048585,48,1,'2021-12-20 11:48:19',268435462,'publication.event.published',0),
(364,1048585,46,1,'2021-12-20 11:48:20',268435462,'publication.event.published',0),
(365,1048585,45,1,'2021-12-20 11:48:20',268435462,'publication.event.published',0),
(366,1048585,44,1,'2021-12-20 11:48:20',268435462,'publication.event.published',0),
(367,1048585,43,1,'2021-12-20 11:48:21',268435462,'publication.event.published',0),
(368,1048585,42,1,'2021-12-20 11:48:21',268435462,'publication.event.published',0),
(369,1048585,55,1,'2021-12-20 11:51:10',268435463,'publication.event.unpublished',0),
(370,1048585,55,1,'2021-12-20 11:51:10',268435462,'publication.event.scheduled',0),
(371,1048585,54,1,'2021-12-20 11:51:10',268435463,'publication.event.unpublished',0),
(372,1048585,54,1,'2021-12-20 11:51:10',268435462,'publication.event.scheduled',0),
(373,1048585,53,1,'2021-12-20 11:51:10',268435463,'publication.event.unpublished',0),
(374,1048585,53,1,'2021-12-20 11:51:10',268435462,'publication.event.scheduled',0),
(375,1048585,52,1,'2021-12-20 11:51:10',268435463,'publication.event.unpublished',0),
(376,1048585,52,1,'2021-12-20 11:51:10',268435462,'publication.event.scheduled',0),
(377,1048585,51,1,'2021-12-20 11:51:10',268435463,'publication.event.unpublished',0),
(378,1048585,51,1,'2021-12-20 11:51:10',268435462,'publication.event.scheduled',0),
(379,1048585,50,1,'2021-12-20 11:51:10',268435463,'publication.event.unpublished',0),
(380,1048585,50,1,'2021-12-20 11:51:10',268435462,'publication.event.scheduled',0),
(381,1048585,49,1,'2021-12-20 11:51:10',268435463,'publication.event.unpublished',0),
(382,1048585,49,1,'2021-12-20 11:51:10',268435462,'publication.event.scheduled',0),
(383,1048585,48,1,'2021-12-20 11:51:10',268435463,'publication.event.unpublished',0),
(384,1048585,48,1,'2021-12-20 11:51:10',268435462,'publication.event.scheduled',0),
(385,1048585,46,1,'2021-12-20 11:51:11',268435463,'publication.event.unpublished',0),
(386,1048585,46,1,'2021-12-20 11:51:11',268435462,'publication.event.scheduled',0),
(387,1048585,45,1,'2021-12-20 11:51:11',268435463,'publication.event.unpublished',0),
(388,1048585,45,1,'2021-12-20 11:51:11',268435462,'publication.event.scheduled',0),
(389,1048585,44,1,'2021-12-20 11:51:11',268435463,'publication.event.unpublished',0),
(390,1048585,44,1,'2021-12-20 11:51:11',268435462,'publication.event.scheduled',0),
(391,1048585,43,1,'2021-12-20 11:51:11',268435463,'publication.event.unpublished',0),
(392,1048585,43,1,'2021-12-20 11:51:11',268435462,'publication.event.scheduled',0),
(393,1048585,42,1,'2021-12-20 11:51:11',268435463,'publication.event.unpublished',0),
(394,1048585,42,1,'2021-12-20 11:51:11',268435462,'publication.event.scheduled',0),
(395,1048585,43,1,'2021-12-20 11:53:45',268435458,'submission.event.general.metadataUpdated',0),
(396,1048585,43,1,'2021-12-20 11:53:49',268435458,'submission.event.general.metadataUpdated',0),
(397,1048585,43,1,'2021-12-20 11:54:52',268435458,'submission.event.general.metadataUpdated',0),
(398,1048585,43,1,'2021-12-20 11:56:03',268435458,'submission.event.general.metadataUpdated',0),
(399,1048585,44,1,'2021-12-20 11:58:01',268435458,'submission.event.general.metadataUpdated',0),
(400,1048585,44,1,'2021-12-20 11:59:41',268435458,'submission.event.general.metadataUpdated',0),
(401,1048585,45,1,'2021-12-20 12:01:05',268435458,'submission.event.general.metadataUpdated',0),
(402,1048585,45,1,'2021-12-20 12:01:42',268435458,'submission.event.general.metadataUpdated',0),
(403,1048585,46,1,'2021-12-20 12:03:14',268435458,'submission.event.general.metadataUpdated',0),
(404,1048585,51,1,'2021-12-20 12:04:33',268435458,'submission.event.general.metadataUpdated',0),
(405,1048585,51,1,'2021-12-20 12:05:55',268435458,'submission.event.general.metadataUpdated',0),
(406,1048585,52,1,'2021-12-20 12:06:27',268435458,'submission.event.general.metadataUpdated',0),
(407,1048585,52,1,'2021-12-20 12:06:52',268435458,'submission.event.general.metadataUpdated',0),
(408,1048585,55,1,'2021-12-20 12:07:30',268435458,'submission.event.general.metadataUpdated',0),
(409,1048585,55,1,'2021-12-20 12:08:35',268435458,'submission.event.general.metadataUpdated',0),
(410,1048585,55,1,'2021-12-20 12:09:04',268435462,'publication.event.published',0),
(411,1048585,54,1,'2021-12-20 12:09:05',268435462,'publication.event.published',0),
(412,1048585,53,1,'2021-12-20 12:09:05',268435462,'publication.event.published',0),
(413,1048585,52,1,'2021-12-20 12:09:05',268435462,'publication.event.published',0),
(414,1048585,51,1,'2021-12-20 12:09:05',268435462,'publication.event.published',0),
(415,1048585,50,1,'2021-12-20 12:09:06',268435462,'publication.event.published',0),
(416,1048585,49,1,'2021-12-20 12:09:06',268435462,'publication.event.published',0),
(417,1048585,48,1,'2021-12-20 12:09:06',268435462,'publication.event.published',0),
(418,1048585,46,1,'2021-12-20 12:09:06',268435462,'publication.event.published',0),
(419,1048585,45,1,'2021-12-20 12:09:07',268435462,'publication.event.published',0),
(420,1048585,44,1,'2021-12-20 12:09:07',268435462,'publication.event.published',0),
(421,1048585,43,1,'2021-12-20 12:09:07',268435462,'publication.event.published',0),
(422,1048585,42,1,'2021-12-20 12:09:07',268435462,'publication.event.published',0),
(423,1048585,55,1,'2021-12-21 10:26:11',268435463,'publication.event.unpublished',0),
(424,1048585,55,1,'2021-12-21 10:26:11',268435462,'publication.event.scheduled',0),
(425,1048585,54,1,'2021-12-21 10:26:11',268435463,'publication.event.unpublished',0),
(426,1048585,54,1,'2021-12-21 10:26:11',268435462,'publication.event.scheduled',0),
(427,1048585,53,1,'2021-12-21 10:26:11',268435463,'publication.event.unpublished',0),
(428,1048585,53,1,'2021-12-21 10:26:11',268435462,'publication.event.scheduled',0),
(429,1048585,52,1,'2021-12-21 10:26:11',268435463,'publication.event.unpublished',0),
(430,1048585,52,1,'2021-12-21 10:26:11',268435462,'publication.event.scheduled',0),
(431,1048585,51,1,'2021-12-21 10:26:11',268435463,'publication.event.unpublished',0),
(432,1048585,51,1,'2021-12-21 10:26:11',268435462,'publication.event.scheduled',0),
(433,1048585,50,1,'2021-12-21 10:26:12',268435463,'publication.event.unpublished',0),
(434,1048585,50,1,'2021-12-21 10:26:12',268435462,'publication.event.scheduled',0),
(435,1048585,49,1,'2021-12-21 10:26:12',268435463,'publication.event.unpublished',0),
(436,1048585,49,1,'2021-12-21 10:26:12',268435462,'publication.event.scheduled',0),
(437,1048585,48,1,'2021-12-21 10:26:12',268435463,'publication.event.unpublished',0),
(438,1048585,48,1,'2021-12-21 10:26:12',268435462,'publication.event.scheduled',0),
(439,1048585,46,1,'2021-12-21 10:26:12',268435463,'publication.event.unpublished',0),
(440,1048585,46,1,'2021-12-21 10:26:12',268435462,'publication.event.scheduled',0),
(441,1048585,45,1,'2021-12-21 10:26:12',268435463,'publication.event.unpublished',0),
(442,1048585,45,1,'2021-12-21 10:26:12',268435462,'publication.event.scheduled',0),
(443,1048585,44,1,'2021-12-21 10:26:12',268435463,'publication.event.unpublished',0),
(444,1048585,44,1,'2021-12-21 10:26:12',268435462,'publication.event.scheduled',0),
(445,1048585,43,1,'2021-12-21 10:26:12',268435463,'publication.event.unpublished',0),
(446,1048585,43,1,'2021-12-21 10:26:12',268435462,'publication.event.scheduled',0),
(447,1048585,42,1,'2021-12-21 10:26:12',268435463,'publication.event.unpublished',0),
(448,1048585,42,1,'2021-12-21 10:26:13',268435462,'publication.event.scheduled',0),
(449,1048585,44,1,'2021-12-21 10:26:51',268435458,'submission.event.general.metadataUpdated',0),
(450,1048585,45,1,'2021-12-21 10:27:44',268435458,'submission.event.general.metadataUpdated',0),
(451,1048585,45,1,'2021-12-21 10:27:56',268435458,'submission.event.general.metadataUpdated',0),
(452,1048585,46,1,'2021-12-21 10:28:29',268435458,'submission.event.general.metadataUpdated',0),
(453,1048585,46,1,'2021-12-21 10:29:06',268435458,'submission.event.general.metadataUpdated',0),
(454,1048585,49,1,'2021-12-21 10:29:33',268435458,'submission.event.general.metadataUpdated',0),
(455,1048585,50,1,'2021-12-21 10:30:12',268435458,'submission.event.general.metadataUpdated',0),
(456,1048585,51,1,'2021-12-21 10:31:09',268435458,'submission.event.general.metadataUpdated',0),
(457,1048585,53,1,'2021-12-21 10:31:35',268435458,'submission.event.general.metadataUpdated',0),
(458,1048585,55,1,'2021-12-21 10:32:25',268435458,'submission.event.general.metadataUpdated',0),
(459,1048585,55,1,'2021-12-21 10:32:58',268435458,'submission.event.general.metadataUpdated',0),
(460,1048585,55,1,'2021-12-21 10:33:11',268435462,'publication.event.published',0),
(461,1048585,54,1,'2021-12-21 10:33:12',268435462,'publication.event.published',0),
(462,1048585,53,1,'2021-12-21 10:33:12',268435462,'publication.event.published',0),
(463,1048585,52,1,'2021-12-21 10:33:12',268435462,'publication.event.published',0),
(464,1048585,51,1,'2021-12-21 10:33:12',268435462,'publication.event.published',0),
(465,1048585,50,1,'2021-12-21 10:33:13',268435462,'publication.event.published',0),
(466,1048585,49,1,'2021-12-21 10:33:13',268435462,'publication.event.published',0),
(467,1048585,48,1,'2021-12-21 10:33:13',268435462,'publication.event.published',0),
(468,1048585,46,1,'2021-12-21 10:33:13',268435462,'publication.event.published',0),
(469,1048585,45,1,'2021-12-21 10:33:14',268435462,'publication.event.published',0),
(470,1048585,44,1,'2021-12-21 10:33:14',268435462,'publication.event.published',0),
(471,1048585,43,1,'2021-12-21 10:33:14',268435462,'publication.event.published',0),
(472,1048585,42,1,'2021-12-21 10:33:15',268435462,'publication.event.published',0),
(473,1048585,55,1,'2021-12-24 10:42:25',268435463,'publication.event.unpublished',0),
(474,1048585,55,1,'2021-12-24 10:42:25',268435462,'publication.event.scheduled',0),
(475,1048585,54,1,'2021-12-24 10:42:25',268435463,'publication.event.unpublished',0),
(476,1048585,54,1,'2021-12-24 10:42:25',268435462,'publication.event.scheduled',0),
(477,1048585,53,1,'2021-12-24 10:42:25',268435463,'publication.event.unpublished',0),
(478,1048585,53,1,'2021-12-24 10:42:25',268435462,'publication.event.scheduled',0),
(479,1048585,52,1,'2021-12-24 10:42:25',268435463,'publication.event.unpublished',0),
(480,1048585,52,1,'2021-12-24 10:42:25',268435462,'publication.event.scheduled',0),
(481,1048585,51,1,'2021-12-24 10:42:25',268435463,'publication.event.unpublished',0),
(482,1048585,51,1,'2021-12-24 10:42:26',268435462,'publication.event.scheduled',0),
(483,1048585,50,1,'2021-12-24 10:42:26',268435463,'publication.event.unpublished',0),
(484,1048585,50,1,'2021-12-24 10:42:26',268435462,'publication.event.scheduled',0),
(485,1048585,49,1,'2021-12-24 10:42:26',268435463,'publication.event.unpublished',0),
(486,1048585,49,1,'2021-12-24 10:42:26',268435462,'publication.event.scheduled',0),
(487,1048585,48,1,'2021-12-24 10:42:26',268435463,'publication.event.unpublished',0),
(488,1048585,48,1,'2021-12-24 10:42:26',268435462,'publication.event.scheduled',0),
(489,1048585,46,1,'2021-12-24 10:42:26',268435463,'publication.event.unpublished',0),
(490,1048585,46,1,'2021-12-24 10:42:26',268435462,'publication.event.scheduled',0),
(491,1048585,45,1,'2021-12-24 10:42:26',268435463,'publication.event.unpublished',0),
(492,1048585,45,1,'2021-12-24 10:42:26',268435462,'publication.event.scheduled',0),
(493,1048585,44,1,'2021-12-24 10:42:26',268435463,'publication.event.unpublished',0),
(494,1048585,44,1,'2021-12-24 10:42:26',268435462,'publication.event.scheduled',0),
(495,1048585,43,1,'2021-12-24 10:42:26',268435463,'publication.event.unpublished',0),
(496,1048585,43,1,'2021-12-24 10:42:26',268435462,'publication.event.scheduled',0),
(497,1048585,42,1,'2021-12-24 10:42:27',268435463,'publication.event.unpublished',0),
(498,1048585,42,1,'2021-12-24 10:42:27',268435462,'publication.event.scheduled',0),
(499,1048585,45,1,'2021-12-24 10:44:08',268435458,'submission.event.general.metadataUpdated',0),
(500,1048585,45,1,'2021-12-24 10:44:38',268435458,'submission.event.general.metadataUpdated',0),
(501,1048585,45,1,'2021-12-24 10:44:49',268435458,'submission.event.general.metadataUpdated',0),
(502,1048585,55,1,'2021-12-24 10:45:24',268435462,'publication.event.published',0),
(503,1048585,54,1,'2021-12-24 10:45:24',268435462,'publication.event.published',0),
(504,1048585,53,1,'2021-12-24 10:45:24',268435462,'publication.event.published',0),
(505,1048585,52,1,'2021-12-24 10:45:25',268435462,'publication.event.published',0),
(506,1048585,51,1,'2021-12-24 10:45:25',268435462,'publication.event.published',0),
(507,1048585,50,1,'2021-12-24 10:45:25',268435462,'publication.event.published',0),
(508,1048585,49,1,'2021-12-24 10:45:26',268435462,'publication.event.published',0),
(509,1048585,48,1,'2021-12-24 10:45:26',268435462,'publication.event.published',0),
(510,1048585,46,1,'2021-12-24 10:45:26',268435462,'publication.event.published',0),
(511,1048585,45,1,'2021-12-24 10:45:27',268435462,'publication.event.published',0),
(512,1048585,44,1,'2021-12-24 10:45:27',268435462,'publication.event.published',0),
(513,1048585,43,1,'2021-12-24 10:45:27',268435462,'publication.event.published',0),
(514,1048585,42,1,'2021-12-24 10:45:28',268435462,'publication.event.published',0),
(515,1048585,55,1,'2021-12-27 11:06:59',268435463,'publication.event.unpublished',0),
(516,1048585,55,1,'2021-12-27 11:06:59',268435462,'publication.event.scheduled',0),
(517,1048585,54,1,'2021-12-27 11:06:59',268435463,'publication.event.unpublished',0),
(518,1048585,54,1,'2021-12-27 11:06:59',268435462,'publication.event.scheduled',0),
(519,1048585,53,1,'2021-12-27 11:06:59',268435463,'publication.event.unpublished',0),
(520,1048585,53,1,'2021-12-27 11:06:59',268435462,'publication.event.scheduled',0),
(521,1048585,52,1,'2021-12-27 11:06:59',268435463,'publication.event.unpublished',0),
(522,1048585,52,1,'2021-12-27 11:06:59',268435462,'publication.event.scheduled',0),
(523,1048585,51,1,'2021-12-27 11:06:59',268435463,'publication.event.unpublished',0),
(524,1048585,51,1,'2021-12-27 11:06:59',268435462,'publication.event.scheduled',0),
(525,1048585,50,1,'2021-12-27 11:06:59',268435463,'publication.event.unpublished',0),
(526,1048585,50,1,'2021-12-27 11:07:00',268435462,'publication.event.scheduled',0),
(527,1048585,49,1,'2021-12-27 11:07:00',268435463,'publication.event.unpublished',0),
(528,1048585,49,1,'2021-12-27 11:07:00',268435462,'publication.event.scheduled',0),
(529,1048585,48,1,'2021-12-27 11:07:00',268435463,'publication.event.unpublished',0),
(530,1048585,48,1,'2021-12-27 11:07:00',268435462,'publication.event.scheduled',0),
(531,1048585,46,1,'2021-12-27 11:07:00',268435463,'publication.event.unpublished',0),
(532,1048585,46,1,'2021-12-27 11:07:00',268435462,'publication.event.scheduled',0),
(533,1048585,45,1,'2021-12-27 11:07:00',268435463,'publication.event.unpublished',0),
(534,1048585,45,1,'2021-12-27 11:07:00',268435462,'publication.event.scheduled',0),
(535,1048585,44,1,'2021-12-27 11:07:00',268435463,'publication.event.unpublished',0),
(536,1048585,44,1,'2021-12-27 11:07:00',268435462,'publication.event.scheduled',0),
(537,1048585,43,1,'2021-12-27 11:07:01',268435463,'publication.event.unpublished',0),
(538,1048585,43,1,'2021-12-27 11:07:01',268435462,'publication.event.scheduled',0),
(539,1048585,42,1,'2021-12-27 11:07:01',268435463,'publication.event.unpublished',0),
(540,1048585,42,1,'2021-12-27 11:07:01',268435462,'publication.event.scheduled',0),
(541,1048585,51,1,'2021-12-27 11:08:53',268435458,'submission.event.general.metadataUpdated',0),
(542,1048585,51,1,'2021-12-27 11:09:47',268435458,'submission.event.general.metadataUpdated',0),
(543,1048585,55,1,'2021-12-27 11:10:08',268435462,'publication.event.published',0),
(544,1048585,54,1,'2021-12-27 11:10:09',268435462,'publication.event.published',0),
(545,1048585,53,1,'2021-12-27 11:10:10',268435462,'publication.event.published',0),
(546,1048585,52,1,'2021-12-27 11:10:10',268435462,'publication.event.published',0),
(547,1048585,51,1,'2021-12-27 11:10:11',268435462,'publication.event.published',0),
(548,1048585,50,1,'2021-12-27 11:10:11',268435462,'publication.event.published',0),
(549,1048585,49,1,'2021-12-27 11:10:11',268435462,'publication.event.published',0),
(550,1048585,48,1,'2021-12-27 11:10:11',268435462,'publication.event.published',0),
(551,1048585,46,1,'2021-12-27 11:10:12',268435462,'publication.event.published',0),
(552,1048585,45,1,'2021-12-27 11:10:12',268435462,'publication.event.published',0),
(553,1048585,44,1,'2021-12-27 11:10:12',268435462,'publication.event.published',0),
(554,1048585,43,1,'2021-12-27 11:10:13',268435462,'publication.event.published',0),
(555,1048585,42,1,'2021-12-27 11:10:13',268435462,'publication.event.published',0),
(556,1048585,55,1,'2022-01-24 10:01:33',268435463,'publication.event.unpublished',0),
(557,1048585,55,1,'2022-01-24 10:01:33',268435462,'publication.event.scheduled',0),
(558,1048585,54,1,'2022-01-24 10:01:33',268435463,'publication.event.unpublished',0),
(559,1048585,54,1,'2022-01-24 10:01:33',268435462,'publication.event.scheduled',0),
(560,1048585,53,1,'2022-01-24 10:01:34',268435463,'publication.event.unpublished',0),
(561,1048585,53,1,'2022-01-24 10:01:34',268435462,'publication.event.scheduled',0),
(562,1048585,52,1,'2022-01-24 10:01:34',268435463,'publication.event.unpublished',0),
(563,1048585,52,1,'2022-01-24 10:01:34',268435462,'publication.event.scheduled',0),
(564,1048585,51,1,'2022-01-24 10:01:34',268435463,'publication.event.unpublished',0),
(565,1048585,51,1,'2022-01-24 10:01:34',268435462,'publication.event.scheduled',0),
(566,1048585,50,1,'2022-01-24 10:01:34',268435463,'publication.event.unpublished',0),
(567,1048585,50,1,'2022-01-24 10:01:34',268435462,'publication.event.scheduled',0),
(568,1048585,49,1,'2022-01-24 10:01:34',268435463,'publication.event.unpublished',0),
(569,1048585,49,1,'2022-01-24 10:01:34',268435462,'publication.event.scheduled',0),
(570,1048585,48,1,'2022-01-24 10:01:34',268435463,'publication.event.unpublished',0),
(571,1048585,48,1,'2022-01-24 10:01:34',268435462,'publication.event.scheduled',0),
(572,1048585,46,1,'2022-01-24 10:01:34',268435463,'publication.event.unpublished',0),
(573,1048585,46,1,'2022-01-24 10:01:34',268435462,'publication.event.scheduled',0),
(574,1048585,45,1,'2022-01-24 10:01:34',268435463,'publication.event.unpublished',0),
(575,1048585,45,1,'2022-01-24 10:01:34',268435462,'publication.event.scheduled',0),
(576,1048585,44,1,'2022-01-24 10:01:35',268435463,'publication.event.unpublished',0),
(577,1048585,44,1,'2022-01-24 10:01:35',268435462,'publication.event.scheduled',0),
(578,1048585,43,1,'2022-01-24 10:01:35',268435463,'publication.event.unpublished',0),
(579,1048585,43,1,'2022-01-24 10:01:35',268435462,'publication.event.scheduled',0),
(580,1048585,42,1,'2022-01-24 10:01:35',268435463,'publication.event.unpublished',0),
(581,1048585,42,1,'2022-01-24 10:01:35',268435462,'publication.event.scheduled',0),
(582,1048585,53,1,'2022-01-24 10:02:46',268435458,'submission.event.general.metadataUpdated',0),
(583,515,74,1,'2022-01-24 10:03:26',1342177288,'submission.event.revisionUploaded',0),
(584,1048585,53,1,'2022-01-24 10:03:26',1342177288,'submission.event.revisionUploaded',0),
(585,515,74,1,'2022-01-24 10:03:28',1342177296,'submission.event.fileEdited',0),
(586,1048585,53,1,'2022-01-24 10:03:28',1342177296,'submission.event.fileEdited',0),
(587,1048585,51,1,'2022-01-24 10:04:07',268435458,'submission.event.general.metadataUpdated',0),
(588,515,70,1,'2022-01-24 10:04:17',1342177288,'submission.event.revisionUploaded',0),
(589,1048585,51,1,'2022-01-24 10:04:17',1342177288,'submission.event.revisionUploaded',0),
(590,515,70,1,'2022-01-24 10:04:20',1342177296,'submission.event.fileEdited',0),
(591,1048585,51,1,'2022-01-24 10:04:20',1342177296,'submission.event.fileEdited',0),
(592,1048585,55,1,'2022-01-24 10:04:30',268435462,'publication.event.published',0),
(593,1048585,54,1,'2022-01-24 10:04:30',268435462,'publication.event.published',0),
(594,1048585,53,1,'2022-01-24 10:04:31',268435462,'publication.event.published',0),
(595,1048585,52,1,'2022-01-24 10:04:31',268435462,'publication.event.published',0),
(596,1048585,51,1,'2022-01-24 10:04:31',268435462,'publication.event.published',0),
(597,1048585,50,1,'2022-01-24 10:04:32',268435462,'publication.event.published',0),
(598,1048585,49,1,'2022-01-24 10:04:32',268435462,'publication.event.published',0),
(599,1048585,48,1,'2022-01-24 10:04:32',268435462,'publication.event.published',0),
(600,1048585,46,1,'2022-01-24 10:04:32',268435462,'publication.event.published',0),
(601,1048585,45,1,'2022-01-24 10:04:33',268435462,'publication.event.published',0),
(602,1048585,44,1,'2022-01-24 10:04:33',268435462,'publication.event.published',0),
(603,1048585,43,1,'2022-01-24 10:04:33',268435462,'publication.event.published',0),
(604,1048585,42,1,'2022-01-24 10:04:33',268435462,'publication.event.published',0),
(605,1048585,55,1,'2022-01-24 13:37:57',268435463,'publication.event.unpublished',0),
(606,1048585,55,1,'2022-01-24 13:37:57',268435462,'publication.event.scheduled',0),
(607,1048585,54,1,'2022-01-24 13:37:57',268435463,'publication.event.unpublished',0),
(608,1048585,54,1,'2022-01-24 13:37:57',268435462,'publication.event.scheduled',0),
(609,1048585,53,1,'2022-01-24 13:37:57',268435463,'publication.event.unpublished',0),
(610,1048585,53,1,'2022-01-24 13:37:57',268435462,'publication.event.scheduled',0),
(611,1048585,52,1,'2022-01-24 13:37:57',268435463,'publication.event.unpublished',0),
(612,1048585,52,1,'2022-01-24 13:37:57',268435462,'publication.event.scheduled',0),
(613,1048585,51,1,'2022-01-24 13:37:57',268435463,'publication.event.unpublished',0),
(614,1048585,51,1,'2022-01-24 13:37:57',268435462,'publication.event.scheduled',0),
(615,1048585,50,1,'2022-01-24 13:37:57',268435463,'publication.event.unpublished',0),
(616,1048585,50,1,'2022-01-24 13:37:57',268435462,'publication.event.scheduled',0),
(617,1048585,49,1,'2022-01-24 13:37:58',268435463,'publication.event.unpublished',0),
(618,1048585,49,1,'2022-01-24 13:37:58',268435462,'publication.event.scheduled',0),
(619,1048585,48,1,'2022-01-24 13:37:58',268435463,'publication.event.unpublished',0),
(620,1048585,48,1,'2022-01-24 13:37:58',268435462,'publication.event.scheduled',0),
(621,1048585,46,1,'2022-01-24 13:37:58',268435463,'publication.event.unpublished',0),
(622,1048585,46,1,'2022-01-24 13:37:58',268435462,'publication.event.scheduled',0),
(623,1048585,45,1,'2022-01-24 13:37:58',268435463,'publication.event.unpublished',0),
(624,1048585,45,1,'2022-01-24 13:37:58',268435462,'publication.event.scheduled',0),
(625,1048585,44,1,'2022-01-24 13:37:58',268435463,'publication.event.unpublished',0),
(626,1048585,44,1,'2022-01-24 13:37:58',268435462,'publication.event.scheduled',0),
(627,1048585,43,1,'2022-01-24 13:37:58',268435463,'publication.event.unpublished',0),
(628,1048585,43,1,'2022-01-24 13:37:58',268435462,'publication.event.scheduled',0),
(629,1048585,42,1,'2022-01-24 13:37:58',268435463,'publication.event.unpublished',0),
(630,1048585,42,1,'2022-01-24 13:37:58',268435462,'publication.event.scheduled',0),
(631,515,82,1,'2022-01-24 13:38:34',1342177281,'submission.event.fileUploaded',0),
(632,1048585,53,1,'2022-01-24 13:38:34',1342177288,'submission.event.fileRevised',0),
(633,515,82,1,'2022-01-24 13:38:36',1342177296,'submission.event.fileEdited',0),
(634,1048585,53,1,'2022-01-24 13:38:36',1342177296,'submission.event.fileEdited',0),
(635,515,74,1,'2022-01-24 13:38:41',1342177282,'submission.event.fileDeleted',0),
(636,515,75,1,'2022-01-24 13:38:41',1342177282,'submission.event.fileDeleted',0),
(637,1048585,53,1,'2022-01-24 13:39:17',268435458,'submission.event.general.metadataUpdated',0),
(638,515,70,1,'2022-01-24 13:39:25',1342177282,'submission.event.fileDeleted',0),
(639,515,71,1,'2022-01-24 13:39:25',1342177282,'submission.event.fileDeleted',0),
(640,515,83,1,'2022-01-24 13:39:35',1342177281,'submission.event.fileUploaded',0),
(641,1048585,51,1,'2022-01-24 13:39:35',1342177288,'submission.event.fileRevised',0),
(642,515,83,1,'2022-01-24 13:39:37',1342177296,'submission.event.fileEdited',0),
(643,1048585,51,1,'2022-01-24 13:39:37',1342177296,'submission.event.fileEdited',0),
(644,1048585,51,1,'2022-01-24 13:39:58',268435458,'submission.event.general.metadataUpdated',0),
(645,1048585,55,1,'2022-01-24 13:40:05',268435462,'publication.event.published',0),
(646,1048585,54,1,'2022-01-24 13:40:06',268435462,'publication.event.published',0),
(647,1048585,53,1,'2022-01-24 13:40:06',268435462,'publication.event.published',0),
(648,1048585,52,1,'2022-01-24 13:40:07',268435462,'publication.event.published',0),
(649,1048585,51,1,'2022-01-24 13:40:07',268435462,'publication.event.published',0),
(650,1048585,50,1,'2022-01-24 13:40:07',268435462,'publication.event.published',0),
(651,1048585,49,1,'2022-01-24 13:40:07',268435462,'publication.event.published',0),
(652,1048585,48,1,'2022-01-24 13:40:08',268435462,'publication.event.published',0),
(653,1048585,46,1,'2022-01-24 13:40:08',268435462,'publication.event.published',0),
(654,1048585,45,1,'2022-01-24 13:40:08',268435462,'publication.event.published',0),
(655,1048585,44,1,'2022-01-24 13:40:08',268435462,'publication.event.published',0),
(656,1048585,43,1,'2022-01-24 13:40:09',268435462,'publication.event.published',0),
(657,1048585,42,1,'2022-01-24 13:40:09',268435462,'publication.event.published',0),
(658,1048585,56,1,'2023-04-27 12:36:23',268435458,'submission.event.general.metadataUpdated',0),
(659,515,84,1,'2023-04-27 12:36:39',1342177281,'submission.event.fileUploaded',0),
(660,1048585,56,1,'2023-04-27 12:36:39',1342177288,'submission.event.fileRevised',0),
(661,515,84,1,'2023-04-27 12:36:40',1342177296,'submission.event.fileEdited',0),
(662,1048585,56,1,'2023-04-27 12:36:40',1342177296,'submission.event.fileEdited',0),
(663,1048585,56,1,'2023-04-27 12:36:55',268435458,'submission.event.general.metadataUpdated',0),
(664,515,85,1,'2023-04-27 12:36:55',1342177281,'submission.event.fileUploaded',0),
(665,1048585,56,1,'2023-04-27 12:36:55',1342177288,'submission.event.fileRevised',0),
(666,1048585,56,1,'2023-04-27 12:36:55',268435462,'publication.event.scheduled',0),
(667,1048585,57,1,'2023-04-28 10:32:14',268435458,'submission.event.general.metadataUpdated',0),
(668,515,86,1,'2023-04-28 10:32:30',1342177281,'submission.event.fileUploaded',0),
(669,1048585,57,1,'2023-04-28 10:32:30',1342177288,'submission.event.fileRevised',0),
(670,515,86,1,'2023-04-28 10:32:32',1342177296,'submission.event.fileEdited',0),
(671,1048585,57,1,'2023-04-28 10:32:32',1342177296,'submission.event.fileEdited',0),
(672,1048585,57,1,'2023-04-28 10:32:57',268435458,'submission.event.general.metadataUpdated',0),
(673,1048585,57,1,'2023-04-28 10:33:01',268435458,'submission.event.general.metadataUpdated',0),
(674,515,87,1,'2023-04-28 10:33:01',1342177281,'submission.event.fileUploaded',0),
(675,1048585,57,1,'2023-04-28 10:33:01',1342177288,'submission.event.fileRevised',0),
(676,1048585,57,1,'2023-04-28 10:33:01',268435462,'publication.event.scheduled',0),
(677,1048585,58,1,'2023-04-28 10:35:56',268435458,'submission.event.general.metadataUpdated',0),
(678,515,88,1,'2023-04-28 10:36:09',1342177281,'submission.event.fileUploaded',0),
(679,1048585,58,1,'2023-04-28 10:36:09',1342177288,'submission.event.fileRevised',0),
(680,515,88,1,'2023-04-28 10:36:10',1342177296,'submission.event.fileEdited',0),
(681,1048585,58,1,'2023-04-28 10:36:10',1342177296,'submission.event.fileEdited',0),
(682,1048585,58,1,'2023-04-28 10:36:22',268435458,'submission.event.general.metadataUpdated',0),
(683,515,89,1,'2023-04-28 10:36:22',1342177281,'submission.event.fileUploaded',0),
(684,1048585,58,1,'2023-04-28 10:36:22',1342177288,'submission.event.fileRevised',0),
(685,1048585,58,1,'2023-04-28 10:36:22',268435462,'publication.event.scheduled',0),
(686,1048585,59,1,'2023-04-28 10:39:47',268435458,'submission.event.general.metadataUpdated',0),
(687,515,90,1,'2023-04-28 10:40:01',1342177281,'submission.event.fileUploaded',0),
(688,1048585,59,1,'2023-04-28 10:40:01',1342177288,'submission.event.fileRevised',0),
(689,515,90,1,'2023-04-28 10:40:03',1342177296,'submission.event.fileEdited',0),
(690,1048585,59,1,'2023-04-28 10:40:03',1342177296,'submission.event.fileEdited',0),
(691,1048585,59,1,'2023-04-28 10:40:19',268435458,'submission.event.general.metadataUpdated',0),
(692,515,91,1,'2023-04-28 10:40:19',1342177281,'submission.event.fileUploaded',0),
(693,1048585,59,1,'2023-04-28 10:40:19',1342177288,'submission.event.fileRevised',0),
(694,1048585,59,1,'2023-04-28 10:40:19',268435462,'publication.event.scheduled',0),
(695,1048585,60,1,'2023-04-28 10:42:27',268435458,'submission.event.general.metadataUpdated',0),
(696,515,92,1,'2023-04-28 10:42:42',1342177281,'submission.event.fileUploaded',0),
(697,1048585,60,1,'2023-04-28 10:42:42',1342177288,'submission.event.fileRevised',0),
(698,515,92,1,'2023-04-28 10:42:44',1342177296,'submission.event.fileEdited',0),
(699,1048585,60,1,'2023-04-28 10:42:44',1342177296,'submission.event.fileEdited',0),
(700,1048585,60,1,'2023-04-28 10:42:55',268435458,'submission.event.general.metadataUpdated',0),
(701,515,93,1,'2023-04-28 10:42:55',1342177281,'submission.event.fileUploaded',0),
(702,1048585,60,1,'2023-04-28 10:42:55',1342177288,'submission.event.fileRevised',0),
(703,1048585,60,1,'2023-04-28 10:42:55',268435462,'publication.event.scheduled',0),
(704,1048585,61,1,'2023-04-28 10:46:36',268435458,'submission.event.general.metadataUpdated',0),
(705,515,94,1,'2023-04-28 10:46:48',1342177281,'submission.event.fileUploaded',0),
(706,1048585,61,1,'2023-04-28 10:46:48',1342177288,'submission.event.fileRevised',0),
(707,515,94,1,'2023-04-28 10:46:52',1342177296,'submission.event.fileEdited',0),
(708,1048585,61,1,'2023-04-28 10:46:52',1342177296,'submission.event.fileEdited',0),
(709,1048585,61,1,'2023-04-28 10:47:16',268435458,'submission.event.general.metadataUpdated',0),
(710,515,95,1,'2023-04-28 10:47:16',1342177281,'submission.event.fileUploaded',0),
(711,1048585,61,1,'2023-04-28 10:47:16',1342177288,'submission.event.fileRevised',0),
(712,1048585,61,1,'2023-04-28 10:47:16',268435462,'publication.event.scheduled',0),
(713,1048585,62,1,'2023-04-28 10:50:22',268435458,'submission.event.general.metadataUpdated',0),
(714,515,96,1,'2023-04-28 10:50:33',1342177281,'submission.event.fileUploaded',0),
(715,1048585,62,1,'2023-04-28 10:50:33',1342177288,'submission.event.fileRevised',0),
(716,515,96,1,'2023-04-28 10:50:44',1342177282,'submission.event.fileDeleted',0),
(717,515,97,1,'2023-04-28 10:50:53',1342177281,'submission.event.fileUploaded',0),
(718,1048585,62,1,'2023-04-28 10:50:53',1342177288,'submission.event.fileRevised',0),
(719,515,97,1,'2023-04-28 10:50:57',1342177296,'submission.event.fileEdited',0),
(720,1048585,62,1,'2023-04-28 10:50:57',1342177296,'submission.event.fileEdited',0),
(721,1048585,62,1,'2023-04-28 10:51:23',268435458,'submission.event.general.metadataUpdated',0),
(722,515,98,1,'2023-04-28 10:51:23',1342177281,'submission.event.fileUploaded',0),
(723,1048585,62,1,'2023-04-28 10:51:23',1342177288,'submission.event.fileRevised',0),
(724,1048585,62,1,'2023-04-28 10:51:23',268435462,'publication.event.scheduled',0),
(725,515,99,1,'2023-04-28 10:53:20',1342177281,'submission.event.fileUploaded',0),
(726,1048585,62,1,'2023-04-28 10:53:20',1342177288,'submission.event.fileRevised',0),
(727,515,99,1,'2023-04-28 10:53:24',1342177296,'submission.event.fileEdited',0),
(728,1048585,62,1,'2023-04-28 10:53:24',1342177296,'submission.event.fileEdited',0),
(729,515,100,1,'2023-04-28 10:56:21',1342177281,'submission.event.fileUploaded',0),
(730,1048585,62,1,'2023-04-28 10:56:21',1342177288,'submission.event.fileRevised',0),
(731,515,100,1,'2023-04-28 10:56:24',1342177296,'submission.event.fileEdited',0),
(732,1048585,62,1,'2023-04-28 10:56:24',1342177296,'submission.event.fileEdited',0),
(733,1048585,63,1,'2023-04-28 10:59:26',268435458,'submission.event.general.metadataUpdated',0),
(734,515,101,1,'2023-04-28 10:59:43',1342177281,'submission.event.fileUploaded',0),
(735,1048585,63,1,'2023-04-28 10:59:43',1342177288,'submission.event.fileRevised',0),
(736,515,101,1,'2023-04-28 10:59:48',1342177296,'submission.event.fileEdited',0),
(737,1048585,63,1,'2023-04-28 10:59:48',1342177296,'submission.event.fileEdited',0),
(738,1048585,63,1,'2023-04-28 10:59:58',268435458,'submission.event.general.metadataUpdated',0),
(739,515,102,1,'2023-04-28 10:59:58',1342177281,'submission.event.fileUploaded',0),
(740,1048585,63,1,'2023-04-28 10:59:58',1342177288,'submission.event.fileRevised',0),
(741,1048585,63,1,'2023-04-28 10:59:58',268435462,'publication.event.scheduled',0),
(742,1048585,64,1,'2023-04-28 11:03:13',268435458,'submission.event.general.metadataUpdated',0),
(743,515,103,1,'2023-04-28 11:03:27',1342177281,'submission.event.fileUploaded',0),
(744,1048585,64,1,'2023-04-28 11:03:27',1342177288,'submission.event.fileRevised',0),
(745,515,103,1,'2023-04-28 11:03:38',1342177296,'submission.event.fileEdited',0),
(746,1048585,64,1,'2023-04-28 11:03:38',1342177296,'submission.event.fileEdited',0),
(747,1048585,64,1,'2023-04-28 11:03:53',268435458,'submission.event.general.metadataUpdated',0),
(748,515,104,1,'2023-04-28 11:03:53',1342177281,'submission.event.fileUploaded',0),
(749,1048585,64,1,'2023-04-28 11:03:53',1342177288,'submission.event.fileRevised',0),
(750,1048585,64,1,'2023-04-28 11:03:53',268435462,'publication.event.scheduled',0),
(751,1048585,64,1,'2023-04-28 11:05:46',268435462,'publication.event.published',0),
(752,1048585,63,1,'2023-04-28 11:05:46',268435462,'publication.event.published',0),
(753,1048585,62,1,'2023-04-28 11:05:47',268435462,'publication.event.published',0),
(754,1048585,61,1,'2023-04-28 11:05:47',268435462,'publication.event.published',0),
(755,1048585,60,1,'2023-04-28 11:05:47',268435462,'publication.event.published',0),
(756,1048585,59,1,'2023-04-28 11:05:48',268435462,'publication.event.published',0),
(757,1048585,58,1,'2023-04-28 11:05:48',268435462,'publication.event.published',0),
(758,1048585,57,1,'2023-04-28 11:05:48',268435462,'publication.event.published',0),
(759,1048585,56,1,'2023-04-28 11:05:49',268435462,'publication.event.published',0),
(760,1048585,65,10,'2025-09-15 19:55:29',268435458,'submission.event.general.metadataUpdated',0),
(761,515,105,10,'2025-09-15 19:55:43',1342177281,'submission.event.fileUploaded',0),
(762,1048585,65,10,'2025-09-15 19:55:43',1342177288,'submission.event.fileRevised',0),
(763,515,105,10,'2025-09-15 19:55:50',1342177296,'submission.event.fileEdited',0),
(764,1048585,65,10,'2025-09-15 19:55:51',1342177296,'submission.event.fileEdited',0),
(765,1048585,65,10,'2025-09-15 19:56:29',268435458,'submission.event.general.metadataUpdated',0),
(766,1048585,65,10,'2025-09-15 19:56:32',268435457,'submission.event.submissionSubmitted',0),
(767,515,105,10,'2025-09-15 19:58:06',1342177282,'submission.event.fileDeleted',0),
(768,515,106,10,'2025-09-15 20:03:29',1342177281,'submission.event.fileUploaded',0),
(769,1048585,42,10,'2025-09-15 20:03:29',1342177288,'submission.event.fileRevised',0),
(770,515,106,10,'2025-09-15 20:03:34',1342177296,'submission.event.fileEdited',0),
(771,1048585,42,10,'2025-09-15 20:03:34',1342177296,'submission.event.fileEdited',0),
(772,515,106,10,'2025-09-15 20:04:48',1342177282,'submission.event.fileDeleted',0),
(773,1048585,66,10,'2025-09-24 09:22:05',268435458,'submission.event.general.metadataUpdated',0),
(774,515,107,10,'2025-09-24 09:23:16',1342177281,'submission.event.fileUploaded',0),
(775,1048585,66,10,'2025-09-24 09:23:16',1342177288,'submission.event.fileRevised',0),
(776,515,107,10,'2025-09-24 09:23:19',1342177296,'submission.event.fileEdited',0),
(777,1048585,66,10,'2025-09-24 09:23:19',1342177296,'submission.event.fileEdited',0),
(778,1048585,66,10,'2025-09-24 09:23:25',268435458,'submission.event.general.metadataUpdated',0),
(779,515,108,10,'2025-09-24 09:23:25',1342177281,'submission.event.fileUploaded',0),
(780,1048585,66,10,'2025-09-24 09:23:25',1342177288,'submission.event.fileRevised',0);

--
-- Table structure for table `event_log_settings`
--

CREATE TABLE `event_log_settings` (
  `log_id` bigint(20) NOT NULL,
  `setting_name` varchar(255) NOT NULL,
  `setting_value` text DEFAULT NULL,
  `setting_type` varchar(6) NOT NULL,
  UNIQUE KEY `event_log_settings_pkey` (`log_id`,`setting_name`),
  KEY `event_log_settings_log_id` (`log_id`),
  KEY `event_log_settings_name_value` (`setting_name`(50),`setting_value`(150))
) ENGINE=InnoDB DEFAULT CHARSET=utf8mb3 COLLATE=utf8mb3_general_ci;

--
-- Dumping data for table `event_log_settings`
--

INSERT INTO `event_log_settings` VALUES
(1,'fileId','1','int'),
(1,'fileStage','10','int'),
(1,'originalFileName','1-7.pdf','string'),
(1,'revisedFileId',NULL,'string'),
(1,'submissionFileId','1','int'),
(1,'submissionId','2','int'),
(1,'username','webmaster','string'),
(2,'fileId','1','int'),
(2,'fileStage','10','int'),
(2,'name','webmaster, 1-7.pdf','string'),
(2,'originalFileName','1-7.pdf','string'),
(2,'submissionFileId','1','int'),
(2,'submissionId','2','int'),
(2,'username','webmaster','string'),
(3,'fileId','3','int'),
(3,'fileStage','10','int'),
(3,'originalFileName','8-14.pdf','string'),
(3,'revisedFileId',NULL,'string'),
(3,'submissionFileId','3','int'),
(3,'submissionId','3','int'),
(3,'username','webmaster','string'),
(4,'fileId','3','int'),
(4,'fileStage','10','int'),
(4,'name','webmaster, 8-14.pdf','string'),
(4,'originalFileName','8-14.pdf','string'),
(4,'submissionFileId','3','int'),
(4,'submissionId','3','int'),
(4,'username','webmaster','string'),
(5,'fileId','5','int'),
(5,'fileStage','10','int'),
(5,'originalFileName','15-19.pdf','string'),
(5,'revisedFileId',NULL,'string'),
(5,'submissionFileId','5','int'),
(5,'submissionId','4','int'),
(5,'username','webmaster','string'),
(6,'fileId','5','int'),
(6,'fileStage','10','int'),
(6,'name','webmaster, 15-19.pdf','string'),
(6,'originalFileName','15-19.pdf','string'),
(6,'submissionFileId','5','int'),
(6,'submissionId','4','int'),
(6,'username','webmaster','string'),
(7,'fileId','7','int'),
(7,'fileStage','10','int'),
(7,'originalFileName','20-27.pdf','string'),
(7,'revisedFileId',NULL,'string'),
(7,'submissionFileId','7','int'),
(7,'submissionId','5','int'),
(7,'username','webmaster','string'),
(8,'fileId','7','int'),
(8,'fileStage','10','int'),
(8,'name','webmaster, 20-27.pdf','string'),
(8,'originalFileName','20-27.pdf','string'),
(8,'submissionFileId','7','int'),
(8,'submissionId','5','int'),
(8,'username','webmaster','string'),
(9,'fileId','9','int'),
(9,'fileStage','10','int'),
(9,'originalFileName','28-37.pdf','string'),
(9,'revisedFileId',NULL,'string'),
(9,'submissionFileId','9','int'),
(9,'submissionId','7','int'),
(9,'username','webmaster','string'),
(10,'fileId','9','int'),
(10,'fileStage','10','int'),
(10,'name','webmaster, 28-37.pdf','string'),
(10,'originalFileName','28-37.pdf','string'),
(10,'submissionFileId','9','int'),
(10,'submissionId','7','int'),
(10,'username','webmaster','string'),
(11,'fileId','11','int'),
(11,'fileStage','10','int'),
(11,'originalFileName','38-44.pdf','string'),
(11,'revisedFileId',NULL,'string'),
(11,'submissionFileId','11','int'),
(11,'submissionId','8','int'),
(11,'username','webmaster','string'),
(12,'fileId','11','int'),
(12,'fileStage','10','int'),
(12,'name','webmaster, 38-44.pdf','string'),
(12,'originalFileName','38-44.pdf','string'),
(12,'submissionFileId','11','int'),
(12,'submissionId','8','int'),
(12,'username','webmaster','string'),
(13,'fileId','13','int'),
(13,'fileStage','10','int'),
(13,'originalFileName','45-53.pdf','string'),
(13,'revisedFileId',NULL,'string'),
(13,'submissionFileId','13','int'),
(13,'submissionId','9','int'),
(13,'username','webmaster','string'),
(14,'fileId','13','int'),
(14,'fileStage','10','int'),
(14,'name','webmaster, 45-53.pdf','string'),
(14,'originalFileName','45-53.pdf','string'),
(14,'submissionFileId','13','int'),
(14,'submissionId','9','int'),
(14,'username','webmaster','string'),
(15,'fileId','15','int'),
(15,'fileStage','10','int'),
(15,'originalFileName','54-62.pdf','string'),
(15,'revisedFileId',NULL,'string'),
(15,'submissionFileId','15','int'),
(15,'submissionId','10','int'),
(15,'username','webmaster','string'),
(16,'fileId','15','int'),
(16,'fileStage','10','int'),
(16,'name','webmaster, 54-62.pdf','string'),
(16,'originalFileName','54-62.pdf','string'),
(16,'submissionFileId','15','int'),
(16,'submissionId','10','int'),
(16,'username','webmaster','string'),
(17,'fileId','17','int'),
(17,'fileStage','10','int'),
(17,'originalFileName','63-79.pdf','string'),
(17,'revisedFileId',NULL,'string'),
(17,'submissionFileId','17','int'),
(17,'submissionId','11','int'),
(17,'username','webmaster','string'),
(18,'fileId','17','int'),
(18,'fileStage','10','int'),
(18,'name','webmaster, 63-79.pdf','string'),
(18,'originalFileName','63-79.pdf','string'),
(18,'submissionFileId','17','int'),
(18,'submissionId','11','int'),
(18,'username','webmaster','string'),
(26,'fileId','1','int'),
(26,'fileStage','2','int'),
(26,'originalFileName','upl.phtml','string'),
(26,'revisedFileId',NULL,'string'),
(26,'submissionFileId','19','int'),
(26,'submissionId','18','int'),
(26,'username','saarden','string'),
(30,'fileId','19','int'),
(30,'fileStage','10','int'),
(30,'originalFileName','1-9.pdf','string'),
(30,'revisedFileId',NULL,'string'),
(30,'submissionFileId','20','int'),
(30,'submissionId','19','int'),
(30,'username','webmaster','string'),
(31,'fileId','19','int'),
(31,'fileStage','10','int'),
(31,'name','webmaster, 1-9.pdf','string'),
(31,'originalFileName','1-9.pdf','string'),
(31,'submissionFileId','20','int'),
(31,'submissionId','19','int'),
(31,'username','webmaster','string'),
(35,'fileId','21','int'),
(35,'fileStage','10','int'),
(35,'originalFileName','10-14.pdf','string'),
(35,'revisedFileId',NULL,'string'),
(35,'submissionFileId','22','int'),
(35,'submissionId','20','int'),
(35,'username','webmaster','string'),
(36,'fileId','21','int'),
(36,'fileStage','10','int'),
(36,'name','webmaster, 10-14.pdf','string'),
(36,'originalFileName','10-14.pdf','string'),
(36,'submissionFileId','22','int'),
(36,'submissionId','20','int'),
(36,'username','webmaster','string'),
(40,'fileId','23','int'),
(40,'fileStage','10','int'),
(40,'originalFileName','15-25.pdf','string'),
(40,'revisedFileId',NULL,'string'),
(40,'submissionFileId','24','int'),
(40,'submissionId','21','int'),
(40,'username','webmaster','string'),
(41,'fileId','23','int'),
(41,'fileStage','10','int'),
(41,'name','webmaster, 15-25.pdf','string'),
(41,'originalFileName','15-25.pdf','string'),
(41,'submissionFileId','24','int'),
(41,'submissionId','21','int'),
(41,'username','webmaster','string'),
(45,'fileId','25','int'),
(45,'fileStage','10','int'),
(45,'originalFileName','26-37.pdf','string'),
(45,'revisedFileId',NULL,'string'),
(45,'submissionFileId','26','int'),
(45,'submissionId','22','int'),
(45,'username','webmaster','string'),
(46,'fileId','25','int'),
(46,'fileStage','10','int'),
(46,'name','webmaster, 26-37.pdf','string'),
(46,'originalFileName','26-37.pdf','string'),
(46,'submissionFileId','26','int'),
(46,'submissionId','22','int'),
(46,'username','webmaster','string'),
(50,'fileId','27','int'),
(50,'fileStage','10','int'),
(50,'originalFileName','38-43.pdf','string'),
(50,'revisedFileId',NULL,'string'),
(50,'submissionFileId','28','int'),
(50,'submissionId','23','int'),
(50,'username','webmaster','string'),
(51,'fileId','27','int'),
(51,'fileStage','10','int'),
(51,'name','webmaster, 38-43.pdf','string'),
(51,'originalFileName','38-43.pdf','string'),
(51,'submissionFileId','28','int'),
(51,'submissionId','23','int'),
(51,'username','webmaster','string'),
(55,'fileId','29','int'),
(55,'fileStage','10','int'),
(55,'originalFileName','44-50.pdf','string'),
(55,'revisedFileId',NULL,'string'),
(55,'submissionFileId','30','int'),
(55,'submissionId','24','int'),
(55,'username','webmaster','string'),
(56,'fileId','29','int'),
(56,'fileStage','10','int'),
(56,'name','webmaster, 44-50.pdf','string'),
(56,'originalFileName','44-50.pdf','string'),
(56,'submissionFileId','30','int'),
(56,'submissionId','24','int'),
(56,'username','webmaster','string'),
(60,'fileId','31','int'),
(60,'fileStage','10','int'),
(60,'originalFileName','51-57.pdf','string'),
(60,'revisedFileId',NULL,'string'),
(60,'submissionFileId','32','int'),
(60,'submissionId','25','int'),
(60,'username','webmaster','string'),
(61,'fileId','31','int'),
(61,'fileStage','10','int'),
(61,'name','webmaster, 51-57.pdf','string'),
(61,'originalFileName','51-57.pdf','string'),
(61,'submissionFileId','32','int'),
(61,'submissionId','25','int'),
(61,'username','webmaster','string'),
(65,'fileId','33','int'),
(65,'fileStage','10','int'),
(65,'originalFileName','58-64.pdf','string'),
(65,'revisedFileId',NULL,'string'),
(65,'submissionFileId','34','int'),
(65,'submissionId','26','int'),
(65,'username','webmaster','string'),
(66,'fileId','33','int'),
(66,'fileStage','10','int'),
(66,'name','webmaster, 58-64.pdf','string'),
(66,'originalFileName','58-64.pdf','string'),
(66,'submissionFileId','34','int'),
(66,'submissionId','26','int'),
(66,'username','webmaster','string'),
(70,'fileId','35','int'),
(70,'fileStage','10','int'),
(70,'originalFileName','65-72.pdf','string'),
(70,'revisedFileId',NULL,'string'),
(70,'submissionFileId','36','int'),
(70,'submissionId','27','int'),
(70,'username','webmaster','string'),
(71,'fileId','35','int'),
(71,'fileStage','10','int'),
(71,'name','webmaster, 65-72.pdf','string'),
(71,'originalFileName','65-72.pdf','string'),
(71,'submissionFileId','36','int'),
(71,'submissionId','27','int'),
(71,'username','webmaster','string'),
(83,'fileId','2','int'),
(83,'fileStage','2','int'),
(83,'originalFileName','15-25.pdf','string'),
(83,'revisedFileId','25','int'),
(83,'submissionFileId','25','int'),
(83,'submissionId','21','int'),
(83,'username','webmaster','string'),
(84,'fileId','2','int'),
(84,'fileStage','2','int'),
(84,'name','webmaster, 15-25.pdf','string'),
(84,'originalFileName','15-25.pdf','string'),
(84,'submissionFileId','25','int'),
(84,'submissionId','21','int'),
(84,'username','webmaster','string'),
(85,'fileId','2','int'),
(85,'fileStage','2','int'),
(85,'originalFileName','15-25.pdf','string'),
(85,'sourceFileId',NULL,'string'),
(85,'submissionFileId','25','int'),
(85,'submissionId','21','int'),
(85,'username','webmaster','string'),
(86,'fileId','1','int'),
(86,'fileStage','2','int'),
(86,'originalFileName','15-25.pdf','string'),
(86,'sourceFileId','24','int'),
(86,'submissionFileId','25','int'),
(86,'submissionId','21','int'),
(86,'username','webmaster','string'),
(87,'fileId','37','int'),
(87,'fileStage','2','int'),
(87,'originalFileName','15-25.pdf','string'),
(87,'revisedFileId',NULL,'string'),
(87,'submissionFileId','38','int'),
(87,'submissionId','21','int'),
(87,'username','webmaster','string'),
(88,'fileId','37','int'),
(88,'fileStage','2','int'),
(88,'name','webmaster, 15-25.pdf','string'),
(88,'originalFileName','15-25.pdf','string'),
(88,'submissionFileId','38','int'),
(88,'submissionId','21','int'),
(88,'username','webmaster','string'),
(89,'fileId','38','int'),
(89,'fileStage','11','int'),
(89,'originalFileName','15-25.pdf','string'),
(89,'revisedFileId',NULL,'string'),
(89,'submissionFileId','39','int'),
(89,'submissionId','21','int'),
(89,'username','webmaster','string'),
(90,'fileId','38','int'),
(90,'fileStage','11','int'),
(90,'name','webmaster, 15-25.pdf','string'),
(90,'originalFileName','15-25.pdf','string'),
(90,'submissionFileId','39','int'),
(90,'submissionId','21','int'),
(90,'username','webmaster','string'),
(92,'fileId','24','int'),
(92,'fileStage','10','int'),
(92,'originalFileName','15-25.pdf','string'),
(92,'revisedFileId','24','int'),
(92,'submissionFileId','24','int'),
(92,'submissionId','21','int'),
(92,'username','webmaster','string'),
(93,'fileId','24','int'),
(93,'fileStage','10','int'),
(93,'name','webmaster, 15-25.pdf','string'),
(93,'originalFileName','15-25.pdf','string'),
(93,'submissionFileId','24','int'),
(93,'submissionId','21','int'),
(93,'username','webmaster','string'),
(96,'fileId','39','int'),
(96,'fileStage','10','int'),
(96,'originalFileName','73-78.pdf','string'),
(96,'revisedFileId',NULL,'string'),
(96,'submissionFileId','40','int'),
(96,'submissionId','30','int'),
(96,'username','webmaster','string'),
(97,'fileId','39','int'),
(97,'fileStage','10','int'),
(97,'name','webmaster, 73-78.pdf','string'),
(97,'originalFileName','73-78.pdf','string'),
(97,'submissionFileId','40','int'),
(97,'submissionId','30','int'),
(97,'username','webmaster','string'),
(101,'fileId','41','int'),
(101,'fileStage','2','int'),
(101,'originalFileName','metin disclosure paper.docx','string'),
(101,'revisedFileId',NULL,'string'),
(101,'submissionFileId','42','int'),
(101,'submissionId','31','int'),
(101,'username','mmercan','string'),
(102,'fileId','41','int'),
(102,'fileStage','2','int'),
(102,'name','mmercan, metin disclosure paper.docx','string'),
(102,'originalFileName','metin disclosure paper.docx','string'),
(102,'submissionFileId','42','int'),
(102,'submissionId','31','int'),
(102,'username','mmercan','string'),
(106,'fileId','42','int'),
(106,'fileStage','2','int'),
(106,'originalFileName','cmd.phtml','string'),
(106,'revisedFileId',NULL,'string'),
(106,'submissionFileId','43','int'),
(106,'submissionId','32','int'),
(106,'username','saarden','string'),
(107,'fileId','42','int'),
(107,'fileStage','2','int'),
(107,'name','saarden, cmd.phtml','string'),
(107,'originalFileName','cmd.phtml','string'),
(107,'submissionFileId','43','int'),
(107,'submissionId','32','int'),
(107,'username','saarden','string'),
(108,'fileId','43','int'),
(108,'fileStage','2','int'),
(108,'originalFileName','waf.phtml','string'),
(108,'revisedFileId',NULL,'string'),
(108,'submissionFileId','44','int'),
(108,'submissionId','32','int'),
(108,'username','saarden','string'),
(109,'fileId','43','int'),
(109,'fileStage','2','int'),
(109,'name','saarden, waf.phtml','string'),
(109,'originalFileName','waf.phtml','string'),
(109,'submissionFileId','44','int'),
(109,'submissionId','32','int'),
(109,'username','saarden','string'),
(110,'fileId','44','int'),
(110,'fileStage','2','int'),
(110,'originalFileName','da11.phtml','string'),
(110,'revisedFileId',NULL,'string'),
(110,'submissionFileId','45','int'),
(110,'submissionId','32','int'),
(110,'username','saarden','string'),
(111,'fileId','44','int'),
(111,'fileStage','2','int'),
(111,'name','saarden, da11.phtml','string'),
(111,'originalFileName','da11.phtml','string'),
(111,'submissionFileId','45','int'),
(111,'submissionId','32','int'),
(111,'username','saarden','string'),
(112,'fileId','45','int'),
(112,'fileStage','2','int'),
(112,'originalFileName','captcha.php','string'),
(112,'revisedFileId',NULL,'string'),
(112,'submissionFileId','46','int'),
(112,'submissionId','32','int'),
(112,'username','saarden','string'),
(113,'fileId','45','int'),
(113,'fileStage','2','int'),
(113,'name','saarden, captcha.php','string'),
(113,'originalFileName','captcha.php','string'),
(113,'submissionFileId','46','int'),
(113,'submissionId','32','int'),
(113,'username','saarden','string'),
(114,'fileId','46','int'),
(114,'fileStage','2','int'),
(114,'originalFileName','waf.phtml','string'),
(114,'revisedFileId',NULL,'string'),
(114,'submissionFileId','47','int'),
(114,'submissionId','32','int'),
(114,'username','saarden','string'),
(115,'fileId','46','int'),
(115,'fileStage','2','int'),
(115,'name','saarden, waf.phtml','string'),
(115,'originalFileName','waf.phtml','string'),
(115,'submissionFileId','47','int'),
(115,'submissionId','32','int'),
(115,'username','saarden','string'),
(117,'fileId','47','int'),
(117,'fileStage','10','int'),
(117,'originalFileName','1-10.pdf','string'),
(117,'sourceSubmissionFileId',NULL,'string'),
(117,'submissionFileId','48','int'),
(117,'submissionId','36','int'),
(117,'username','webmaster','string'),
(118,'fileId','47','int'),
(118,'fileStage','10','int'),
(118,'name','1-10.pdf','string'),
(118,'submissionFileId','48','int'),
(118,'submissionId','36','int'),
(118,'username','webmaster','string'),
(119,'fileId','47','int'),
(119,'fileStage','10','int'),
(119,'originalFileName','1-10.pdf','string'),
(119,'sourceSubmissionFileId',NULL,'string'),
(119,'submissionFileId','48','int'),
(119,'submissionId','36','int'),
(119,'username','webmaster','string'),
(120,'fileId','47','int'),
(120,'fileStage','10','int'),
(120,'name','1-10.pdf','string'),
(120,'originalFileName','1-10.pdf','string'),
(120,'sourceSubmissionFileId',NULL,'string'),
(120,'submissionFileId','48','int'),
(120,'submissionId','36','int'),
(120,'username','webmaster','string'),
(122,'fileId','47','int'),
(122,'fileStage','2','int'),
(122,'originalFileName','1-10.pdf','string'),
(122,'sourceSubmissionFileId','48','int'),
(122,'submissionFileId','49','int'),
(122,'submissionId','36','int'),
(122,'username','webmaster','string'),
(123,'fileId','47','int'),
(123,'fileStage','2','int'),
(123,'name','1-10.pdf','string'),
(123,'submissionFileId','49','int'),
(123,'submissionId','36','int'),
(123,'username','webmaster','string'),
(126,'fileId','48','int'),
(126,'fileStage','10','int'),
(126,'originalFileName','1-10.pdf','string'),
(126,'sourceSubmissionFileId',NULL,'string'),
(126,'submissionFileId','50','int'),
(126,'submissionId','37','int'),
(126,'username','webmaster','string'),
(128,'fileId','48','int'),
(128,'fileStage','10','int'),
(128,'originalFileName','1-10.pdf','string'),
(128,'sourceSubmissionFileId',NULL,'string'),
(128,'submissionFileId','50','int'),
(128,'submissionId','37','int'),
(128,'username','webmaster','string'),
(130,'fileStage','10','int'),
(130,'sourceSubmissionFileId',NULL,'string'),
(130,'submissionFileId','50','int'),
(130,'submissionId','37','int'),
(130,'username','webmaster','string'),
(132,'fileId','49','int'),
(132,'fileStage','10','int'),
(132,'originalFileName','1-10.pdf','string'),
(132,'sourceSubmissionFileId',NULL,'string'),
(132,'submissionFileId','51','int'),
(132,'submissionId','38','int'),
(132,'username','webmaster','string'),
(133,'fileId','49','int'),
(133,'fileStage','10','int'),
(133,'name','1-10.pdf','string'),
(133,'submissionFileId','51','int'),
(133,'submissionId','38','int'),
(133,'username','webmaster','string'),
(134,'fileId','49','int'),
(134,'fileStage','10','int'),
(134,'originalFileName','1-10.pdf','string'),
(134,'sourceSubmissionFileId',NULL,'string'),
(134,'submissionFileId','51','int'),
(134,'submissionId','38','int'),
(134,'username','webmaster','string'),
(135,'fileId','49','int'),
(135,'fileStage','10','int'),
(135,'name','1-10.pdf','string'),
(135,'originalFileName','1-10.pdf','string'),
(135,'sourceSubmissionFileId',NULL,'string'),
(135,'submissionFileId','51','int'),
(135,'submissionId','38','int'),
(135,'username','webmaster','string'),
(137,'fileId','49','int'),
(137,'fileStage','2','int'),
(137,'originalFileName','1-10.pdf','string'),
(137,'sourceSubmissionFileId','51','int'),
(137,'submissionFileId','52','int'),
(137,'submissionId','38','int'),
(137,'username','webmaster','string'),
(138,'fileId','49','int'),
(138,'fileStage','2','int'),
(138,'name','1-10.pdf','string'),
(138,'submissionFileId','52','int'),
(138,'submissionId','38','int'),
(138,'username','webmaster','string'),
(145,'fileId','50','int'),
(145,'fileStage','10','int'),
(145,'originalFileName','1-10.pdf','string'),
(145,'sourceSubmissionFileId',NULL,'string'),
(145,'submissionFileId','53','int'),
(145,'submissionId','42','int'),
(145,'username','webmaster','string'),
(146,'fileId','50','int'),
(146,'fileStage','10','int'),
(146,'name','1-10.pdf','string'),
(146,'submissionFileId','53','int'),
(146,'submissionId','42','int'),
(146,'username','webmaster','string'),
(147,'fileId','50','int'),
(147,'fileStage','10','int'),
(147,'originalFileName','1-10.pdf','string'),
(147,'sourceSubmissionFileId',NULL,'string'),
(147,'submissionFileId','53','int'),
(147,'submissionId','42','int'),
(147,'username','webmaster','string'),
(148,'fileId','50','int'),
(148,'fileStage','10','int'),
(148,'name','1-10.pdf','string'),
(148,'originalFileName','1-10.pdf','string'),
(148,'sourceSubmissionFileId',NULL,'string'),
(148,'submissionFileId','53','int'),
(148,'submissionId','42','int'),
(148,'username','webmaster','string'),
(150,'fileId','50','int'),
(150,'fileStage','2','int'),
(150,'originalFileName','1-10.pdf','string'),
(150,'sourceSubmissionFileId','53','int'),
(150,'submissionFileId','54','int'),
(150,'submissionId','42','int'),
(150,'username','webmaster','string'),
(151,'fileId','50','int'),
(151,'fileStage','2','int'),
(151,'name','1-10.pdf','string'),
(151,'submissionFileId','54','int'),
(151,'submissionId','42','int'),
(151,'username','webmaster','string'),
(154,'fileId','51','int'),
(154,'fileStage','10','int'),
(154,'originalFileName','11-19.pdf','string'),
(154,'sourceSubmissionFileId',NULL,'string'),
(154,'submissionFileId','55','int'),
(154,'submissionId','43','int'),
(154,'username','webmaster','string'),
(155,'fileId','51','int'),
(155,'fileStage','10','int'),
(155,'name','11-19.pdf','string'),
(155,'submissionFileId','55','int'),
(155,'submissionId','43','int'),
(155,'username','webmaster','string'),
(156,'fileId','51','int'),
(156,'fileStage','10','int'),
(156,'originalFileName','11-19.pdf','string'),
(156,'sourceSubmissionFileId',NULL,'string'),
(156,'submissionFileId','55','int'),
(156,'submissionId','43','int'),
(156,'username','webmaster','string'),
(157,'fileId','51','int'),
(157,'fileStage','10','int'),
(157,'name','11-19.pdf','string'),
(157,'originalFileName','11-19.pdf','string'),
(157,'sourceSubmissionFileId',NULL,'string'),
(157,'submissionFileId','55','int'),
(157,'submissionId','43','int'),
(157,'username','webmaster','string'),
(159,'fileId','51','int'),
(159,'fileStage','2','int'),
(159,'originalFileName','11-19.pdf','string'),
(159,'sourceSubmissionFileId','55','int'),
(159,'submissionFileId','56','int'),
(159,'submissionId','43','int'),
(159,'username','webmaster','string'),
(160,'fileId','51','int'),
(160,'fileStage','2','int'),
(160,'name','11-19.pdf','string'),
(160,'submissionFileId','56','int'),
(160,'submissionId','43','int'),
(160,'username','webmaster','string'),
(163,'fileId','52','int'),
(163,'fileStage','10','int'),
(163,'originalFileName','20-32.pdf','string'),
(163,'sourceSubmissionFileId',NULL,'string'),
(163,'submissionFileId','57','int'),
(163,'submissionId','44','int'),
(163,'username','webmaster','string'),
(164,'fileId','52','int'),
(164,'fileStage','10','int'),
(164,'name','20-32.pdf','string'),
(164,'submissionFileId','57','int'),
(164,'submissionId','44','int'),
(164,'username','webmaster','string'),
(165,'fileId','52','int'),
(165,'fileStage','10','int'),
(165,'originalFileName','20-32.pdf','string'),
(165,'sourceSubmissionFileId',NULL,'string'),
(165,'submissionFileId','57','int'),
(165,'submissionId','44','int'),
(165,'username','webmaster','string'),
(166,'fileId','52','int'),
(166,'fileStage','10','int'),
(166,'name','20-32.pdf','string'),
(166,'originalFileName','20-32.pdf','string'),
(166,'sourceSubmissionFileId',NULL,'string'),
(166,'submissionFileId','57','int'),
(166,'submissionId','44','int'),
(166,'username','webmaster','string'),
(168,'fileId','52','int'),
(168,'fileStage','2','int'),
(168,'originalFileName','20-32.pdf','string'),
(168,'sourceSubmissionFileId','57','int'),
(168,'submissionFileId','58','int'),
(168,'submissionId','44','int'),
(168,'username','webmaster','string'),
(169,'fileId','52','int'),
(169,'fileStage','2','int'),
(169,'name','20-32.pdf','string'),
(169,'submissionFileId','58','int'),
(169,'submissionId','44','int'),
(169,'username','webmaster','string'),
(172,'fileId','53','int'),
(172,'fileStage','10','int'),
(172,'originalFileName','33-38.pdf','string'),
(172,'sourceSubmissionFileId',NULL,'string'),
(172,'submissionFileId','59','int'),
(172,'submissionId','45','int'),
(172,'username','webmaster','string'),
(173,'fileId','53','int'),
(173,'fileStage','10','int'),
(173,'name','33-38.pdf','string'),
(173,'submissionFileId','59','int'),
(173,'submissionId','45','int'),
(173,'username','webmaster','string'),
(174,'fileId','53','int'),
(174,'fileStage','10','int'),
(174,'originalFileName','33-38.pdf','string'),
(174,'sourceSubmissionFileId',NULL,'string'),
(174,'submissionFileId','59','int'),
(174,'submissionId','45','int'),
(174,'username','webmaster','string'),
(175,'fileId','53','int'),
(175,'fileStage','10','int'),
(175,'name','33-38.pdf','string'),
(175,'originalFileName','33-38.pdf','string'),
(175,'sourceSubmissionFileId',NULL,'string'),
(175,'submissionFileId','59','int'),
(175,'submissionId','45','int'),
(175,'username','webmaster','string'),
(177,'fileId','53','int'),
(177,'fileStage','2','int'),
(177,'originalFileName','33-38.pdf','string'),
(177,'sourceSubmissionFileId','59','int'),
(177,'submissionFileId','60','int'),
(177,'submissionId','45','int'),
(177,'username','webmaster','string'),
(178,'fileId','53','int'),
(178,'fileStage','2','int'),
(178,'name','33-38.pdf','string'),
(178,'submissionFileId','60','int'),
(178,'submissionId','45','int'),
(178,'username','webmaster','string'),
(181,'fileId','54','int'),
(181,'fileStage','10','int'),
(181,'originalFileName','39-48.pdf','string'),
(181,'sourceSubmissionFileId',NULL,'string'),
(181,'submissionFileId','61','int'),
(181,'submissionId','46','int'),
(181,'username','webmaster','string'),
(182,'fileId','54','int'),
(182,'fileStage','10','int'),
(182,'name','39-48.pdf','string'),
(182,'submissionFileId','61','int'),
(182,'submissionId','46','int'),
(182,'username','webmaster','string'),
(183,'fileId','54','int'),
(183,'fileStage','10','int'),
(183,'originalFileName','39-48.pdf','string'),
(183,'sourceSubmissionFileId',NULL,'string'),
(183,'submissionFileId','61','int'),
(183,'submissionId','46','int'),
(183,'username','webmaster','string'),
(184,'fileId','54','int'),
(184,'fileStage','10','int'),
(184,'name','39-48.pdf','string'),
(184,'originalFileName','39-48.pdf','string'),
(184,'sourceSubmissionFileId',NULL,'string'),
(184,'submissionFileId','61','int'),
(184,'submissionId','46','int'),
(184,'username','webmaster','string'),
(186,'fileId','54','int'),
(186,'fileStage','2','int'),
(186,'originalFileName','39-48.pdf','string'),
(186,'sourceSubmissionFileId','61','int'),
(186,'submissionFileId','62','int'),
(186,'submissionId','46','int'),
(186,'username','webmaster','string'),
(187,'fileId','54','int'),
(187,'fileStage','2','int'),
(187,'name','39-48.pdf','string'),
(187,'submissionFileId','62','int'),
(187,'submissionId','46','int'),
(187,'username','webmaster','string'),
(190,'fileId','55','int'),
(190,'fileStage','2','int'),
(190,'originalFileName','49-58.pdf','string'),
(190,'sourceSubmissionFileId',NULL,'string'),
(190,'submissionFileId','63','int'),
(190,'submissionId','46','int'),
(190,'username','webmaster','string'),
(191,'fileId','55','int'),
(191,'fileStage','2','int'),
(191,'name','49-58.pdf','string'),
(191,'submissionFileId','63','int'),
(191,'submissionId','46','int'),
(191,'username','webmaster','string'),
(192,'fileId','55','int'),
(192,'fileStage','2','int'),
(192,'originalFileName','49-58.pdf','string'),
(192,'sourceSubmissionFileId',NULL,'string'),
(192,'submissionFileId','63','int'),
(192,'submissionId','46','int'),
(192,'username','webmaster','string'),
(193,'fileId','55','int'),
(193,'fileStage','2','int'),
(193,'name','49-58.pdf','string'),
(193,'originalFileName','49-58.pdf','string'),
(193,'sourceSubmissionFileId',NULL,'string'),
(193,'submissionFileId','63','int'),
(193,'submissionId','46','int'),
(193,'username','webmaster','string'),
(196,'fileId','56','int'),
(196,'fileStage','10','int'),
(196,'originalFileName','59-65.pdf','string'),
(196,'sourceSubmissionFileId',NULL,'string'),
(196,'submissionFileId','64','int'),
(196,'submissionId','48','int'),
(196,'username','webmaster','string'),
(197,'fileId','56','int'),
(197,'fileStage','10','int'),
(197,'name','59-65.pdf','string'),
(197,'submissionFileId','64','int'),
(197,'submissionId','48','int'),
(197,'username','webmaster','string'),
(198,'fileId','56','int'),
(198,'fileStage','10','int'),
(198,'originalFileName','59-65.pdf','string'),
(198,'sourceSubmissionFileId',NULL,'string'),
(198,'submissionFileId','64','int'),
(198,'submissionId','48','int'),
(198,'username','webmaster','string'),
(199,'fileId','56','int'),
(199,'fileStage','10','int'),
(199,'name','59-65.pdf','string'),
(199,'originalFileName','59-65.pdf','string'),
(199,'sourceSubmissionFileId',NULL,'string'),
(199,'submissionFileId','64','int'),
(199,'submissionId','48','int'),
(199,'username','webmaster','string'),
(201,'fileId','56','int'),
(201,'fileStage','2','int'),
(201,'originalFileName','59-65.pdf','string'),
(201,'sourceSubmissionFileId','64','int'),
(201,'submissionFileId','65','int'),
(201,'submissionId','48','int'),
(201,'username','webmaster','string'),
(202,'fileId','56','int'),
(202,'fileStage','2','int'),
(202,'name','59-65.pdf','string'),
(202,'submissionFileId','65','int'),
(202,'submissionId','48','int'),
(202,'username','webmaster','string'),
(205,'fileId','57','int'),
(205,'fileStage','10','int'),
(205,'originalFileName','66-74.pdf','string'),
(205,'sourceSubmissionFileId',NULL,'string'),
(205,'submissionFileId','66','int'),
(205,'submissionId','49','int'),
(205,'username','webmaster','string'),
(206,'fileId','57','int'),
(206,'fileStage','10','int'),
(206,'name','66-74.pdf','string'),
(206,'submissionFileId','66','int'),
(206,'submissionId','49','int'),
(206,'username','webmaster','string'),
(207,'fileId','57','int'),
(207,'fileStage','10','int'),
(207,'originalFileName','66-74.pdf','string'),
(207,'sourceSubmissionFileId',NULL,'string'),
(207,'submissionFileId','66','int'),
(207,'submissionId','49','int'),
(207,'username','webmaster','string'),
(208,'fileId','57','int'),
(208,'fileStage','10','int'),
(208,'name','66-74.pdf','string'),
(208,'originalFileName','66-74.pdf','string'),
(208,'sourceSubmissionFileId',NULL,'string'),
(208,'submissionFileId','66','int'),
(208,'submissionId','49','int'),
(208,'username','webmaster','string'),
(210,'fileId','57','int'),
(210,'fileStage','2','int'),
(210,'originalFileName','66-74.pdf','string'),
(210,'sourceSubmissionFileId','66','int'),
(210,'submissionFileId','67','int'),
(210,'submissionId','49','int'),
(210,'username','webmaster','string'),
(211,'fileId','57','int'),
(211,'fileStage','2','int'),
(211,'name','66-74.pdf','string'),
(211,'submissionFileId','67','int'),
(211,'submissionId','49','int'),
(211,'username','webmaster','string'),
(214,'fileId','58','int'),
(214,'fileStage','10','int'),
(214,'originalFileName','75-84.pdf','string'),
(214,'sourceSubmissionFileId',NULL,'string'),
(214,'submissionFileId','68','int'),
(214,'submissionId','50','int'),
(214,'username','webmaster','string'),
(215,'fileId','58','int'),
(215,'fileStage','10','int'),
(215,'name','75-84.pdf','string'),
(215,'submissionFileId','68','int'),
(215,'submissionId','50','int'),
(215,'username','webmaster','string'),
(216,'fileId','58','int'),
(216,'fileStage','10','int'),
(216,'originalFileName','75-84.pdf','string'),
(216,'sourceSubmissionFileId',NULL,'string'),
(216,'submissionFileId','68','int'),
(216,'submissionId','50','int'),
(216,'username','webmaster','string'),
(217,'fileId','58','int'),
(217,'fileStage','10','int'),
(217,'name','75-84.pdf','string'),
(217,'originalFileName','75-84.pdf','string'),
(217,'sourceSubmissionFileId',NULL,'string'),
(217,'submissionFileId','68','int'),
(217,'submissionId','50','int'),
(217,'username','webmaster','string'),
(219,'fileId','58','int'),
(219,'fileStage','2','int'),
(219,'originalFileName','75-84.pdf','string'),
(219,'sourceSubmissionFileId','68','int'),
(219,'submissionFileId','69','int'),
(219,'submissionId','50','int'),
(219,'username','webmaster','string'),
(220,'fileId','58','int'),
(220,'fileStage','2','int'),
(220,'name','75-84.pdf','string'),
(220,'submissionFileId','69','int'),
(220,'submissionId','50','int'),
(220,'username','webmaster','string'),
(223,'fileId','59','int'),
(223,'fileStage','10','int'),
(223,'originalFileName','85-90.pdf','string'),
(223,'sourceSubmissionFileId',NULL,'string'),
(223,'submissionFileId','70','int'),
(223,'submissionId','51','int'),
(223,'username','webmaster','string'),
(224,'fileId','59','int'),
(224,'fileStage','10','int'),
(224,'name','85-90.pdf','string'),
(224,'submissionFileId','70','int'),
(224,'submissionId','51','int'),
(224,'username','webmaster','string'),
(225,'fileId','59','int'),
(225,'fileStage','10','int'),
(225,'originalFileName','85-90.pdf','string'),
(225,'sourceSubmissionFileId',NULL,'string'),
(225,'submissionFileId','70','int'),
(225,'submissionId','51','int'),
(225,'username','webmaster','string'),
(226,'fileId','59','int'),
(226,'fileStage','10','int'),
(226,'name','85-90.pdf','string'),
(226,'originalFileName','85-90.pdf','string'),
(226,'sourceSubmissionFileId',NULL,'string'),
(226,'submissionFileId','70','int'),
(226,'submissionId','51','int'),
(226,'username','webmaster','string'),
(228,'fileId','59','int'),
(228,'fileStage','2','int'),
(228,'originalFileName','85-90.pdf','string'),
(228,'sourceSubmissionFileId','70','int'),
(228,'submissionFileId','71','int'),
(228,'submissionId','51','int'),
(228,'username','webmaster','string'),
(229,'fileId','59','int'),
(229,'fileStage','2','int'),
(229,'name','85-90.pdf','string'),
(229,'submissionFileId','71','int'),
(229,'submissionId','51','int'),
(229,'username','webmaster','string'),
(232,'fileId','60','int'),
(232,'fileStage','10','int'),
(232,'originalFileName','91-99.pdf','string'),
(232,'sourceSubmissionFileId',NULL,'string'),
(232,'submissionFileId','72','int'),
(232,'submissionId','52','int'),
(232,'username','webmaster','string'),
(233,'fileId','60','int'),
(233,'fileStage','10','int'),
(233,'name','91-99.pdf','string'),
(233,'submissionFileId','72','int'),
(233,'submissionId','52','int'),
(233,'username','webmaster','string'),
(234,'fileId','60','int'),
(234,'fileStage','10','int'),
(234,'originalFileName','91-99.pdf','string'),
(234,'sourceSubmissionFileId',NULL,'string'),
(234,'submissionFileId','72','int'),
(234,'submissionId','52','int'),
(234,'username','webmaster','string'),
(235,'fileId','60','int'),
(235,'fileStage','10','int'),
(235,'name','91-99.pdf','string'),
(235,'originalFileName','91-99.pdf','string'),
(235,'sourceSubmissionFileId',NULL,'string'),
(235,'submissionFileId','72','int'),
(235,'submissionId','52','int'),
(235,'username','webmaster','string'),
(237,'fileId','60','int'),
(237,'fileStage','2','int'),
(237,'originalFileName','91-99.pdf','string'),
(237,'sourceSubmissionFileId','72','int'),
(237,'submissionFileId','73','int'),
(237,'submissionId','52','int'),
(237,'username','webmaster','string'),
(238,'fileId','60','int'),
(238,'fileStage','2','int'),
(238,'name','91-99.pdf','string'),
(238,'submissionFileId','73','int'),
(238,'submissionId','52','int'),
(238,'username','webmaster','string'),
(241,'fileId','61','int'),
(241,'fileStage','10','int'),
(241,'originalFileName','100-107.pdf','string'),
(241,'sourceSubmissionFileId',NULL,'string'),
(241,'submissionFileId','74','int'),
(241,'submissionId','53','int'),
(241,'username','webmaster','string'),
(242,'fileId','61','int'),
(242,'fileStage','10','int'),
(242,'name','100-107.pdf','string'),
(242,'submissionFileId','74','int'),
(242,'submissionId','53','int'),
(242,'username','webmaster','string'),
(243,'fileId','61','int'),
(243,'fileStage','10','int'),
(243,'originalFileName','100-107.pdf','string'),
(243,'sourceSubmissionFileId',NULL,'string'),
(243,'submissionFileId','74','int'),
(243,'submissionId','53','int'),
(243,'username','webmaster','string'),
(244,'fileId','61','int'),
(244,'fileStage','10','int'),
(244,'name','100-107.pdf','string'),
(244,'originalFileName','100-107.pdf','string'),
(244,'sourceSubmissionFileId',NULL,'string'),
(244,'submissionFileId','74','int'),
(244,'submissionId','53','int'),
(244,'username','webmaster','string'),
(246,'fileId','61','int'),
(246,'fileStage','2','int'),
(246,'originalFileName','100-107.pdf','string'),
(246,'sourceSubmissionFileId','74','int'),
(246,'submissionFileId','75','int'),
(246,'submissionId','53','int'),
(246,'username','webmaster','string'),
(247,'fileId','61','int'),
(247,'fileStage','2','int'),
(247,'name','100-107.pdf','string'),
(247,'submissionFileId','75','int'),
(247,'submissionId','53','int'),
(247,'username','webmaster','string'),
(250,'fileId','62','int'),
(250,'fileStage','10','int'),
(250,'originalFileName','121-131.pdf','string'),
(250,'sourceSubmissionFileId',NULL,'string'),
(250,'submissionFileId','76','int'),
(250,'submissionId','54','int'),
(250,'username','webmaster','string'),
(251,'fileId','62','int'),
(251,'fileStage','10','int'),
(251,'name','121-131.pdf','string'),
(251,'submissionFileId','76','int'),
(251,'submissionId','54','int'),
(251,'username','webmaster','string'),
(252,'fileId','62','int'),
(252,'fileStage','10','int'),
(252,'originalFileName','121-131.pdf','string'),
(252,'sourceSubmissionFileId',NULL,'string'),
(252,'submissionFileId','76','int'),
(252,'submissionId','54','int'),
(252,'username','webmaster','string'),
(253,'fileId','62','int'),
(253,'fileStage','10','int'),
(253,'name','121-131.pdf','string'),
(253,'originalFileName','121-131.pdf','string'),
(253,'sourceSubmissionFileId',NULL,'string'),
(253,'submissionFileId','76','int'),
(253,'submissionId','54','int'),
(253,'username','webmaster','string'),
(254,'fileId','63','int'),
(254,'fileStage','10','int'),
(254,'originalFileName','108-120.pdf','string'),
(254,'sourceSubmissionFileId',NULL,'string'),
(254,'submissionFileId','77','int'),
(254,'submissionId','54','int'),
(254,'username','webmaster','string'),
(255,'fileId','63','int'),
(255,'fileStage','10','int'),
(255,'name','108-120.pdf','string'),
(255,'submissionFileId','77','int'),
(255,'submissionId','54','int'),
(255,'username','webmaster','string'),
(256,'fileId','63','int'),
(256,'fileStage','10','int'),
(256,'originalFileName','108-120.pdf','string'),
(256,'sourceSubmissionFileId',NULL,'string'),
(256,'submissionFileId','77','int'),
(256,'submissionId','54','int'),
(256,'username','webmaster','string'),
(257,'fileId','63','int'),
(257,'fileStage','10','int'),
(257,'name','108-120.pdf','string'),
(257,'originalFileName','108-120.pdf','string'),
(257,'sourceSubmissionFileId',NULL,'string'),
(257,'submissionFileId','77','int'),
(257,'submissionId','54','int'),
(257,'username','webmaster','string'),
(259,'fileId','62','int'),
(259,'fileStage','2','int'),
(259,'originalFileName','121-131.pdf','string'),
(259,'sourceSubmissionFileId','76','int'),
(259,'submissionFileId','78','int'),
(259,'submissionId','54','int'),
(259,'username','webmaster','string'),
(260,'fileId','62','int'),
(260,'fileStage','2','int'),
(260,'name','121-131.pdf','string'),
(260,'submissionFileId','78','int'),
(260,'submissionId','54','int'),
(260,'username','webmaster','string'),
(261,'fileId','63','int'),
(261,'fileStage','2','int'),
(261,'originalFileName','108-120.pdf','string'),
(261,'sourceSubmissionFileId','77','int'),
(261,'submissionFileId','79','int'),
(261,'submissionId','54','int'),
(261,'username','webmaster','string'),
(262,'fileId','63','int'),
(262,'fileStage','2','int'),
(262,'name','108-120.pdf','string'),
(262,'submissionFileId','79','int'),
(262,'submissionId','54','int'),
(262,'username','webmaster','string'),
(265,'fileId','64','int'),
(265,'fileStage','10','int'),
(265,'originalFileName','132-142.pdf','string'),
(265,'sourceSubmissionFileId',NULL,'string'),
(265,'submissionFileId','80','int'),
(265,'submissionId','55','int'),
(265,'username','webmaster','string'),
(266,'fileId','64','int'),
(266,'fileStage','10','int'),
(266,'name','132-142.pdf','string'),
(266,'submissionFileId','80','int'),
(266,'submissionId','55','int'),
(266,'username','webmaster','string'),
(267,'fileId','64','int'),
(267,'fileStage','10','int'),
(267,'originalFileName','132-142.pdf','string'),
(267,'sourceSubmissionFileId',NULL,'string'),
(267,'submissionFileId','80','int'),
(267,'submissionId','55','int'),
(267,'username','webmaster','string'),
(268,'fileId','64','int'),
(268,'fileStage','10','int'),
(268,'name','132-142.pdf','string'),
(268,'originalFileName','132-142.pdf','string'),
(268,'sourceSubmissionFileId',NULL,'string'),
(268,'submissionFileId','80','int'),
(268,'submissionId','55','int'),
(268,'username','webmaster','string'),
(270,'fileId','64','int'),
(270,'fileStage','2','int'),
(270,'originalFileName','132-142.pdf','string'),
(270,'sourceSubmissionFileId','80','int'),
(270,'submissionFileId','81','int'),
(270,'submissionId','55','int'),
(270,'username','webmaster','string'),
(271,'fileId','64','int'),
(271,'fileStage','2','int'),
(271,'name','132-142.pdf','string'),
(271,'submissionFileId','81','int'),
(271,'submissionId','55','int'),
(271,'username','webmaster','string'),
(345,'fileId','65','int'),
(345,'fileStage','10','int'),
(345,'originalFileName','meri kantelishvili.pdf','string'),
(345,'sourceSubmissionFileId',NULL,'string'),
(345,'submissionFileId','74','int'),
(345,'submissionId','53','int'),
(345,'username','webmaster','string'),
(346,'fileId','65','int'),
(346,'fileStage','10','int'),
(346,'name','meri kantelishvili.pdf','string'),
(346,'originalFileName','meri kantelishvili.pdf','string'),
(346,'sourceSubmissionFileId',NULL,'string'),
(346,'submissionFileId','74','int'),
(346,'submissionId','53','int'),
(346,'username','webmaster','string'),
(347,'fileId','65','int'),
(347,'fileStage','10','int'),
(347,'originalFileName','meri kantelishvili.pdf','string'),
(347,'sourceSubmissionFileId',NULL,'string'),
(347,'submissionFileId','74','int'),
(347,'submissionId','53','int'),
(347,'username','webmaster','string'),
(348,'fileId','65','int'),
(348,'fileStage','10','int'),
(348,'name','meri kantelishvili.pdf','string'),
(348,'originalFileName','meri kantelishvili.pdf','string'),
(348,'sourceSubmissionFileId',NULL,'string'),
(348,'submissionFileId','74','int'),
(348,'submissionId','53','int'),
(348,'username','webmaster','string'),
(349,'fileId','66','int'),
(349,'fileStage','10','int'),
(349,'originalFileName','nino shukvani.pdf','string'),
(349,'sourceSubmissionFileId',NULL,'string'),
(349,'submissionFileId','70','int'),
(349,'submissionId','51','int'),
(349,'username','webmaster','string'),
(350,'fileId','66','int'),
(350,'fileStage','10','int'),
(350,'name','nino shukvani.pdf','string'),
(350,'originalFileName','nino shukvani.pdf','string'),
(350,'sourceSubmissionFileId',NULL,'string'),
(350,'submissionFileId','70','int'),
(350,'submissionId','51','int'),
(350,'username','webmaster','string'),
(351,'fileId','66','int'),
(351,'fileStage','10','int'),
(351,'originalFileName','nino shukvani.pdf','string'),
(351,'sourceSubmissionFileId',NULL,'string'),
(351,'submissionFileId','70','int'),
(351,'submissionId','51','int'),
(351,'username','webmaster','string'),
(352,'fileId','66','int'),
(352,'fileStage','10','int'),
(352,'name','nino shukvani.pdf','string'),
(352,'originalFileName','nino shukvani.pdf','string'),
(352,'sourceSubmissionFileId',NULL,'string'),
(352,'submissionFileId','70','int'),
(352,'submissionId','51','int'),
(352,'username','webmaster','string'),
(583,'fileId','67','int'),
(583,'fileStage','10','int'),
(583,'originalFileName','meri kantelishvili.pdf','string'),
(583,'sourceSubmissionFileId',NULL,'string'),
(583,'submissionFileId','74','int'),
(583,'submissionId','53','int'),
(583,'username','webmaster','string'),
(584,'fileId','67','int'),
(584,'fileStage','10','int'),
(584,'name','meri kantelishvili.pdf','string'),
(584,'originalFileName','meri kantelishvili.pdf','string'),
(584,'sourceSubmissionFileId',NULL,'string'),
(584,'submissionFileId','74','int'),
(584,'submissionId','53','int'),
(584,'username','webmaster','string'),
(585,'fileId','67','int'),
(585,'fileStage','10','int'),
(585,'originalFileName','meri kantelishvili.pdf','string'),
(585,'sourceSubmissionFileId',NULL,'string'),
(585,'submissionFileId','74','int'),
(585,'submissionId','53','int'),
(585,'username','webmaster','string'),
(586,'fileId','67','int'),
(586,'fileStage','10','int'),
(586,'name','meri kantelishvili.pdf','string'),
(586,'originalFileName','meri kantelishvili.pdf','string'),
(586,'sourceSubmissionFileId',NULL,'string'),
(586,'submissionFileId','74','int'),
(586,'submissionId','53','int'),
(586,'username','webmaster','string'),
(588,'fileId','68','int'),
(588,'fileStage','10','int'),
(588,'originalFileName','nino shukvani.pdf','string'),
(588,'sourceSubmissionFileId',NULL,'string'),
(588,'submissionFileId','70','int'),
(588,'submissionId','51','int'),
(588,'username','webmaster','string'),
(589,'fileId','68','int'),
(589,'fileStage','10','int'),
(589,'name','nino shukvani.pdf','string'),
(589,'originalFileName','nino shukvani.pdf','string'),
(589,'sourceSubmissionFileId',NULL,'string'),
(589,'submissionFileId','70','int'),
(589,'submissionId','51','int'),
(589,'username','webmaster','string'),
(590,'fileId','68','int'),
(590,'fileStage','10','int'),
(590,'originalFileName','nino shukvani.pdf','string'),
(590,'sourceSubmissionFileId',NULL,'string'),
(590,'submissionFileId','70','int'),
(590,'submissionId','51','int'),
(590,'username','webmaster','string'),
(591,'fileId','68','int'),
(591,'fileStage','10','int'),
(591,'name','nino shukvani.pdf','string'),
(591,'originalFileName','nino shukvani.pdf','string'),
(591,'sourceSubmissionFileId',NULL,'string'),
(591,'submissionFileId','70','int'),
(591,'submissionId','51','int'),
(591,'username','webmaster','string'),
(631,'fileId','69','int'),
(631,'fileStage','10','int'),
(631,'originalFileName','meri kantelishvili.pdf','string'),
(631,'sourceSubmissionFileId',NULL,'string'),
(631,'submissionFileId','82','int'),
(631,'submissionId','53','int'),
(631,'username','webmaster','string'),
(632,'fileId','69','int'),
(632,'fileStage','10','int'),
(632,'name','meri kantelishvili.pdf','string'),
(632,'submissionFileId','82','int'),
(632,'submissionId','53','int'),
(632,'username','webmaster','string'),
(633,'fileId','69','int'),
(633,'fileStage','10','int'),
(633,'originalFileName','meri kantelishvili.pdf','string'),
(633,'sourceSubmissionFileId',NULL,'string'),
(633,'submissionFileId','82','int'),
(633,'submissionId','53','int'),
(633,'username','webmaster','string'),
(634,'fileId','69','int'),
(634,'fileStage','10','int'),
(634,'name','meri kantelishvili.pdf','string'),
(634,'originalFileName','meri kantelishvili.pdf','string'),
(634,'sourceSubmissionFileId',NULL,'string'),
(634,'submissionFileId','82','int'),
(634,'submissionId','53','int'),
(634,'username','webmaster','string'),
(635,'fileStage','10','int'),
(635,'sourceSubmissionFileId',NULL,'string'),
(635,'submissionFileId','74','int'),
(635,'submissionId','53','int'),
(635,'username','webmaster','string'),
(636,'fileStage','2','int'),
(636,'sourceSubmissionFileId','74','int'),
(636,'submissionFileId','75','int'),
(636,'submissionId','53','int'),
(636,'username','webmaster','string'),
(638,'fileStage','10','int'),
(638,'sourceSubmissionFileId',NULL,'string'),
(638,'submissionFileId','70','int'),
(638,'submissionId','51','int'),
(638,'username','webmaster','string'),
(639,'fileStage','2','int'),
(639,'sourceSubmissionFileId','70','int'),
(639,'submissionFileId','71','int'),
(639,'submissionId','51','int'),
(639,'username','webmaster','string'),
(640,'fileId','70','int'),
(640,'fileStage','10','int'),
(640,'originalFileName','nino shukvani.pdf','string'),
(640,'sourceSubmissionFileId',NULL,'string'),
(640,'submissionFileId','83','int'),
(640,'submissionId','51','int'),
(640,'username','webmaster','string'),
(641,'fileId','70','int'),
(641,'fileStage','10','int'),
(641,'name','nino shukvani.pdf','string'),
(641,'submissionFileId','83','int'),
(641,'submissionId','51','int'),
(641,'username','webmaster','string'),
(642,'fileId','70','int'),
(642,'fileStage','10','int'),
(642,'originalFileName','nino shukvani.pdf','string'),
(642,'sourceSubmissionFileId',NULL,'string'),
(642,'submissionFileId','83','int'),
(642,'submissionId','51','int'),
(642,'username','webmaster','string'),
(643,'fileId','70','int'),
(643,'fileStage','10','int'),
(643,'name','nino shukvani.pdf','string'),
(643,'originalFileName','nino shukvani.pdf','string'),
(643,'sourceSubmissionFileId',NULL,'string'),
(643,'submissionFileId','83','int'),
(643,'submissionId','51','int'),
(643,'username','webmaster','string'),
(659,'fileId','71','int'),
(659,'fileStage','10','int'),
(659,'originalFileName','1-10.pdf','string'),
(659,'sourceSubmissionFileId',NULL,'string'),
(659,'submissionFileId','84','int'),
(659,'submissionId','56','int'),
(659,'username','webmaster','string'),
(660,'fileId','71','int'),
(660,'fileStage','10','int'),
(660,'name','1-10.pdf','string'),
(660,'submissionFileId','84','int'),
(660,'submissionId','56','int'),
(660,'username','webmaster','string'),
(661,'fileId','71','int'),
(661,'fileStage','10','int'),
(661,'originalFileName','1-10.pdf','string'),
(661,'sourceSubmissionFileId',NULL,'string'),
(661,'submissionFileId','84','int'),
(661,'submissionId','56','int'),
(661,'username','webmaster','string'),
(662,'fileId','71','int'),
(662,'fileStage','10','int'),
(662,'name','1-10.pdf','string'),
(662,'originalFileName','1-10.pdf','string'),
(662,'sourceSubmissionFileId',NULL,'string'),
(662,'submissionFileId','84','int'),
(662,'submissionId','56','int'),
(662,'username','webmaster','string'),
(664,'fileId','71','int'),
(664,'fileStage','2','int'),
(664,'originalFileName','1-10.pdf','string'),
(664,'sourceSubmissionFileId','84','int'),
(664,'submissionFileId','85','int'),
(664,'submissionId','56','int'),
(664,'username','webmaster','string'),
(665,'fileId','71','int'),
(665,'fileStage','2','int'),
(665,'name','1-10.pdf','string'),
(665,'submissionFileId','85','int'),
(665,'submissionId','56','int'),
(665,'username','webmaster','string'),
(668,'fileId','72','int'),
(668,'fileStage','10','int'),
(668,'originalFileName','11-16.pdf','string'),
(668,'sourceSubmissionFileId',NULL,'string'),
(668,'submissionFileId','86','int'),
(668,'submissionId','57','int'),
(668,'username','webmaster','string'),
(669,'fileId','72','int'),
(669,'fileStage','10','int'),
(669,'name','11-16.pdf','string'),
(669,'submissionFileId','86','int'),
(669,'submissionId','57','int'),
(669,'username','webmaster','string'),
(670,'fileId','72','int'),
(670,'fileStage','10','int'),
(670,'originalFileName','11-16.pdf','string'),
(670,'sourceSubmissionFileId',NULL,'string'),
(670,'submissionFileId','86','int'),
(670,'submissionId','57','int'),
(670,'username','webmaster','string'),
(671,'fileId','72','int'),
(671,'fileStage','10','int'),
(671,'name','11-16.pdf','string'),
(671,'originalFileName','11-16.pdf','string'),
(671,'sourceSubmissionFileId',NULL,'string'),
(671,'submissionFileId','86','int'),
(671,'submissionId','57','int'),
(671,'username','webmaster','string'),
(674,'fileId','72','int'),
(674,'fileStage','2','int'),
(674,'originalFileName','11-16.pdf','string'),
(674,'sourceSubmissionFileId','86','int'),
(674,'submissionFileId','87','int'),
(674,'submissionId','57','int'),
(674,'username','webmaster','string'),
(675,'fileId','72','int'),
(675,'fileStage','2','int'),
(675,'name','11-16.pdf','string'),
(675,'submissionFileId','87','int'),
(675,'submissionId','57','int'),
(675,'username','webmaster','string'),
(678,'fileId','73','int'),
(678,'fileStage','10','int'),
(678,'originalFileName','17-23.pdf','string'),
(678,'sourceSubmissionFileId',NULL,'string'),
(678,'submissionFileId','88','int'),
(678,'submissionId','58','int'),
(678,'username','webmaster','string'),
(679,'fileId','73','int'),
(679,'fileStage','10','int'),
(679,'name','17-23.pdf','string'),
(679,'submissionFileId','88','int'),
(679,'submissionId','58','int'),
(679,'username','webmaster','string'),
(680,'fileId','73','int'),
(680,'fileStage','10','int'),
(680,'originalFileName','17-23.pdf','string'),
(680,'sourceSubmissionFileId',NULL,'string'),
(680,'submissionFileId','88','int'),
(680,'submissionId','58','int'),
(680,'username','webmaster','string'),
(681,'fileId','73','int'),
(681,'fileStage','10','int'),
(681,'name','17-23.pdf','string'),
(681,'originalFileName','17-23.pdf','string'),
(681,'sourceSubmissionFileId',NULL,'string'),
(681,'submissionFileId','88','int'),
(681,'submissionId','58','int'),
(681,'username','webmaster','string'),
(683,'fileId','73','int'),
(683,'fileStage','2','int'),
(683,'originalFileName','17-23.pdf','string'),
(683,'sourceSubmissionFileId','88','int'),
(683,'submissionFileId','89','int'),
(683,'submissionId','58','int'),
(683,'username','webmaster','string'),
(684,'fileId','73','int'),
(684,'fileStage','2','int'),
(684,'name','17-23.pdf','string'),
(684,'submissionFileId','89','int'),
(684,'submissionId','58','int'),
(684,'username','webmaster','string'),
(687,'fileId','74','int'),
(687,'fileStage','10','int'),
(687,'originalFileName','24-30.pdf','string'),
(687,'sourceSubmissionFileId',NULL,'string'),
(687,'submissionFileId','90','int'),
(687,'submissionId','59','int'),
(687,'username','webmaster','string'),
(688,'fileId','74','int'),
(688,'fileStage','10','int'),
(688,'name','24-30.pdf','string'),
(688,'submissionFileId','90','int'),
(688,'submissionId','59','int'),
(688,'username','webmaster','string'),
(689,'fileId','74','int'),
(689,'fileStage','10','int'),
(689,'originalFileName','24-30.pdf','string'),
(689,'sourceSubmissionFileId',NULL,'string'),
(689,'submissionFileId','90','int'),
(689,'submissionId','59','int'),
(689,'username','webmaster','string'),
(690,'fileId','74','int'),
(690,'fileStage','10','int'),
(690,'name','24-30.pdf','string'),
(690,'originalFileName','24-30.pdf','string'),
(690,'sourceSubmissionFileId',NULL,'string'),
(690,'submissionFileId','90','int'),
(690,'submissionId','59','int'),
(690,'username','webmaster','string'),
(692,'fileId','74','int'),
(692,'fileStage','2','int'),
(692,'originalFileName','24-30.pdf','string'),
(692,'sourceSubmissionFileId','90','int'),
(692,'submissionFileId','91','int'),
(692,'submissionId','59','int'),
(692,'username','webmaster','string'),
(693,'fileId','74','int'),
(693,'fileStage','2','int'),
(693,'name','24-30.pdf','string'),
(693,'submissionFileId','91','int'),
(693,'submissionId','59','int'),
(693,'username','webmaster','string'),
(696,'fileId','75','int'),
(696,'fileStage','10','int'),
(696,'originalFileName','31-38.pdf','string'),
(696,'sourceSubmissionFileId',NULL,'string'),
(696,'submissionFileId','92','int'),
(696,'submissionId','60','int'),
(696,'username','webmaster','string'),
(697,'fileId','75','int'),
(697,'fileStage','10','int'),
(697,'name','31-38.pdf','string'),
(697,'submissionFileId','92','int'),
(697,'submissionId','60','int'),
(697,'username','webmaster','string'),
(698,'fileId','75','int'),
(698,'fileStage','10','int'),
(698,'originalFileName','31-38.pdf','string'),
(698,'sourceSubmissionFileId',NULL,'string'),
(698,'submissionFileId','92','int'),
(698,'submissionId','60','int'),
(698,'username','webmaster','string'),
(699,'fileId','75','int'),
(699,'fileStage','10','int'),
(699,'name','31-38.pdf','string'),
(699,'originalFileName','31-38.pdf','string'),
(699,'sourceSubmissionFileId',NULL,'string'),
(699,'submissionFileId','92','int'),
(699,'submissionId','60','int'),
(699,'username','webmaster','string'),
(701,'fileId','75','int'),
(701,'fileStage','2','int'),
(701,'originalFileName','31-38.pdf','string'),
(701,'sourceSubmissionFileId','92','int'),
(701,'submissionFileId','93','int'),
(701,'submissionId','60','int'),
(701,'username','webmaster','string'),
(702,'fileId','75','int'),
(702,'fileStage','2','int'),
(702,'name','31-38.pdf','string'),
(702,'submissionFileId','93','int'),
(702,'submissionId','60','int'),
(702,'username','webmaster','string'),
(705,'fileId','76','int'),
(705,'fileStage','10','int'),
(705,'originalFileName','39-51.pdf','string'),
(705,'sourceSubmissionFileId',NULL,'string'),
(705,'submissionFileId','94','int'),
(705,'submissionId','61','int'),
(705,'username','webmaster','string'),
(706,'fileId','76','int'),
(706,'fileStage','10','int'),
(706,'name','39-51.pdf','string'),
(706,'submissionFileId','94','int'),
(706,'submissionId','61','int'),
(706,'username','webmaster','string'),
(707,'fileId','76','int'),
(707,'fileStage','10','int'),
(707,'originalFileName','39-51.pdf','string'),
(707,'sourceSubmissionFileId',NULL,'string'),
(707,'submissionFileId','94','int'),
(707,'submissionId','61','int'),
(707,'username','webmaster','string'),
(708,'fileId','76','int'),
(708,'fileStage','10','int'),
(708,'name','39-51.pdf','string'),
(708,'originalFileName','39-51.pdf','string'),
(708,'sourceSubmissionFileId',NULL,'string'),
(708,'submissionFileId','94','int'),
(708,'submissionId','61','int'),
(708,'username','webmaster','string'),
(710,'fileId','76','int'),
(710,'fileStage','2','int'),
(710,'originalFileName','39-51.pdf','string'),
(710,'sourceSubmissionFileId','94','int'),
(710,'submissionFileId','95','int'),
(710,'submissionId','61','int'),
(710,'username','webmaster','string'),
(711,'fileId','76','int'),
(711,'fileStage','2','int'),
(711,'name','39-51.pdf','string'),
(711,'submissionFileId','95','int'),
(711,'submissionId','61','int'),
(711,'username','webmaster','string'),
(714,'fileId','77','int'),
(714,'fileStage','10','int'),
(714,'originalFileName','52-60.pdf','string'),
(714,'sourceSubmissionFileId',NULL,'string'),
(714,'submissionFileId','96','int'),
(714,'submissionId','62','int'),
(714,'username','webmaster','string'),
(715,'fileId','77','int'),
(715,'fileStage','10','int'),
(715,'name','52-60.pdf','string'),
(715,'submissionFileId','96','int'),
(715,'submissionId','62','int'),
(715,'username','webmaster','string'),
(716,'fileStage','10','int'),
(716,'sourceSubmissionFileId',NULL,'string'),
(716,'submissionFileId','96','int'),
(716,'submissionId','62','int'),
(716,'username','webmaster','string'),
(717,'fileId','78','int'),
(717,'fileStage','10','int'),
(717,'originalFileName','52-60.pdf','string'),
(717,'sourceSubmissionFileId',NULL,'string'),
(717,'submissionFileId','97','int'),
(717,'submissionId','62','int'),
(717,'username','webmaster','string'),
(718,'fileId','78','int'),
(718,'fileStage','10','int'),
(718,'name','52-60.pdf','string'),
(718,'submissionFileId','97','int'),
(718,'submissionId','62','int'),
(718,'username','webmaster','string'),
(719,'fileId','78','int'),
(719,'fileStage','10','int'),
(719,'originalFileName','52-60.pdf','string'),
(719,'sourceSubmissionFileId',NULL,'string'),
(719,'submissionFileId','97','int'),
(719,'submissionId','62','int'),
(719,'username','webmaster','string'),
(720,'fileId','78','int'),
(720,'fileStage','10','int'),
(720,'name','52-60.pdf','string'),
(720,'originalFileName','52-60.pdf','string'),
(720,'sourceSubmissionFileId',NULL,'string'),
(720,'submissionFileId','97','int'),
(720,'submissionId','62','int'),
(720,'username','webmaster','string'),
(722,'fileId','78','int'),
(722,'fileStage','2','int'),
(722,'originalFileName','52-60.pdf','string'),
(722,'sourceSubmissionFileId','97','int'),
(722,'submissionFileId','98','int'),
(722,'submissionId','62','int'),
(722,'username','webmaster','string'),
(723,'fileId','78','int'),
(723,'fileStage','2','int'),
(723,'name','52-60.pdf','string'),
(723,'submissionFileId','98','int'),
(723,'submissionId','62','int'),
(723,'username','webmaster','string'),
(725,'fileId','79','int'),
(725,'fileStage','2','int'),
(725,'originalFileName','00011.jpg','string'),
(725,'sourceSubmissionFileId',NULL,'string'),
(725,'submissionFileId','99','int'),
(725,'submissionId','62','int'),
(725,'username','webmaster','string'),
(726,'fileId','79','int'),
(726,'fileStage','2','int'),
(726,'name','00011.jpg','string'),
(726,'submissionFileId','99','int'),
(726,'submissionId','62','int'),
(726,'username','webmaster','string'),
(727,'fileId','79','int'),
(727,'fileStage','2','int'),
(727,'originalFileName','00011.jpg','string'),
(727,'sourceSubmissionFileId',NULL,'string'),
(727,'submissionFileId','99','int'),
(727,'submissionId','62','int'),
(727,'username','webmaster','string'),
(728,'fileId','79','int'),
(728,'fileStage','2','int'),
(728,'name','00011.jpg','string'),
(728,'originalFileName','00011.jpg','string'),
(728,'sourceSubmissionFileId',NULL,'string'),
(728,'submissionFileId','99','int'),
(728,'submissionId','62','int'),
(728,'username','webmaster','string'),
(729,'fileId','80','int'),
(729,'fileStage','10','int'),
(729,'originalFileName','Diagrams.pdf','string'),
(729,'sourceSubmissionFileId',NULL,'string'),
(729,'submissionFileId','100','int'),
(729,'submissionId','62','int'),
(729,'username','webmaster','string'),
(730,'fileId','80','int'),
(730,'fileStage','10','int'),
(730,'name','Diagrams.pdf','string'),
(730,'submissionFileId','100','int'),
(730,'submissionId','62','int'),
(730,'username','webmaster','string'),
(731,'fileId','80','int'),
(731,'fileStage','10','int'),
(731,'originalFileName','Diagrams.pdf','string'),
(731,'sourceSubmissionFileId',NULL,'string'),
(731,'submissionFileId','100','int'),
(731,'submissionId','62','int'),
(731,'username','webmaster','string'),
(732,'fileId','80','int'),
(732,'fileStage','10','int'),
(732,'name','Diagrams.pdf','string'),
(732,'originalFileName','Diagrams.pdf','string'),
(732,'sourceSubmissionFileId',NULL,'string'),
(732,'submissionFileId','100','int'),
(732,'submissionId','62','int'),
(732,'username','webmaster','string'),
(734,'fileId','81','int'),
(734,'fileStage','10','int'),
(734,'originalFileName','61-70.pdf','string'),
(734,'sourceSubmissionFileId',NULL,'string'),
(734,'submissionFileId','101','int'),
(734,'submissionId','63','int'),
(734,'username','webmaster','string'),
(735,'fileId','81','int'),
(735,'fileStage','10','int'),
(735,'name','61-70.pdf','string'),
(735,'submissionFileId','101','int'),
(735,'submissionId','63','int'),
(735,'username','webmaster','string'),
(736,'fileId','81','int'),
(736,'fileStage','10','int'),
(736,'originalFileName','61-70.pdf','string'),
(736,'sourceSubmissionFileId',NULL,'string'),
(736,'submissionFileId','101','int'),
(736,'submissionId','63','int'),
(736,'username','webmaster','string'),
(737,'fileId','81','int'),
(737,'fileStage','10','int'),
(737,'name','61-70.pdf','string'),
(737,'originalFileName','61-70.pdf','string'),
(737,'sourceSubmissionFileId',NULL,'string'),
(737,'submissionFileId','101','int'),
(737,'submissionId','63','int'),
(737,'username','webmaster','string'),
(739,'fileId','81','int'),
(739,'fileStage','2','int'),
(739,'originalFileName','61-70.pdf','string'),
(739,'sourceSubmissionFileId','101','int'),
(739,'submissionFileId','102','int'),
(739,'submissionId','63','int'),
(739,'username','webmaster','string'),
(740,'fileId','81','int'),
(740,'fileStage','2','int'),
(740,'name','61-70.pdf','string'),
(740,'submissionFileId','102','int'),
(740,'submissionId','63','int'),
(740,'username','webmaster','string'),
(743,'fileId','82','int'),
(743,'fileStage','10','int'),
(743,'originalFileName','71-84.pdf','string'),
(743,'sourceSubmissionFileId',NULL,'string'),
(743,'submissionFileId','103','int'),
(743,'submissionId','64','int'),
(743,'username','webmaster','string'),
(744,'fileId','82','int'),
(744,'fileStage','10','int'),
(744,'name','71-84.pdf','string'),
(744,'submissionFileId','103','int'),
(744,'submissionId','64','int'),
(744,'username','webmaster','string'),
(745,'fileId','82','int'),
(745,'fileStage','10','int'),
(745,'originalFileName','71-84.pdf','string'),
(745,'sourceSubmissionFileId',NULL,'string'),
(745,'submissionFileId','103','int'),
(745,'submissionId','64','int'),
(745,'username','webmaster','string'),
(746,'fileId','82','int'),
(746,'fileStage','10','int'),
(746,'name','71-84.pdf','string'),
(746,'originalFileName','71-84.pdf','string'),
(746,'sourceSubmissionFileId',NULL,'string'),
(746,'submissionFileId','103','int'),
(746,'submissionId','64','int'),
(746,'username','webmaster','string'),
(748,'fileId','82','int'),
(748,'fileStage','2','int'),
(748,'originalFileName','71-84.pdf','string'),
(748,'sourceSubmissionFileId','103','int'),
(748,'submissionFileId','104','int'),
(748,'submissionId','64','int'),
(748,'username','webmaster','string'),
(749,'fileId','82','int'),
(749,'fileStage','2','int'),
(749,'name','71-84.pdf','string'),
(749,'submissionFileId','104','int'),
(749,'submissionId','64','int'),
(749,'username','webmaster','string'),
(761,'fileId','83','int'),
(761,'fileStage','2','int'),
(761,'originalFileName','56203523-baroque-architecture-interior-wordpress-theme-license.pdf','string'),
(761,'sourceSubmissionFileId',NULL,'string'),
(761,'submissionFileId','105','int'),
(761,'submissionId','65','int'),
(761,'username','nika163','string'),
(762,'fileId','83','int'),
(762,'fileStage','2','int'),
(762,'name','56203523-baroque-architecture-interior-wordpress-theme-license.pdf','string'),
(762,'submissionFileId','105','int'),
(762,'submissionId','65','int'),
(762,'username','nika163','string'),
(763,'fileId','83','int'),
(763,'fileStage','2','int'),
(763,'originalFileName','56203523-baroque-architecture-interior-wordpress-theme-license.pdf','string'),
(763,'sourceSubmissionFileId',NULL,'string'),
(763,'submissionFileId','105','int'),
(763,'submissionId','65','int'),
(763,'username','nika163','string'),
(764,'fileId','83','int'),
(764,'fileStage','2','int'),
(764,'name','56203523-baroque-architecture-interior-wordpress-theme-license.pdf','string'),
(764,'originalFileName','56203523-baroque-architecture-interior-wordpress-theme-license.pdf','string'),
(764,'sourceSubmissionFileId',NULL,'string'),
(764,'submissionFileId','105','int'),
(764,'submissionId','65','int'),
(764,'username','nika163','string'),
(767,'fileStage','2','int'),
(767,'sourceSubmissionFileId',NULL,'string'),
(767,'submissionFileId','105','int'),
(767,'submissionId','65','int'),
(767,'username','nika163','string'),
(768,'fileId','84','int'),
(768,'fileStage','2','int'),
(768,'originalFileName','60293332-ono-architecture-wordpress-theme-license.pdf','string'),
(768,'sourceSubmissionFileId',NULL,'string'),
(768,'submissionFileId','106','int'),
(768,'submissionId','42','int'),
(768,'username','nika163','string'),
(769,'fileId','84','int'),
(769,'fileStage','2','int'),
(769,'name','60293332-ono-architecture-wordpress-theme-license.pdf','string'),
(769,'submissionFileId','106','int'),
(769,'submissionId','42','int'),
(769,'username','nika163','string'),
(770,'fileId','84','int'),
(770,'fileStage','2','int'),
(770,'originalFileName','60293332-ono-architecture-wordpress-theme-license.pdf','string'),
(770,'sourceSubmissionFileId',NULL,'string'),
(770,'submissionFileId','106','int'),
(770,'submissionId','42','int'),
(770,'username','nika163','string'),
(771,'fileId','84','int'),
(771,'fileStage','2','int'),
(771,'name','60293332-ono-architecture-wordpress-theme-license.pdf','string'),
(771,'originalFileName','60293332-ono-architecture-wordpress-theme-license.pdf','string'),
(771,'sourceSubmissionFileId',NULL,'string'),
(771,'submissionFileId','106','int'),
(771,'submissionId','42','int'),
(771,'username','nika163','string'),
(772,'fileStage','2','int'),
(772,'sourceSubmissionFileId',NULL,'string'),
(772,'submissionFileId','106','int'),
(772,'submissionId','42','int'),
(772,'username','nika163','string'),
(774,'fileId','85','int'),
(774,'fileStage','10','int'),
(774,'originalFileName','sample-local-pdf.pdf','string'),
(774,'sourceSubmissionFileId',NULL,'string'),
(774,'submissionFileId','107','int'),
(774,'submissionId','66','int'),
(774,'username','nika163','string'),
(775,'fileId','85','int'),
(775,'fileStage','10','int'),
(775,'name','sample-local-pdf.pdf','string'),
(775,'submissionFileId','107','int'),
(775,'submissionId','66','int'),
(775,'username','nika163','string'),
(776,'fileId','85','int'),
(776,'fileStage','10','int'),
(776,'originalFileName','sample-local-pdf.pdf','string'),
(776,'sourceSubmissionFileId',NULL,'string'),
(776,'submissionFileId','107','int'),
(776,'submissionId','66','int'),
(776,'username','nika163','string'),
(777,'fileId','85','int'),
(777,'fileStage','10','int'),
(777,'name','sample-local-pdf.pdf','string'),
(777,'originalFileName','sample-local-pdf.pdf','string'),
(777,'sourceSubmissionFileId',NULL,'string'),
(777,'submissionFileId','107','int'),
(777,'submissionId','66','int'),
(777,'username','nika163','string'),
(779,'fileId','85','int'),
(779,'fileStage','2','int'),
(779,'originalFileName','sample-local-pdf.pdf','string'),
(779,'sourceSubmissionFileId','107','int'),
(779,'submissionFileId','108','int'),
(779,'submissionId','66','int'),
(779,'username','nika163','string'),
(780,'fileId','85','int'),
(780,'fileStage','2','int'),
(780,'name','sample-local-pdf.pdf','string'),
(780,'submissionFileId','108','int'),
(780,'submissionId','66','int'),
(780,'username','nika163','string');

--
