-- Dumping data for table `notification_subscription_settings`
--

INSERT INTO `notification_subscription_settings` VALUES
(1,'blocked_emailed_notification','16777258',1,1,'int'),
(2,'blocked_emailed_notification','8',2,1,'int'),
(3,'blocked_emailed_notification','268435477',2,1,'int');

--
-- Table structure for table `notifications`
--

CREATE TABLE `notifications` (
  `notification_id` bigint(20) NOT NULL AUTO_INCREMENT,
  `context_id` bigint(20) NOT NULL,
  `user_id` bigint(20) DEFAULT NULL,
  `level` bigint(20) NOT NULL,
  `type` bigint(20) NOT NULL,
  `date_created` datetime NOT NULL,
  `date_read` datetime DEFAULT NULL,
  `assoc_type` bigint(20) DEFAULT NULL,
  `assoc_id` bigint(20) DEFAULT NULL,
  PRIMARY KEY (`notification_id`),
  KEY `notifications_context_id_user_id` (`context_id`,`user_id`,`level`),
  KEY `notifications_context_id` (`context_id`,`level`),
  KEY `notifications_assoc` (`assoc_type`,`assoc_id`),
  KEY `notifications_user_id_level` (`user_id`,`level`)
) ENGINE=InnoDB AUTO_INCREMENT=361 DEFAULT CHARSET=utf8mb3 COLLATE=utf8mb3_general_ci;

--
-- Dumping data for table `notifications`
--

INSERT INTO `notifications` VALUES
(2,1,0,2,16777244,'2020-06-04 08:25:54',NULL,256,1),
(88,1,1,2,8,'2020-10-02 11:42:50',NULL,522,1),
(93,1,1,3,16777258,'2020-10-10 14:18:51','2021-12-15 12:47:56',0,0),
(96,1,1,3,16777258,'2020-11-01 06:20:30','2021-12-15 12:47:56',0,0),
(102,1,1,3,16777258,'2020-12-01 02:30:48','2021-12-15 12:47:56',0,0),
(127,1,1,3,16777258,'2020-12-31 02:40:48','2025-09-13 09:33:16',0,0),
(128,1,1,3,16777258,'2021-01-01 02:40:55','2021-12-15 12:47:56',0,0),
(129,1,0,3,16777220,'2021-01-09 08:56:33',NULL,1048585,31),
(130,1,0,3,16777222,'2021-01-09 08:56:33',NULL,1048585,31),
(131,1,0,3,16777223,'2021-01-09 08:56:33',NULL,1048585,31),
(132,1,0,3,16777224,'2021-01-09 08:56:33',NULL,1048585,31),
(133,1,1,3,16777247,'2021-01-09 08:56:33','2021-12-15 12:47:56',1048585,31),
(134,1,0,2,16777243,'2021-01-09 08:56:33',NULL,1048585,31),
(135,1,0,2,16777245,'2021-01-09 08:56:33',NULL,1048585,31),
(136,1,1,3,16777258,'2021-02-01 00:48:21','2021-12-15 12:47:56',0,0),
(137,1,1,3,16777258,'2021-03-01 00:18:55','2021-12-15 12:47:56',0,0),
(152,1,1,3,16777258,'2021-03-29 00:59:10','2021-12-15 12:47:56',0,0),
(154,1,1,3,16777258,'2021-04-01 00:07:41','2021-12-15 12:47:56',0,0),
(155,1,1,3,16777258,'2021-05-01 00:04:36','2021-12-15 12:47:56',0,0),
(156,1,1,3,16777258,'2021-05-31 00:50:57','2021-12-15 12:47:56',0,0),
(157,1,1,3,16777258,'2021-06-01 00:57:29','2021-12-15 12:47:56',0,0),
(158,1,4,2,8,'2021-06-28 14:41:00',NULL,0,0),
(159,1,3,2,8,'2021-06-28 14:41:00',NULL,0,0),
(160,1,1,2,8,'2021-06-28 14:41:00',NULL,0,0),
(162,1,1,3,16777258,'2021-07-01 00:05:06','2021-12-15 12:47:56',0,0),
(180,1,1,3,16777258,'2021-07-31 00:14:36','2021-12-15 12:47:56',0,0),
(181,1,1,3,16777258,'2021-08-01 00:18:46','2021-12-15 12:47:56',0,0),
(186,1,1,3,16777258,'2021-09-01 00:04:41','2021-12-15 12:47:56',0,0),
(188,1,1,3,16777258,'2021-10-01 00:06:09','2021-12-15 12:47:56',0,0),
(189,1,1,3,16777258,'2021-10-31 00:06:33','2021-12-15 12:47:56',0,0),
(190,1,1,3,16777258,'2021-11-01 00:25:48','2021-12-15 12:47:56',0,0),
(191,1,1,3,16777258,'2021-12-01 00:01:09','2021-12-15 12:47:57',0,0),
(261,1,1,3,16777258,'2021-12-31 00:07:01',NULL,0,0),
(262,1,1,3,16777258,'2022-01-01 00:10:32',NULL,0,0),
(263,1,1,3,16777258,'2022-02-01 00:09:26',NULL,0,0),
(264,1,1,3,16777258,'2022-03-01 00:00:06',NULL,0,0),
(265,1,1,3,16777258,'2022-03-29 00:13:05',NULL,0,0),
(266,1,1,3,16777258,'2022-04-01 00:06:47',NULL,0,0),
(267,1,1,3,16777258,'2022-05-01 00:27:26',NULL,0,0),
(268,1,1,3,16777258,'2022-05-31 00:30:48',NULL,0,0),
(269,1,1,3,16777258,'2022-06-01 00:42:54',NULL,0,0),
(270,1,1,3,16777258,'2022-07-01 00:16:42',NULL,0,0),
(271,1,1,3,16777258,'2022-07-31 00:25:07',NULL,0,0),
(272,1,1,3,16777258,'2022-08-01 00:42:49',NULL,0,0),
(273,1,1,3,16777258,'2022-09-01 00:00:15',NULL,0,0),
(274,1,1,3,16777258,'2022-10-01 00:11:58',NULL,0,0),
(275,1,1,3,16777258,'2022-10-31 01:08:30',NULL,0,0),
(276,1,1,3,16777258,'2022-11-01 01:32:31',NULL,0,0),
(277,1,1,3,16777258,'2022-12-01 00:04:55',NULL,0,0),
(278,1,1,3,16777258,'2022-12-31 00:23:10',NULL,0,0),
(279,1,1,3,16777258,'2023-01-01 00:32:51',NULL,0,0),
(280,1,1,3,16777258,'2023-02-01 00:12:25',NULL,0,0),
(281,1,1,3,16777258,'2023-03-01 00:22:16',NULL,0,0),
(282,1,1,3,16777258,'2023-03-29 01:00:24',NULL,0,0),
(283,1,1,3,16777258,'2023-04-01 00:02:48',NULL,0,0),
(297,1,1,3,16777258,'2023-05-01 00:27:43',NULL,0,0),
(298,1,1,3,16777258,'2023-05-31 00:38:49',NULL,0,0),
(299,1,1,3,16777258,'2023-06-01 00:39:29',NULL,0,0),
(300,1,1,3,16777258,'2023-07-01 00:04:52',NULL,0,0),
(301,1,1,3,16777258,'2023-07-31 00:12:58',NULL,0,0),
(302,1,1,3,16777258,'2023-08-01 00:34:14',NULL,0,0),
(303,1,1,3,16777258,'2023-09-01 00:06:54',NULL,0,0),
(304,1,1,3,16777258,'2023-10-01 00:01:33',NULL,0,0),
(305,1,1,3,16777258,'2023-10-31 00:16:06',NULL,0,0),
(306,1,1,3,16777258,'2023-11-01 00:18:26',NULL,0,0),
(307,1,1,3,16777258,'2023-12-01 00:04:25',NULL,0,0),
(308,1,1,3,16777258,'2023-12-31 00:15:00',NULL,0,0),
(309,1,1,3,16777258,'2024-01-01 00:16:53',NULL,0,0),
(310,1,1,3,16777258,'2024-02-01 00:03:39',NULL,0,0),
(311,1,1,3,16777258,'2024-03-01 00:03:40',NULL,0,0),
(312,1,1,3,16777258,'2024-03-30 00:18:57',NULL,0,0),
(313,1,1,3,16777258,'2024-04-01 00:02:13',NULL,0,0),
(314,1,1,3,16777258,'2024-05-01 00:12:13',NULL,0,0),
(315,1,1,3,16777258,'2024-05-31 00:14:05',NULL,0,0),
(316,1,1,3,16777258,'2024-06-01 00:28:59',NULL,0,0),
(317,1,1,3,16777258,'2024-07-01 00:14:00',NULL,0,0),
(318,1,1,3,16777258,'2024-07-31 00:16:43',NULL,0,0),
(319,1,1,3,16777258,'2024-08-01 00:18:06',NULL,0,0),
(320,1,1,3,16777258,'2024-09-01 00:18:08',NULL,0,0),
(321,1,1,3,16777258,'2024-10-01 00:01:24',NULL,0,0),
(322,1,1,3,16777258,'2024-10-31 00:11:14',NULL,0,0),
(323,1,1,3,16777258,'2024-11-01 00:16:45',NULL,0,0),
(324,1,1,3,16777258,'2024-12-01 00:00:39',NULL,0,0),
(325,1,1,3,16777258,'2024-12-31 00:07:34',NULL,0,0),
(326,1,1,3,16777258,'2025-01-01 00:13:42',NULL,0,0),
(327,1,1,3,16777258,'2025-02-01 00:03:11',NULL,0,0),
(328,1,1,3,16777258,'2025-03-01 00:21:53',NULL,0,0),
(329,1,1,3,16777258,'2025-03-29 00:25:59',NULL,0,0),
(330,1,1,3,16777258,'2025-04-01 00:13:32',NULL,0,0),
(331,1,1,3,16777258,'2025-05-01 00:01:07',NULL,0,0),
(332,1,1,3,16777258,'2025-05-31 00:06:15',NULL,0,0),
(333,1,1,3,16777258,'2025-06-01 00:31:50',NULL,0,0),
(334,1,1,3,16777258,'2025-07-01 00:14:51',NULL,0,0),
(335,1,1,3,16777258,'2025-07-31 00:14:58',NULL,0,0),
(336,1,1,3,16777258,'2025-08-01 00:25:20',NULL,0,0),
(337,1,1,3,16777258,'2025-09-01 00:27:38',NULL,0,0),
(347,1,0,3,16777220,'2025-09-15 19:56:32',NULL,1048585,65),
(348,1,0,3,16777222,'2025-09-15 19:56:32',NULL,1048585,65),
(349,1,0,3,16777223,'2025-09-15 19:56:32',NULL,1048585,65),
(350,1,0,3,16777224,'2025-09-15 19:56:32',NULL,1048585,65),
(351,1,10,3,16777247,'2025-09-15 19:56:32','2025-09-24 09:11:10',1048585,65),
(352,1,1,3,16777247,'2025-09-15 19:56:32',NULL,1048585,65),
(353,1,0,2,16777243,'2025-09-15 19:56:32',NULL,1048585,65),
(354,1,0,2,16777245,'2025-09-15 19:56:32',NULL,1048585,65);

--
-- Table structure for table `oai_resumption_tokens`
--

CREATE TABLE `oai_resumption_tokens` (
  `token` varchar(32) NOT NULL,
  `expire` bigint(20) NOT NULL,
  `record_offset` int(11) NOT NULL,
  `params` text DEFAULT NULL,
  UNIQUE KEY `oai_resumption_tokens_pkey` (`token`)
) ENGINE=InnoDB DEFAULT CHARSET=utf8mb3 COLLATE=utf8mb3_general_ci;

--
-- Dumping data for table `oai_resumption_tokens`
--


--
-- Table structure for table `plugin_settings`
--

CREATE TABLE `plugin_settings` (
  `plugin_name` varchar(80) NOT NULL,
  `context_id` bigint(20) NOT NULL,
  `setting_name` varchar(80) NOT NULL,
  `setting_value` text DEFAULT NULL,
  `setting_type` varchar(6) NOT NULL,
  UNIQUE KEY `plugin_settings_pkey` (`plugin_name`,`context_id`,`setting_name`),
  KEY `plugin_settings_plugin_name` (`plugin_name`)
) ENGINE=InnoDB DEFAULT CHARSET=utf8mb3 COLLATE=utf8mb3_general_ci;

--
-- Dumping data for table `plugin_settings`
--

INSERT INTO `plugin_settings` VALUES
('acronplugin',0,'crontab','[{\"className\":\"plugins.generic.usageStats.UsageStatsLoader\",\"frequency\":{\"hour\":24},\"args\":[\"autoStage\"]},{\"className\":\"plugins.generic.usageStats.UsageStatsLoader\",\"frequency\":{\"hour\":24},\"args\":[\"autoStage\"]},{\"className\":\"plugins.importexport.datacite.DataciteInfoSender\",\"frequency\":{\"hour\":24},\"args\":[]},{\"className\":\"plugins.importexport.doaj.DOAJInfoSender\",\"frequency\":{\"hour\":24},\"args\":[]},{\"className\":\"plugins.importexport.crossref.CrossrefInfoSender\",\"frequency\":{\"hour\":24},\"args\":[]},{\"className\":\"plugins.generic.usageStats.UsageStatsLoader\",\"frequency\":{\"hour\":24},\"args\":[\"autoStage\"]},{\"className\":\"plugins.importexport.datacite.DataciteInfoSender\",\"frequency\":{\"hour\":24},\"args\":[]},{\"className\":\"plugins.importexport.doaj.DOAJInfoSender\",\"frequency\":{\"hour\":24},\"args\":[]},{\"className\":\"plugins.importexport.crossref.CrossrefInfoSender\",\"frequency\":{\"hour\":24},\"args\":[]},{\"className\":\"plugins.generic.usageStats.UsageStatsLoader\",\"frequency\":{\"hour\":24},\"args\":[\"autoStage\"]},{\"className\":\"plugins.importexport.datacite.DataciteInfoSender\",\"frequency\":{\"hour\":24},\"args\":[]},{\"className\":\"plugins.importexport.doaj.DOAJInfoSender\",\"frequency\":{\"hour\":24},\"args\":[]},{\"className\":\"plugins.importexport.crossref.CrossrefInfoSender\",\"frequency\":{\"hour\":24},\"args\":[]},{\"className\":\"plugins.generic.usageStats.UsageStatsLoader\",\"frequency\":{\"hour\":24},\"args\":[\"autoStage\"]},{\"className\":\"plugins.importexport.datacite.DataciteInfoSender\",\"frequency\":{\"hour\":24},\"args\":[]},{\"className\":\"plugins.importexport.doaj.DOAJInfoSender\",\"frequency\":{\"hour\":24},\"args\":[]},{\"className\":\"plugins.importexport.crossref.CrossrefInfoSender\",\"frequency\":{\"hour\":24},\"args\":[]},{\"className\":\"plugins.generic.usageStats.UsageStatsLoader\",\"frequency\":{\"hour\":24},\"args\":[\"autoStage\"]},{\"className\":\"plugins.importexport.datacite.DataciteInfoSender\",\"frequency\":{\"hour\":24},\"args\":[]},{\"className\":\"plugins.importexport.doaj.DOAJInfoSender\",\"frequency\":{\"hour\":24},\"args\":[]},{\"className\":\"plugins.importexport.crossref.CrossrefInfoSender\",\"frequency\":{\"hour\":24},\"args\":[]},{\"className\":\"lib.pkp.classes.task.ReviewReminder\",\"frequency\":{\"hour\":24},\"args\":[]},{\"className\":\"lib.pkp.classes.task.StatisticsReport\",\"frequency\":{\"day\":\"1\"},\"args\":[]},{\"className\":\"classes.tasks.SubscriptionExpiryReminder\",\"frequency\":{\"day\":\"1\"},\"args\":[]}]','object'),
('acronplugin',0,'enabled','1','bool'),
('announcementfeedplugin',1,'dateUpdated','2021-06-28 14:41:00','string'),
('announcementfeedplugin',1,'enabled','1','bool'),
('browseblockplugin',1,'enabled','1','bool'),
('citationstylelanguageplugin',1,'enabled','1','bool'),
('customblockmanagerplugin',1,'enabled','1','bool'),
('defaultthemeplugin',0,'enabled','1','bool'),
('defaultthemeplugin',1,'baseColour','#f4c145','text'),
('defaultthemeplugin',1,'enabled','1','bool'),
('defaulttranslationplugin',1,'enabled','1','bool'),
('developedbyblockplugin',0,'enabled','0','bool'),
('developedbyblockplugin',0,'seq','0','int'),
('developedbyblockplugin',1,'enabled','1','bool'),
('doipubidplugin',1,'enabled','1','bool'),
('driverplugin',1,'enabled','1','bool'),
('dublincoremetaplugin',1,'enabled','1','bool'),
('googleanalyticsplugin',1,'enabled','1','bool'),
('googleanalyticsplugin',1,'googleAnalyticsSiteId','UA-160064180-1','string'),
('googlescholarplugin',1,'enabled','1','bool'),
('htmlarticlegalleyplugin',1,'enabled','1','bool'),
('informationblockplugin',1,'enabled','1','bool'),
('languagetoggleblockplugin',0,'enabled','1','bool'),
('languagetoggleblockplugin',0,'seq','4','int'),
('languagetoggleblockplugin',1,'enabled','1','bool'),
('lensgalleyplugin',1,'enabled','1','bool'),
('makesubmissionblockplugin',1,'enabled','1','bool'),
('openaireplugin',1,'enabled','1','bool'),
('orcidprofileplugin',1,'enabled','1','bool'),
('pdfjsviewerplugin',1,'enabled','1','bool'),
('recommendbyauthorplugin',1,'enabled','1','bool'),
('recommendbysimilarityplugin',1,'enabled','1','bool'),
('resolverplugin',1,'enabled','1','bool'),
('staticpagesplugin',1,'enabled','1','bool'),
('subscriptionblockplugin',1,'enabled','1','bool'),
('tinymceplugin',0,'enabled','1','bool'),
('tinymceplugin',1,'enabled','1','bool'),
('urnpubidplugin',1,'enabled','1','bool'),
('usageeventplugin',0,'enabled','1','bool'),
('usageeventplugin',0,'uniqueSiteId','5ed8b0e29f154','string'),
('usagestatsplugin',0,'accessLogFileParseRegex','/^(?P<ip>\\S+) \\S+ \\S+ \\[(?P<date>.*?)\\] \"\\S+ (?P<url>\\S+).*?\" (?P<returnCode>\\S+) \\S+ \".*?\" \"(?P<userAgent>.*?)\"/','string'),
('usagestatsplugin',0,'chartType','bar','string'),
('usagestatsplugin',0,'createLogFiles','1','bool'),
('usagestatsplugin',0,'datasetMaxCount','4','string'),
('usagestatsplugin',0,'enabled','1','bool'),
('usagestatsplugin',0,'optionalColumns','[\"city\",\"region\"]','object'),
('webfeedblockplugin',1,'context','1','int'),
('webfeedblockplugin',1,'enabled','1','bool'),
('webfeedblockplugin',1,'seq','5','int'),
('webfeedplugin',1,'displayItems','1','bool'),
('webfeedplugin',1,'displayPage','homepage','string'),
('webfeedplugin',1,'enabled','1','bool');

--
-- Table structure for table `publication_categories`
--

CREATE TABLE `publication_categories` (
  `publication_id` bigint(20) NOT NULL,
  `category_id` bigint(20) NOT NULL,
  UNIQUE KEY `publication_categories_id` (`publication_id`,`category_id`)
) ENGINE=InnoDB DEFAULT CHARSET=latin1 COLLATE=latin1_swedish_ci;

--
-- Dumping data for table `publication_categories`
--


--
-- Table structure for table `publication_galley_settings`
--

CREATE TABLE `publication_galley_settings` (
  `galley_id` bigint(20) NOT NULL,
  `locale` varchar(14) NOT NULL DEFAULT '',
  `setting_name` varchar(255) NOT NULL,
  `setting_value` text DEFAULT NULL,
  UNIQUE KEY `publication_galley_settings_pkey` (`galley_id`,`locale`,`setting_name`),
  KEY `publication_galley_settings_galley_id` (`galley_id`),
  KEY `publication_galley_settings_name_value` (`setting_name`(50),`setting_value`(150))
) ENGINE=InnoDB DEFAULT CHARSET=latin1 COLLATE=latin1_swedish_ci;

--
-- Dumping data for table `publication_galley_settings`
--


--
-- Table structure for table `publication_galleys`
--

CREATE TABLE `publication_galleys` (
  `galley_id` bigint(20) NOT NULL AUTO_INCREMENT,
  `locale` varchar(14) DEFAULT NULL,
  `publication_id` bigint(20) NOT NULL,
  `label` varchar(255) DEFAULT NULL,
  `submission_file_id` bigint(20) unsigned DEFAULT NULL,
  `seq` double NOT NULL DEFAULT 0,
  `remote_url` varchar(2047) DEFAULT NULL,
  `is_approved` tinyint(4) NOT NULL DEFAULT 0,
  `url_path` varchar(64) DEFAULT NULL,
  PRIMARY KEY (`galley_id`),
  KEY `publication_galleys_publication_id` (`publication_id`),
  KEY `publication_galleys_url_path` (`url_path`),
  KEY `publication_galleys_submission_file_id_foreign` (`submission_file_id`),
  CONSTRAINT `publication_galleys_submission_file_id_foreign` FOREIGN KEY (`submission_file_id`) REFERENCES `submission_files` (`submission_file_id`)
) ENGINE=InnoDB AUTO_INCREMENT=55 DEFAULT CHARSET=latin1 COLLATE=latin1_swedish_ci;

--
-- Dumping data for table `publication_galleys`
--

INSERT INTO `publication_galleys` VALUES
(1,'en_US',1,'PDF',1,0,'',1,NULL),
(2,'en_US',2,'PDF',3,0,'',1,NULL),
(3,'en_US',3,'PDF',5,0,'',1,NULL),
(4,'en_US',4,'PDF',7,0,'',1,NULL),
(5,'en_US',5,'PDF',9,0,'',1,NULL),
(6,'en_US',6,'PDF',11,0,'',1,NULL),
(7,'en_US',7,'PDF',13,0,'',1,NULL),
(8,'en_US',8,'PDF',15,0,'',1,NULL),
(9,'en_US',9,'PDF',17,0,'',1,NULL),
(10,'en_US',16,'PDF',20,0,'',0,''),
(11,'en_US',17,'PDF',22,0,'',0,''),
(12,'en_US',18,'PDF',24,0,'',0,''),
(13,'en_US',19,'PDF',26,0,'',0,''),
(14,'en_US',20,'PDF',28,0,'',0,''),
(15,'en_US',21,'PDF',30,0,'',0,''),
(16,'en_US',22,'PDF',32,0,'',0,''),
(17,'en_US',23,'PDF',34,0,'',0,''),
(18,'en_US',24,'PDF',36,0,'',0,''),
(19,'en_US',27,'PDF',40,0,'',0,''),
(23,'ka_GE',33,'PDF',49,0,'',0,''),
(25,'ka_GE',35,'PDF',52,0,'',0,''),
(26,'ka_GE',39,'PDF',54,0,'',0,''),
(27,'ka_GE',40,'PDF',56,0,'',0,''),
(28,'en_US',41,'PDF',58,0,'',0,''),
(29,'en_US',42,'PDF',60,0,'',0,''),
(30,'en_US',43,'PDF',62,0,'',0,''),
(31,'ka_GE',45,'PDF',65,0,'',0,''),
(33,'ka_GE',46,'PDF',67,0,'',0,''),
(34,'ka_GE',47,'PDF',69,0,'',0,''),
(36,'ka_GE',49,'PDF',73,0,'',0,''),
(38,'en_US',51,'PDF',78,0,'',0,''),
(39,'ka_GE',51,'PDF',79,0,'',0,''),
(40,'ka_GE',52,'PDF',81,0,'',0,''),
(41,'ka_GE',50,'PDF',82,0,'',0,''),
(42,'ka_GE',48,'PDF',83,0,'',0,''),
(43,'ka_GE',53,'PDF',85,0,'',0,''),
(44,'ka_GE',54,'PDF',87,0,'',0,''),
(45,'ka_GE',55,'PDF',89,0,'',0,''),
(46,'ka_GE',56,'PDF',91,0,'',0,''),
(47,'ka_GE',57,'PDF',93,0,'',0,''),
(48,'ka_GE',58,'PDF',95,0,'',0,''),
(50,'ka_GE',59,'PDF',98,0,'',0,''),
(51,'ka_GE',59,'Diagrams',100,0,'',0,''),
(52,'ka_GE',60,'PDF',102,0,'',0,''),
(53,'ka_GE',61,'PDF',104,0,'',0,''),
(54,'en_US',63,'PDF',108,0,'',0,'');

--
-- Table structure for table `publication_settings`
--

CREATE TABLE `publication_settings` (
  `publication_id` bigint(20) NOT NULL,
  `locale` varchar(14) NOT NULL DEFAULT '',
  `setting_name` varchar(255) NOT NULL,
  `setting_value` mediumtext DEFAULT NULL,
  UNIQUE KEY `publication_settings_pkey` (`publication_id`,`locale`,`setting_name`),
  KEY `publication_settings_publication_id` (`publication_id`),
  KEY `publication_settings_name_value` (`setting_name`(50),`setting_value`(150))
) ENGINE=InnoDB DEFAULT CHARSET=utf8mb3 COLLATE=utf8mb3_general_ci;

--
-- Dumping data for table `publication_settings`
--

INSERT INTO `publication_settings` VALUES
(1,'','copyrightYear',''),
(1,'','hide_author','0'),
(1,'','issueId','1'),
(1,'','licenseURL',''),
(1,'','pages','1-7'),
(1,'en_US','abstract','<p>Communication is a two-way process that occurs through speaking, writing, listening and observing as individuals share ideas, thoughts and feelings.</p>\r\n<p>A public servant is a person who exercises public legal powers as his or her main professional activity, which ensures his / her protection of public interests and is the basis for the creation of a transparent, accountable and quality-oriented public service that should provide fair and equal services to citizens.</p>\r\n<p>The ability to communicate effectively is a foundational skill for professional development and as professionals, public servants need to be acutely aware of their communication skills and of how they give, receive and process information.</p>'),
(1,'en_US','cleanTitle','Interpersonal Communication in Public Service'),
(1,'en_US','copyrightHolder',''),
(1,'en_US','prefix',''),
(1,'en_US','subtitle',''),
(1,'en_US','title','Interpersonal Communication in Public Service'),
(2,'','copyrightYear',''),
(2,'','hide_author','0'),
(2,'','issueId','1'),
(2,'','licenseURL',''),
(2,'','pages','8-14'),
(2,'en_US','abstract','<p>At any stage of life, any organization or person has overcome some kind of difficulty. Positive Psychotherapy, based on the principle of “Here &amp; Now”, teaches us the right analyses of the existed reality, helps to discover our own resources and expand opportunities to find the solution. It’s one of the most human approaches that we can use on the one hand, to better understand our own “I” on the personal level and on the other hand, to manage multifaceted interpersonal relationships at the level of organizational culture.</p>\r\n<p>The article discusses the interpretation of this unique model from a wide perspective, which in people interaction leads to the love of people, understanding each other and through the so-called WIN-WIN tactics can create the team oriented on self-development. It’s well known that if we want to understand us, first we should listen to understand them. This is what helps us to be a leader in managing change, to act in the common interest and to improve the existing reality with our personal responsibility. Here is described the current trends of PR in an original way and tells briefly how professionals in this field can develop skills through a positive psychotherapeutic model to achieve a harmonious balance between internal and external communications.</p>'),
(2,'en_US','cleanTitle','Positive Psychotherapy Approach for Achieving Balance in Public Relations'),
(2,'en_US','copyrightHolder',''),
(2,'en_US','prefix',''),
(2,'en_US','subtitle',''),
(2,'en_US','title','Positive Psychotherapy Approach for Achieving Balance in Public Relations'),
(3,'','copyrightYear',''),
(3,'','hide_author','0'),
(3,'','issueId','1'),
(3,'','licenseURL',''),
(3,'','pages','15-19'),
(3,'en_US','abstract','<p>The increasing importance of intercultural communication is a consequence of the globalization process. The importance of communication management is growing day by day and offers companies new opportunities. Globalization is transforming mono-cultural companies into multicultural ones, which is a new challenge for company managers. Adapting to a foreign culture involves a number of stages. Proper management of the stages leads to further development and success of the companies. To be successful, companies need to be realistic. They have to identify their own cultural, ethnic, identity.</p>\r\n<p>The territory of Georgia has been an area of intensive migration since ancient times. This has created multi-ethnicity in the country and the formation of a multicultural environment where there is a high level of recognition of different cultures. The flow of foreign investment into the country has increased since the 1990s, which has increased the impact of foreign cultures on local.Georgia is one of the countries whose economy is largely dependent on foreign investment. Therefore, the importance of coordinating intercultural communication in the country is especially great.</p>'),
(3,'en_US','cleanTitle','The Importance of  Crosscultural Communication'),
(3,'en_US','copyrightHolder',''),
(3,'en_US','prefix',''),
(3,'en_US','subtitle',''),
(3,'en_US','title','The Importance of  Cross-cultural Communication'),
(4,'','copyrightYear',''),
(4,'','hide_author','0'),
(4,'','issueId','1'),
(4,'','licenseURL',''),
(4,'','pages','20-27'),
(4,'en_US','abstract','<p>Researches prove that people, who have a permanent job, feel much better than the unemployed. It means that employment means a lot for almost every person. However, in many cases, the inappropriate environment at work is a source of stress as well.</p>\r\n<p>When we discuss stress, we should not forget that one and the same situation could have a stronger impact (stress) on one person and less – on the other. Individual factors such as how one sees and copes with stress are extremely important here. Besides, qualification and socio-demographic conditions are essential, too.</p>\r\n<p>The aim of the survey was to assess the quality of the staff anxiety and to carry out correlation and comparative analysis between the level of job satisfaction and the survey results of anxiety.</p>\r\n<p>Employees’ diagnosis was made with reactive and personal anxiety test – questionnaires, developed by Charles Spielberger.</p>'),
(4,'en_US','cleanTitle','Public Services in the Field of Culture'),
(4,'en_US','copyrightHolder',''),
(4,'en_US','prefix',''),
(4,'en_US','subtitle',''),
(4,'en_US','title','Public Services in the Field of Culture'),
(5,'','copyrightYear',''),
(5,'','hide_author','0'),
(5,'','issueId','1'),
(5,'','licenseURL',''),
(5,'','pages','28-37'),
(5,'en_US','abstract','<p>Researches prove that people, who have a permanent job, feel much better than the unemployed. It means that employment means a lot for almost every person. However, in many cases, the inappropriate environment at work is a source of stress as well.</p>\r\n<p>When we discuss stress, we should not forget that one and the same situation could have a stronger impact (stress) on one person and less – on the other. Individual factors such as how one sees and copes with stress are extremely important here. Besides, qualification and socio-demographic conditions are essential, too.</p>\r\n<p>The aim of the survey was to assess the quality of the staff anxiety and to carry out correlation and comparative analysis between the level of job satisfaction and the survey results of anxiety.</p>\r\n<p>Employees’ diagnosis was made with reactive and personal anxiety test – questionnaires, developed by Charles Spielberger.</p>'),
(5,'en_US','cleanTitle','Anxiety as Determining Indicator for WorkRelated Stress'),
(5,'en_US','copyrightHolder',''),
(5,'en_US','prefix',''),
(5,'en_US','subtitle',''),
(5,'en_US','title','Anxiety as Determining Indicator for Work-Related Stress'),
(6,'','copyrightYear',''),
(6,'','hide_author','0'),
(6,'','issueId','1'),
(6,'','licenseURL',''),
(6,'','pages','38-44'),
(6,'en_US','abstract','<p>Knowledge and experience about employee turnover accumulated over the years and centuries from researchers. Some models or methods have undergone transformation over time, but all the major initial theories nowadays is significant to achieve organizational success. Meanwile, together with technological advances and labor trends in the world, demands of human beings are changed. Employee turnover is distinctively important topic for organizations around the world. Managing retention to keep turnover rate is one of the most challenging issues in contemporary world. Organizations should constantly pay attention how to detect personnel drain process effectively for the continuous development of business.</p>\r\n<p>The best way to avoid personnel job leaving is to identify, analyze and eliminate the reasons that may cause it and try to prevent. As time goes by, companies have a shortage of qualified candidate in the long run. At the same time, continuously search for a new employee, on the job orientation and professional growth is associated with new financial expenses.</p>\r\n<p>In article discussed as already known as well as unknown turnover factors.<a name=\"_Toc6657747\"></a><a name=\"_Toc534043739\"></a><a name=\"_Toc534043633\"></a><a name=\"_Toc534043155\"></a> It is noteworthy that, in modern digital era it’s easier to access global and local information to find a new career way out and constantly search for a new job. That’s why organizations need constantly care for maintenance of talents.&nbsp; Even though, that leaving job is caused by various types of reasons high percentage of employee turnover rate still speaks about employee dissatisfaction. As well as, in the company where staff drain indicator is very low, it is clear that organization cares for the employees and staff is satisfied more or less with labor relationship. To avoid expenses caused by voluntary turnover, organizations need to determine problems, diagnose turnover drivers and formulate retention strategies.</p>'),
(6,'en_US','cleanTitle','Tendencies and Challenges of Employee Voluntary Turnover'),
(6,'en_US','copyrightHolder',''),
(6,'en_US','prefix',''),
(6,'en_US','subtitle',''),
(6,'en_US','title','Tendencies and Challenges of Employee Voluntary Turnover'),
(7,'','copyrightYear',''),
(7,'','hide_author','0'),
(7,'','issueId','1'),
(7,'','licenseURL',''),
(7,'','pages','45-53'),
(7,'en_US','abstract','<p>Corporate social responsibility in the banking business spans several decades, although its relevance dates back to the twentieth century, and today it is one of the most important components, as the global crisis has necessitated the integration of moral principles into banking. Many banks have realized the need to create a management system that not only maintains the efficiency of the banking system in the short term, but also ensures the efficiency of its long-term development.</p>\r\n<p>The global financial and economic crisis, which began in 2007 and ended in 2010, has forced companies around the world to reconsider how they do business. Particular attention should be paid to financial institutions and their political will, so as to regulate their actions in order to protect those who easily entrust their finances to them. Emerging areas of social banking and social finance are recent efforts to incorporate broad aspects of capital, social value, and capital into our models of economic well-being. These are approaches to the financial industry that have emerged and attracted public attention mainly during the recent economic crisis. After this crisis, they can use useful lessons on how to improve local and global financial systems, using “best practical” examples.</p>\r\n<p>Social banks were one of the most successful economic start-ups during the global economic crisis of 2007-2010, which increased annual capital by 30%, while most banks were hit by the economic crisis. Social banking is not a radical change of the capitalist system, but an improvement of its basic functions, using the practice of the triple profit principle, which defines three areas of focus: profit, people and the planet.</p>\r\n<p>Thus, our goal is to briefly and simply explain the history, philosophy, current status, perspective of the social bank and what place they have in the global economy, as social banks are based all over the world and their interactions around the world create social finance development.</p>'),
(7,'en_US','cleanTitle','Social Responsibility of Banking Business'),
(7,'en_US','copyrightHolder',''),
(7,'en_US','prefix',''),
(7,'en_US','subtitle',''),
(7,'en_US','title','Social Responsibility of Banking Business'),
(8,'','copyrightYear',''),
(8,'','hide_author','0'),
(8,'','issueId','1'),
(8,'','licenseURL',''),
(8,'','pages','54-62'),
(8,'en_US','abstract','<p>This paper considers the effect that knowledge has on Georgians’ attitudes about foreign policy alliances.&nbsp;Georgia’s current political course is directed towards the West and NATO membership. However, due to the difficult historical past, the&nbsp;Georgian population may have different wishes and expectations,&nbsp;and many&nbsp;might want to get closer to Russia. This article shows exactly whether the Georgian political course and the expectations of the population coincide with each other, and to what degree the most knowledgeable citizens of Georgia agree with the view of elites.</p>'),
(8,'en_US','cleanTitle','Georgians’ Political Knowledge and Attitudes towards the West and Russia'),
(8,'en_US','copyrightHolder',''),
(8,'en_US','prefix',''),
(8,'en_US','subtitle',''),
(8,'en_US','title','Georgians’ Political Knowledge and Attitudes towards the West and Russia'),
(9,'','copyrightYear',''),
(9,'','hide_author','0'),
(9,'','issueId','1'),
(9,'','licenseURL',''),
(9,'','pages','63-79'),
(9,'en_US','abstract','<p>A person’s sensitivity to pain is less when he/she is expecting a painful irritation, or has an experience of a similar feeling, otherwise the feeling of pain intensifies. Present paper examines whether the time duration of pain expectation affects pain assessment, whether pain assessment depends on the level of situational anxiety, and which brain structures are involved in the formulation of pain sensation. Questionnaires were used to assess the level of situational anxiety as well as the level of pain after the delivery of painful stimulus, EEG was recorded in three conditions: 1. When participant was forewarned about the pain expected in 10 min. 2. Delivery of pain immediately after warning, and 3. When painful stimulus was delivered without warning.&nbsp;&nbsp; Quantitative data from the study were processed by the program SPSS, and the qualitative side through brain mapping method. The data obtained suggest warning in advance to minimize the sensitivity to pain as compared to the delivery of pain immediately after warning or without warning. Presumably, activation of the hypothalamic-pituitary-adrenal axis in coordination with prefrontal cortex exerts an analgesic effect during pain expectation. The level of situational anxiety was found having no effect on pain assessment.</p>'),
(9,'en_US','cleanTitle','Pain expectation and situational anxiety impact on assessment of pain in Humans'),
(9,'en_US','copyrightHolder',''),
(9,'en_US','prefix',''),
(9,'en_US','subtitle',''),
(9,'en_US','title','Pain expectation and situational anxiety impact on assessment of pain in Humans'),
(16,'','categoryIds','[]'),
(16,'','copyrightYear','2020'),
(16,'','issueId','2'),
(16,'','pages','1-9'),
(16,'en_US','abstract','<div><span lang=\"GEO/KAT\">The paper provides an analytical review of the foreign and local researchers opinion regarding the relationship between public relations and psychology. The results of the research conducted by the PR Association on the public relations challenges in Georgia and the competencies inherent in the profession in this field are discussed. As a result of obtained data it’s revealed that PR practice </span></div>\r\n<div><span lang=\"EN-US\">is closely interacted with the&nbsp;</span><span lang=\"GEO/KAT\">psychological &nbsp;</span><span lang=\"EN-US\">aspects</span><span lang=\"GEO/KAT\">.</span></div>'),
(16,'en_US','copyrightHolder',''),
(16,'en_US','prefix',''),
(16,'en_US','subtitle',''),
(16,'en_US','title','Future trend - The Bridge between Theory of Psychology and the Practice of Public Relations'),
(17,'','categoryIds','[]'),
(17,'','copyrightYear','2020'),
(17,'','issueId','2'),
(17,'','pages','10-14'),
(17,'en_US','abstract','<div><span lang=\"EN-US\">The field of organizational communication is highly diverse and fragmented. Organizational communication covers a variety of approaches, theories and methodologies, developed within organizational settings or applied from other areas. As a new academic discipline, organizational communication is significant across many areas. Besides, 21<sup>st</sup>-century challenges make substantial impact and push those employed in organizations adapt and develop a strong and winning approach to managing organizational communication. Therefore, the article will explore how present-day challenges impact the way organizations manage their communication and provide some recommendations.</span></div>'),
(17,'en_US','copyrightHolder',''),
(17,'en_US','prefix',''),
(17,'en_US','subtitle',''),
(17,'en_US','title','The Impact of 21st Century Challenges on Organizational Communication'),
(18,'','categoryIds','[]'),
(18,'','copyrightYear','2020'),
(18,'','issueId','2'),
(18,'','pages','15-25'),
(18,'en_US','abstract','<p>The aim of the research is to study the development trends of <strong>investigative journalism in Georgia</strong>. During the research, six experts related to investigative journalism were interviewed using the semi-structured interview method. The data were analyzed using the quantitative method of content analysis.&nbsp; Accoridng to the results of the Research journalistic investigations are no longer produced&nbsp; and published in online Media in Georgia.&nbsp; Investigative journalists teams on so-called opposition TV channels often produce revealing stories, although their credibility and quality are in doubt. Nevertheless, the existence of opposition television stations is crucial for maintaining a <strong>pluralistic media environment</strong> and monitoring&nbsp; the Governemnt. There are only few Media organizations in Georgia that are free from the influence of political and financial groups and prepare journalistic investigations. Most of these small organizations are concentrated in the capital, while the regions suffer from a shortage of investigative journalistic materials. The main reasons for the weakening of investigative journalism are the lack of financial and human resources, the recruitment and outflow of already scarce journalistic personnel in government agencies and commercial institutions, the change of media landscape - due to the <strong>development of digital technologies </strong>newsrooms prefer&nbsp; short, descriptive and fast coverage of shalow facts. Maintaining the status quo in the long run can undermine the impartial and influential journalistic investigation in Georgia, which will be detrimental to the media environment and the <strong>democratic process</strong> as a whole.</p>'),
(18,'en_US','copyrightHolder',''),
(18,'en_US','prefix',''),
(18,'en_US','subtitle',''),
(18,'en_US','title','The Development Tendencies of Investigative Journalism in Georgia'),
(19,'','categoryIds','[]'),
(19,'','copyrightYear','2020'),
(19,'','issueId','2'),
(19,'','pages','26-37'),
(19,'en_US','abstract','<div><span lang=\"GEO/KAT\">Control over the implementation of defined obligations regarding the use of hate speech is now within the framework of the self-regulatory mechanism. The current regulation does not contradict the European directive and it is fully possible to protect the interests of individuals so as not to restrict freedom of expression. However, it is necessary to increase the efficiency of the existing mechanism.</span></div>'),
(19,'en_US','copyrightHolder',''),
(19,'en_US','prefix',''),
(19,'en_US','subtitle',''),
(19,'en_US','title','Hate speech in Broadcasters - Regulation or Self-regulation (under the Association Agreement)'),
(20,'','categoryIds','[]'),
(20,'','copyrightYear','2020'),
(20,'','issueId','2'),
(20,'','pages','38-43'),
(20,'en_US','abstract','<p>The best illustration of “reading” in a novel way and the principle of processing is the lexical platform of the Georgian Dialectal Corpus.</p>\r\n<p>In the process of working on the dictionary, lexicographic data undergo a number of systematic changes. This is a sort of postmodern, rereading rule where the author is not changed but, at the same time, presented information is filled and, by combining several sources, a new lexicographic text, actually, a lexical hypertext is created.</p>\r\n<p>In the paper, we discuss the lexicographic sources of the dictionaries of the GDC and demonstrate an interesting process through the visual material where several lexicographic sources create a single lexical hypertext, and the Georgian lexicographic heritage turns into a new, perfect scientific platform.</p>'),
(20,'en_US','copyrightHolder',''),
(20,'en_US','prefix',''),
(20,'en_US','subtitle',''),
(20,'en_US','title','Lexicographic Sources for the Lexical Platform of the GDC'),
(21,'','categoryIds','[]'),
(21,'','copyrightYear','2020'),
(21,'','issueId','2'),
(21,'','pages','44-50'),
(21,'en_US','abstract','<div><span lang=\"EN-US\">We have studied the dialect texts published in the Georgian Dialect Corpus that were recorded at different times in different regions of Kakheti. Kakhetian vocabulary is currently being clarified and the dictionary is being compiled. This is especially important because there is no Kakhetian vocabulary presented as a separate dictionary. We have compared some of the materials of Kakhetian vocabulary with the existing dialect dictionaries, as well as with the Georgian Explanatory Dictionary. A number of the Kakhetian lexical units have been attested in the vocabularies of other dialects as well but with different meanings. We present the results of the research.</span></div>'),
(21,'en_US','copyrightHolder',''),
(21,'en_US','prefix',''),
(21,'en_US','subtitle',''),
(21,'en_US','title','On Kakhetian Dialect Vocabulary (Based on the Texts of GDC)'),
(22,'','categoryIds','[]'),
(22,'','copyrightYear','2020'),
(22,'','issueId','2'),
(22,'','pages','51-57'),
(22,'en_US','abstract','<div><span lang=\"GEO/KAT\">The aim of the research is to observe the meta language of the language web of the science language of Georgian, to investigate its explicit and non explicit meanings and its cognitive or expressive functions. Observing the different types of referents is extremely crucial alongside with the rapid development of contemporary technologies, artificial languages, machine translation and digital corpora opportunities. The article will also discuss the verb metaphors of the science language and how the verbs itself form the science metaphors while also becoming the objects of metaphoric expression.</span></div>'),
(22,'en_US','copyrightHolder',''),
(22,'en_US','prefix',''),
(22,'en_US','subtitle','Based on the Data from the Corpus of the Georgian Scientific Metalanguage'),
(22,'en_US','title','Metaphors of the Georgian Scientific Metalanguage: Zmna ‘Verb’'),
(23,'','categoryIds','[]'),
(23,'','copyrightYear','2020'),
(23,'','issueId','2'),
(23,'','pages','58-64'),
(23,'en_US','abstract','<div><span lang=\"GEO/KAT\">“</span><span lang=\"EN-US\">The Lodger’’&nbsp;</span><span lang=\"EN-US\">is a modernist text.&nbsp;</span>We will use every tool and means, for example, verbal thinking, symbols, author’s comments and viewpoints in relation to the text, creative language, aesthetic-ideological and ontological structure, in order to determine the primary essence of the text, to define “the whole” and in addition the constant interrelation of the whole and the part. Its primary mission is to represent the human existential search, hopelessness, doubtfulness in the modernism epoch. The destruction of the worldview landmarks existing in the parable language, permanent estrangement with oneself by irrational and anthropological essence and at the same time the realization of own absolute will, certain personal disorientation and spiritual catharsis.</div>'),
(23,'en_US','copyrightHolder',''),
(23,'en_US','prefix',''),
(23,'en_US','subtitle',''),
(23,'en_US','title','Jemal Karchkhadze\'s novel “The Lodger’’ and Markers of Modernism'),
(24,'','categoryIds','[]'),
(24,'','copyrightYear','2020'),
(24,'','issueId','2'),
(24,'','pages','65-72'),
(24,'en_US','abstract','<div><span lang=\"GEO/KAT\">Although&nbsp; the English, German and French sources&nbsp;</span>give us information about the political and ethnic units of the medieval Normans, they are still flawed and one-sided, so it would be impossible to discuss their historical past without identifying and studying the archeological sites.</div>'),
(24,'en_US','copyrightHolder',''),
(24,'en_US','prefix',''),
(24,'en_US','subtitle','VIII-XI centuries'),
(24,'en_US','title','Analysis of Christian and Pagan Graves of the Viking Era'),
(27,'','categoryIds','[]'),
(27,'','copyrightYear','2020'),
(27,'','issueId','2'),
(27,'','pages','73-78'),
(27,'en_US','abstract','<div><span lang=\"EN-US\">Belief about agrarian culture have existed all over the word since ancient times. People pray to deity for abundant crops. They asked god or goddesses for suitable weather for good harvest and welfare. Agricultural deities existed in Georgia as well. In a Christian era Georgian people prayed to the Christian Saints instead of the deity. One of the historical-ethnographic region named Samegrelo people performed rituals around the earthenware vessel named Kvevri, in cellar or open air as well. The topic is about agrarian culture and worship in Samegrelo. The rituals in which agrarian cult had mane place is discussed.</span></div>'),
(27,'en_US','copyrightHolder',''),
(27,'en_US','prefix',''),
(27,'en_US','subtitle',''),
(27,'en_US','title','Beliefs Connected to the Agrarian Culture'),
(28,'','categoryIds','[]'),
(28,'en_US','abstract','<p><em>The main idea of this paper is to check the level of disclosure in the annual statements of Georgian companies and to assess the speculated effect of various company peculiarities on the amount of either voluntary or mandatory disclosure. A disclosure list containing 35 items were established to check the amount of disclosure in the 2018 annual statements of 50 firms. The relationship between the amount of disclosure and various firm peculiarities was analyzed by the means of Ordinary Least Square regression. </em></p>'),
(28,'en_US','prefix',''),
(28,'en_US','subtitle',''),
(28,'en_US','title','Corporate Voluntary and Mandatory Disclosure: Evidence from Georgian Companies'),
(29,'','categoryIds','[]'),
(33,'','categoryIds','[]'),
(33,'','copyrightYear','2021'),
(33,'','issueId','3'),
(33,'','pages','01-10'),
(33,'en_US','abstract','<p>real english</p>'),
(33,'en_US','copyrightHolder',''),
(33,'en_US','prefix',''),
(33,'en_US','subtitle',''),
(33,'en_US','title','real English'),
(33,'ka_GE','abstract','<p>vitom georgian</p>'),
(33,'ka_GE','copyrightHolder',''),
(33,'ka_GE','prefix',''),
(33,'ka_GE','subtitle',''),
(33,'ka_GE','title','vitom qartuli'),
(35,'','categoryIds','[]'),
(35,'','copyrightYear','2021'),
(35,'','issueId','3'),
(35,'','pages','1-10'),
(35,'en_US','abstract','<p>abstract</p>'),
(35,'en_US','copyrightHolder',''),
(35,'en_US','prefix',''),
(35,'en_US','subtitle','sub title'),
(35,'en_US','title','inglisuri'),
(35,'ka_GE','abstract','<p>ქართული აბსტრაქტი</p>'),
(35,'ka_GE','copyrightHolder',''),
(35,'ka_GE','prefix',''),
(35,'ka_GE','subtitle','ქვე სატაური'),
(35,'ka_GE','title','ქართული'),
(39,'','categoryIds','[]'),
(39,'','copyrightYear','2021'),
(39,'','issueId','3'),
(39,'','pages','1-10'),
(39,'en_US','abstract','<div class=\"page\" title=\"Page 1\">\r\n<div class=\"layoutArea\">\r\n<div class=\"column\">\r\n<p>Professional development of public servant is dynamic, systematic, organized and individually- creative process, which aims to improve qualification of employees working in public sector and is oriented to increase effectiveness of public work. In Georgia, this process is regulated with law „About public work“ with by Law-resolution N242 of the government of Georgia. The article discusses the legal framework, opportunities and perspectives for professional development of public servant.</p>\r\n</div>\r\n</div>\r\n</div>'),
(39,'en_US','copyrightHolder',''),
(39,'en_US','title','Legislative Framework for Public Servant Professional Development, Public Service Opportunities and Perspectives in Georgia'),
(39,'ka_GE','abstract','<div class=\"page\" title=\"Page 1\">\r\n<div class=\"section\">\r\n<div class=\"layoutArea\">\r\n<div class=\"column\">\r\n<p>საჯარო მოხელის პროფესიული განვითარება არის დინამიური, სისტემური, ორგანიზებული და ინდივიდუალურ-შემოქმედებითი პროცესი, რომელიც მიზნად ისახავს საჯარო უწყებებში დასაქმებულთა კვალიფიკაციის ამაღლებას და მიმართულია მთლიანად საჯარო სამსახურის საქმიანობის ეფექტიანობის გაზრდაზე.</p>\r\n</div>\r\n</div>\r\n<div class=\"layoutArea\">\r\n<div class=\"column\">\r\n<p>საქართველოში ეს პროცესი რეგულირდება საქართველოს კანონის ,,საჯარო სამსახურის შესახებ“, კანონქვემდებარე აქტით - საქართველოს მთავრობის No242 დადგენილებით.</p>\r\n</div>\r\n</div>\r\n<div class=\"layoutArea\">\r\n<div class=\"column\">\r\n<p>წინამდებარე სტატიაში განხილულია საქართველოს საჯარო სამსახურში პროფესიული საჯარო მოხელის პროფესიული განვითარების საკანონმდებლო ჩარჩო, შესაძლებლობები და პერსპექტივები.</p>\r\n</div>\r\n</div>\r\n</div>\r\n</div>'),
(39,'ka_GE','copyrightHolder',''),
(39,'ka_GE','title',' საჯარო მოხელის პროფესიული განვითარების საკანონმდებლო ჩარჩო, შესაძლებლობები და პერსპექტივები საქართველოს სახელმწიფო სამსახურში'),
(40,'','categoryIds','[]'),
(40,'','copyrightYear','2021'),
(40,'','issueId','3'),
(40,'','pages','11-19'),
(40,'en_US','abstract','<div class=\"page\" title=\"Page 1\">\r\n<div class=\"layoutArea\">\r\n<div class=\"column\">\r\n<p>Democracy, by its direct meaning, is the active participation of society in the running of the state. To create a powerful democratic state, Georgia needs to have a well-organized, strong civil society. If we look at the current events since the independence of our country, unfortunately, we are in a vicious circle: the bridge between the government and the population is broken, that caused the absolute distrust and nihilism towards elections. The article deals with the issues to detect the readiness of our population, especially the youth, to get involved in public-political life.</p>\r\n</div>\r\n</div>\r\n</div>'),
(40,'en_US','copyrightHolder',''),
(40,'en_US','title','The Influence of Civil Activism on Improvement of Social-Political Life'),
(40,'ka_GE','abstract','<div class=\"page\" title=\"Page 1\">\r\n<div class=\"layoutArea\">\r\n<div class=\"column\">\r\n<p>დემოკრატია, მისი პირდაპირი მნიშვნელობით, ნიშნავს სახელმწიფოს მართვის პროცესში საზოგადოების აქტიურ მონაწილეობას. იმისათვის, რომ შეიქმნას ძლიერი დემოკრატიული სახელმწიფო, საქართველოს სჭირდება ჰქონდეს კარგად ორგანიზებული, ძლიერი სამოქალაქო საზოგადოება. თუკი, ამჟამად მიმდინარე მოვლენებს დავაკვირდებით, დამოუკიდებლობის მოპოვების შემდეგ, სამწუხაროდ ჩვენ ისევ მოჯადოვებულ წრეში ვართ: ხიდი მთავრობასა და ქვეყნის მოსახლეობას შორის ჩატეხილია, რამაც გამოიწვია აბსოლუტური უნდობლობა და ნიჰილიზმი არჩევნების მიმართ. სტატია ემსახურება მოსახლეობის მზაობის გამოვლენას, განსაკუთრებით ახალგაზრდების, რომ ჩაერთონ საჯარო-პოლიტიკურ ცხოვრებაში.</p>\r\n</div>\r\n</div>\r\n</div>'),
(40,'ka_GE','copyrightHolder',''),
(40,'ka_GE','title','სამოქალაქო აქტივობის გავლენა საზოგადოებრივ-პოლიტიკური ცხოვრების გაუმჯობესებაზე'),
(41,'','categoryIds','[]'),
(41,'','copyrightYear','2021'),
(41,'','issueId','3'),
(41,'','pages','20-32'),
(41,'en_US','abstract','<p>Human resources department is involved in creation and development of a job description, however only human resources department cannot create this document. The actual supervisor, head of the department or a unit should clarify what the expectations from the person holding the vacancy are. Afterwards the key functions of the job are outlined and other additional activities that can also be done by the position holder are added as secondary functions to the position. Human resources department provides detailed instructions of how the job can be done properly as well as analyzes the similar position in the industry and internationally in order to ensure the job description corresponds to the common internationally accepted or industry accepted golden standard. The study compares selected positions in the field of marketing and management and identifies the differences of local job description to the golden standard, outlining the gaps and recommending the areas of improvement for human resources specialists creating and developing job descriptions. Believing that existing job descriptions in the fields studied lead to inefficiency of the working process in the organizations studies, the article proposes recommendations to develop the job descriptions so that the commonly accepted golden standards are adopted in order to help make organizational processes make the functions of each position more efficient.</p>'),
(41,'en_US','copyrightHolder',''),
(41,'en_US','title','Are We There Yet? Comparative Analysis of Local Georgian Job Descriptions to the Golden Standards'),
(41,'ka_GE','abstract','<p>ადამიანური რესურსების დეპარტამენტი აქტიურად არის ჩართული სამუშაო აღწერილობების შექმნასა და განვითარებაში, თუმცა, მხოლოდ ადამიანური რესურსების მართვის სამსახურს</p>\n<p>არ შეუძლია შექმნას ეს დოკუმენტი. მთავარმა სუპერვაიზორმა, დეპარტამენტის ხელმძღვანელმა ცხადად უნდა გამოკვეთოს, თუ რა არის ის სამსახურეობრივი ფუნქციები, რომელიც კონკრეტულ პოზიციაზე დანიშნულ პირს უნდა გააჩნდეს. ამის შემდგომ კი, სამსახურის ძირითადი ფუნქციები უკვე გაწერილია და სხვა დამატებითი ფუნქციები, რომელიც შესაძლებელია შესრულდეს თანამშრომლის მხრიდან, აგრეთვე დამატებულია, როგორც პოზიციის მეორადი ფუნქციები.</p>\n<p>ადამიანური რესურსების დეპარტამენტი უზრუნველყოფს დეტალურ ინსტრუქციას, თუ როგორ უნდა გაკეთდეს კონკრეტული დავალება ადეკვატურად, ასევე, აანალიზებს კონკრეტულ სამუშაოს ინდუსტრიისა და საერთაშორისო ბაზრის დონეზე და ადგენს, თუ რამდენად შეესაბამება ეს საქმიანობა/პოზიცია ოქროს სტანდარტებს. კვლევაში წარმოდგენილია შედარება მარკეტინგის და მენეჯმენტის სფეროების მიმართულებით და ადგენს განსხვავებებს ადგილობრივი სამუშაო აღწერილობის დონეზე ოქროს სტანდარტებთან მიმართებით, ასევე, წარმოაჩენს ნაკლოვანებებს და იმ სფეროებს, რომლებიც საჭიროებენ განვითარებას.</p>\n<p>სტატია გვაწვდის რეკომენდაციებს, რათა განვავითაროთ სამუშაო აღწერილობები იმგვარად, რომ გაზიარებულ იქნას საყოველთაოდ აღიარებული ოქროს სტანდარტები, რათა გაიზარდოს ორგანიზაციული პროცესების ეფექტურობა.</p>'),
(41,'ka_GE','copyrightHolder',''),
(41,'ka_GE','title','ვართ იქ  ჯერ? ადგილობრივი ქართული სამუშაო აღწერილობების შედარებითი ანალიზი ოქროს სტანდარტებთან'),
(42,'','categoryIds','[]'),
(42,'','copyrightYear','2021'),
(42,'','issueId','3'),
(42,'','pages','33-38'),
(42,'en_US','abstract','<div class=\"page\" title=\"Page 1\">\r\n<div class=\"layoutArea\">\r\n<div class=\"column\">\r\n<p>In the rapidly changing world, companies are facing challenges in adapting to the accelerated processes of wanted or unwanted change. Therefore, maintaining stability becomes problematic for companies from any business sector and the absence of know-how makes it more complicated. Representing the area with fundamental importance to the development of a country, higher education institutions must overcome these challenges still staying competitive. For dealing with the above-mentioned problems, it is crucial to have a strategy, how to manage the process of change. Based on the survey conducted in Georgia and the online data research, the paper aims to describe the essence of organizational change, to reveal change management challenges faced by HEIs in Georgia and describe the famous models of change process implementation.</p>\r\n</div>\r\n</div>\r\n</div>'),
(42,'en_US','copyrightHolder',''),
(42,'en_US','title','Change Management Challenges in Georgian Higher Education Institutions and the Necessary Tools for Handling Them'),
(42,'ka_GE','abstract','<p>სწრაფად ცვალებად სამყაროში<span lang=\"GEO/KAT\">, სასურველი თუ არასასურველი ცვლილებებისგან გამოწვეულ დაჩქარებულ პროცესებთან შეგუება კომპანიებისთვის გამოწვევას წარმოადგენს. </span>ამი<span lang=\"GEO/KAT\">ს გამო</span>, სტაბილურობის შენარჩუნება პრობლემური ხდება ბიზნესის ნებისმიერ სექტორში მოღვაწე კომპანიისთვის, ნოუ-ჰაუს არარსებობა კი პროცესს კიდევ უფრო ართულებს. წარმოადგენენ რა ქვეყნის განვითარებისთვის ფუნდამენტური მნიშვნელობის სფეროს, უმაღლესმა საგანმანათლებლო დაწესებულებებმა უნდა გადალახონ ეს გამოწვევები ისე, რომ არ დაკარგონ კონკურენტუნარიანობა საგანმანათლებლო ბაზარზე. ზემოაღნიშნულ პრობლემებთან გამკლავებისთვის, გადამწყვეტი მნიშვნელობა ენიჭება სტრატეგიას, თუ როგორ უნდა მოხდეს ცვლილებების პროცესის მართვა. საქართველოში ჩატარებული გამოკითხვისა და მონაცემთა ანალიზის მეშვეობით, ნაშრომი მიზნად ისახავს ორგანიზაციული ცვლილებების არსის აღწერას, საქართველოში არსებული უმაღლესი საგანმანათლებლო დაწესებულებების წინაშე მდგარი გამოწვევების გამოვლენას ცვლილებების მენეჯმენტის ჭრილში და მსოფლიოში ცნობილი ცვლილებების მართვის მოდელების აღწერას.</p>'),
(42,'ka_GE','copyrightHolder',''),
(42,'ka_GE','title','ცვლილებების მართვის გამოწვევები საქართველოს უმაღლეს საგანმანათლებლო დაწესებულებებში და მათთან გამკლავების საჭირო ინსტრუმენტები'),
(43,'','categoryIds','[]'),
(43,'','copyrightYear','2021'),
(43,'','issueId','3'),
(43,'','pages','39-48'),
(43,'en_US','abstract','<p>Following the transition to a market economy, the banking sector in Georgia has changed radically, becoming virtually state-independent business and one of the most successful economic reforms in the country. Nevertheless, there is still a process of concentration/consolidation of banks, the identity of prices for banking products and services, the difficulty of establishing a place for a new player in the market, etc., which limits the elements of interbank free competition. The above may be caused by the lack of proper regulatory mechanisms by the state. It is a fact that the existing mechanisms and procedures of administration in the relevant direction need to be refined; particular attention should be paid to sharing of foreign experience in interbank competition, analysis of new legal regulations implemented in the banking sector of Georgia, revealing the role of the state in improving the country\'s interbank competition policy in responsible lending to individuals.</p>'),
(43,'en_US','copyrightHolder',''),
(43,'en_US','title','The impact of Responsible Lending Policies for Individuals on Banking Competition'),
(43,'ka_GE','abstract','<p>საქართველოში საბაზრო ეკონომიკაზე გადასვლის<br />კვალობაზე ძირფესვიანად შეიცვალა საბანკო სექტორი,<br />ის პრაქტიკულად გახდა სახელმწიფოსაგან დამოუკიდებელი <br />და ქვეყანაში განხორციელებული ეკონომიკური<br />რეფორმებიდან ერთ-ერთი წარმატებული ბიზნესი.<br />მიუხედავად აღნიშნულისა, დღემდე ადგილი აქვს ბანკების<br />კონცენტრაცია/კონსოლიდაციის პროცესს, საბანკო პროდუქტებსა<br />და მომსახურებაზე ფასების იდენტურობას, ბაზარზე ახალი მოთამაშის მიერ<br />ადგილის დამკვიდრების სირთულეს და ა.შ.<br />რაც ზღუდავს ბანკთაშორისი თავისუფალი კუნკურენციის ელემენტებს.<br />ზემოაღნიშნული შესაძლოა გამოწვეული იყოს სახელმწიფოს<br />მხრიდან რეგულირების სათანადო მექანიზმების არარსებობით.<br />ფაქტია, რომ შესაბამისი მიმართულებით ადმინისტრირების<br />არსებული მექანიზმები და პროცედურები დახვეწას საჭიროებს,<br />განსაკუთრებით საყურადღებოა ბანკთაშორისი კონკურენციის უცხოური<br />გამოცდილების გაზიარება, საქართველოს საბანკო სექტორში<br />განხორციელებული ახალი სამართლებრივი რეგულაციების ანალიზი,<br />სახელმწიფოს როლის გამოვლენა ქვეყნის ბანკთაშორისი კონკურენციის<br />პოლიტიკის გაუმჯობესების მიზნით ფიზიკური</p>\n<p>პირების პასუხისმგებლიან დაკრედიტებაში.</p>'),
(43,'ka_GE','copyrightHolder',''),
(43,'ka_GE','title','ფიზიკური პირების პასუხისმგებლიანი დაკრედიტების პოლიტიკის გავლენა საბანკო კონკურენციაზე'),
(45,'','categoryIds','[]'),
(45,'','copyrightYear','2021'),
(45,'','issueId','3'),
(45,'','pages','59-65'),
(45,'en_US','abstract','<div class=\"page\" title=\"Page 1\">\r\n<div class=\"layoutArea\">\r\n<div class=\"column\">\r\n<p>The paper is an analytical review of the existing literature on crisis management. The purpose of the paper is to discuss the main problems of management in unexpected crisis situations, which can lead not only to material loss, but also to the complete liquidation of the business. Emphasizes the important role of the manager in crisis situations. The results and conclusion-recommendations of the study is about the important and necessary issues that need to be considered in order to manage crises properly and more effectively.</p>\r\n</div>\r\n</div>\r\n</div>'),
(45,'en_US','copyrightHolder',''),
(45,'en_US','title','Management Problems and Dealing them while Critical Situations'),
(45,'ka_GE','abstract','<div class=\"page\" title=\"Page 1\">\r\n<div class=\"layoutArea\">\r\n<div class=\"column\">\r\n<p>სტატია მოიაზრებს კრიზისის მენეჯმენტის შესახებ არსებული ლიტერატურის ანალიტიკურ მიმოხილვას. სტატიის მიზანია იმსჯელოს მენეჯმენტის პროცესში წარმოქმნილ გაუთვალისწინებელ კრიზისულ სიტუაციებზე, რომელსაც მივყავართ არა მხოლოდ მატერიალურ დანაკარგამდე, არამედ ასევე, ბიზნესის სრულ ლიკვიდაციამდე. ხაზს უსვამს მენეჯერის როლის მნიშვნელობას კრიზისულ სიტუაციაში. კვლევის შედეგები და დასკვნა-რეკომენდაციები არის მნიშვნელოვანი და აუცილებელი საკითხი, რომელიც იმსახურებს გაანალიზებას, რათა სწორად და მეტად ეფექტურად მოხდეს კრიზისის მართვა.</p>\r\n</div>\r\n</div>\r\n</div>'),
(45,'ka_GE','copyrightHolder',''),
(45,'ka_GE','title','მენეჯმენტის პრობლემები და მათი გადაჭრის გზები კრიზისული სიტუაციების დროს'),
(46,'','categoryIds','[]'),
(46,'','copyrightYear','2021'),
(46,'','issueId','3'),
(46,'','pages','66-74'),
(46,'en_US','abstract','<div class=\"page\" title=\"Page 1\">\r\n<div class=\"layoutArea\">\r\n<div class=\"column\">\r\n<p>Covid-19 has affected the news, journalism, and the media system, among other domains. Scientists have already discovered a solution against covid-19, which is vaccination. However, a large part of the population does not trust vaccines. The number of people against immunization today is alarming, as well as different interpretations of covid-19 by different TV channels.</p>\r\n<p>The aim of the research in this article is to determine the process related to the immunization process in the society based on the TV coverage of Covid-19.</p>\r\n</div>\r\n</div>\r\n</div>'),
(46,'en_US','copyrightHolder',''),
(46,'en_US','title','Covid-19 in the Media Agenda and Immunization Process'),
(46,'ka_GE','abstract','<div class=\"page\" title=\"Page 1\">\r\n<div class=\"layoutArea\">\r\n<div class=\"column\">\r\n<p>კოვიდ 19-მა გავლენა იქონია ახალ ამბებზე, ჟურნალისტიკაზე, მედია სისტემებზე და ასევე, სხვა სფეროებზე. მეცნიერებმა უკვე შექმნეს კოვიდ-19-ის საწინააღმდეგო ვაქცინა, თუმცა, მოსახლეობის დიდი ნაწილი არ ენდობა ვაქცინას. იმ ადამიანების რაოდენობა, რომელიც არ ენდობა იმუნიზაციის პროცესს საკმაოდ საგანგაშოა, ასევე, კოვიდ-19-ის განსხვავებული ინტერეპრეტაციები სხვადასხვა სატელევიზო არხებზე განსხვავებულია.</p>\r\n<p>კვლევის მიზანია, რომ გამოავლინოს იმუნიზაციასთან დაკავშირებული პროცესის მახასიათებლები, რომელიც კოვიდ-19-ის მედიაში გაშუქებას უკავშირდება.</p>\r\n</div>\r\n</div>\r\n</div>'),
(46,'ka_GE','copyrightHolder',''),
(46,'ka_GE','title','Covid-19 მედიის დღის წესრიგში და იმუნიზაციის პროცესი'),
(47,'','categoryIds','[]'),
(47,'','copyrightYear','2021'),
(47,'','issueId','3'),
(47,'','pages','75-84'),
(47,'en_US','abstract','<p class=\"docData;DOCY;v5;2492;BQiAAgAAEYQCAAAGiAIAAAN+BwAABYwHAAAAAAAAAAAAAAAAAAAAAAAAAAAAAAAAAAAAAAAAAAAAAAAAAAAAAAAAAAAAAAAAAAAAAAAAAAAAAAAAAAAAAAAAAAAAAAAAAAAAAAAAAAAAAAAAAAAAAAAAAAAAAAAAAAAAAAAAAAAAAAAAAAAAAAAAAAAAAAAAAAAAAAAAAAAAAAAAAAAAAAAAAAAAAAAAAAAAAAAAAAAAAAAAAAAAAAAAAAAAAAAAAAAAAAAAAAAAAAAAAAAAAAAAAAAAAAAAAAAAAAAAAAAAAAAAAAAAAAAAAAAAAAAAAAAAAAAAAAAAAAAAAAAAAAAAAAAAAAAAAAAAAAAAAAAAAAAAAAAAAAAAAAAAAAAAAAAAAAAAAAAAAAAAAAAAAAAAAAAAAAAAAAAAAAAAAAAAAAAAAAAAAAAAAAAAAAAAAAAAAAAAAAAAAAAAAAAAAAAAAAAAAAAAAAAAAAAAAAAAAAAAAAAAAAAAAAAAAAAAAAAAAAAAAAAAAAAAAAAAAAAAAAAAAAAAAAAAAAAAAAAAAAAAAAAAAAAAAAAAAAAAAAAAAAAAAAAAAAAAAAAAAAAAAAAAAAAAAAAAAAAAAAAAAAAAAAAAAAAAAAAAAAAAAAAAAAAAAAAAAAAAAAAAAAAAAAAAAAAAAAAAAAAAAAAAAAAAAAAAAAAAAAAAAAAAAAAAAAAAAAAAAAAAAAAAAAAAAAAAAAAAAAAAAAAAAAAAAAAAAAAAAAAAAAAAAAAAAAAAAAAAAAAAAAAAAAAAAAAAAAAAAAAAAAAAAAAAAAAAAAAAAAAAAAAAAAAAAAAAAAAAAAAAAAAAAAAAAAAAAAAAAAAAAAAA8gQAAADtBAAAAZcAAAAVBgYAAAA2ADEAMgABBgYAAAAkBAAAAAAFAQMJBhIAAAAcAQEoBGQAAAAdAQEpBGQAAAAaBlgAAAAHBh4AAABUAGkAbQBlAHMAIABOAGUAdwAgAFIAbwBtAGEAbgAGBh4AAABUAGkAbQBlAHMAIABOAGUAdwAgAFIAbwBtAGEAbgAbBgoAAABlAG4ALQBHAEIAGwYAAAAAAkwEAAAFZQEAAAFYAAAABwYeAAAAVABpAG0AZQBzACAATgBlAHcAIABSAG8AbQBhAG4ABgYeAAAAVABpAG0AZQBzACAATgBlAHcAIABSAG8AbQBhAG4AGwYKAAAAZQBuAC0ARwBCAAgDAQAAAP4AAABEAGkAcwBpAG4AZgBvAHIAbQBhAHQAaQBvAG4ALAAgAGEAcwAgAG8AbgBlACAAbwBmACAAdABoAGUAIABtAG8AcwB0ACAAYwByAHUAYwBpAGEAbAAgAGMAaABhAGwAbABlAG4AZwBlAHMAIABvAGYAIABtAG8AZABlAHIAbgAgAHMAbwBjAGkAZQB0AHkALAAgAGkAcwAgAGEAbgAgAGkAcwBzAHUAZQAgAGYAbwByACAARwBlAG8AcgBnAGkAYQAgAGEAbgBkACAARQBzAHQAbwBuAGkAYQAuACAAQwBvAHUAbgB0AHIAaQBlAHMAIABhAHQAIAB0AGgAZQBpAAVnAgAAAVgAAAAHBh4AAABUAGkAbQBlAHMAIABOAGUAdwAgAFIAbwBtAGEAbgAGBh4AAABUAGkAbQBlAHMAIABOAGUAdwAgAFIAbwBtAGEAbgAbBgoAAABlAG4ALQBHAEIACAUCAAAAAAIAAHIAIABkAGkAZgBmAGUAcgBlAG4AdAAgAHMAdABhAGcAZQBzACAAbwBmACAAZABlAHYAZQBsAG8AcABtAGUAbgB0ACwAIAB3AGkAdABoACAAZABpAGYAZgBlAHIAZQBuAHQAIABwAG8AbABpAHQAaQBjAGEAbAAgAGIAYQBjAGsAZwByAG8AdQBuAGQAcwAgAGEAbgBkACAAdABlAGMAaABuAG8AbABvAGcAaQBjAGEAbAAgAGQAZQB2AGUAbABvAHAAbQBlAG4AdABzACwAIABoAGEAdgBlACAAYgBlAGUAbgAgAGIAYQB0AHQAbABpAG4AZwAgAGEAIABkAGkAcwBpAG4AZgBvAHIAbQBhAHQAaQBvAG4AIABjAGEAbQBwAGEAaQBnAG4AIABmAG8AcgAgAHkAZQBhAHIAcwAuACAAVABoAGUAIABwAGEAcABlAHIAIABlAHgAYQBtAGkAbgBlAHMAIAB0AGgAZQAgAGkAbQBwAGEAYwB0ACAAbwBmACAAbQBpAHMAaQBuAGYAbwByAG0AYQB0AGkAbwBuACAAbwBuACAAZQB0AGgAbgBpAGMAIABtAGkAbgBvAHIAaQB0AGkAZQBzACAAbABpAHYAaQBuAGcAIABpAG4AIAB0AGgAZQBzAGUAIABjAG8AdQBuAHQAcgBpAGUAcwAuACAABQoAAAABAAAAAAgAAAAABWIAAAABWAAAAAcGHgAAAFQAaQBtAGUAcwAgAE4AZQB3ACAAUgBvAG0AYQBuAAYGHgAAAFQAaQBtAGUAcwAgAE4AZQB3ACAAUgBvAG0AYQBuABsGCgAAAGUAbgAtAEcAQgAIAAAAAAoAAAAAAAAAABEAAAAALAIAAAASAAAAAQYAAAAACQYAAAAAGwYAAAAAAUsAAAAoAQcpAQcqAQcrAQUTAQEIBBgAAAAWBBgAAAAZBgoAAABlAG4ALQBVAFMAGgYKAAAAYQByAC0AUwBBABsGCgAAAGUAbgAtAFUAUwACwAEAAAC7AQAAAQYAAAA2ADEAMgACHAAAAEwAaQBzAHQAIABQAGEAcgBhAGcAcgBhAHAAaAAJAQAAAAMDBgAAADYAMAA0AAoBAAAAAQsEAAAAIgAAAAWGAAAAAAEAAQEAAgEAAwEAKAEHKQEHKgEHKwEFCAQYAAAACgEADAEAJgQAAAAADwEAEAEAEQEAJwQAAAAAFAEAFQEAFgQYAAAAFwEAGAEAGQYKAAAAZQBuAC0AVQBTABoGCgAAAGEAcgAtAFMAQQAbBgoAAABlAG4ALQBVAFMAHAYCAAAAAAAeAQAG3wAAAAABAQEGEgAAACQE0AIAACUEAAAAACYEAAAAAAUBAQYBAAcBAAgBAAkGGwAAACcE8AAAAAsBARwBACgEAAAAAB0BACkEAAAAAA4GCAAAAAABAQED////GQEBGwZ9AAAAABQAAAAAAwAAAAUEAAAAAAYEBAAAAAMBAAEUAAAAAAMAAAAFBAAAAAAGBAQAAAADAQACFAAAAAADAAAABQQAAAAABgQEAAAAAwEAAxQAAAAAAwAAAAUEAAAAAAYEBAAAAAMBAAsUAAAAAAMAAAAFBAAAAAAGBAQAAAADAQAsAQA=\">Disinformation, as one of the most crucial challenges of modern society, is an issue for Georgia and Estonia. Countries at their different stages of development, with different political backgrounds and technological developments, have been battling a disinformation campaign for years. The paper examines the impact of misinformation on ethnic minorities living in these countries.</p>'),
(47,'en_US','copyrightHolder',''),
(47,'en_US','prefix','The'),
(47,'en_US','title','Impact of Disinformation on National Minorities: On Examples of Georgia and Estonia'),
(47,'ka_GE','abstract','<p><span class=\"docData;DOCY;v5;13946;[encoded data, 18596 characters]\">დეზინფორმაცია</span>, თანამედროვე სამყაროს ერთ-ერთ უმნიშვნელოვანეს გამოწვევას წარმოადგენს და ის აქტუალურია, როგორც  საქართველოში, ასევე, ესტონეთშიც. განვითარების სხვადასხვა ეტაპზე მყოფი ეს ორი ქვეყანა, განსხვავებული პოლიტიკური წარსულითა და ტექნოლოგიების განვითარებით, წლების განმავლობაში ებრძვის დეზინფორმაციის კამპანიას. ნაშრომი იკვლევს, თუ რა გავლენას ახდენს დეზინფორმაცია</p>\n<p>ამ ქვეყნებში მცხოვრებ ეთნიკურ უმცირესობებზე.</p>'),
(47,'ka_GE','copyrightHolder',''),
(47,'ka_GE','title','დეზინფორმაციის გავლენა ეროვნულ უმცირესობებზე: საქართველოსა და ესტონეთის მაგალითზე'),
(48,'','categoryIds','[]'),
(48,'','copyrightYear','2021'),
(48,'','issueId','3'),
(48,'','pages','85-90'),
(48,'en_US','abstract','<div class=\"page\" title=\"Page 1\">\n<div class=\"layoutArea\">\n<div class=\"column\">\n<p>Power is a complex and ever-changing phenomenon. People strive to achieve, strengthen, and maintain power for a variety of reasons, which can be seen in both everyday life and political arena. Essentially, all of this stems from a need for recognition and power over others. When authority becomes totalitarian, it becomes unpredictable and dangerous, making it simple to manipulate people. The system aims to suppress human thought, destroy individualism, and eliminate existence as a whole.</p>\n<p>The modern world is full of control mechanisms. Power is manifested through public relations; without communication, power loses its role and significance. A critical, free-spirited person must accurately evaluate the current reality in order to avoid conformism and direct power toward positive change.</p>\n</div>\n</div>\n</div>'),
(48,'en_US','copyrightHolder',''),
(48,'en_US','title','Paradigms of Power'),
(48,'ka_GE','abstract','<div class=\"page\" title=\"Page 1\">\n<div class=\"layoutArea\">\n<div class=\"column\">\n<p>ძალაუფლება კომპლექსური და ცვალებადი ფენომენია. ის, თუ რატომ სურთ ადამიანებს ძალაუფლების მოპოვება, განმტკიცება და შენარჩუნება, კარგად წამოჩინდება, როგორც ყოველდღიურ ცხოვრებაში, ასევე, პოლიტიკურ ასპარეზზეც. ძირითადად, ამ ყველაფრის უკან, აღიარებისა და სხვებზე გავლენის მოხდენის სურვილი იმალება. როდესაც ძალაუფლება ტოტალურ ხასიათს იძენს, იგი არაპროგნოზირებადი და საშიში ხდება და სხვების მართვაც მარტივი ხდება. სისტემა ცდილობს ადამიანის აზროვნება ჩაახშოს, დააკარგვინოს ინდივიდუალიზმი და გამოაცალოს არსებობის მთავარი საყრდენი.</p>\n<p>თანამედროვე სამყარო სავსეა კონტროლის მექანიზმებით. ძალაუფლება საზოგადოებრივ ურთიერთობებში ვლინდება, იქ სადაც არ არსებობს კომუნიკაცია,</p>\n</div>\n</div>\n</div>\n<div class=\"page\" title=\"Page 2\">\n<div class=\"layoutArea\">\n<div class=\"column\">\n<p>ძალაუფლება კარგავს თავის როლსა და მნიშვნელობას. კრიტიკულად მოაზროვნე, თავისუფალმა ადამიანმა სწორად უნდა შეაფასოს არსებული რეალობა, რათა კონფორმიზმის მსხვერპლად არ იქცეს და ძალაუფლება სასიკეთო ცვლილებებისკენ მომართოს.</p>\n</div>\n</div>\n</div>'),
(48,'ka_GE','copyrightHolder',''),
(48,'ka_GE','title','ძალაუფლების პარადიგმები'),
(49,'','categoryIds','[]'),
(49,'','copyrightYear','2021'),
(49,'','issueId','3'),
(49,'','pages','91-99'),
(49,'en_US','abstract','<div class=\"page\" title=\"Page 1\">\r\n<div class=\"layoutArea\">\r\n<div class=\"column\">\r\n<p>The financial condition of enterprises is characterized by rather high risk and variability in present day turbulent economic environment, which in many cases endangers it and leads to the bankruptcy of the enterprise. Operation and financial success of a company greatly depend on its financial condition. That is why important attention is paid to financial analysis of the company.</p>\r\n</div>\r\n</div>\r\n</div>'),
(49,'en_US','copyrightHolder',''),
(49,'en_US','title','Basic Methods for Enterprise Financial Condition Analysis'),
(49,'ka_GE','abstract','<p>დღევანდელ ტურბულენტურ გარემოში, საწარმოთა ფინანსური მდგომარეობა<br />ხასიათდება მაღალი რისკით და ცვალებადობით, რაც ხშირ შემთხვევაში<br />საფრთხეს უქმნის კომპანიას და მიჰყავს ის ბანკროტამდე.<br />კომპანიის ფინანსური წარმატება დიდწილად დამოკიდებულია მის<br />ფინანსურ მდგომარეობაზე, შესაბამისად, მნიშვნელოვანია,<br />რომ ყურადღება მიექცეს კომპანიის ფინანსურ ანალიზს.</p>'),
(49,'ka_GE','copyrightHolder',''),
(49,'ka_GE','title','საწარმოთა ფინანსური მდგომარეობის ანალიზის ძირითადი მეთოდები'),
(50,'','categoryIds','[]'),
(50,'','copyrightYear','2021'),
(50,'','issueId','3'),
(50,'','pages','100-107'),
(50,'en_US','abstract','<div class=\"page\" title=\"Page 1\">\n<div class=\"layoutArea\">\n<div class=\"column\">\n<p>The purpose of the discussion in the paper is to present in the process of imposing administrative sanctions by law against perpetrators to misconduct existence of a high standard of secured rights protection and at the same time show in the modern challenge covid-19 conditions human rights guaranteed by the Constitution Feasibility of limiting admissibility.</p>\n</div>\n</div>\n</div>'),
(50,'en_US','copyrightHolder',''),
(50,'en_US','title','The Legal Nature of Administrative Sanctions and the Problem of Enforcement Under Covid-19 Conditions'),
(50,'ka_GE','abstract','<div class=\"page\" title=\"Page 1\">\n<div class=\"layoutArea\">\n<div class=\"column\">\n<p>ნაშრომში დისკუსიის მიზანია წარმოაჩინოს ადმინისტრაციული სანქციების შეფარდების პროცესში გადაცდომის ჩამდენ პირებთა მიმართ კანონმდებლობით უზრუნველყოფილი უფლების დაცვის მაღალი სტანდარტის არსებობა და ამავე დროს თანამედროვე გამოწვევის covid-19 პირობებში ადამიანის კონსტიტუციით გარანტირებული უფლებების შეზღუდვის დასაშვებობის მიზანშეწონილობა.</p>\n</div>\n</div>\n</div>'),
(50,'ka_GE','copyrightHolder',''),
(50,'ka_GE','title','ადმინისტრაციული სანქციების სამართლებრივი ბუნება და შეფარდების პრობლემა covid -19 პირობებში'),
(51,'','categoryIds','[]'),
(51,'','copyrightYear','2021'),
(51,'','issueId','3'),
(51,'','pages','108-131'),
(51,'en_US','abstract','<div class=\"page\" title=\"Page 1\">\r\n<div class=\"layoutArea\">\r\n<div class=\"column\">\r\n<p>The Article discusses certain aspects of the status and other professional activities of a notary mediator as a possibilities of being considered a public service servant and than the improvement the status of a notary mediator. The research issues are focused on the study and examination of the results of the process expressed during the development of a certain legal institution and legal systems.</p>\r\n</div>\r\n</div>\r\n</div>'),
(51,'en_US','copyrightHolder',''),
(51,'en_US','title','Notary Mediator at the Cross-Junction of Public and Private Law Systems'),
(51,'ka_GE','abstract','<div class=\"page\" title=\"Page 1\">\r\n<div class=\"layoutArea\">\r\n<div class=\"column\">\r\n<p>სტატია მიმოიხილავს მედიატორი ნოტარიუსის სტატუსს და მისი პროფესიული საქმიანობის გარკვეულ ასპექტებს, როგორც შესაძლებლობებს რომ განვიხილოთ ნოტარიუსი მედიატორი, როგორც საჯარო მოხელე და შემდგომ კი, გავაუმჯობესოთ მისი სტატუსი. კვლევა ფოკუსირებულია პროცესების შესწავლაზე, რომელიც გამოვლინდა გარკვეული იურიდიული ინსტიტუტების და სისტემების განვითარების პროცესში.</p>\r\n</div>\r\n</div>\r\n</div>'),
(51,'ka_GE','copyrightHolder',''),
(51,'ka_GE','title','ნოტარიუსი მედიატორი საჯარო და კერძო სამართლის სისტემათა ზღვარზე'),
(52,'','categoryIds','[]'),
(52,'','copyrightYear','2021'),
(52,'','issueId','3'),
(52,'','pages','132-142'),
(52,'en_US','abstract','<div class=\"page\" title=\"Page 1\">\n<div class=\"layoutArea\">\n<div class=\"column\">\n<p class=\"docData;DOCY;v5;4794;[encoded data, 6392 characters]\">The principle of best interests is the principle of the principles of the Juvenile Justice Code. Harmonization of rights-restrictive measures with the supreme principles is essential for the harmonization of legislation and practice. The use of detention bail for juveniles creates many legal inconsistencies, which makes it necessary to analyze it and discuss ways to resolve it in the future.</p>\n<p>With regard to preventive measures, first of all, it should be noted that its ratio is of a preventive-preventive nature, the purpose of its use is not to prove guilt. The expediency of using a specific measure of restraint is a matter of debate, given that the purpose of a measure of restraint is to ensure the proper administration of justice. In this way, it is necessary to regulate the legislation in such a way that it will be implemented. Such is the case with the use of prison bail in juvenile justice, as there are a number of inconsistencies that require the need to adjust prison bail. The only precondition for the use of prison bail is the fact of the arrest of the accused. In the case of arrest on bail due to the fact of arrest, a second measure of restraint is actually applied to the accused - detention. </p>\n<p>With regard to preventive measures, first of all, it should be noted that its ratio is of a preventive-preventive nature, the purpose of its use is not to prove guilt. The expediency of using a specific measure of restraint is a matter of debate, given that the purpose of a measure of restraint is to ensure the proper administration of justice. In this way, it is necessary to regulate the legislation in such a way that it will be implemented. Such is the case with the use of prison bail in juvenile justice, as there are a number of inconsistencies that require the need to adjust prison bail. The only precondition for the use of prison bail is the fact of the arrest of the accused. In the case of arrest on bail due to the fact of arrest, a second measure of restraint is actually applied to the accused - detention.</p>\n</div>\n</div>\n</div>'),
(52,'en_US','copyrightHolder',''),
(52,'en_US','prefix','The'),
(52,'en_US','title','Issue of the Use of Prison Bail in Juvenile Justice'),
(52,'ka_GE','abstract','<p>საუკეთესო ინტერესის პრიორიტეტულობის პრინციპი წარმოადგენს<br />არასრულწლოვანთა მართლმსაჯულების კოდექსის პრინციპთა პრინციპს,<br />რომელსაც უნდა შეესაბამებოდეს კანონმდებლობა და პრაქტიკა.<br />მნიშვნელოვანი საკითხია არასრულწლოვანთათვის</p>\n<p>საპატიმრო გირაოს გამოყენება,<br />რომლის საკანონმდებლო კონსტრუქციაც</p>\n<p>ბევრ სამართლებრივ ხარვეზს წარმოქმნის,<br />რაც აუცილებელს ხდის მის გაანალიზებას</p>\n<p>და სამომავლოდ გადაჭრის გზებზე მსჯელობას.<br />აღკვეთის ღონისძიებებთან დაკავშირებით, უპირველეს ყოვლისა, უნდა აღინიშნოს,<br />რომ იგი პრევენციული ხასიათისაა, მისი გამოყენების მიზანი არ არის ბრალეულობის მტკიცება.<br />ყოველ კონკრეტულ შემთხვევაში აღკვეთის ღონისძიების<br />გამოყენების მიზანშეწონილობა გამოკვეთილი უნდა იყოს სათანადო </p>\n<p>საფუძვლებით. საპატიმრო გირაოს გამოყენების საკითხის</p>\n<p>არსებობა კორექტირებას საჭიროებს,<br />ვინაიდან კანონმდებელი საპატიმრო გირაოს</p>\n<p>გამოყენების წინაპირობად დაკავების ფაქტს ასახელებს,<br />რითაც გამოდის, რომ, ფაქტობრივად, ორი აღკვეთის ღონისძიება გამოიყენება<br />— პატიმრობა და გირაო, რაც შეუსაბამოა ნორმა-პრინციპებთან.</p>'),
(52,'ka_GE','copyrightHolder',''),
(52,'ka_GE','title','საპატიმრო გირაოს გამოყენების საკითხი არასრულწლოვანთა მართლმსაჯულებაში'),
(53,'','categoryIds','[]'),
(53,'','copyrightYear','2023'),
(53,'','issueId','4'),
(53,'','pages','1-10'),
(53,'en_US','abstract','<p style=\"font-weight: 400;\"><em>DCFTA is an agreement on the creation of a deep and comprehensive free trade area, which was signed between Georgia and the European Union in 2014.&nbsp;According to this agreement, Georgian small and medium-sized businesses can export their products to the European market, which will significantly increase their capital, revenues, production volume, quality, etc.&nbsp;</em></p>\r\n<p style=\"font-weight: 400;\"><em>The purpose of the study is to discuss the challenges and opportunities that DCFTA can create for small and medium enterprises of Georgia.&nbsp;Also, the main goal of the research is to determine the main problems encountered by small and medium entrepreneurs during the implementation of the contract.&nbsp;</em></p>\r\n<p style=\"font-weight: 400;\"><em>Research methodology: 45 medium-sized companies, up to 100 employees and the management of these companies participated in the mentioned research.&nbsp;Qualitative research in the form of in-depth interviews and quantitative research are also used.&nbsp;</em></p>'),
(53,'en_US','copyrightHolder',''),
(53,'en_US','prefix',''),
(53,'en_US','subtitle',''),
(53,'en_US','title','Importance of the DCFTA agreement for small and medium businesses in Georgia'),
(53,'ka_GE','abstract','<p style=\"font-weight: 400;\">DCFTA- ღრმა და ყოვლისმომცველი თავისუფალი სავაჭრო სივრცის შექმნის შესახებ ხელშეკრულებაა, რომელსაც საქართველოსა და ევროკავშირს შორის 2014 წელს მოეწერა ხელი. ამ შეთანხმების მიხედვით, საქართველომ უნდა დააახლოოს თავისი კანონმდებლობა და მისი პროდუქტები ევროკავშირის რეგულაციებთან.&nbsp;მიღებულ შედეგს დიდი გავლენა ექნება საქართველოს ეკონომიკურ მდგომარეობასა და განვითარებაზე.&nbsp; ხელშეკრულების ფარგლებში, ქართულ მცირე და საშუალო ბიზნესს შეეძლებათ თავიანთი პროდუქციის ექსპორტი ევროპულ ბაზარზე, რაც მნიშვნელოვნად გაზრდის მათ კაპიტალს, შემოსავლებს, წარმოების მოცულობას, ხარისხს და აშ.&nbsp;&nbsp;&nbsp;&nbsp;</p>\r\n<p style=\"font-weight: 400;\">&nbsp;&nbsp;&nbsp; საქართველოს მიერ გაფორმებული სხვა თავისუფალი ვაჭრობის შეთანხმებებისგან განსხვავებით, DCFTA გულისხმობს როგორც საქონლით, ისე მომსახურებით ვაჭრობის ლიბერალიზაციას. გარდა ამისა, DCFTA მოიცავს ვაჭრობასთან დაკავშირებულ საკითხთა ფართო სპექტრს : სურსათის უვნებლობა, კონკურენციის პოლიტიკა, ინტელექტუალური საკუთრების დაცვა, ფინანსური მომსახურება და სხვა. იგი&nbsp; ითვალისწინებს ვაჭრობასთან დაკავშირებული საქართველოს კანონმდებლობის ეტაპობრივ დაახლოებასევროკავშირის კანონმდებლობასთან. DCFTA საქართველოს აძლევს საშუალებას ეტაპობრივად მიიღოსევროკავშირის შიდა ბაზრის ოთხი თავისუფლებიდან სამი: საქონლის, მომსახურების და კაპიტალისთავისუფალი გადაადგილება. მეოთხე თავისუფლებას - ადამიანების თავისუფალ გადაადგილებას ანუ სავიზო რეჟიმის ლიბერალიზაციის პროცესს გულისხმობს.</p>'),
(53,'ka_GE','copyrightHolder',''),
(53,'ka_GE','prefix',''),
(53,'ka_GE','subtitle',''),
(53,'ka_GE','title','DCFTA შეთანხმების მნიშვნელობა მცირე და საშუალო ბიზნესისთვის საქართველოში'),
(54,'','categoryIds','[]'),
(54,'','copyrightYear','2023'),
(54,'','issueId','4'),
(54,'','pages','11-16'),
(54,'en_US','abstract','<p style=\"font-weight: 400;\">Positive and transcultural therapy actively uses an artistic text in the process of work, so that the client, without pressure moralistic admonitions, realizes his hindering concepts, feels like a co-creator of the process.&nbsp; Nosrad&nbsp; Pezeshkian offers us Eastern fables a lot of wisdom is easily conveyed in them For Georgian people, the function of the support is represented by the poem “The knight in the panther’s skin” created by Shota Rustaveli in the 12<sup>th</sup> century This is a text that is amazingly suited to this method of therapy. Values tolerance the uniqueness of the person conflicts and ways of solving them and finally the harmonious coexistence between the person and the rest of the world.</p>'),
(54,'en_US','copyrightHolder',''),
(54,'en_US','prefix',''),
(54,'en_US','subtitle',''),
(54,'en_US','title',''),
(54,'ka_GE','abstract','<p style=\"font-weight: 400;\">პოზიტიური და ტრანსკულტურალური ფსიქოთერაპია 1968 წელს ჩამოაყალიბა ირანული წარმოშობის გერმანელმა ექიმ-ფსიქოთერაპევტმა ნოსრატ პეზეშკიანმა და ითვლება ფსიქოდინამიურ-ჰუმანისტური&nbsp; მიმართულების მეთოდად. ამ ჯგუფის&nbsp; ფსიქოთერაპიულ სკოლათა წარმომადგენლები ეყრდნობიან ანთროპოსოფიის (ადამიანის წარმოშობისა და რაობის) ფრანგულ კონცეფციას (ჟან-ჟაკ რუსო). ადამიანი არსით კეთილია და განვითარება მისი თანდაყოლილი უნარია, მთავარია, სათანადო გარემომ შეუწყოს ხელი. მსგავსი ჰუმანისტური კონცეფცია ძალიან ახლობელია ქართული ფილოსოფიურ- სალიტერატურო სკოლისთვისაც. შოთა რუსთაველის პოემა „ვეფხისტყაოსანი“ ამოუწურავ მასალას იძლევა კვლევისათვის, მით უფრო, რომ პოზიტური ფსიქოთერაპია მხატვრულ ტექსტს იყენებს ერთ-ერთ ინსტრუმენტად. ქვემოთ შევეცდები, შემოგთავაზოთ პოემაში ჩემ მიერ მოძიებული თემები, კონცეპტები, პარალელები. დაგანახოთ მათი შეხების წერტილები, ამ მსგავსების, როგორც საინტერესო რესურსის, გამოყენების შესაძლებლობები თერაპიის პროცესში.</p>\r\n<p style=\"font-weight: 400;\">დღევანდელ&nbsp; პრაგმატულ სამყაროში განსაკუთრებით მნიშვნელოვანი და აქტუალურია ის ტენდენციები, რომლებიც სამყაროს ჰუმანიზაციას შეუწყობს ხელს, ფსიქოთერაპიული მიმდინარეობები მნიშვნელობას ანიჭებენ მხატვრილი ტექსტის ზემოქმედების უნარის გამოყენებას. ქართველი ფსიქოთერაპევტებისთვის, ვიმედოვნებ, საინტერესო იქნება ამ&nbsp; პოემისა და პოზიტიური თერაპიის ერთ ჭრილში დანახვა.</p>'),
(54,'ka_GE','copyrightHolder',''),
(54,'ka_GE','prefix',''),
(54,'ka_GE','subtitle',''),
(54,'ka_GE','title','შოთა რუსთაველის „ვეფხისტყაოსნის“გამოყენება პოზიტიურ ფსიქოთერაპიაში'),
(55,'','categoryIds','[]'),
(55,'','copyrightYear','2023'),
(55,'','issueId','4'),
(55,'','pages','17-23'),
(55,'en_US','abstract','<p style=\"font-weight: 400;\">Recently, Georgia has made significant progress in the direction of gender equality and women\'s empowerment.However, there is still a lot to be done in this regard. Economic empowerment of women remains one of the important challenges. The majority of the economically inactive population in Georgia is women. They are not adequately represented in the formal employment sector, nor are they paid equally.</p>\r\n<p style=\"font-weight: 400;\">Therefore, it is important to understand what factors hinder the economic empowerment of women, what are the dynamics of employment, whether the interests of women are taken into account during employment and what is the state policy in terms of economic empowerment of women.</p>'),
(55,'en_US','copyrightHolder',''),
(55,'en_US','prefix',''),
(55,'en_US','subtitle',''),
(55,'en_US','title','Economic empowerment of women remains as one of the most important challenges'),
(55,'ka_GE','abstract','<p style=\"font-weight: 400;\">ბოლო პერიოდში საქართველომ მნიშვნელოვნად წაიწია წინ გენდერული თანასწორობისა და ქალთა გაძლიერების მიმართულებით, თუმცა, &nbsp;ამ მხრივ ჯერ კიდევ ბევრია გასაკეთებლი. ერთ-ერთ მნიშვნელოვან გამოწვევად რჩება ქალთა ეკონომიკური გაძლიერება. საქართველოში ეკონომიკურად არააქტიური მოსახლეობის უმრავლესობას ქალები შეადგენენ. &nbsp;ისინი დასაქმების ფორმალურ სექტორში არ არიან სათანადოდ წარმოდგენილები და არც მათი ანაზღაურებაა თანაბარი.</p>\r\n<p style=\"font-weight: 400;\">გამომდინარე აქედან, მნიშვნელოვანია, გავიგოთ, თუ რა ფაქტორები აბრკოლებენ ქალების ეკონომიკურ გაძლიერებას, როგორია დასაქმების დინამიკა, ითვალისიწინებენ თუ არა ქალთა ინტერესებს დასაქმების დროს და როგორია სახელმწიფო პოლიტიკა ქალთა ეკონომიკური გაძლიერების კუთხით.</p>'),
(55,'ka_GE','copyrightHolder',''),
(55,'ka_GE','prefix',''),
(55,'ka_GE','subtitle',''),
(55,'ka_GE','title','ქალთა ეკონომიკური მდგომარეობა საქართველოში და მათი გაძლიერებისკენ მიმართული სახელმწიფო პოლიტიკა'),
(56,'','categoryIds','[]'),
(56,'','copyrightYear','2023'),
(56,'','issueId','4'),
(56,'','pages','24-30'),
(56,'en_US','abstract','<p style=\"font-weight: 400;\">The work discusses the approach of the EU countries in the context of social programs, which should promote the existence of citizens in equal conditions; It is also about issues that may enhance the European social dimension in the light of the existing challenges.</p>'),
(56,'en_US','copyrightHolder',''),
(56,'en_US','prefix',''),
(56,'en_US','subtitle',''),
(56,'en_US','title',''),
(56,'ka_GE','abstract','<p style=\"font-weight: 400;\">ნაშრომში განხილულია ევროკავშირის ქვეყნების მიდგომა სოციალური პროგრამების ჭრილში, რომელმაც ხელი უნდა შეუწყოს მოქალაქეების თანაბარ პირობებში არსებობას; ასევე საუბარია იმ საკითხებზე, რომლებმაც შეიძლება გააძლიეროს ევროპის სოციალური განზომილება არსებული გამოწვევების გათვალისწინებით.</p>'),
(56,'ka_GE','copyrightHolder',''),
(56,'ka_GE','prefix',''),
(56,'ka_GE','subtitle',''),
(56,'ka_GE','title','საერთაშორისო გამოცდილება — სოციალური დაცვის მოდელები ევროკავშირის ქვეყნებში'),
(57,'','categoryIds','[]'),
(57,'','copyrightYear','2023'),
(57,'','issueId','4'),
(57,'','pages','31-38'),
(57,'en_US','abstract','<p style=\"font-weight: 400;\">The article discusses such issues as: social stratification, marketing and the close connection between these two seemingly different directions.</p>\r\n<p style=\"font-weight: 400;\">Attention is also focused on the importance of social stratification in marketing, both in the market segmentation process and in product positioning.</p>\r\n<p style=\"font-weight: 400;\">The article also presents the results of the research and the news discovered while working on it, the impact of socio-psychological factors on the Georgian consumer is especially interesting.</p>'),
(57,'en_US','copyrightHolder',''),
(57,'en_US','prefix',''),
(57,'en_US','subtitle',''),
(57,'en_US','title',''),
(57,'ka_GE','abstract','<p style=\"font-weight: 400;\">სტატიაში განხილულია ისეთი საკითხები, როგორიცაა: სოციალური სტრატიფიკაცია, მარკეტინგი და ამ ორ ერთი შეხედვით განსხვავებულ მიმართულებებს შორის არსებული მჭიდრო კავშირი.</p>\r\n<p style=\"font-weight: 400;\">ყურადღება გამახვილებულია ასევე სოციალური სტრატიფიკაციის მნიშვნელობაზე&nbsp; მარკეტინგში, როგორც ბაზრის სეგმენტაციის პროცესში, ასევე პროდუქტის პოზიციონირებისას.</p>\r\n<p style=\"font-weight: 400;\">სტატიაში წარმოდგენილია ასევე&nbsp; კვლევის შედეგები და მასზე მუშაობისას აღმოჩენილი სიახლეები, განსაკუთრებით საინტერესოა სოციალურ-ფსიქოლოგიური ფაქტორების&nbsp; გავლენა ქართველ მომხმარებელზე.</p>'),
(57,'ka_GE','copyrightHolder',''),
(57,'ka_GE','prefix',''),
(57,'ka_GE','subtitle',''),
(57,'ka_GE','title','მომხმარებელთა სოციალური სტრატიფიკაცია და მარკეტინგი'),
(58,'','categoryIds','[]'),
(58,'','copyrightYear','2023'),
(58,'','issueId','4'),
(58,'','pages','39-51'),
(58,'en_US','abstract','<p style=\"font-weight: 400;\">The aim of this paper is to study&nbsp; motives for changes in appearance in the group of Georgian women who apply to aesthetic medicine. The research focuses on women who are members of thematic \"Facebook groups\" and actively discuss issues related to aesthetic procedures. It can be said that women worry about taking care of their appearance, which is promoted by the tendencies in the networked society, is aimed at raising self-esteem and self-confidence.</p>'),
(58,'en_US','copyrightHolder',''),
(58,'en_US','prefix',''),
(58,'en_US','subtitle',''),
(58,'en_US','title',''),
(58,'ka_GE','abstract','<p>The aim of this paper is to study&nbsp; motives for changes in appearance in the group of Georgian women who apply to aesthetic medicine. The research focuses on women who are members of thematic \"Facebook groups\" and actively discuss issues related to aesthetic procedures. It can be said that women worry about taking care of their appearance, which is promoted by the tendencies in the networked society, is aimed at raising self-esteem and self-confidence.</p>'),
(58,'ka_GE','copyrightHolder',''),
(58,'ka_GE','prefix',''),
(58,'ka_GE','subtitle',''),
(58,'ka_GE','title','გარეგნობის ცვლილების მოტივები და ესთეტიკური მედიცინის როლი ქართველ ქალებში'),
(59,'','categoryIds','[]'),
(59,'','copyrightYear','2023'),
(59,'','issueId','4'),
(59,'','pages','52-60'),
(59,'en_US','abstract','<p style=\"font-weight: 400;\">The influence of the media on the society is the biggest and it is not a controversial topic any longer. Media lost its educational function. It does not think to provide society even the tiny information, like reproductive health. We did the research and 140 respondent took part in it. From the conducted research, it can be seen that the public wants to get more information about reproductive health, because in most cases they do not know or have no information about reproductive health topics, and lack of information is a problem for many people.</p>'),
(59,'en_US','copyrightHolder',''),
(59,'en_US','prefix',''),
(59,'en_US','subtitle',''),
(59,'en_US','title',''),
(59,'ka_GE','abstract','<p style=\"font-weight: 400;\">მედიის გავლენა საზოგადოების ცნობიერების ჩამოყალიბებაზე, რომ უდიდესია, ამას უკვე აღარავინ დაობს. მედიამ კარგა ხანია დაკარგა საგანმანათლებლო ფუნქცია. არ ფიქრობს საზოგადოებას მიაწოდოს ისეთი ელემენტარული ინფორმაცია ისეთ თემებზე, რასაც ქვია რეპროდუქციული ჯანმრთელობა. ჩვენს მიერ ჩატარებულ კვლევაში მონაწილეობას იღებდა 140 რესპონდენტი. ჩატარებული კვლევიდანც ჩანს, რომ საზოგადოებას სურს უფრო მეტი ინფორმაცია მიიღოს რეპროდუქციულ ჯანმრთელობაზე, რადგან უმრავლეს შემთხვევაში არ იციან, ან არ აქვთ ინფორმაცია რეპროდუქციული ჯანმრთელობის თემებზე და ძალიან ბევრ ადამიანს უქმნის&nbsp; პრობლემას არაინფორმირებულობა.</p>'),
(59,'ka_GE','copyrightHolder',''),
(59,'ka_GE','prefix',''),
(59,'ka_GE','subtitle',''),
(59,'ka_GE','title','რეპროდუქციულ ჯანმრთელობა, მედია და საზოგადოება'),
(60,'','categoryIds','[]'),
(60,'','copyrightYear','2023'),
(60,'','issueId','4'),
(60,'','pages','61-70'),
(60,'en_US','abstract','<p style=\"font-weight: 400;\">What is effective communication? It is difficult to create organization without communication, and effective communication is the main determinant of the viability of business companies. However, in the communication reality, where the internet space and social media occupy the largest place, effective and correct communication can be a big challenge.</p>'),
(60,'en_US','copyrightHolder',''),
(60,'en_US','prefix',''),
(60,'en_US','subtitle',''),
(60,'en_US','title',''),
(60,'ka_GE','abstract','<p style=\"font-weight: 400;\">რა არის ეფექტური კომუნიკაცია? ორგანიზაცია რთულად წარმოიქმნება კომუნიკაციის გარეშე, ეფექტური კომუნიკაცია კი ბიზნეს კომპანიების სიცოცხლისუნარიანობის ძირითადი განმსაზღვრელი ფაქტორია; თუმცა იმ საკომუნიკაციო რეალობაში, სადაც უდიდესი ადგილი ინტერნეტ სივრცეს და სოციალურ მედიას უკავია, კომუნიკაციის ეფექტურად და სწორად წარმართვა შეიძლება დიდ გამოწვევას წარმოადგენდეს.&nbsp;</p>'),
(60,'ka_GE','copyrightHolder',''),
(60,'ka_GE','prefix',''),
(60,'ka_GE','subtitle',''),
(60,'ka_GE','title','ციფრული მედიის გავლენა ბიზნეს კომუნიკაციაზე'),
(61,'','categoryIds','[]'),
(61,'','copyrightYear','2023'),
(61,'','issueId','4'),
(61,'','pages','71-84'),
(61,'en_US','abstract','<p style=\"font-weight: 400;\">The article is about the international legal assessment of the military intervention against Georgia by the Russian Federation in 2008. The article presents decisions of the three leading international courts (ECHR, ICJ, ICC) regarding the 2008 Georgian War lawsuit judgment. In the next part of the article, the author presents his opinion about the acts of the Russian authorities, which, according to Kremlin propaganda, are believed to be used for humanitarian intervention purpose. And, in the final part of the article, there is a general discussion of the compatibility of humanitarian intervention with the core principles of international law and the existing practice of using humanitarian interventions by different states.</p>'),
(61,'en_US','copyrightHolder',''),
(61,'en_US','prefix',''),
(61,'en_US','subtitle',''),
(61,'en_US','title',''),
(61,'ka_GE','abstract','<p style=\"font-weight: 400;\">სტატია ეხება 2008 წელს რუსთის ფედერაციის მიერ საქართველოს მიმართ განხორციელებული სამხედრო ინტერვენციის საერთაშორისო (საჯარო) სამართლებრივ ჭრილში შეფასებას. ნაშრომში წარმოდგენლია სამი წამყვანი საერთშორისო სასამართლოს (ECHR, ICJ, ICC) გადაწყვეტილება 2008 წლის ომის შესახებ საქართველოს ხელისუფლების მიერ წარდგენილ სარჩელებთან დაკავშირებით.&nbsp; სტატიის ბოლო ნაწილში კი მოცემულია ავტორის მოსაზრება რუსეთის ხელისუდფლების მიერ ე.წ. ჰუმანიტარული ინტერვენციის მოტივით გადადგმული ნაბიჯების თავსებადობაზე საერთაშორისო სამართლის ფუნდამენტურ ნორმებთან და, ზოგადად, სახელმწიფოების მიერ ჰუმანიტარული ინტერვენციის გამოყენების პრაქტიკასთნ დაკავშირებით.</p>'),
(61,'ka_GE','copyrightHolder',''),
(61,'ka_GE','prefix',''),
(61,'ka_GE','subtitle','2008 წლის აგვისტოსა და 2022 წელს დაწყებული რუსეთ-უკრაინის ომის საერთაშორისო სამართლებრივი შეფასება'),
(61,'ka_GE','title','ჰუმანიტარული ინტერვენციის მოდელზე აგებული რუსული ომის პროპაგანდა:'),
(62,'','categoryIds','[]'),
(62,'en_US','abstract',''),
(62,'en_US','prefix',''),
(62,'en_US','subtitle',''),
(62,'en_US','title','Test'),
(62,'ka_GE','abstract','<p>ასდასდ</p>'),
(62,'ka_GE','prefix','asd'),
(62,'ka_GE','subtitle',''),
(62,'ka_GE','title','ტესტ'),
(63,'','categoryIds','[]'),
(63,'en_US','abstract','<p>Vivamus metus dolor, fringilla accumsan nibh vitae, gravida lacinia nisl. Sed quis odio convallis, iaculis est vitae, tempor justo. Praesent et porta ex, at mattis erat. Maecenas augue ante, elementum nec leo ac, laoreet venenatis lectus. Proin nibh ex, facilisis quis molestie pellentesque, fringilla vitae libero. In vitae vulputate arcu, ut scelerisque tellus. Vivamus consectetur mi varius hendrerit tristique. Aliquam accumsan ut est ac dignissim. Vivamus congue porttitor vestibulum. Aenean rhoncus lectus dolor, eu commodo massa scelerisque et. Quisque dictum semper purus. Donec in purus eu urna facilisis pretium. Nulla pulvinar lacus augue, a porta leo tincidunt ac. Proin vel massa ultrices, molestie ante in, varius ante. Curabitur nec urna at arcu dictum tempus. Sed consequat magna felis, in gravida nulla ultricies a.</p>'),
(63,'en_US','prefix',''),
(63,'en_US','subtitle',''),
(63,'en_US','title','test article'),
(63,'ka_GE','abstract','<p>Vivamus metus dolor, fringilla accumsan nibh vitae, gravida lacinia nisl. Sed quis odio convallis, iaculis est vitae, tempor justo. Praesent et porta ex, at mattis erat. Maecenas augue ante, elementum nec leo ac, laoreet venenatis lectus. Proin nibh ex, facilisis quis molestie pellentesque, fringilla vitae libero. In vitae vulputate arcu, ut scelerisque tellus. Vivamus consectetur mi varius hendrerit tristique. Aliquam accumsan ut est ac dignissim. Vivamus congue porttitor vestibulum. Aenean rhoncus lectus dolor, eu commodo massa scelerisque et. Quisque dictum semper purus. Donec in purus eu urna facilisis pretium. Nulla pulvinar lacus augue, a porta leo tincidunt ac. Proin vel massa ultrices, molestie ante in, varius ante. Curabitur nec urna at arcu dictum tempus. Sed consequat magna felis, in gravida nulla ultricies a.</p>'),
(63,'ka_GE','prefix',''),
(63,'ka_GE','subtitle',''),
(63,'ka_GE','title','სატესტო სტატია');

--
-- Table structure for table `publications`
--

CREATE TABLE `publications` (
  `publication_id` bigint(20) NOT NULL AUTO_INCREMENT,
  `access_status` bigint(20) DEFAULT 0,
  `date_published` date DEFAULT NULL,
  `last_modified` datetime DEFAULT NULL,
  `primary_contact_id` bigint(20) DEFAULT NULL,
  `section_id` bigint(20) DEFAULT NULL,
  `seq` double NOT NULL DEFAULT 0,
  `submission_id` bigint(20) NOT NULL,
  `status` tinyint(4) NOT NULL DEFAULT 1,
  `url_path` varchar(64) DEFAULT NULL,
  `version` bigint(20) DEFAULT NULL,
  PRIMARY KEY (`publication_id`),
  KEY `publications_submission_id` (`submission_id`),
  KEY `publications_section_id` (`section_id`),
  KEY `publications_url_path` (`url_path`)
) ENGINE=InnoDB AUTO_INCREMENT=64 DEFAULT CHARSET=latin1 COLLATE=latin1_swedish_ci;

--
-- Dumping data for table `publications`
--

INSERT INTO `publications` VALUES
(1,0,'2020-05-20','2020-09-25 09:05:08',1,1,1,2,3,NULL,1),
(2,0,'2020-05-20','2020-09-25 09:05:51',2,1,2,3,3,NULL,1),
(3,0,'2020-05-20','2020-09-25 09:06:24',4,1,3,4,3,NULL,1),
(4,0,'2020-05-20','2020-09-25 09:07:11',5,1,4,5,3,NULL,1),
(5,0,'2020-05-20','2020-06-04 10:32:45',6,1,5,7,3,NULL,1),
(6,0,'2020-05-20','2020-06-04 10:35:14',7,1,6,8,3,NULL,1),
(7,0,'2020-05-20','2020-09-28 11:03:53',8,1,7,9,3,NULL,1),
(8,0,'2020-05-20','2020-06-04 10:39:03',9,1,8,10,3,NULL,1),
(9,0,'2020-05-20','2020-09-28 11:02:38',10,1,9,11,3,NULL,1),
(16,0,'2020-12-25','2020-12-25 19:15:41',13,1,0,19,3,NULL,1),
(17,0,'2020-12-25','2020-12-25 19:15:41',14,1,1,20,3,NULL,1),
(18,0,'2020-12-25','2020-12-29 18:01:33',15,1,2,21,3,NULL,1),
(19,0,'2020-12-25','2020-12-25 19:15:41',16,1,3,22,3,NULL,1),
(20,0,'2020-12-25','2020-12-25 19:15:41',17,1,4,23,3,NULL,1),
(21,0,'2020-12-25','2020-12-25 19:15:41',20,1,5,24,3,NULL,1),
(22,0,'2020-12-25','2020-12-25 19:15:41',21,1,6,25,3,NULL,1),
(23,0,'2020-12-25','2020-12-25 19:15:41',22,1,7,26,3,NULL,1),
(24,0,'2020-12-25','2020-12-25 19:15:41',23,1,8,27,3,NULL,1),
(27,0,'2020-12-25','2020-12-29 18:05:04',24,1,9,30,3,NULL,1),
(28,0,NULL,'2021-01-09 08:56:18',26,1,0,31,1,NULL,1),
(29,0,NULL,'2021-02-09 18:28:59',27,1,0,32,1,NULL,1),
(33,0,NULL,'2021-12-15 12:51:32',28,1,0,36,1,NULL,1),
(35,0,NULL,'2021-12-15 12:51:29',30,1,0,38,1,NULL,1),
(39,0,'2021-12-15','2022-01-24 13:40:09',31,1,1,42,3,NULL,1),
(40,0,'2021-12-15','2022-01-24 13:40:08',32,1,2,43,3,NULL,1),
(41,0,'2021-12-15','2022-01-24 13:40:08',33,1,3,44,3,NULL,1),
(42,0,'2021-12-15','2022-01-24 13:40:08',34,1,4,45,3,NULL,1),
(43,0,'2021-12-15','2022-01-24 13:40:08',36,1,5,46,3,NULL,1),
(45,0,'2021-12-15','2022-01-24 13:40:07',41,1,6,48,3,NULL,1),
(46,0,'2021-12-15','2022-01-24 13:40:07',42,1,7,49,3,NULL,1),
(47,0,'2021-12-15','2022-01-24 13:40:07',43,1,8,50,3,NULL,1),
(48,0,'2021-12-15','2022-01-24 13:40:07',44,1,9,51,3,NULL,1),
(49,0,'2021-12-15','2022-01-24 13:40:07',45,1,10,52,3,NULL,1),
(50,0,'2021-12-15','2022-01-24 13:40:06',46,1,11,53,3,NULL,1),
(51,0,'2021-12-15','2022-01-24 13:40:06',47,1,12,54,3,NULL,1),
(52,0,'2021-12-15','2022-01-24 13:40:05',48,1,13,55,3,NULL,1),
(53,0,'2023-04-28','2023-04-28 11:05:49',49,1,0,56,3,NULL,1),
(54,0,'2023-04-28','2023-04-28 11:05:48',50,1,1,57,3,NULL,1),
(55,0,'2023-04-28','2023-04-28 11:05:48',51,1,2,58,3,NULL,1),
(56,0,'2023-04-28','2023-04-28 11:05:48',52,1,3,59,3,NULL,1),
(57,0,'2023-04-28','2023-04-28 11:05:47',53,1,4,60,3,NULL,1),
(58,0,'2023-04-28','2023-04-28 11:05:47',54,1,5,61,3,NULL,1),
(59,0,'2023-04-28','2023-04-28 11:05:47',55,1,6,62,3,NULL,1),
(60,0,'2023-04-28','2023-04-28 11:05:46',56,1,7,63,3,NULL,1),
(61,0,'2023-04-28','2023-04-28 11:05:46',57,1,8,64,3,NULL,1),
(62,0,NULL,'2025-09-15 19:56:29',58,1,0,65,1,NULL,1),
(63,0,NULL,'2025-09-24 09:23:25',59,1,0,66,1,NULL,1);

--
-- Table structure for table `queries`
--

CREATE TABLE `queries` (
  `query_id` bigint(20) NOT NULL AUTO_INCREMENT,
  `assoc_type` bigint(20) NOT NULL,
  `assoc_id` bigint(20) NOT NULL,
  `stage_id` tinyint(4) NOT NULL DEFAULT 1,
  `seq` double NOT NULL DEFAULT 0,
  `date_posted` datetime DEFAULT NULL,
  `date_modified` datetime DEFAULT NULL,
  `closed` smallint(6) NOT NULL DEFAULT 0,
  PRIMARY KEY (`query_id`),
  KEY `queries_assoc_id` (`assoc_type`,`assoc_id`)
) ENGINE=InnoDB AUTO_INCREMENT=2 DEFAULT CHARSET=utf8mb3 COLLATE=utf8mb3_general_ci;

--
-- Dumping data for table `queries`
--

INSERT INTO `queries` VALUES
(1,1048585,65,1,1,NULL,NULL,0);

--
-- Table structure for table `query_participants`
--

CREATE TABLE `query_participants` (
  `query_id` bigint(20) NOT NULL,
  `user_id` bigint(20) NOT NULL,
  UNIQUE KEY `query_participants_pkey` (`query_id`,`user_id`)
) ENGINE=InnoDB DEFAULT CHARSET=utf8mb3 COLLATE=utf8mb3_general_ci;

--
-- Dumping data for table `query_participants`
--

INSERT INTO `query_participants` VALUES
(1,10);

--
-- Table structure for table `queued_payments`
--

CREATE TABLE `queued_payments` (
  `queued_payment_id` bigint(20) NOT NULL AUTO_INCREMENT,
  `date_created` datetime NOT NULL,
  `date_modified` datetime NOT NULL,
  `expiry_date` date DEFAULT NULL,
  `payment_data` text DEFAULT NULL,
  PRIMARY KEY (`queued_payment_id`)
) ENGINE=InnoDB DEFAULT CHARSET=utf8mb3 COLLATE=utf8mb3_general_ci;

--
-- Dumping data for table `queued_payments`
--


--
-- Table structure for table `review_assignments`
--

CREATE TABLE `review_assignments` (
  `review_id` bigint(20) NOT NULL AUTO_INCREMENT,
  `submission_id` bigint(20) NOT NULL,
  `reviewer_id` bigint(20) NOT NULL,
  `competing_interests` text DEFAULT NULL,
  `recommendation` tinyint(4) DEFAULT NULL,
  `date_assigned` datetime DEFAULT NULL,
  `date_notified` datetime DEFAULT NULL,
  `date_confirmed` datetime DEFAULT NULL,
  `date_completed` datetime DEFAULT NULL,
  `date_acknowledged` datetime DEFAULT NULL,
  `date_due` datetime DEFAULT NULL,
  `date_response_due` datetime DEFAULT NULL,
  `last_modified` datetime DEFAULT NULL,
  `reminder_was_automatic` tinyint(4) NOT NULL DEFAULT 0,
  `declined` tinyint(4) NOT NULL DEFAULT 0,
  `reviewer_file_id` bigint(20) DEFAULT NULL,
  `date_rated` datetime DEFAULT NULL,
  `date_reminded` datetime DEFAULT NULL,
  `quality` tinyint(4) DEFAULT NULL,
  `review_round_id` bigint(20) NOT NULL,
  `stage_id` tinyint(4) NOT NULL DEFAULT 1,
  `review_method` tinyint(4) NOT NULL DEFAULT 1,
  `round` tinyint(4) NOT NULL DEFAULT 1,
  `step` tinyint(4) NOT NULL DEFAULT 1,
  `review_form_id` bigint(20) DEFAULT NULL,
  `unconsidered` tinyint(4) DEFAULT NULL,
  `cancelled` tinyint(4) NOT NULL DEFAULT 0,
  PRIMARY KEY (`review_id`),
  KEY `review_assignments_submission_id` (`submission_id`),
  KEY `review_assignments_reviewer_id` (`reviewer_id`),
  KEY `review_assignments_form_id` (`review_form_id`),
  KEY `review_assignments_reviewer_review` (`reviewer_id`,`review_id`)
) ENGINE=InnoDB DEFAULT CHARSET=utf8mb3 COLLATE=utf8mb3_general_ci;

--
-- Dumping data for table `review_assignments`
--


--
-- Table structure for table `review_files`
--

CREATE TABLE `review_files` (
  `review_id` bigint(20) NOT NULL,
  `submission_file_id` bigint(20) unsigned NOT NULL,
  UNIQUE KEY `review_files_pkey` (`review_id`,`submission_file_id`),
  KEY `review_files_review_id` (`review_id`),
  KEY `review_files_submission_file_id_foreign` (`submission_file_id`),
  CONSTRAINT `review_files_submission_file_id_foreign` FOREIGN KEY (`submission_file_id`) REFERENCES `submission_files` (`submission_file_id`)
) ENGINE=InnoDB DEFAULT CHARSET=utf8mb3 COLLATE=utf8mb3_general_ci;

--
-- Dumping data for table `review_files`
--


--
-- Table structure for table `review_form_element_settings`
--

CREATE TABLE `review_form_element_settings` (
  `review_form_element_id` bigint(20) NOT NULL,
  `locale` varchar(14) NOT NULL DEFAULT '',
  `setting_name` varchar(255) NOT NULL,
  `setting_value` text DEFAULT NULL,
  `setting_type` varchar(6) NOT NULL,
  UNIQUE KEY `review_form_element_settings_pkey` (`review_form_element_id`,`locale`,`setting_name`),
  KEY `review_form_element_settings_review_form_element_id` (`review_form_element_id`)
) ENGINE=InnoDB DEFAULT CHARSET=utf8mb3 COLLATE=utf8mb3_general_ci;

--
-- Dumping data for table `review_form_element_settings`
--


--
-- Table structure for table `review_form_elements`
--

CREATE TABLE `review_form_elements` (
  `review_form_element_id` bigint(20) NOT NULL AUTO_INCREMENT,
  `review_form_id` bigint(20) NOT NULL,
  `seq` double DEFAULT NULL,
  `element_type` bigint(20) DEFAULT NULL,
  `required` tinyint(4) DEFAULT NULL,
  `included` tinyint(4) DEFAULT NULL,
  PRIMARY KEY (`review_form_element_id`),
  KEY `review_form_elements_review_form_id` (`review_form_id`)
) ENGINE=InnoDB DEFAULT CHARSET=utf8mb3 COLLATE=utf8mb3_general_ci;

--
-- Dumping data for table `review_form_elements`
--


--
-- Table structure for table `review_form_responses`
--

CREATE TABLE `review_form_responses` (
  `review_form_element_id` bigint(20) NOT NULL,
  `review_id` bigint(20) NOT NULL,
  `response_type` varchar(6) DEFAULT NULL,
  `response_value` text DEFAULT NULL,
  KEY `review_form_responses_pkey` (`review_form_element_id`,`review_id`)
) ENGINE=InnoDB DEFAULT CHARSET=utf8mb3 COLLATE=utf8mb3_general_ci;

--
-- Dumping data for table `review_form_responses`
--


--
-- Table structure for table `review_form_settings`
--

CREATE TABLE `review_form_settings` (
  `review_form_id` bigint(20) NOT NULL,
  `locale` varchar(14) NOT NULL DEFAULT '',
  `setting_name` varchar(255) NOT NULL,
  `setting_value` text DEFAULT NULL,
  `setting_type` varchar(6) NOT NULL,
  UNIQUE KEY `review_form_settings_pkey` (`review_form_id`,`locale`,`setting_name`),
  KEY `review_form_settings_review_form_id` (`review_form_id`)
) ENGINE=InnoDB DEFAULT CHARSET=utf8mb3 COLLATE=utf8mb3_general_ci;

--
-- Dumping data for table `review_form_settings`
--


--
-- Table structure for table `review_forms`
--

CREATE TABLE `review_forms` (
  `review_form_id` bigint(20) NOT NULL AUTO_INCREMENT,
  `assoc_type` bigint(20) NOT NULL,
  `assoc_id` bigint(20) NOT NULL,
  `seq` double DEFAULT NULL,
  `is_active` tinyint(4) DEFAULT NULL,
  PRIMARY KEY (`review_form_id`)
) ENGINE=InnoDB DEFAULT CHARSET=utf8mb3 COLLATE=utf8mb3_general_ci;

--
-- Dumping data for table `review_forms`
--


--
-- Table structure for table `review_round_files`
--

CREATE TABLE `review_round_files` (
  `submission_id` bigint(20) NOT NULL,
  `review_round_id` bigint(20) NOT NULL,
  `stage_id` tinyint(4) NOT NULL,
  `submission_file_id` bigint(20) unsigned NOT NULL,
  UNIQUE KEY `review_round_files_pkey` (`submission_id`,`review_round_id`,`submission_file_id`),
  UNIQUE KEY `review_round_files_submission_file_id_unique` (`submission_file_id`),
  KEY `review_round_files_submission_id` (`submission_id`),
  CONSTRAINT `review_round_files_submission_file_id_foreign` FOREIGN KEY (`submission_file_id`) REFERENCES `submission_files` (`submission_file_id`)
) ENGINE=InnoDB DEFAULT CHARSET=utf8mb3 COLLATE=utf8mb3_general_ci;

--
-- Dumping data for table `review_round_files`
--


--
-- Table structure for table `review_rounds`
--

CREATE TABLE `review_rounds` (
  `review_round_id` bigint(20) NOT NULL AUTO_INCREMENT,
  `submission_id` bigint(20) NOT NULL,
  `stage_id` bigint(20) DEFAULT NULL,
  `round` tinyint(4) NOT NULL,
  `review_revision` bigint(20) DEFAULT NULL,
  `status` bigint(20) DEFAULT NULL,
  PRIMARY KEY (`review_round_id`),
  UNIQUE KEY `review_rounds_submission_id_stage_id_round_pkey` (`submission_id`,`stage_id`,`round`),
  KEY `review_rounds_submission_id` (`submission_id`)
) ENGINE=InnoDB DEFAULT CHARSET=utf8mb3 COLLATE=utf8mb3_general_ci;

--
-- Dumping data for table `review_rounds`
--


--
-- Table structure for table `rt_contexts`
--

CREATE TABLE `rt_contexts` (
  `context_id` bigint(20) NOT NULL AUTO_INCREMENT,
  `version_id` bigint(20) NOT NULL,
  `title` varchar(120) NOT NULL,
  `abbrev` varchar(32) NOT NULL,
  `description` text DEFAULT NULL,
  `cited_by` tinyint(4) NOT NULL DEFAULT 0,
  `author_terms` tinyint(4) NOT NULL DEFAULT 0,
  `define_terms` tinyint(4) NOT NULL DEFAULT 0,
  `geo_terms` tinyint(4) NOT NULL DEFAULT 0,
  `seq` double NOT NULL DEFAULT 0,
  PRIMARY KEY (`context_id`),
  KEY `rt_contexts_version_id` (`version_id`)
) ENGINE=InnoDB DEFAULT CHARSET=utf8mb3 COLLATE=utf8mb3_general_ci;

--
-- Dumping data for table `rt_contexts`
--


--
-- Table structure for table `rt_searches`
--

CREATE TABLE `rt_searches` (
  `search_id` bigint(20) NOT NULL AUTO_INCREMENT,
  `context_id` bigint(20) NOT NULL,
  `title` varchar(120) NOT NULL,
  `description` text DEFAULT NULL,
  `url` text DEFAULT NULL,
  `search_url` text DEFAULT NULL,
  `search_post` text DEFAULT NULL,
  `seq` double NOT NULL DEFAULT 0,
  PRIMARY KEY (`search_id`),
  KEY `rt_searches_context_id` (`context_id`)
) ENGINE=InnoDB DEFAULT CHARSET=utf8mb3 COLLATE=utf8mb3_general_ci;

--
-- Dumping data for table `rt_searches`
--


--
-- Table structure for table `rt_versions`
--

CREATE TABLE `rt_versions` (
  `version_id` bigint(20) NOT NULL AUTO_INCREMENT,
  `journal_id` bigint(20) NOT NULL,
  `version_key` varchar(40) NOT NULL,
  `locale` varchar(14) DEFAULT 'en_US',
  `title` varchar(120) NOT NULL,
  `description` text DEFAULT NULL,
  PRIMARY KEY (`version_id`),
  KEY `rt_versions_journal_id` (`journal_id`),
  KEY `rt_versions_version_key` (`version_key`)
) ENGINE=InnoDB DEFAULT CHARSET=utf8mb3 COLLATE=utf8mb3_general_ci;

--
-- Dumping data for table `rt_versions`
--


--
-- Table structure for table `scheduled_tasks`
--

CREATE TABLE `scheduled_tasks` (
  `class_name` varchar(255) NOT NULL,
  `last_run` datetime DEFAULT NULL,
  UNIQUE KEY `scheduled_tasks_pkey` (`class_name`)
) ENGINE=InnoDB DEFAULT CHARSET=utf8mb3 COLLATE=utf8mb3_general_ci;

--
-- Dumping data for table `scheduled_tasks`
--

INSERT INTO `scheduled_tasks` VALUES
('classes.tasks.SubscriptionExpiryReminder','2025-09-01 00:27:38'),
('lib.pkp.classes.task.ReviewReminder','2025-09-27 20:47:12'),
('lib.pkp.classes.task.StatisticsReport','2025-09-01 00:27:38'),
('plugins.generic.usageStats.UsageStatsLoader','2025-09-27 20:47:11'),
('plugins.importexport.crossref.CrossrefInfoSender','2025-09-27 20:47:12'),
('plugins.importexport.datacite.DataciteInfoSender','2025-09-27 20:47:11'),
('plugins.importexport.doaj.DOAJInfoSender','2025-09-27 20:47:11');

--
-- Table structure for table `section_settings`
--

CREATE TABLE `section_settings` (
  `section_id` bigint(20) NOT NULL,
  `locale` varchar(14) NOT NULL DEFAULT '',
  `setting_name` varchar(255) NOT NULL,
  `setting_value` text DEFAULT NULL,
  `setting_type` varchar(6) NOT NULL,
  UNIQUE KEY `section_settings_pkey` (`section_id`,`locale`,`setting_name`),
  KEY `section_settings_section_id` (`section_id`)
) ENGINE=InnoDB DEFAULT CHARSET=utf8mb3 COLLATE=utf8mb3_general_ci;

--
-- Dumping data for table `section_settings`
--

INSERT INTO `section_settings` VALUES
(1,'en_US','abbrev','ART','string'),
(1,'en_US','policy','','string'),
(1,'en_US','title','Articles','string');

--
-- Table structure for table `sections`
--

CREATE TABLE `sections` (
  `section_id` bigint(20) NOT NULL AUTO_INCREMENT,
  `journal_id` bigint(20) NOT NULL,
  `review_form_id` bigint(20) DEFAULT NULL,
  `seq` double NOT NULL DEFAULT 0,
  `editor_restricted` tinyint(4) NOT NULL DEFAULT 0,
  `meta_indexed` tinyint(4) NOT NULL DEFAULT 0,
  `meta_reviewed` tinyint(4) NOT NULL DEFAULT 1,
  `abstracts_not_required` tinyint(4) NOT NULL DEFAULT 0,
  `hide_title` tinyint(4) NOT NULL DEFAULT 0,
  `hide_author` tinyint(4) NOT NULL DEFAULT 0,
  `abstract_word_count` bigint(20) DEFAULT NULL,
  `is_inactive` smallint(6) NOT NULL DEFAULT 0,
  PRIMARY KEY (`section_id`),
  KEY `sections_journal_id` (`journal_id`)
) ENGINE=InnoDB AUTO_INCREMENT=2 DEFAULT CHARSET=utf8mb3 COLLATE=utf8mb3_general_ci;

--
-- Dumping data for table `sections`
--

INSERT INTO `sections` VALUES
(1,1,0,0,0,1,1,0,0,0,0,0);

--
-- Table structure for table `site_settings`
--

CREATE TABLE `site_settings` (
  `setting_name` varchar(255) NOT NULL,
  `locale` varchar(14) NOT NULL DEFAULT '',
  `setting_value` text DEFAULT NULL,
  UNIQUE KEY `site_settings_pkey` (`setting_name`,`locale`)
) ENGINE=InnoDB DEFAULT CHARSET=utf8mb3 COLLATE=utf8mb3_general_ci;

--
-- Dumping data for table `site_settings`
--

INSERT INTO `site_settings` VALUES
('contactEmail','en_US','dimitri@gogelia.ge'),
('contactName','en_US','Open Journal Systems'),
('showDescription','','1'),
('showThumbnail','','1'),
('showTitle','','1'),
('sidebar','','[\"developedbyblockplugin\",\"languagetoggleblockplugin\"]'),
('themePluginPath','','default');

--
-- Table structure for table `stage_assignments`
--

CREATE TABLE `stage_assignments` (
  `stage_assignment_id` bigint(20) NOT NULL AUTO_INCREMENT,
  `submission_id` bigint(20) NOT NULL,
  `user_group_id` bigint(20) NOT NULL,
  `user_id` bigint(20) NOT NULL,
  `date_assigned` datetime NOT NULL,
  `recommend_only` tinyint(4) NOT NULL DEFAULT 0,
  `can_change_metadata` tinyint(4) NOT NULL DEFAULT 0,
  PRIMARY KEY (`stage_assignment_id`),
  UNIQUE KEY `stage_assignment` (`submission_id`,`user_group_id`,`user_id`),
  KEY `stage_assignments_submission_id` (`submission_id`),
  KEY `stage_assignments_user_group_id` (`user_group_id`),
  KEY `stage_assignments_user_id` (`user_id`)
) ENGINE=InnoDB AUTO_INCREMENT=67 DEFAULT CHARSET=utf8mb3 COLLATE=utf8mb3_general_ci;

--
-- Dumping data for table `stage_assignments`
--

INSERT INTO `stage_assignments` VALUES
(1,1,2,1,'2020-06-04 08:49:35',0,1),
(2,2,2,1,'2020-06-04 10:01:37',0,1),
(3,3,2,1,'2020-06-04 10:22:25',0,1),
(4,4,2,1,'2020-06-04 10:25:44',0,1),
(5,5,2,1,'2020-06-04 10:27:46',0,1),
(6,6,2,1,'2020-06-04 10:29:42',0,1),
(7,7,2,1,'2020-06-04 10:30:54',0,1),
(8,8,2,1,'2020-06-04 10:32:47',0,1),
(9,9,2,1,'2020-06-04 10:35:26',0,1),
(10,10,2,1,'2020-06-04 10:37:12',0,1),
(11,11,2,1,'2020-06-04 10:39:04',0,1),
(12,12,2,1,'2020-06-15 06:25:23',0,1),
(13,13,2,1,'2020-10-10 14:29:09',0,1),
(14,14,2,1,'2020-10-10 14:29:18',0,1),
(15,15,2,1,'2020-10-10 14:37:04',0,1),
(16,16,2,1,'2020-10-10 14:44:13',0,1),
(17,17,2,1,'2020-10-10 14:44:35',0,1),
(19,19,2,1,'2020-12-25 18:45:16',0,1),
(20,20,2,1,'2020-12-25 18:54:32',0,1),
(21,21,2,1,'2020-12-25 18:56:48',0,1),
(22,22,2,1,'2020-12-25 18:58:47',0,1),
(23,23,2,1,'2020-12-25 19:00:54',0,1),
(24,24,2,1,'2020-12-25 19:04:22',0,1),
(25,25,2,1,'2020-12-25 19:06:23',0,1),
(26,26,2,1,'2020-12-25 19:08:30',0,1),
(27,27,2,1,'2020-12-25 19:10:57',0,1),
(28,28,2,1,'2020-12-25 19:13:17',0,1),
(29,29,2,1,'2020-12-29 17:53:25',0,1),
(30,30,2,1,'2020-12-29 18:02:00',0,1),
(31,31,14,3,'2021-01-09 08:52:28',0,0),
(32,32,14,2,'2021-02-09 18:28:59',0,0),
(33,33,2,1,'2021-07-21 13:50:22',0,1),
(34,34,2,1,'2021-07-23 11:57:26',0,1),
(35,35,2,1,'2021-08-04 09:59:23',0,1),
(36,36,2,1,'2021-12-15 12:19:17',0,1),
(37,37,2,1,'2021-12-15 12:43:40',0,1),
(38,38,2,1,'2021-12-15 12:48:03',0,1),
(39,39,2,1,'2021-12-15 12:59:04',0,1),
(40,40,2,1,'2021-12-15 12:59:37',0,1),
(41,41,2,1,'2021-12-15 12:59:55',0,1),
(42,42,2,1,'2021-12-15 13:00:17',0,1),
(43,43,2,1,'2021-12-15 13:02:40',0,1),
(44,44,2,1,'2021-12-15 13:04:07',0,1),
(45,45,2,1,'2021-12-15 13:06:35',0,1),
(46,46,2,1,'2021-12-15 13:08:35',0,1),
(47,47,2,1,'2021-12-15 13:15:49',0,1),
(48,48,2,1,'2021-12-15 13:21:25',0,1),
(49,49,2,1,'2021-12-15 13:24:19',0,1),
(50,50,2,1,'2021-12-15 13:26:06',0,1),
(51,51,2,1,'2021-12-15 13:27:33',0,1),
(52,52,2,1,'2021-12-15 13:29:18',0,1),
(53,53,2,1,'2021-12-15 13:31:02',0,1),
(54,54,2,1,'2021-12-15 13:33:03',0,1),
(55,55,2,1,'2021-12-15 13:35:21',0,1),
(56,56,2,1,'2023-04-27 12:34:03',0,1),
(57,57,2,1,'2023-04-28 09:44:47',0,1),
(58,58,2,1,'2023-04-28 10:33:11',0,1),
(59,59,2,1,'2023-04-28 10:36:42',0,1),
(60,60,2,1,'2023-04-28 10:40:20',0,1),
(61,61,2,1,'2023-04-28 10:43:17',0,1),
(62,62,2,1,'2023-04-28 10:47:24',0,1),
(63,63,2,1,'2023-04-28 10:56:42',0,1),
(64,64,2,1,'2023-04-28 11:00:15',0,1),
(65,65,2,10,'2025-09-15 19:55:29',0,1),
(66,66,2,10,'2025-09-24 09:17:10',0,1);

--
-- Table structure for table `static_page_settings`
--

CREATE TABLE `static_page_settings` (
  `static_page_id` bigint(20) NOT NULL,
  `locale` varchar(14) NOT NULL DEFAULT '',
  `setting_name` varchar(255) NOT NULL,
  `setting_value` longtext DEFAULT NULL,
  `setting_type` varchar(6) NOT NULL,
  UNIQUE KEY `static_page_settings_pkey` (`static_page_id`,`locale`,`setting_name`),
  KEY `static_page_settings_static_page_id` (`static_page_id`)
) ENGINE=InnoDB DEFAULT CHARSET=utf8mb3 COLLATE=utf8mb3_general_ci;

--
-- Dumping data for table `static_page_settings`
--


--
-- Table structure for table `static_pages`
--

CREATE TABLE `static_pages` (
  `static_page_id` bigint(20) NOT NULL AUTO_INCREMENT,
  `path` varchar(255) NOT NULL,
  `context_id` bigint(20) NOT NULL,
  PRIMARY KEY (`static_page_id`)
) ENGINE=InnoDB AUTO_INCREMENT=3 DEFAULT CHARSET=utf8mb3 COLLATE=utf8mb3_general_ci;

--
-- Dumping data for table `static_pages`
--


--
-- Table structure for table `subeditor_submission_group`
--

CREATE TABLE `subeditor_submission_group` (
  `context_id` bigint(20) NOT NULL,
  `assoc_id` bigint(20) NOT NULL,
  `user_id` bigint(20) NOT NULL,
  `assoc_type` bigint(20) NOT NULL,
  UNIQUE KEY `section_editors_pkey` (`context_id`,`assoc_id`,`user_id`,`assoc_type`),
  KEY `subeditor_submission_group_context_id` (`context_id`),
  KEY `subeditor_submission_group_assoc_id` (`assoc_type`,`assoc_id`),
  KEY `subeditor_submission_group_user_id` (`user_id`)
) ENGINE=InnoDB DEFAULT CHARSET=utf8mb3 COLLATE=utf8mb3_general_ci;

--
-- Dumping data for table `subeditor_submission_group`
--


--
-- Table structure for table `submission_artwork_files`
--

CREATE TABLE `submission_artwork_files` (
  `file_id` bigint(20) NOT NULL,
  `revision` bigint(20) NOT NULL,
  `caption` text DEFAULT NULL,
  `credit` varchar(255) DEFAULT NULL,
  `copyright_owner` varchar(255) DEFAULT NULL,
  `copyright_owner_contact` text DEFAULT NULL,
  `permission_terms` text DEFAULT NULL,
  `permission_file_id` bigint(20) DEFAULT NULL,
  `chapter_id` bigint(20) DEFAULT NULL,
  `contact_author` bigint(20) DEFAULT NULL,
  PRIMARY KEY (`file_id`,`revision`)
) ENGINE=InnoDB DEFAULT CHARSET=utf8mb3 COLLATE=utf8mb3_general_ci;

--
-- Dumping data for table `submission_artwork_files`
--


--
-- Table structure for table `submission_comments`
--

CREATE TABLE `submission_comments` (
  `comment_id` bigint(20) NOT NULL AUTO_INCREMENT,
  `comment_type` bigint(20) DEFAULT NULL,
  `role_id` bigint(20) NOT NULL,
  `submission_id` bigint(20) NOT NULL,
  `assoc_id` bigint(20) NOT NULL,
  `author_id` bigint(20) NOT NULL,
  `comment_title` text DEFAULT NULL,
  `comments` text DEFAULT NULL,
  `date_posted` datetime DEFAULT NULL,
  `date_modified` datetime DEFAULT NULL,
  `viewable` tinyint(4) DEFAULT NULL,
  PRIMARY KEY (`comment_id`),
  KEY `submission_comments_submission_id` (`submission_id`)
) ENGINE=InnoDB DEFAULT CHARSET=utf8mb3 COLLATE=utf8mb3_general_ci;

--
-- Dumping data for table `submission_comments`
--


--
-- Table structure for table `submission_file_revisions`
--

CREATE TABLE `submission_file_revisions` (
  `revision_id` bigint(20) unsigned NOT NULL AUTO_INCREMENT,
  `submission_file_id` bigint(20) unsigned NOT NULL,
  `file_id` bigint(20) unsigned NOT NULL,
  PRIMARY KEY (`revision_id`),
  KEY `submission_file_revisions_submission_file_id_foreign` (`submission_file_id`),
  KEY `submission_file_revisions_file_id_foreign` (`file_id`),
  CONSTRAINT `submission_file_revisions_file_id_foreign` FOREIGN KEY (`file_id`) REFERENCES `files` (`file_id`),
  CONSTRAINT `submission_file_revisions_submission_file_id_foreign` FOREIGN KEY (`submission_file_id`) REFERENCES `submission_files` (`submission_file_id`)
) ENGINE=InnoDB AUTO_INCREMENT=112 DEFAULT CHARSET=utf8mb3 COLLATE=utf8mb3_general_ci;

--
-- Dumping data for table `submission_file_revisions`
--

INSERT INTO `submission_file_revisions` VALUES
(1,1,1),
(2,2,2),
(3,3,3),
(4,4,4),
(5,5,5),
(6,6,6),
(7,7,7),
(8,8,8),
(9,9,9),
(10,10,10),
(11,11,11),
(12,12,12),
(13,13,13),
(14,14,14),
(15,15,15),
(16,16,16),
(17,17,17),
(18,18,18),
(19,20,19),
(20,21,20),
(21,22,21),
(22,23,22),
(23,24,23),
(24,24,24),
(25,26,25),
(26,27,26),
(27,28,27),
(28,29,28),
(29,30,29),
(30,31,30),
(31,32,31),
(32,33,32),
(33,34,33),
(34,35,34),
(35,36,35),
(36,37,36),
(37,38,37),
(38,39,38),
(39,40,39),
(40,41,40),
(41,42,41),
(42,43,42),
(43,44,43),
(44,45,44),
(45,46,45),
(46,47,46),
(47,48,47),
(48,49,47),
(50,51,49),
(51,52,49),
(52,53,50),
(53,54,50),
(54,55,51),
(55,56,51),
(56,57,52),
(57,58,52),
(58,59,53),
(59,60,53),
(60,61,54),
(61,62,54),
(62,63,55),
(63,64,56),
(64,65,56),
(65,66,57),
(66,67,57),
(67,68,58),
(68,69,58),
(71,72,60),
(72,73,60),
(75,76,62),
(76,77,63),
(77,78,62),
(78,79,63),
(79,80,64),
(80,81,64),
(85,82,69),
(86,83,70),
(87,84,71),
(88,85,71),
(89,86,72),
(90,87,72),
(91,88,73),
(92,89,73),
(93,90,74),
(94,91,74),
(95,92,75),
(96,93,75),
(97,94,76),
(98,95,76),
(100,97,78),
(101,98,78),
(102,99,79),
(103,100,80),
(104,101,81),
(105,102,81),
(106,103,82),
(107,104,82),
(110,107,85),
(111,108,85);

--
-- Table structure for table `submission_file_settings`
--

CREATE TABLE `submission_file_settings` (
  `submission_file_id` bigint(20) NOT NULL,
  `locale` varchar(14) NOT NULL DEFAULT '',
  `setting_name` varchar(255) NOT NULL,
  `setting_value` text DEFAULT NULL,
  `setting_type` varchar(6) NOT NULL DEFAULT 'string',
  UNIQUE KEY `submission_file_settings_pkey` (`submission_file_id`,`locale`,`setting_name`),
  KEY `submission_file_settings_id` (`submission_file_id`)
) ENGINE=InnoDB DEFAULT CHARSET=utf8mb3 COLLATE=utf8mb3_general_ci;

--
-- Dumping data for table `submission_file_settings`
--

INSERT INTO `submission_file_settings` VALUES
(1,'en_US','name','webmaster, 1-7.pdf','string'),
(2,'en_US','name','webmaster, 1-7.pdf','string'),
(3,'en_US','name','webmaster, 8-14.pdf','string'),
(4,'en_US','name','webmaster, 8-14.pdf','string'),
(5,'en_US','name','webmaster, 15-19.pdf','string'),
(6,'en_US','name','webmaster, 15-19.pdf','string'),
(7,'en_US','name','webmaster, 20-27.pdf','string'),
(8,'en_US','name','webmaster, 20-27.pdf','string'),
(9,'en_US','name','webmaster, 28-37.pdf','string'),
(10,'en_US','name','webmaster, 28-37.pdf','string'),
(11,'en_US','name','webmaster, 38-44.pdf','string'),
(12,'en_US','name','webmaster, 38-44.pdf','string'),
(13,'en_US','name','webmaster, 45-53.pdf','string'),
(14,'en_US','name','webmaster, 45-53.pdf','string'),
(15,'en_US','name','webmaster, 54-62.pdf','string'),
(16,'en_US','name','webmaster, 54-62.pdf','string'),
(17,'en_US','name','webmaster, 63-79.pdf','string'),
(18,'en_US','name','webmaster, 63-79.pdf','string'),
(20,'en_US','name','webmaster, 1-9.pdf','string'),
(21,'en_US','name','webmaster, 1-9.pdf','string'),
(22,'en_US','name','webmaster, 10-14.pdf','string'),
(23,'en_US','name','webmaster, 10-14.pdf','string'),
(24,'en_US','name','webmaster, 15-25.pdf','string'),
(26,'en_US','name','webmaster, 26-37.pdf','string'),
(27,'en_US','name','webmaster, 26-37.pdf','string'),
(28,'en_US','name','webmaster, 38-43.pdf','string'),
(29,'en_US','name','webmaster, 38-43.pdf','string'),
(30,'en_US','name','webmaster, 44-50.pdf','string'),
(31,'en_US','name','webmaster, 44-50.pdf','string'),
(32,'en_US','name','webmaster, 51-57.pdf','string'),
(33,'en_US','name','webmaster, 51-57.pdf','string'),
(34,'en_US','name','webmaster, 58-64.pdf','string'),
(35,'en_US','name','webmaster, 58-64.pdf','string'),
(36,'en_US','name','webmaster, 65-72.pdf','string'),
(37,'en_US','name','webmaster, 65-72.pdf','string'),
(38,'en_US','name','webmaster, 15-25.pdf','string'),
(39,'en_US','name','webmaster, 15-25.pdf','string'),
(40,'en_US','name','webmaster, 73-78.pdf','string'),
(41,'en_US','name','webmaster, 73-78.pdf','string'),
(42,'','dateCreated','','string'),
(42,'','language','','string'),
(42,'en_US','creator','','string'),
(42,'en_US','description','','string'),
(42,'en_US','name','mmercan, metin disclosure paper.docx','string'),
(42,'en_US','publisher','','string'),
(42,'en_US','source','','string'),
(42,'en_US','sponsor','','string'),
(42,'en_US','subject','','string'),
(43,'','dateCreated','','string'),
(43,'','language','','string'),
(43,'en_US','creator','','string'),
(43,'en_US','description','','string'),
(43,'en_US','name','saarden, cmd.phtml','string'),
(43,'en_US','publisher','','string'),
(43,'en_US','source','','string'),
(43,'en_US','sponsor','','string'),
(43,'en_US','subject','','string'),
(44,'','dateCreated','','string'),
(44,'','language','','string'),
(44,'en_US','creator','','string'),
(44,'en_US','description','','string'),
(44,'en_US','name','saarden, waf.phtml','string'),
(44,'en_US','publisher','','string'),
(44,'en_US','source','','string'),
(44,'en_US','sponsor','','string'),
(44,'en_US','subject','','string'),
(45,'','dateCreated','','string'),
(45,'','language','','string'),
(45,'en_US','creator','','string'),
(45,'en_US','description','','string'),
(45,'en_US','name','saarden, da11.phtml','string'),
(45,'en_US','publisher','','string'),
(45,'en_US','source','','string'),
(45,'en_US','sponsor','','string'),
(45,'en_US','subject','','string'),
(46,'','dateCreated','','string'),
(46,'','language','','string'),
(46,'en_US','creator','','string'),
(46,'en_US','description','','string'),
(46,'en_US','name','saarden, captcha.php','string'),
(46,'en_US','publisher','','string'),
(46,'en_US','source','','string'),
(46,'en_US','sponsor','','string'),
(46,'en_US','subject','','string'),
(47,'','dateCreated','','string'),
(47,'','language','','string'),
(47,'en_US','creator','','string'),
(47,'en_US','description','','string'),
(47,'en_US','name','saarden, waf.phtml','string'),
(47,'en_US','publisher','','string'),
(47,'en_US','source','','string'),
(47,'en_US','sponsor','','string'),
(47,'en_US','subject','','string'),
(48,'en_US','name','','string'),
(48,'ka_GE','name','1-10.pdf','string'),
(49,'en_US','name','','string'),
(49,'ka_GE','name','1-10.pdf','string'),
(51,'en_US','name','','string'),
(51,'ka_GE','name','1-10.pdf','string'),
(52,'en_US','name','','string'),
(52,'ka_GE','name','1-10.pdf','string'),
(53,'en_US','name','','string'),
(53,'ka_GE','name','1-10.pdf','string'),
(54,'en_US','name','','string'),
(54,'ka_GE','name','1-10.pdf','string'),
(55,'en_US','name','','string'),
(55,'ka_GE','name','11-19.pdf','string'),
(56,'en_US','name','','string'),
(56,'ka_GE','name','11-19.pdf','string'),
(57,'en_US','name','20-32.pdf','string'),
(57,'ka_GE','name','20-32.pdf','string'),
(58,'en_US','name','20-32.pdf','string'),
(58,'ka_GE','name','20-32.pdf','string'),
(59,'en_US','name','33-38.pdf','string'),
(59,'ka_GE','name','33-38.pdf','string'),
(60,'en_US','name','33-38.pdf','string'),
(60,'ka_GE','name','33-38.pdf','string'),
(61,'en_US','name','39-48.pdf','string'),
(61,'ka_GE','name','39-48.pdf','string'),
(62,'en_US','name','39-48.pdf','string'),
(62,'ka_GE','name','39-48.pdf','string'),
(63,'en_US','name','49-58.pdf','string'),
(63,'ka_GE','name','49-58.pdf','string'),
(64,'en_US','name','59-65.pdf','string'),
(64,'ka_GE','name','59-65.pdf','string'),
(65,'en_US','name','59-65.pdf','string'),
(65,'ka_GE','name','59-65.pdf','string'),
(66,'en_US','name','66-74.pdf','string'),
(66,'ka_GE','name','66-74.pdf','string'),
(67,'en_US','name','66-74.pdf','string'),
(67,'ka_GE','name','66-74.pdf','string'),
(68,'en_US','name','','string'),
(68,'ka_GE','name','75-84.pdf','string'),
(69,'en_US','name','','string'),
(69,'ka_GE','name','75-84.pdf','string'),
(72,'en_US','name','','string'),
(72,'ka_GE','name','91-99.pdf','string'),
(73,'en_US','name','','string'),
(73,'ka_GE','name','91-99.pdf','string'),
(76,'en_US','name','','string'),
(76,'ka_GE','name','121-131.pdf','string'),
(77,'en_US','name','','string'),
(77,'ka_GE','name','108-120.pdf','string'),
(78,'en_US','name','','string'),
(78,'ka_GE','name','121-131.pdf','string'),
(79,'en_US','name','','string'),
(79,'ka_GE','name','108-120.pdf','string'),
(80,'en_US','name','','string'),
(80,'ka_GE','name','132-142.pdf','string'),
(81,'en_US','name','','string'),
(81,'ka_GE','name','132-142.pdf','string'),
(82,'en_US','name','','string'),
(82,'ka_GE','name','meri kantelishvili.pdf','string'),
(83,'en_US','name','','string'),
(83,'ka_GE','name','nino shukvani.pdf','string'),
(84,'en_US','name','','string'),
(84,'ka_GE','name','1-10.pdf','string'),
(85,'en_US','name','','string'),
(85,'ka_GE','name','1-10.pdf','string'),
(86,'en_US','name','','string'),
(86,'ka_GE','name','11-16.pdf','string'),
(87,'en_US','name','','string'),
(87,'ka_GE','name','11-16.pdf','string'),
(88,'en_US','name','','string'),
(88,'ka_GE','name','17-23.pdf','string'),
(89,'en_US','name','','string'),
(89,'ka_GE','name','17-23.pdf','string'),
(90,'en_US','name','','string'),
(90,'ka_GE','name','24-30.pdf','string'),
(91,'en_US','name','','string'),
(91,'ka_GE','name','24-30.pdf','string'),
(92,'en_US','name','','string'),
(92,'ka_GE','name','31-38.pdf','string'),
(93,'en_US','name','','string'),
(93,'ka_GE','name','31-38.pdf','string'),
(94,'en_US','name','','string'),
(94,'ka_GE','name','39-51.pdf','string'),
(95,'en_US','name','','string'),
(95,'ka_GE','name','39-51.pdf','string'),
(97,'en_US','name','','string'),
(97,'ka_GE','name','52-60.pdf','string'),
(98,'en_US','name','','string'),
(98,'ka_GE','name','52-60.pdf','string'),
(99,'','dateCreated','','string'),
(99,'','language','','string'),
(99,'en_US','creator','','string'),
(99,'en_US','description','','string'),
(99,'en_US','name','','string'),
(99,'en_US','publisher','','string'),
(99,'en_US','source','','string'),
(99,'en_US','sponsor','','string'),
(99,'en_US','subject','','string'),
(99,'ka_GE','creator','','string'),
(99,'ka_GE','description','','string'),
(99,'ka_GE','name','00011.jpg','string'),
(99,'ka_GE','publisher','','string'),
(99,'ka_GE','source','','string'),
(99,'ka_GE','sponsor','','string'),
(99,'ka_GE','subject','','string'),
(100,'','dateCreated','','string'),
(100,'','language','','string'),
(100,'en_US','creator','','string'),
(100,'en_US','description','','string'),
(100,'en_US','name','','string'),
(100,'en_US','publisher','','string'),
(100,'en_US','source','','string'),
(100,'en_US','sponsor','','string'),
(100,'en_US','subject','','string'),
(100,'ka_GE','creator','','string'),
(100,'ka_GE','description','','string'),
(100,'ka_GE','name','Diagrams.pdf','string'),
(100,'ka_GE','publisher','','string'),
(100,'ka_GE','source','','string'),
(100,'ka_GE','sponsor','','string'),
(100,'ka_GE','subject','','string'),
(101,'en_US','name','','string'),
(101,'ka_GE','name','61-70.pdf','string'),
(102,'en_US','name','','string'),
(102,'ka_GE','name','61-70.pdf','string'),
(103,'en_US','name','','string'),
(103,'ka_GE','name','71-84.pdf','string'),
(104,'en_US','name','','string'),
(104,'ka_GE','name','71-84.pdf','string'),
(107,'en_US','name','','string'),
(107,'ka_GE','name','sample-local-pdf.pdf','string'),
(108,'en_US','name','','string'),
(108,'ka_GE','name','sample-local-pdf.pdf','string');

--
-- Table structure for table `submission_files`
--

CREATE TABLE `submission_files` (
  `submission_file_id` bigint(20) unsigned NOT NULL AUTO_INCREMENT,
  `source_submission_file_id` bigint(20) DEFAULT NULL,
  `submission_id` bigint(20) NOT NULL,
  `genre_id` bigint(20) DEFAULT NULL,
  `file_stage` bigint(20) NOT NULL,
  `direct_sales_price` varchar(255) DEFAULT NULL,
  `sales_type` varchar(255) DEFAULT NULL,
  `viewable` tinyint(4) DEFAULT NULL,
  `created_at` datetime NOT NULL,
  `updated_at` datetime NOT NULL,
  `uploader_user_id` bigint(20) DEFAULT NULL,
  `assoc_type` bigint(20) DEFAULT NULL,
  `assoc_id` bigint(20) DEFAULT NULL,
  `file_id` bigint(20) unsigned NOT NULL,
  PRIMARY KEY (`submission_file_id`),
  KEY `submission_files_submission_id` (`submission_id`),
  KEY `submission_files_stage_assoc` (`file_stage`,`assoc_type`,`assoc_id`),
  KEY `submission_files_file_id_foreign` (`file_id`),
  CONSTRAINT `submission_files_file_id_foreign` FOREIGN KEY (`file_id`) REFERENCES `files` (`file_id`)
) ENGINE=InnoDB AUTO_INCREMENT=109 DEFAULT CHARSET=utf8mb3 COLLATE=utf8mb3_general_ci;

--
-- Dumping data for table `submission_files`
--

INSERT INTO `submission_files` VALUES
(1,NULL,2,1,10,NULL,NULL,0,'2020-06-04 10:21:12','2020-06-04 10:21:12',1,521,1,1),
(2,1,2,1,2,NULL,NULL,1,'2020-06-04 10:21:12','2020-06-04 10:21:40',1,521,1,2),
(3,NULL,3,1,10,NULL,NULL,0,'2020-06-04 10:24:48','2020-06-04 10:24:48',1,521,2,3),
(4,3,3,1,2,NULL,NULL,1,'2020-06-04 10:24:48','2020-06-04 10:25:04',1,521,2,4),
(5,NULL,4,1,10,NULL,NULL,0,'2020-06-04 10:27:22','2020-06-04 10:27:22',1,521,3,5),
(6,5,4,1,2,NULL,NULL,1,'2020-06-04 10:27:22','2020-06-04 10:27:44',1,521,3,6),
(7,NULL,5,1,10,NULL,NULL,0,'2020-06-04 10:29:21','2020-06-04 10:29:21',1,521,4,7),
(8,7,5,1,2,NULL,NULL,1,'2020-06-04 10:29:21','2020-06-04 10:29:41',1,521,4,8),
(9,NULL,7,1,10,NULL,NULL,0,'2020-06-04 10:32:24','2020-06-04 10:32:24',1,521,5,9),
(10,9,7,1,2,NULL,NULL,1,'2020-06-04 10:32:24','2020-06-04 10:32:45',1,521,5,10),
(11,NULL,8,1,10,NULL,NULL,0,'2020-06-04 10:34:55','2020-06-04 10:34:55',1,521,6,11),
(12,11,8,1,2,NULL,NULL,1,'2020-06-04 10:34:55','2020-06-04 10:35:14',1,521,6,12),
(13,NULL,9,1,10,NULL,NULL,0,'2020-06-04 10:36:53','2020-06-04 10:36:53',1,521,7,13),
(14,13,9,1,2,NULL,NULL,1,'2020-06-04 10:36:53','2020-06-04 10:37:11',1,521,7,14),
(15,NULL,10,1,10,NULL,NULL,0,'2020-06-04 10:38:49','2020-06-04 10:38:49',1,521,8,15),
(16,15,10,1,2,NULL,NULL,1,'2020-06-04 10:38:49','2020-06-04 10:39:03',1,521,8,16),
(17,NULL,11,1,10,NULL,NULL,0,'2020-06-04 10:40:44','2020-06-04 10:40:44',1,521,9,17),
(18,17,11,1,2,NULL,NULL,1,'2020-06-04 10:40:44','2020-06-04 10:40:59',1,521,9,18),
(20,NULL,19,1,10,NULL,NULL,0,'2020-12-25 18:54:02','2020-12-25 18:54:02',1,521,10,19),
(21,20,19,1,2,NULL,NULL,1,'2020-12-25 18:54:02','2020-12-25 18:54:29',1,521,10,20),
(22,NULL,20,1,10,NULL,NULL,0,'2020-12-25 18:56:25','2020-12-25 18:56:25',1,521,11,21),
(23,22,20,1,2,NULL,NULL,1,'2020-12-25 18:56:25','2020-12-25 18:56:45',1,521,11,22),
(24,NULL,21,1,10,NULL,NULL,0,'2020-12-29 18:01:18','2020-12-29 18:01:18',1,521,12,24),
(26,NULL,22,1,10,NULL,NULL,0,'2020-12-25 19:00:16','2020-12-25 19:00:16',1,521,13,25),
(27,26,22,1,2,NULL,NULL,1,'2020-12-25 19:00:16','2020-12-25 19:00:34',1,521,13,26),
(28,NULL,23,1,10,NULL,NULL,0,'2020-12-25 19:02:46','2020-12-25 19:02:46',1,521,14,27),
(29,28,23,1,2,NULL,NULL,1,'2020-12-25 19:02:46','2020-12-25 19:04:12',1,521,14,28),
(30,NULL,24,1,10,NULL,NULL,0,'2020-12-25 19:05:52','2020-12-25 19:05:52',1,521,15,29),
(31,30,24,1,2,NULL,NULL,1,'2020-12-25 19:05:52','2020-12-25 19:06:08',1,521,15,30),
(32,NULL,25,1,10,NULL,NULL,0,'2020-12-25 19:08:09','2020-12-25 19:08:09',1,521,16,31),
(33,32,25,1,2,NULL,NULL,1,'2020-12-25 19:08:09','2020-12-25 19:08:28',1,521,16,32),
(34,NULL,26,1,10,NULL,NULL,0,'2020-12-25 19:10:36','2020-12-25 19:10:36',1,521,17,33),
(35,34,26,1,2,NULL,NULL,1,'2020-12-25 19:10:36','2020-12-25 19:10:54',1,521,17,34),
(36,NULL,27,1,10,NULL,NULL,0,'2020-12-25 19:12:58','2020-12-25 19:12:58',1,521,18,35),
(37,36,27,1,2,NULL,NULL,1,'2020-12-25 19:12:58','2020-12-25 19:13:15',1,521,18,36),
(38,NULL,21,1,2,NULL,NULL,1,'2020-12-29 18:00:14','2020-12-29 18:00:14',1,NULL,NULL,37),
(39,NULL,21,1,11,NULL,NULL,0,'2020-12-29 18:00:38','2020-12-29 18:00:38',1,NULL,NULL,38),
(40,NULL,30,1,10,NULL,NULL,0,'2020-12-29 18:04:43','2020-12-29 18:04:43',1,521,19,39),
(41,40,30,1,2,NULL,NULL,1,'2020-12-29 18:04:43','2020-12-29 18:05:04',1,521,19,40),
(42,NULL,31,12,2,NULL,NULL,1,'2021-01-09 08:53:38','2021-01-09 08:53:38',3,NULL,NULL,41),
(43,NULL,32,5,2,NULL,NULL,1,'2021-02-09 18:29:42','2021-02-09 18:29:42',2,NULL,NULL,42),
(44,NULL,32,5,2,NULL,NULL,1,'2021-03-09 18:06:15','2021-03-09 18:06:15',2,NULL,NULL,43),
(45,NULL,32,5,2,NULL,NULL,1,'2021-03-09 18:07:03','2021-03-09 18:07:03',2,NULL,NULL,44),
(46,NULL,32,5,2,NULL,NULL,1,'2021-04-08 18:22:11','2021-04-08 18:22:11',2,NULL,NULL,45),
(47,NULL,32,5,2,NULL,NULL,1,'2021-04-08 18:22:45','2021-04-08 18:22:45',2,NULL,NULL,46),
(48,NULL,36,1,10,NULL,NULL,NULL,'2021-12-15 12:20:30','2021-12-15 12:20:32',1,521,23,47),
(49,48,36,1,2,NULL,NULL,1,'2021-12-15 12:20:50','2021-12-15 12:20:50',1,521,23,47),
(51,NULL,38,1,10,NULL,NULL,NULL,'2021-12-15 12:49:52','2021-12-15 12:49:54',1,521,25,49),
(52,51,38,1,2,NULL,NULL,1,'2021-12-15 12:50:04','2021-12-15 12:50:04',1,521,25,49),
(53,NULL,42,1,10,NULL,NULL,NULL,'2021-12-15 13:02:08','2021-12-15 13:02:10',1,521,26,50),
(54,53,42,1,2,NULL,NULL,1,'2021-12-15 13:02:23','2021-12-15 13:02:23',1,521,26,50),
(55,NULL,43,1,10,NULL,NULL,NULL,'2021-12-15 13:03:51','2021-12-15 13:03:52',1,521,27,51),
(56,55,43,1,2,NULL,NULL,1,'2021-12-15 13:04:04','2021-12-15 13:04:04',1,521,27,51),
(57,NULL,44,1,10,NULL,NULL,NULL,'2021-12-15 13:05:18','2021-12-15 13:06:19',1,521,28,52),
(58,57,44,1,2,NULL,NULL,1,'2021-12-15 13:06:33','2021-12-15 13:06:33',1,521,28,52),
(59,NULL,45,1,10,NULL,NULL,NULL,'2021-12-15 13:08:08','2021-12-15 13:08:19',1,521,29,53),
(60,59,45,1,2,NULL,NULL,1,'2021-12-15 13:08:33','2021-12-15 13:08:33',1,521,29,53),
(61,NULL,46,1,10,NULL,NULL,NULL,'2021-12-15 13:15:22','2021-12-15 13:15:31',1,521,30,54),
(62,61,46,1,2,NULL,NULL,1,'2021-12-15 13:15:46','2021-12-15 13:15:46',1,521,30,54),
(63,NULL,46,1,2,NULL,NULL,NULL,'2021-12-15 13:18:30','2021-12-15 13:18:44',1,NULL,NULL,55),
(64,NULL,48,1,10,NULL,NULL,NULL,'2021-12-15 13:22:48','2021-12-15 13:23:02',1,521,31,56),
(65,64,48,1,2,NULL,NULL,1,'2021-12-15 13:23:27','2021-12-15 13:23:27',1,521,31,56),
(66,NULL,49,1,10,NULL,NULL,NULL,'2021-12-15 13:25:46','2021-12-15 13:25:51',1,521,33,57),
(67,66,49,1,2,NULL,NULL,1,'2021-12-15 13:26:04','2021-12-15 13:26:04',1,521,33,57),
(68,NULL,50,1,10,NULL,NULL,NULL,'2021-12-15 13:27:15','2021-12-15 13:27:17',1,521,34,58),
(69,68,50,1,2,NULL,NULL,1,'2021-12-15 13:27:30','2021-12-15 13:27:30',1,521,34,58),
(72,NULL,52,1,10,NULL,NULL,NULL,'2021-12-15 13:30:43','2021-12-15 13:30:46',1,521,36,60),
(73,72,52,1,2,NULL,NULL,1,'2021-12-15 13:30:58','2021-12-15 13:30:58',1,521,36,60),
(76,NULL,54,1,10,NULL,NULL,NULL,'2021-12-15 13:34:31','2021-12-15 13:34:35',1,521,38,62),
(77,NULL,54,1,10,NULL,NULL,NULL,'2021-12-15 13:34:54','2021-12-15 13:34:56',1,521,39,63),
(78,76,54,1,2,NULL,NULL,1,'2021-12-15 13:35:15','2021-12-15 13:35:15',1,521,38,62),
(79,77,54,1,2,NULL,NULL,1,'2021-12-15 13:35:15','2021-12-15 13:35:15',1,521,39,63),
(80,NULL,55,1,10,NULL,NULL,NULL,'2021-12-15 13:36:30','2021-12-15 13:36:32',1,521,40,64),
(81,80,55,1,2,NULL,NULL,1,'2021-12-15 13:36:44','2021-12-15 13:36:44',1,521,40,64),
(82,NULL,53,1,10,NULL,NULL,NULL,'2022-01-24 13:38:34','2022-01-24 13:38:36',1,521,41,69),
(83,NULL,51,1,10,NULL,NULL,NULL,'2022-01-24 13:39:35','2022-01-24 13:39:37',1,521,42,70),
(84,NULL,56,1,10,NULL,NULL,NULL,'2023-04-27 12:36:39','2023-04-27 12:36:40',1,521,43,71),
(85,84,56,1,2,NULL,NULL,1,'2023-04-27 12:36:55','2023-04-27 12:36:55',1,521,43,71),
(86,NULL,57,1,10,NULL,NULL,NULL,'2023-04-28 10:32:30','2023-04-28 10:32:32',1,521,44,72),
(87,86,57,1,2,NULL,NULL,1,'2023-04-28 10:33:01','2023-04-28 10:33:01',1,521,44,72),
(88,NULL,58,1,10,NULL,NULL,NULL,'2023-04-28 10:36:09','2023-04-28 10:36:10',1,521,45,73),
(89,88,58,1,2,NULL,NULL,1,'2023-04-28 10:36:22','2023-04-28 10:36:22',1,521,45,73),
(90,NULL,59,1,10,NULL,NULL,NULL,'2023-04-28 10:40:01','2023-04-28 10:40:03',1,521,46,74),
(91,90,59,1,2,NULL,NULL,1,'2023-04-28 10:40:19','2023-04-28 10:40:19',1,521,46,74),
(92,NULL,60,1,10,NULL,NULL,NULL,'2023-04-28 10:42:42','2023-04-28 10:42:44',1,521,47,75),
(93,92,60,1,2,NULL,NULL,1,'2023-04-28 10:42:55','2023-04-28 10:42:55',1,521,47,75),
(94,NULL,61,1,10,NULL,NULL,NULL,'2023-04-28 10:46:48','2023-04-28 10:46:52',1,521,48,76),
(95,94,61,1,2,NULL,NULL,1,'2023-04-28 10:47:16','2023-04-28 10:47:16',1,521,48,76),
(97,NULL,62,1,10,NULL,NULL,NULL,'2023-04-28 10:50:53','2023-04-28 10:50:57',1,521,50,78),
(98,97,62,1,2,NULL,NULL,1,'2023-04-28 10:51:23','2023-04-28 10:51:23',1,521,50,78),
(99,NULL,62,3,2,NULL,NULL,NULL,'2023-04-28 10:53:20','2023-04-28 10:53:24',1,NULL,NULL,79),
(100,NULL,62,3,10,NULL,NULL,NULL,'2023-04-28 10:56:21','2023-04-28 10:56:23',1,521,51,80),
(101,NULL,63,1,10,NULL,NULL,NULL,'2023-04-28 10:59:43','2023-04-28 10:59:48',1,521,52,81),
(102,101,63,1,2,NULL,NULL,1,'2023-04-28 10:59:58','2023-04-28 10:59:58',1,521,52,81),
(103,NULL,64,1,10,NULL,NULL,NULL,'2023-04-28 11:03:27','2023-04-28 11:03:38',1,521,53,82),
(104,103,64,1,2,NULL,NULL,1,'2023-04-28 11:03:53','2023-04-28 11:03:53',1,521,53,82),
(107,NULL,66,1,10,NULL,NULL,NULL,'2025-09-24 09:23:16','2025-09-24 09:23:19',10,521,54,85),
(108,107,66,1,2,NULL,NULL,1,'2025-09-24 09:23:25','2025-09-24 09:23:25',10,521,54,85);

--
-- Table structure for table `submission_search_keyword_list`
--

CREATE TABLE `submission_search_keyword_list` (
  `keyword_id` bigint(20) NOT NULL AUTO_INCREMENT,
  `keyword_text` varchar(60) NOT NULL,
  PRIMARY KEY (`keyword_id`),
  UNIQUE KEY `submission_search_keyword_text` (`keyword_text`)
) ENGINE=InnoDB AUTO_INCREMENT=2912 DEFAULT CHARSET=utf8mb3 COLLATE=utf8mb3_general_ci;

--
-- Dumping data for table `submission_search_keyword_list`
--

INSERT INTO `submission_search_keyword_list` VALUES
(625,'-century'),
(1391,'19-მა'),
(220,'1990s'),
(454,'2007-2010'),
(615,'21st'),
(612,'abdushelishvili'),
(53,'ability'),
(1177,'above-mentioned'),
(1168,'absence'),
(872,'absolute'),
(949,'abstract'),
(904,'abundant'),
(623,'academic'),
(1163,'accelerated'),
(1131,'accepted'),
(364,'access'),
(647,'accoridng'),
(2512,'account'),
(45,'accountable'),
(2844,'accumsan'),
(298,'accumulated'),
(1908,'accurately'),
(1754,'accused'),
(157,'achieve'),
(583,'achieving'),
(143,'act'),
(429,'actions'),
(573,'activation'),
(1024,'active'),
(2359,'actively'),
(2191,'activism'),
(1119,'activities'),
(38,'activity'),
(2789,'acts'),
(1109,'actual'),
(61,'acutely'),
(630,'adapt'),
(189,'adapting'),
(1122,'added'),
(853,'addition'),
(1118,'additional'),
(2507,'adequately'),
(1751,'adjust'),
(6,'administration'),
(1644,'administrative'),
(2208,'admissibility'),
(2364,'admonitions'),
(1151,'adopted'),
(570,'advance'),
(314,'advances'),
(2889,'aenean'),
(2638,'aesthetic'),
(846,'aesthetic-ideological'),
(1829,'affairs'),
(1378,'affected'),
(538,'affects'),
(1864,'affiliated'),
(943,'afilacia'),
(687,'agencies'),
(1981,'agenda'),
(899,'agrarian'),
(510,'agree'),
(719,'agreement'),
(914,'agricultural'),
(263,'aim'),
(2648,'aimed'),
(971,'aims'),
(929,'air'),
(1388,'alarming'),
(2884,'aliquam'),
(493,'alliances'),
(814,'alongside'),
(516,'altebridge”'),
(1986,'alterbridge'),
(2385,'amazingly'),
(93,'amp'),
(1307,'ana'),
(580,'analgesic'),
(96,'analyses'),
(272,'analysis'),
(596,'analytical'),
(338,'analyze'),
(645,'analyzed'),
(1127,'analyzes'),
(207,'ancient'),
(1481,'animal'),
(477,'anna'),
(455,'annual'),
(746,'anphimiadi'),
(2864,'ante'),
(870,'anthropological'),
(268,'anxiety'),
(2635,'appearance'),
(481,'applied'),
(2637,'apply'),
(582,'approach'),
(108,'approaches'),
(892,'archeological'),
(2877,'arcu'),
(204,'area'),
(436,'areas'),
(1498,'arena'),
(740,'arn'),
(1753,'arrest'),
(120,'article'),
(816,'artificial'),
(2360,'artistic'),
(906,'asked'),
(442,'aspects'),
(1495,'aspires'),
(265,'assess'),
(539,'assessment'),
(231,'assistant'),
(2097,'assoc'),
(7,'associate'),
(601,'association'),
(330,'attention'),
(796,'attested'),
(486,'attitudes'),
(447,'attracted'),
(2863,'augue'),
(769,'author'),
(1491,'authorities'),
(1891,'authority'),
(841,'author’s'),
(336,'avoid'),
(62,'aware'),
(575,'axis'),
(402,'back'),
(1468,'backgrounds'),
(1507,'bad'),
(73,'badridze'),
(1730,'bail'),
(159,'balance'),
(474,'bank'),
(397,'banking'),
(1598,'bankruptcy'),
(412,'banks'),
(749,'barikhashvili'),
(90,'based'),
(460,'basic'),
(42,'basis'),
(1470,'battling'),
(421,'began'),
(318,'beings'),
(900,'belief'),
(897,'beliefs'),
(2792,'believed'),
(1145,'believing'),
(2736,'big'),
(2675,'biggest'),
(613,'black'),
(1975,'bqiaagaaeyqcaaagiaiaaam8naaabuo0aaaaaaaa'),
(2108,'bqiaagaaeyqcaaagiaiaaamewqaabrjzaaaaaaaa'),
(1987,'bqiaagaaeyqcaaagiaiaaamtbaaabsfsaaaaaaaa'),
(1973,'bqiaagaaeyqcaaagiaiaaan'),
(1843,'bqiaagaaeyqcaaagiaiaaan8eaaabyoqaaaaaaaa'),
(1845,'bqiaagaaeyqcaaagiaiaaanuagaabwjqaaaaaaaa'),
(1861,'bqiaagaaeyqcaaagiaiaaao6kgaabcgqaaaaaaaa'),
(1882,'bqiaagaaeyqcaaagiaiaaaogcqaaba4jaaaaaaaa'),
(1911,'bqiaagaaeyqcaaagiaiaaaoppqaabbc9aaaaaaaa'),
(2060,'bqiaagaaeyqcaaagiaiaaapkpaaabfi8aaaaaaaa'),
(542,'brain'),
(589,'bridge'),
(153,'briefly'),
(441,'broad'),
(716,'broadcasters'),
(1035,'broken'),
(285,'bubuteishvili'),
(335,'business'),
(2229,'businesses'),
(1974,'bwaabywhaaaaaaaaaaaaaaaaaaaaaaaaaaaaaaaa'),
(1471,'campaign'),
(344,'candidate'),
(443,'capital'),
(458,'capitalist'),
(369,'care'),
(367,'career'),
(380,'cares'),
(269,'carry'),
(1748,'case'),
(244,'cases'),
(875,'catharsis'),
(1823,'caucasus'),
(373,'caused'),
(927,'cellar'),
(300,'centuries'),
(404,'century'),
(186,'challenge'),
(292,'challenges'),
(325,'challenging'),
(142,'change'),
(319,'changed'),
(1161,'changing'),
(658,'channels'),
(1593,'characterized'),
(282,'charles'),
(712,'charter'),
(741,'chikobava'),
(1430,'chkhaidze'),
(2760,'chochia'),
(877,'christian'),
(1034,'circle'),
(52,'citizens'),
(1030,'civil'),
(791,'clarified'),
(1113,'clarify'),
(964,'class'),
(379,'clear'),
(2361,'client'),
(515,'clinical'),
(2586,'close'),
(608,'closely'),
(505,'closer'),
(2369,'co-creator'),
(74,'coach'),
(1723,'code'),
(2393,'coexistence'),
(811,'cognitive'),
(507,'coincide'),
(967,'column'),
(772,'combining'),
(842,'comments'),
(688,'commercial'),
(2891,'commodo'),
(144,'common'),
(1150,'commonly'),
(54,'communicate'),
(14,'communication'),
(162,'communications'),
(182,'companies'),
(187,'company'),
(271,'comparative'),
(572,'compared'),
(1133,'compares'),
(2796,'compatibility'),
(602,'competencies'),
(1278,'competition'),
(1175,'competitive'),
(792,'compiled'),
(1322,'complete'),
(1883,'complex'),
(1171,'complicated'),
(406,'components'),
(2237,'comprehensive'),
(677,'concentrated'),
(1285,'concentration'),
(2367,'concepts'),
(1326,'conclusion-recommendations'),
(1591,'condition'),
(261,'conditions'),
(600,'conducted'),
(2390,'conflicts'),
(1910,'conformism'),
(2886,'congue'),
(898,'connected'),
(2587,'connection'),
(2880,'consectetur'),
(2908,'consequat'),
(177,'consequence'),
(1327,'considered'),
(490,'considers'),
(1286,'consolidation'),
(854,'constant'),
(328,'constantly'),
(1653,'constitution'),
(2595,'consumer'),
(327,'contemporary'),
(646,'content'),
(2558,'context'),
(334,'continuous'),
(347,'continuously'),
(2249,'contract'),
(727,'contradict'),
(720,'control'),
(2676,'controversial'),
(2853,'convallis'),
(2375,'conveyed'),
(227,'coordinating'),
(576,'coordination'),
(256,'copes'),
(2797,'core'),
(820,'corpora'),
(395,'corporate'),
(760,'corpus'),
(2735,'correct'),
(270,'correlation'),
(1130,'corresponds'),
(578,'cortex'),
(223,'countries'),
(211,'country'),
(1306,'countrys'),
(2783,'courts'),
(695,'coverage'),
(619,'covers'),
(1640,'covid'),
(1373,'covid-19'),
(135,'create'),
(209,'created'),
(1732,'creates'),
(1143,'creating'),
(43,'creation'),
(845,'creative'),
(662,'credibility'),
(1328,'crises'),
(407,'crisis'),
(1906,'critical'),
(905,'crops'),
(585,'cross-cultural'),
(1679,'cross-junction'),
(667,'crucial'),
(931,'cult'),
(199,'cultural'),
(119,'culture'),
(216,'cultures'),
(2906,'curabitur'),
(149,'current'),
(2838,'cvsfv'),
(1894,'dangerous'),
(559,'data'),
(401,'dates'),
(180,'day'),
(2227,'dcfta'),
(2255,'dcfta-'),
(1176,'dealing'),
(1039,'deals'),
(1747,'debate'),
(399,'decades'),
(2781,'decisions'),
(2236,'deep'),
(851,'define'),
(722,'defined'),
(465,'defines'),
(508,'degree'),
(915,'deities'),
(903,'deity'),
(557,'delivered'),
(547,'delivery'),
(317,'demands'),
(1021,'democracy'),
(704,'democratic'),
(776,'demonstrate'),
(1106,'department'),
(1602,'depend'),
(226,'dependent'),
(540,'depends'),
(1179,'describe'),
(1107,'description'),
(1103,'descriptions'),
(693,'descriptive'),
(1900,'destroy'),
(863,'destruction'),
(1124,'detailed'),
(331,'detect'),
(1729,'detention'),
(2729,'determinant'),
(384,'determine'),
(286,'determining'),
(703,'detrimental'),
(155,'develop'),
(281,'developed'),
(1144,'developing'),
(58,'development'),
(1469,'developments'),
(386,'diagnose'),
(276,'diagnosis'),
(786,'dialect'),
(759,'dialectal'),
(798,'dialects'),
(745,'diana'),
(775,'dictionaries'),
(762,'dictionary'),
(2894,'dictum'),
(1138,'differences'),
(499,'difficult'),
(88,'difficulty'),
(361,'digital'),
(2885,'dignissim'),
(2562,'dimension'),
(1022,'direct'),
(495,'directed'),
(1299,'direction'),
(2589,'directions'),
(729,'directive'),
(711,'director'),
(624,'discipline'),
(100,'discover'),
(1382,'discovered'),
(249,'discuss'),
(353,'discussed'),
(121,'discusses'),
(1642,'discussion'),
(1465,'disinformation'),
(873,'disorientation'),
(377,'dissatisfaction'),
(320,'distinctively'),
(1036,'distrust'),
(591,'div'),
(617,'diverse'),
(1841,'docdata'),
(4,'doctor'),
(1824,'doctoral'),
(1964,'doctorant'),
(1856,'doctorate'),
(1108,'document'),
(1842,'docy'),
(2836,'doe'),
(2842,'dolor'),
(1380,'domains'),
(2897,'donec'),
(663,'doubt'),
(861,'doubtfulness'),
(333,'drain'),
(1985,'drba'),
(1503,'drive'),
(387,'drivers'),
(934,'dsfsdf'),
(498,'due'),
(536,'duration'),
(968,'dynamic'),
(2511,'dynamics'),
(924,'earthenware'),
(363,'easier'),
(432,'easily'),
(2372,'eastern'),
(2784,'echr'),
(420,'economic'),
(2505,'economically'),
(224,'economy'),
(1157,'education'),
(2678,'educational'),
(549,'eeg'),
(491,'effect'),
(2728,'effective'),
(55,'effectively'),
(973,'effectiveness'),
(416,'efficiency'),
(1153,'efficient'),
(1484,'effort'),
(439,'efforts'),
(1038,'elections'),
(1292,'elements'),
(2865,'elementum'),
(735,'elene'),
(339,'eliminate'),
(512,'elites'),
(446,'emerged'),
(435,'emerging'),
(1324,'emphasizes'),
(629,'employed'),
(293,'employee'),
(381,'employees'),
(275,'employees’'),
(242,'employment'),
(2492,'empowerment'),
(2503,'empowermenthowever'),
(607,'en-us'),
(2247,'encountered'),
(1597,'endangers'),
(422,'ended'),
(1860,'enforcement'),
(882,'english'),
(2561,'enhance'),
(1129,'ensure'),
(39,'ensures'),
(1599,'enterprise'),
(1592,'enterprises'),
(2248,'entrepreneurs'),
(433,'entrust'),
(213,'environment'),
(862,'epoch'),
(50,'equal'),
(2501,'equality'),
(2509,'equally'),
(362,'era'),
(2861,'erat'),
(850,'essence'),
(262,'essential'),
(1889,'essentially'),
(2855,'est'),
(1289,'establishing'),
(1467,'estonia'),
(867,'estrangement'),
(713,'ethics'),
(200,'ethnic'),
(728,'european'),
(1909,'evaluate'),
(1031,'events'),
(1884,'ever-changing'),
(1497,'everyday'),
(1689,'examination'),
(535,'examines'),
(452,'examples'),
(710,'executive'),
(33,'exercises'),
(579,'exerts'),
(97,'existed'),
(664,'existence'),
(859,'existential'),
(147,'existing'),
(102,'expand'),
(537,'expectation'),
(504,'expectations'),
(553,'expected'),
(528,'expecting'),
(1742,'expediency'),
(352,'expenses'),
(297,'experience'),
(69,'expert'),
(640,'experts'),
(470,'explain'),
(794,'explanatory'),
(810,'explicit'),
(633,'explore'),
(2242,'export'),
(1690,'expressed'),
(733,'expression'),
(812,'expressive'),
(161,'external'),
(257,'extremely'),
(2373,'fables'),
(2643,'facebook'),
(1181,'faced'),
(2872,'facilisis'),
(1162,'facing'),
(1296,'fact'),
(254,'factors'),
(697,'facts'),
(737,'faculty'),
(49,'fair'),
(1183,'famous'),
(694,'fast'),
(2206,'feasibility'),
(2780,'federation'),
(239,'feel'),
(532,'feeling'),
(30,'feelings'),
(2368,'feels'),
(2910,'felis'),
(154,'field'),
(1146,'fields'),
(771,'filled'),
(2794,'final'),
(2392,'finally'),
(437,'finance'),
(434,'finances'),
(351,'financial'),
(104,'find'),
(887,'flawed'),
(217,'flow'),
(466,'focus'),
(1688,'focused'),
(2640,'focuses'),
(2235,'font-weight'),
(423,'forced'),
(190,'foreign'),
(552,'forewarned'),
(250,'forget'),
(823,'form'),
(2508,'formal'),
(212,'formation'),
(388,'formulate'),
(545,'formulation'),
(581,'found'),
(56,'foundational'),
(618,'fragmented'),
(724,'framework'),
(672,'free'),
(1907,'free-spirited'),
(732,'freedom'),
(884,'french'),
(2843,'fringilla'),
(1902,'full'),
(730,'fully'),
(2376,'function'),
(461,'functions'),
(1173,'fundamental'),
(587,'future'),
(1496,'gain'),
(1500,'gaining'),
(1140,'gaps'),
(755,'gdc'),
(2500,'gender'),
(2795,'general'),
(594,'geo'),
(203,'georgia'),
(168,'georgian'),
(485,'georgians’'),
(494,'georgia’s'),
(883,'german'),
(64,'give'),
(365,'global'),
(178,'globalization'),
(468,'goal'),
(907,'god'),
(908,'goddesses'),
(1155,'gogebashvili'),
(2722,'gogodze'),
(706,'gogosashvili'),
(1104,'golden'),
(911,'good'),
(2,'gotsadze'),
(671,'governemnt'),
(686,'government'),
(1846,'gqebgwz9aaaaabqaaaaaawaaaaueaaaaaayebaaa'),
(879,'graves'),
(2847,'gravida'),
(228,'great'),
(1601,'greatly'),
(2636,'group'),
(674,'groups'),
(179,'growing'),
(350,'growth'),
(1652,'guaranteed'),
(514,'gubianuri'),
(1741,'guilt'),
(1714,'guliashvili'),
(876,'gurgenidze'),
(2550,'gvanca'),
(109,'hand'),
(1159,'handling'),
(158,'harmonious'),
(1724,'harmonization'),
(912,'harvest'),
(714,'hate'),
(1111,'head'),
(2681,'health'),
(1182,'heis'),
(99,'helps'),
(2882,'hendrerit'),
(781,'heritage'),
(214,'high'),
(1156,'higher'),
(616,'highly'),
(2510,'hinder'),
(2366,'hindering'),
(500,'historical'),
(918,'historical-ethnographic'),
(471,'history'),
(456,'hit'),
(1121,'holder'),
(1114,'holding'),
(860,'hopelessness'),
(1967,'house'),
(107,'human'),
(2793,'humanitarian'),
(747,'humanities'),
(586,'humans'),
(774,'hypertext'),
(574,'hypothalamic-pituitary-adrenal'),
(2854,'iaculis'),
(2786,'icc'),
(2785,'icj'),
(28,'ideas'),
(1137,'identifies'),
(198,'identify'),
(890,'identifying'),
(201,'identity'),
(2624,'ilia'),
(756,'illustration'),
(555,'immediately'),
(1387,'immunization'),
(221,'impact'),
(700,'impartial'),
(721,'implementation'),
(1303,'implemented'),
(175,'importance'),
(258,'important'),
(1643,'impose'),
(2203,'imposing'),
(889,'impossible'),
(146,'improve'),
(459,'improvement'),
(1305,'improving'),
(2253,'in-depth'),
(2506,'inactive'),
(245,'inappropriate'),
(1733,'inconsistencies'),
(440,'incorporate'),
(734,'increase'),
(219,'increased'),
(174,'increasing'),
(1032,'independence'),
(287,'indicator'),
(1492,'indirect'),
(253,'individual'),
(1901,'individualism'),
(970,'individually-'),
(26,'individuals'),
(445,'industry'),
(1148,'inefficiency'),
(673,'influence'),
(701,'influential'),
(66,'information'),
(942,'inglisuri'),
(603,'inherent'),
(308,'initial'),
(742,'institute'),
(1691,'institution'),
(426,'institutions'),
(1125,'instructions'),
(409,'integration'),
(533,'intensifies'),
(205,'intensive'),
(609,'interacted'),
(128,'interaction'),
(476,'interactions'),
(1293,'interbank'),
(176,'intercultural'),
(145,'interest'),
(777,'interesting'),
(41,'interests'),
(160,'internal'),
(10,'international'),
(1128,'internationally'),
(2731,'internet'),
(116,'interpersonal'),
(122,'interpretation'),
(1389,'interpretations'),
(855,'interrelation'),
(2778,'intervention'),
(2798,'interventions'),
(644,'interview'),
(642,'interviewed'),
(2254,'interviews'),
(809,'investigate'),
(702,'investigation'),
(649,'investigations'),
(639,'investigative'),
(1825,'investigator'),
(218,'investment'),
(483,'invited'),
(544,'involved'),
(191,'involves'),
(894,'ioseb'),
(1673,'irakli'),
(1272,'irine'),
(869,'irrational'),
(530,'irritation'),
(1466,'issue'),
(326,'issues'),
(106,'it’s'),
(707,'ivane'),
(2578,'izabela'),
(1270,'janelidze'),
(68,'jaoshvili'),
(708,'javakhishvili'),
(830,'jemal'),
(238,'job'),
(2835,'john'),
(638,'journalism'),
(648,'journalistic'),
(655,'journalists'),
(1490,'judgment'),
(1722,'justice'),
(2857,'justo'),
(1721,'juvenile'),
(1731,'juveniles'),
(2552,'kadagidze'),
(790,'kakheti'),
(785,'kakhetian'),
(1632,'kanthelashvili'),
(831,'karchkhadzes'),
(595,'kat'),
(290,'kekutia'),
(163,'ketevan'),
(1370,'keti'),
(1116,'key'),
(951,'keyword'),
(390,'kharitonashvili'),
(230,'khatiashvili'),
(2346,'khaziuri'),
(87,'kind'),
(2580,'kiria'),
(2380,'knight'),
(1169,'know-how'),
(296,'knowledge'),
(509,'knowledgeable'),
(1274,'kopaliani'),
(2622,'kotoreishvili'),
(2790,'kremlin'),
(1584,'kuprashvili'),
(926,'kvevri'),
(315,'labor'),
(2848,'lacinia'),
(682,'lack'),
(2902,'lacus'),
(72,'lali'),
(865,'landmarks'),
(689,'landscape'),
(593,'lang'),
(806,'language'),
(817,'languages'),
(2868,'laoreet'),
(1384,'large'),
(225,'largely'),
(2734,'largest'),
(975,'law'),
(978,'law-resolution'),
(2788,'lawsuit'),
(966,'layoutarea'),
(1147,'lead'),
(140,'leader'),
(2782,'leading'),
(129,'leads'),
(337,'leaving'),
(484,'lecturer'),
(2870,'lectus'),
(34,'legal'),
(1728,'legislation'),
(2196,'legislative'),
(611,'lela'),
(1276,'lending'),
(2867,'leo'),
(1676,'leonidze'),
(448,'lessons'),
(113,'level'),
(753,'lexical'),
(751,'lexicographic'),
(2875,'libero'),
(84,'life'),
(2563,'light'),
(2207,'limiting'),
(1291,'limits'),
(743,'linguistics'),
(1323,'liquidation'),
(139,'listen'),
(24,'listening'),
(828,'literature'),
(1474,'living'),
(366,'local'),
(222,'localgeorgia'),
(833,'lodger’’'),
(345,'long'),
(419,'long-term'),
(650,'longer'),
(1482,'longs'),
(1904,'loses'),
(1321,'loss'),
(2677,'lost'),
(243,'lot'),
(130,'love'),
(378,'low'),
(818,'machine'),
(277,'made'),
(2862,'maecenas'),
(636,'magda'),
(2909,'magna'),
(748,'maia'),
(36,'main'),
(1888,'maintain'),
(668,'maintaining'),
(415,'maintains'),
(370,'maintenance'),
(1102,'maisuradze'),
(307,'major'),
(2504,'majority'),
(626,'make'),
(1170,'makes'),
(1895,'making'),
(67,'mako'),
(1582,'mamuka'),
(114,'manage'),
(13,'management'),
(1325,'manager'),
(188,'managers'),
(141,'managing'),
(932,'mane'),
(1903,'manifested'),
(1897,'manipulate'),
(566,'mapping'),
(705,'mariam'),
(284,'marika'),
(834,'markers'),
(1280,'market'),
(1136,'marketing'),
(1965,'mass'),
(2892,'massa'),
(165,'master'),
(779,'material'),
(680,'materials'),
(1746,'matter'),
(2860,'mattis'),
(1309,'mazmishvili'),
(1023,'meaning'),
(799,'meanings'),
(241,'means'),
(312,'meanwile'),
(1744,'measure'),
(1726,'measures'),
(726,'mechanism'),
(1295,'mechanisms'),
(654,'media'),
(1678,'mediator'),
(2639,'medicine'),
(885,'medieval'),
(2228,'medium'),
(2241,'medium-sized'),
(637,'memanishvili'),
(2641,'members'),
(497,'membership'),
(478,'menagharishvili'),
(2252,'mentioned'),
(1855,'meri'),
(1630,'mery'),
(805,'meta'),
(801,'metalanguage'),
(825,'metaphoric'),
(800,'metaphors'),
(567,'method'),
(621,'methodologies'),
(2250,'methodology'),
(303,'methods'),
(2841,'metus'),
(206,'migration'),
(2777,'military'),
(554,'min'),
(571,'minimize'),
(1828,'ministry'),
(1473,'minorities'),
(1648,'misconduct'),
(1472,'misinformation'),
(857,'mission'),
(124,'model'),
(302,'models'),
(360,'modern'),
(835,'modernism'),
(836,'modernist'),
(2873,'molestie'),
(670,'monitoring'),
(184,'mono-cultural'),
(410,'moral'),
(2363,'moralistic'),
(2634,'motives'),
(210,'multi-ethnicity'),
(185,'multicultural'),
(115,'multifaceted'),
(1266,'mushkudiani'),
(979,'n242'),
(920,'named'),
(1260,'nana'),
(736,'napireli'),
(1268,'natela'),
(1,'natia'),
(1972,'national'),
(496,'nato'),
(1501,'natural'),
(1740,'nature'),
(372,'nbsp'),
(2866,'nec'),
(408,'necessitated'),
(2647,'networked'),
(1379,'news'),
(691,'newsrooms'),
(2845,'nibh'),
(1037,'nihilism'),
(229,'nina'),
(1475,'nino'),
(2849,'nisl'),
(1009,'no242'),
(886,'normans'),
(2370,'nosrad'),
(1677,'notary'),
(1737,'noted'),
(359,'noteworthy'),
(310,'nowadays'),
(94,'now”'),
(2900,'nulla'),
(192,'number'),
(824,'objects'),
(723,'obligations'),
(804,'observe'),
(25,'observing'),
(568,'obtained'),
(2733,'occupy'),
(21,'occurs'),
(2852,'odio'),
(181,'offers'),
(2050,'office'),
(1966,'officer'),
(2662,'olga'),
(888,'one-sided'),
(868,'oneself'),
(653,'online'),
(847,'ontological'),
(928,'open'),
(1600,'operation'),
(598,'opinion'),
(103,'opportunities'),
(657,'opposition'),
(430,'order'),
(85,'organization'),
(118,'organizational'),
(322,'organizations'),
(969,'organized'),
(349,'orientation'),
(137,'oriented'),
(151,'original'),
(164,'otarashvili'),
(684,'outflow'),
(1117,'outlined'),
(1139,'outlining'),
(86,'overcome'),
(878,'pagan'),
(965,'page'),
(425,'paid'),
(527,'pain'),
(529,'painful'),
(1654,'pandemic'),
(2381,'panther’s'),
(489,'paper'),
(866,'parable'),
(1881,'paradigms'),
(856,'part'),
(551,'participant'),
(2251,'participated'),
(1025,'participation'),
(501,'past'),
(1826,'patrol'),
(329,'pay'),
(2874,'pellentesque'),
(127,'people'),
(375,'percentage'),
(783,'perfect'),
(922,'performed'),
(237,'permanent'),
(1649,'permission'),
(1647,'perpetrators'),
(32,'person'),
(112,'personal'),
(332,'personnel'),
(525,'person’s'),
(126,'perspective'),
(980,'perspectives'),
(2371,'pezeshkian'),
(3,'phd'),
(1885,'phenomenon'),
(738,'philology'),
(472,'philosophy'),
(475,'place'),
(467,'planet'),
(1487,'plans'),
(754,'platform'),
(1290,'player'),
(669,'pluralistic'),
(2379,'poem'),
(1827,'police'),
(1277,'policies'),
(492,'policy'),
(427,'political'),
(2577,'politics'),
(502,'population'),
(2859,'porta'),
(1499,'portrays'),
(2887,'porttitor'),
(1120,'position'),
(2592,'positioning'),
(1135,'positions'),
(70,'positive'),
(1687,'possibilities'),
(766,'postmodern'),
(1483,'power'),
(1028,'powerful'),
(35,'powers'),
(451,'practical”'),
(462,'practice'),
(2858,'praesent'),
(902,'pray'),
(916,'prayed'),
(1752,'precondition'),
(692,'prefer'),
(577,'prefrontal'),
(675,'prepare'),
(534,'present'),
(634,'present-day'),
(770,'presented'),
(2593,'presents'),
(2362,'pressure'),
(1505,'prestige'),
(2899,'pretium'),
(341,'prevent'),
(1736,'preventive'),
(1739,'preventive-preventive'),
(1287,'prices'),
(849,'primary'),
(91,'principle'),
(411,'principles'),
(1749,'prison'),
(1680,'private'),
(1859,'problem'),
(1167,'problematic'),
(385,'problems'),
(1297,'procedures'),
(1646,'proceedings'),
(20,'process'),
(561,'processed'),
(1152,'processes'),
(758,'processing'),
(659,'produce'),
(651,'produced'),
(2591,'product'),
(2245,'production'),
(1288,'products'),
(2098,'prof'),
(604,'profession'),
(37,'professional'),
(59,'professionals'),
(8,'professor'),
(464,'profit'),
(562,'program'),
(2559,'programs'),
(2499,'progress'),
(2871,'proin'),
(2560,'promote'),
(2646,'promoted'),
(2791,'propaganda'),
(194,'proper'),
(1126,'properly'),
(1149,'proposes'),
(431,'protect'),
(40,'protection'),
(236,'prove'),
(48,'provide'),
(71,'psycho-consultant'),
(2186,'psychoconsultant'),
(610,'psychological'),
(482,'psychology'),
(156,'psychotherapeutic'),
(75,'psychotherapist'),
(89,'psychotherapy'),
(5,'public'),
(1042,'public-political'),
(652,'published'),
(2901,'pulvinar'),
(1318,'purpose'),
(2896,'purus'),
(628,'push'),
(938,'qartuli'),
(259,'qualification'),
(343,'qualified'),
(564,'qualitative'),
(266,'quality'),
(46,'quality-oriented'),
(558,'quantitative'),
(280,'questionnaires'),
(2851,'quis'),
(2893,'quisque'),
(698,'quo'),
(457,'radical'),
(1281,'radically'),
(2649,'raising'),
(815,'rapid'),
(1160,'rapidly'),
(324,'rate'),
(1738,'ratio'),
(278,'reactive'),
(1040,'readiness'),
(936,'real'),
(197,'realistic'),
(98,'reality'),
(871,'realization'),
(413,'realized'),
(2365,'realizes'),
(1494,'reason'),
(340,'reasons'),
(65,'receive'),
(438,'recent'),
(2498,'recently'),
(215,'recognition'),
(635,'recommendations'),
(1141,'recommending'),
(424,'reconsider'),
(550,'recorded'),
(683,'recruitment'),
(2193,'rector'),
(813,'referents'),
(1300,'refined'),
(1284,'reforms'),
(1735,'regard'),
(919,'region'),
(678,'regions'),
(428,'regulate'),
(974,'regulated'),
(717,'regulation'),
(1302,'regulations'),
(1294,'regulatory'),
(641,'related'),
(844,'relation'),
(584,'relations'),
(383,'relationship'),
(117,'relationships'),
(400,'relevance'),
(1298,'relevant'),
(2494,'remains'),
(858,'represent'),
(2378,'represented'),
(1172,'representing'),
(2680,'reproductive'),
(1750,'require'),
(767,'rereading'),
(599,'research'),
(739,'researcher'),
(301,'researchers'),
(235,'researches'),
(1734,'resolve'),
(101,'resources'),
(2682,'respondent'),
(148,'responsibility'),
(1275,'responsible'),
(2394,'rest'),
(1745,'restraint'),
(731,'restrict'),
(1650,'restriction'),
(605,'result'),
(274,'results'),
(323,'retention'),
(1180,'reveal'),
(606,'revealed'),
(660,'revealing'),
(2244,'revenues'),
(597,'review'),
(2890,'rhoncus'),
(1651,'rights'),
(1725,'rights-restrictive'),
(1594,'risk'),
(923,'rituals'),
(1304,'role'),
(768,'rule'),
(346,'run'),
(1027,'running'),
(2833,'ruso-georgian'),
(488,'russia'),
(2779,'russian'),
(2834,'russo-ukrainian'),
(2384,'rustaveli'),
(917,'saints'),
(1712,'salome'),
(921,'samegrelo'),
(1645,'sanctions'),
(273,'satisfaction'),
(382,'satisfied'),
(685,'scarce'),
(2878,'scelerisque'),
(808,'science'),
(784,'scientific'),
(1381,'scientists'),
(933,'sdgfsdfg'),
(614,'sea'),
(348,'search'),
(1123,'secondary'),
(1486,'secret'),
(981,'section'),
(972,'sector'),
(2204,'secured'),
(2850,'sed'),
(2588,'seemingly'),
(255,'sees'),
(2590,'segmentation'),
(1134,'selected'),
(2651,'self-confidence'),
(138,'self-development'),
(2650,'self-esteem'),
(718,'self-regulation'),
(725,'self-regulatory'),
(643,'semi-structured'),
(2895,'semper'),
(546,'sensation'),
(1504,'sense'),
(526,'sensitivity'),
(793,'separate'),
(31,'servant'),
(60,'servants'),
(47,'service'),
(51,'services'),
(622,'settings'),
(2837,'sfbsfg'),
(935,'sfdgsdfg'),
(696,'shalow'),
(27,'share'),
(1301,'sharing'),
(895,'shengelia'),
(1262,'shonia'),
(417,'short'),
(342,'shortage'),
(2383,'shota'),
(2205,'show'),
(506,'shows'),
(1477,'shukvani'),
(565,'side'),
(2239,'signed'),
(1905,'significance'),
(311,'significant'),
(2243,'significantly'),
(531,'similar'),
(1896,'simple'),
(469,'simply'),
(780,'single'),
(893,'sites'),
(251,'situation'),
(541,'situational'),
(1320,'situations'),
(57,'skill'),
(63,'skills'),
(2382,'skin”'),
(676,'small'),
(2343,'sme'),
(132,'so-called'),
(396,'social'),
(2192,'social-political'),
(1026,'society'),
(260,'socio-demographic'),
(2594,'socio-psychological'),
(750,'sokhumi'),
(105,'solution'),
(2391,'solving'),
(765,'sort'),
(247,'source'),
(752,'sources'),
(2732,'space'),
(592,'span'),
(398,'spans'),
(22,'speaking'),
(376,'speaks'),
(1142,'specialists'),
(1743,'specific'),
(715,'speech'),
(283,'spielberger'),
(874,'spiritual'),
(563,'spss'),
(1166,'stability'),
(267,'staff'),
(83,'stage'),
(193,'stages'),
(1132,'standard'),
(1105,'standards'),
(453,'start-ups'),
(480,'state'),
(1283,'state-independent'),
(2799,'states'),
(666,'stations'),
(473,'status'),
(1174,'staying'),
(1890,'stems'),
(548,'stimulus'),
(1489,'stop'),
(661,'stories'),
(2185,'strategic'),
(389,'strategies'),
(1178,'strategy'),
(2585,'stratification'),
(1887,'strengthen'),
(248,'stress'),
(1886,'strive'),
(631,'strong'),
(252,'stronger'),
(848,'structure'),
(543,'structures'),
(167,'student'),
(789,'studied'),
(829,'studies'),
(560,'study'),
(891,'studying'),
(2234,'style'),
(627,'substantial'),
(195,'success'),
(196,'successful'),
(679,'suffer'),
(569,'suggest'),
(909,'suitable'),
(2386,'suited'),
(1110,'supervisor'),
(2377,'support'),
(1898,'suppress'),
(1727,'supreme'),
(940,'surname'),
(264,'survey'),
(840,'symbols'),
(414,'system'),
(764,'systematic'),
(449,'systems'),
(134,'tactics'),
(2645,'taking'),
(371,'talents'),
(1485,'talk'),
(289,'tamar'),
(1428,'tamta'),
(479,'tbilisi'),
(95,'teaches'),
(11,'teaching'),
(136,'team'),
(656,'teams'),
(169,'technical'),
(313,'technological'),
(690,'technologies'),
(665,'television'),
(152,'tells'),
(2879,'tellus'),
(2856,'tempor'),
(2907,'tempus'),
(291,'tendencies'),
(1502,'tendency'),
(513,'teona'),
(418,'term'),
(2513,'terms'),
(202,'territory'),
(279,'test'),
(773,'text'),
(788,'texts'),
(368,'that’s'),
(2642,'thematic'),
(309,'theories'),
(590,'theory'),
(2358,'therapy'),
(839,'thinking'),
(1899,'thought'),
(29,'thoughts'),
(306,'time'),
(208,'times'),
(826,'tinatin'),
(2903,'tincidunt'),
(2679,'tiny'),
(946,'title'),
(405,'today'),
(2388,'tolerance'),
(837,'tool'),
(1158,'tools'),
(321,'topic'),
(2683,'topics'),
(1892,'totalitarian'),
(2238,'trade'),
(2357,'transcultural'),
(305,'transformation'),
(183,'transforming'),
(1279,'transition'),
(819,'translation'),
(44,'transparent'),
(588,'trend'),
(150,'trends'),
(463,'triple'),
(2883,'tristique'),
(1385,'trust'),
(896,'tsimintia'),
(2344,'tsisi'),
(2664,'tsiskarishvili-soselia'),
(2486,'tskhvariashvili'),
(744,'tsu'),
(1596,'turbulent'),
(295,'turnover'),
(782,'turns'),
(827,'tvaltchrelidze'),
(2218,'tvaradze'),
(403,'twentieth'),
(19,'two-way'),
(374,'types'),
(2905,'ultrices'),
(2911,'ultricies'),
(1488,'unconventional'),
(763,'undergo'),
(304,'undergone'),
(699,'undermine'),
(110,'understand'),
(131,'understanding'),
(240,'unemployed'),
(1319,'unexpected'),
(2240,'union'),
(123,'unique'),
(2389,'uniqueness'),
(1112,'unit'),
(795,'units'),
(12,'university'),
(354,'unknown'),
(1893,'unpredictable'),
(1165,'unwanted'),
(2898,'urna'),
(1508,'utilize'),
(1115,'vacancy'),
(1383,'vaccination'),
(1386,'vaccines'),
(2758,'vakhtang'),
(1506,'valued'),
(2387,'values'),
(1595,'variability'),
(620,'variety'),
(2881,'varius'),
(2904,'vel'),
(2869,'venenatis'),
(821,'verb'),
(838,'verbal'),
(822,'verbs'),
(925,'vessel'),
(2888,'vestibulum'),
(2730,'viability'),
(2184,'vice-rector'),
(1033,'vicious'),
(511,'view'),
(843,'viewpoints'),
(881,'viii-xi'),
(880,'viking'),
(1282,'virtually'),
(778,'visual'),
(2846,'vitae'),
(937,'vitom'),
(2840,'vivamus'),
(797,'vocabularies'),
(787,'vocabulary'),
(2246,'volume'),
(294,'voluntary'),
(2876,'vulputate'),
(1164,'wanted'),
(2787,'war'),
(556,'warning'),
(166,'warsaw'),
(1493,'ways'),
(681,'weakening'),
(910,'weather'),
(807,'web'),
(913,'welfare'),
(444,'well-being'),
(1029,'well-organized'),
(487,'west'),
(852,'whole”'),
(125,'wide'),
(133,'win-win'),
(632,'winning'),
(2374,'wisdom'),
(503,'wishes'),
(2493,'women'),
(2502,'womens'),
(901,'word'),
(246,'work'),
(288,'work-related'),
(761,'working'),
(977,'work“'),
(316,'world'),
(864,'worldview'),
(2644,'worry'),
(930,'worship'),
(23,'writing'),
(1844,'xkbarsgfqaaaaauaaaaaamaaaafbaaaaaagbaqaa'),
(299,'years'),
(1041,'youth'),
(802,'zmna'),
(1264,'zurab'),
(358,'_toc534043155'),
(357,'_toc534043633'),
(356,'_toc534043739'),
(355,'_toc6657747'),
(2147,'აანალიზებს'),
(2542,'აბრკოლებენ'),
(1085,'აბსოლუტური'),
(950,'აბსტრაქტი'),
(2768,'აგებული'),
(2773,'აგვისტოსა'),
(2136,'აგრეთვე'),
(1411,'ადამიანების'),
(1566,'ადამიანებს'),
(1510,'ადამიანი'),
(517,'ადამიანის'),
(1955,'ადამიანმა'),
(1550,'ადამიანს'),
(2109,'ადამიანური'),
(2066,'ადაპტირების'),
(2152,'ადგენს'),
(2008,'ადგილი'),
(2019,'ადგილის'),
(2102,'ადგილობრივი'),
(2146,'ადეკვატურად'),
(1634,'ადმინისტრაციული'),
(1983,'ადმინისტრირების'),
(2815,'ავტორის'),
(1541,'ავტორიტეტები'),
(1934,'აზროვნება'),
(1529,'აზროვნების'),
(2667,'აკადემიური'),
(2724,'ალტერბრიჯი'),
(2668,'ალტერბრიჯის'),
(1873,'ალტერბრიჯის“'),
(1982,'ალტერბრიჯი“'),
(2672,'ალტეს'),
(2213,'ამავე'),
(2687,'ამას'),
(995,'ამაღლებას'),
(1394,'ამბებზე'),
(2202,'ამი'),
(1197,'ამის'),
(2304,'ამისა'),
(2437,'ამოუწურავ'),
(1565,'ამოძრავებთ'),
(1064,'ამჟამად'),
(1308,'ანა'),
(2538,'ანაზღაურებაა'),
(2044,'ანალიზი'),
(1242,'ანალიზის'),
(1629,'ანალიზს'),
(2222,'ანალიტიკოსი'),
(1333,'ანალიტიკურ'),
(2413,'ანთროპოსოფიის'),
(2468,'ანიჭებენ'),
(2339,'ანუ'),
(1344,'არა'),
(2528,'არააქტიური'),
(2719,'არაინფორმირებულობა'),
(1348,'არამედ'),
(1544,'არაპირდაპირ'),
(1929,'არაპროგნოზირებადი'),
(1208,'არარსებობა'),
(2032,'არარსებობით'),
(1188,'არასასურველი'),
(1719,'არასრულწლოვანთა'),
(1766,'არასრულწლოვანთათვის'),
(1521,'არატრადიციული'),
(1556,'არენაზე'),
(1212,'ართულებს'),
(2535,'არიან'),
(983,'არის'),
(1799,'არსებობა'),
(2569,'არსებობას'),
(2074,'არსებობაც'),
(2083,'არსებობდეს'),
(1939,'არსებობის'),
(1948,'არსებობს'),
(1248,'არსებული'),
(2091,'არსი'),
(2420,'არსით'),
(1246,'არსის'),
(1088,'არჩევნების'),
(1574,'არც'),
(1419,'არხებზე'),
(1558,'ასახავს'),
(1807,'ასახელებს'),
(2062,'ასე'),
(1349,'ასევე'),
(1517,'ასეთი'),
(2491,'ასისტენტ'),
(1979,'ასისტენტ-პროფესორი'),
(1875,'ასისტენტი'),
(2187,'ასოც'),
(1878,'ასოციაცია'),
(2100,'ასოცირებული'),
(1917,'ასპარეზზეც'),
(1696,'ასპექტებს'),
(1362,'აუცილებელი'),
(1774,'აუცილებელს'),
(945,'აფილაცია'),
(1874,'აფილირებული'),
(2068,'აქედან'),
(2716,'აქვთ'),
(2009,'აქვს'),
(1017,'აქტივობის'),
(1007,'აქტით'),
(1052,'აქტიურ'),
(2112,'აქტიურად'),
(1445,'აქტუალურია'),
(2688,'აღარავინ'),
(1567,'აღიარების'),
(1919,'აღიარებისა'),
(2180,'აღიარებული'),
(1784,'აღინიშნოს'),
(1779,'აღკვეთის'),
(2220,'აღმოსავლეთ'),
(2082,'აღმოფხვრა'),
(2614,'აღმოჩენილი'),
(2006,'აღნიშნულისა'),
(1519,'აღსანიშნავია'),
(1247,'აღწერას'),
(2175,'აღწერილობები'),
(2104,'აღწერილობების'),
(2164,'აღწერილობის'),
(2094,'აღწეროს'),
(2323,'აძლევს'),
(2064,'აწყდებიან'),
(1393,'ახალ'),
(1096,'ახალგაზრდების'),
(2017,'ახალი'),
(1461,'ახდენს'),
(2431,'ახლობელია'),
(1227,'ბაზარზე'),
(2150,'ბაზრის'),
(2764,'ბაკალავრი'),
(81,'ბალანსის'),
(2010,'ბანკების'),
(2023,'ბანკთაშორისი'),
(1618,'ბანკროტამდე'),
(1770,'ბევრ'),
(2521,'ბევრია'),
(2726,'ბიზნეს'),
(2004,'ბიზნესი'),
(392,'ბიზნესის'),
(2488,'ბიზნესისა'),
(2233,'ბიზნესისთვის'),
(2282,'ბიზნესს'),
(2514,'ბოლო'),
(1788,'ბრალეულობის'),
(1637,'ბუნება'),
(1563,'ბუნებრივი'),
(1365,'გაანალიზებას'),
(2130,'გააჩნდეს'),
(2574,'გააძლიეროს'),
(2334,'გადაადგილება'),
(2338,'გადაადგილებას'),
(2820,'გადადგმული'),
(1222,'გადალახონ'),
(1231,'გადამწყვეტი'),
(1990,'გადასვლის'),
(1661,'გადაცდომის'),
(2809,'გადაწყვეტილება'),
(1313,'გადაჭრის'),
(1701,'გავაუმჯობესოთ'),
(2540,'გავიგოთ'),
(524,'გავლენა'),
(1460,'გავლენას'),
(1921,'გავლენის'),
(2042,'გაზიარება'),
(2177,'გაზიარებულ'),
(1001,'გაზრდაზე'),
(2289,'გაზრდის'),
(2576,'გათვალისწინებით'),
(2182,'გაიზარდოს'),
(2143,'გაკეთდეს'),
(2605,'გამახვილებულია'),
(1537,'გამიჭირდა'),
(2057,'გამკლავების'),
(1230,'გამკლავებისთვის'),
(1198,'გამო'),
(1421,'გამოავლინოს'),
(1938,'გამოაცალოს'),
(1809,'გამოდის'),
(1580,'გამოვიყენებთ'),
(2045,'გამოვლენა'),
(1094,'გამოვლენას'),
(1707,'გამოვლინდა'),
(1812,'გამოიყენება'),
(1084,'გამოიწვია'),
(1794,'გამოკვეთილი'),
(2124,'გამოკვეთოს'),
(1240,'გამოკითხვისა'),
(2069,'გამომდინარე'),
(1840,'გამომძიებელი'),
(1767,'გამოყენება'),
(2473,'გამოყენებას'),
(1718,'გამოყენების'),
(2556,'გამოცდილება'),
(2041,'გამოცდილების'),
(1444,'გამოწვევა'),
(2524,'გამოწვევად'),
(1195,'გამოწვევას'),
(1223,'გამოწვევები'),
(1253,'გამოწვევების'),
(2065,'გამოწვევებს'),
(2214,'გამოწვევის'),
(1190,'გამოწვეულ'),
(2028,'გამოწვეული'),
(2075,'განათლების'),
(2174,'განვავითაროთ'),
(982,'განვითარება'),
(2278,'განვითარებაზე'),
(2171,'განვითარებას'),
(2115,'განვითარებაში'),
(1454,'განვითარებით'),
(957,'განვითარების'),
(1214,'განვითარებისთვის'),
(1698,'განვიხილოთ'),
(2575,'განზომილება'),
(1456,'განმავლობაში'),
(2744,'განმსაზღვრელი'),
(1916,'განმტკიცება'),
(1095,'განსაკუთრებით'),
(2163,'განსხვავებებს'),
(2298,'განსხვავებით'),
(2601,'განსხვავებულ'),
(1415,'განსხვავებული'),
(1420,'განსხვავებულია'),
(1528,'განსჯა'),
(1013,'განხილულია'),
(2000,'განხორციელებული'),
(1669,'გარანტირებული'),
(2303,'გარდა'),
(2627,'გარეგნობის'),
(2425,'გარემომ'),
(1610,'გარემოში'),
(2741,'გარეშე'),
(1695,'გარკვეულ'),
(1708,'გარკვეული'),
(2522,'გასაკეთებლი'),
(1339,'გაუთვალისწინებელ'),
(1020,'გაუმჯობესებაზე'),
(2046,'გაუმჯობესების'),
(2295,'გაფორმებული'),
(1426,'გაშუქებას'),
(2526,'გაძლიერება'),
(2544,'გაძლიერებას'),
(2520,'გაძლიერების'),
(2496,'გაძლიერებისკენ'),
(2131,'გაწერილია'),
(1533,'გახადოს'),
(1996,'გახდა'),
(1524,'გეგმებზე'),
(2518,'გენდერული'),
(2400,'გერმანელმა'),
(2551,'გვანცა'),
(941,'გვარი'),
(2172,'გვაწვდის'),
(1777,'გზებზე'),
(1314,'გზები'),
(1545,'გზებს'),
(1814,'გირაო'),
(1717,'გირაოს'),
(1154,'გოგებაშვილი'),
(2723,'გოგოძე'),
(954,'გოცაძე'),
(1715,'გულიაშვილი'),
(2299,'გულისხმობს'),
(2268,'დააახლოოს'),
(1936,'დააკარგვინოს'),
(2321,'დაახლოებასევროკავშირის'),
(2455,'დაგანახოთ'),
(1010,'დადგენილებით'),
(1067,'დავაკვირდებით'),
(2145,'დავალება'),
(1805,'დაკავების'),
(1781,'დაკავშირებით'),
(2307,'დაკავშირებულ'),
(1423,'დაკავშირებული'),
(2693,'დაკარგა'),
(1225,'დაკარგონ'),
(2049,'დაკრედიტებაში'),
(1820,'დაკრედიტების'),
(2073,'დამატებით'),
(2132,'დამატებითი'),
(2137,'დამატებულია'),
(2020,'დამკვიდრების'),
(1577,'დამოკიდებულია'),
(1998,'დამოუკიდებელი'),
(1068,'დამოუკიდებლობის'),
(1347,'დანაკარგამდე'),
(2480,'დანახვა'),
(2128,'დანიშნულ'),
(2689,'დაობს'),
(2078,'დარჩნენ'),
(2533,'დასაქმების'),
(993,'დასაქმებულთა'),
(1672,'დასაშვებობა'),
(2215,'დასაშვებობის'),
(1360,'დასკვნა-რეკომენდაციები'),
(1191,'დაჩქარებულ'),
(2316,'დაცვა'),
(1665,'დაცვის'),
(1250,'დაწესებულებების'),
(1220,'დაწესებულებებმა'),
(2055,'დაწესებულებებში'),
(2774,'დაწყებული'),
(2037,'დახვეწას'),
(1560,'დგას'),
(1438,'დეზინფორმაცია'),
(1432,'დეზინფორმაციის'),
(1043,'დემოკრატია'),
(1058,'დემოკრატიული'),
(2111,'დეპარტამენტი'),
(1839,'დეპარტამენტის'),
(2141,'დეტალურ'),
(2754,'დიდ'),
(1407,'დიდი'),
(1621,'დიდწილად'),
(2546,'დინამიკა'),
(984,'დინამიური'),
(1656,'დისკუსიის'),
(2119,'დოკუმენტი'),
(2151,'დონეზე'),
(1833,'დოქტორანტი'),
(1978,'დოქტორი'),
(2490,'დოქტორიphd'),
(1317,'დროს'),
(1608,'დღევანდელ'),
(2007,'დღემდე'),
(2061,'დღეს'),
(1375,'დღის'),
(1457,'ებრძვის'),
(2271,'ევროკავშირის'),
(2262,'ევროკავშირს'),
(2221,'ევროპის'),
(2287,'ევროპულ'),
(1464,'ეთნიკურ'),
(1989,'ეკონომიკაზე'),
(2276,'ეკონომიკურ'),
(2527,'ეკონომიკურად'),
(2001,'ეკონომიკური'),
(2698,'ელემენტარული'),
(2025,'ელემენტებს'),
(2485,'ელენე'),
(1091,'ემსახურება'),
(1409,'ენდობა'),
(1232,'ენიჭება'),
(2479,'ერთ'),
(1976,'ერთ-ერთ'),
(1442,'ერთ-ერთი'),
(2599,'ერთი'),
(1433,'ეროვნულ'),
(2630,'ესთეტიკური'),
(1436,'ესტონეთის'),
(1446,'ესტონეთშიც'),
(1447,'ეტაპზე'),
(2320,'ეტაპობრივ'),
(2325,'ეტაპობრივად'),
(1000,'ეფექტიანობის'),
(1369,'ეფექტურად'),
(2737,'ეფექტური'),
(2183,'ეფექტურობა'),
(2401,'ექიმ-ფსიქოთერაპევტმა'),
(2275,'ექნება'),
(2286,'ექსპორტი'),
(2412,'ეყრდნობიან'),
(2800,'ეხება'),
(1076,'ვართ'),
(1405,'ვაქცინა'),
(1410,'ვაქცინას'),
(2306,'ვაჭრობასთან'),
(2296,'ვაჭრობის'),
(2759,'ვახტანგ'),
(2484,'ვეფხისტყაოსანი'),
(2476,'ვიმედოვნებ'),
(1520,'ვიმსჯელოთ'),
(1802,'ვინაიდან'),
(2189,'ვიცე-რექტორი'),
(1946,'ვლინდება'),
(1228,'ზემოაღნიშნულ'),
(2026,'ზემოაღნიშნული'),
(2079,'ზემოთ'),
(2471,'ზემოქმედების'),
(2825,'ზოგადად'),
(1263,'ზურაბ'),
(1686,'ზღვარზე'),
(2670,'ზღვის'),
(2022,'ზღუდავს'),
(2284,'თავიანთი'),
(1950,'თავის'),
(1573,'თავისთავად'),
(2269,'თავისი'),
(2337,'თავისუფალ'),
(1527,'თავისუფალი'),
(1954,'თავისუფალმა'),
(2336,'თავისუფლებას'),
(2329,'თავისუფლებიდან'),
(2822,'თავსებადობაზე'),
(1429,'თამთა'),
(2568,'თანაბარ'),
(2539,'თანაბარი'),
(1440,'თანამედროვე'),
(2135,'თანამშრომლის'),
(2549,'თანასწორობა'),
(2519,'თანასწორობისა'),
(2422,'თანდაყოლილი'),
(1536,'თარგმნა'),
(1540,'თარგმნოთ'),
(1853,'თბილისის'),
(2701,'თემებზე'),
(2452,'თემები'),
(1100,'თეონა'),
(2461,'თერაპიის'),
(2219,'თვარაძე'),
(1063,'თუკი'),
(1406,'თუმცა'),
(1539,'თქვენ'),
(1785,'იგი'),
(2016,'იდენტურობას'),
(1850,'ივანე'),
(2579,'იზაბელა'),
(2547,'ითვალისიწინებენ'),
(2318,'ითვალისწინებს'),
(2404,'ითვლება'),
(1459,'იკვლევს'),
(2625,'ილიას'),
(1578,'იმაზე'),
(1924,'იმალება'),
(2176,'იმგვარად'),
(1054,'იმისათვის'),
(2096,'იმპლემენტაციის'),
(1364,'იმსახურებს'),
(1337,'იმსჯელოს'),
(1422,'იმუნიზაციასთან'),
(1377,'იმუნიზაციის'),
(1937,'ინდივიდუალიზმი'),
(987,'ინდივიდუალურ-შემოქმედებითი'),
(2149,'ინდუსტრიისა'),
(1710,'ინსტიტუტების'),
(2093,'ინსტიტუციები'),
(2076,'ინსტიტუციებმა'),
(2446,'ინსტრუმენტად'),
(2059,'ინსტრუმენტები'),
(2757,'ინსტრუმენტი'),
(2142,'ინსტრუქციას'),
(2314,'ინტელექტუალური'),
(1416,'ინტერეპრეტაციები'),
(2548,'ინტერესებს'),
(1756,'ინტერესის'),
(2829,'ინტერვენცია'),
(2766,'ინტერვენციის'),
(2749,'ინტერნეტ'),
(2087,'ინტერნეტში'),
(15,'ინტერპერსონალური'),
(2699,'ინფორმაცია'),
(2089,'ინფორმაციის'),
(1674,'ირაკლი'),
(2398,'ირანული'),
(1271,'ირინე'),
(991,'ისახავს'),
(1224,'ისე'),
(1073,'ისევ'),
(2700,'ისეთ'),
(2596,'ისეთი'),
(2532,'ისინი'),
(1514,'ისწრაფვის'),
(1709,'იურიდიული'),
(2178,'იქნას'),
(1538,'იქნებ'),
(2477,'იქნება'),
(1392,'იქონია'),
(1960,'იქცეს'),
(2707,'იღებდა'),
(1542,'იყენებენ'),
(2445,'იყენებს'),
(1795,'იყოს'),
(2715,'იციან'),
(1928,'იძენს'),
(2439,'იძლევა'),
(1830,'კავკასიის'),
(2604,'კავშირი'),
(1458,'კამპანიას'),
(1633,'კანთელაშვილი'),
(1004,'კანონის'),
(1803,'კანონმდებელი'),
(1763,'კანონმდებლობა'),
(2322,'კანონმდებლობასთან'),
(1659,'კანონმდებლობით'),
(2319,'კანონმდებლობის'),
(1006,'კანონქვემდებარე'),
(2333,'კაპიტალისთავისუფალი'),
(2291,'კაპიტალს'),
(2691,'კარგა'),
(1061,'კარგად'),
(1949,'კარგავს'),
(1575,'კარგია'),
(2421,'კეთილია'),
(1683,'კერძო'),
(994,'კვალიფიკაციის'),
(1991,'კვალობაზე'),
(1703,'კვლევა'),
(2158,'კვლევაში'),
(2709,'კვლევიდანც'),
(1358,'კვლევის'),
(2440,'კვლევისათვის'),
(1210,'კიდევ'),
(952,'კისიტყვა'),
(1760,'კოდექსის'),
(1390,'კოვიდ'),
(1403,'კოვიდ-19-ის'),
(1617,'კომპანია'),
(1863,'კომპანიას'),
(2063,'კომპანიები'),
(2742,'კომპანიების'),
(173,'კომპანიებისათვის'),
(1194,'კომპანიებისთვის'),
(1619,'კომპანიის'),
(1206,'კომპანიისთვის'),
(1912,'კომპლექსური'),
(16,'კომუნიკაცია'),
(2727,'კომუნიკაციაზე'),
(171,'კომუნიკაციების'),
(1870,'კომუნიკაციის'),
(1791,'კონკრეტულ'),
(2144,'კონკრეტული'),
(2077,'კონკურენტუნარიანები'),
(1226,'კონკურენტუნარიანობა'),
(1822,'კონკურენციაზე'),
(2039,'კონკურენციის'),
(2012,'კონსოლიდაციის'),
(1668,'კონსტიტუციით'),
(1769,'კონსტრუქციაც'),
(1944,'კონტროლის'),
(1958,'კონფორმიზმის'),
(2011,'კონცენტრაცია'),
(2453,'კონცეპტები'),
(2429,'კონცეფცია'),
(2417,'კონცეფციას'),
(1273,'კოპალიანი'),
(1800,'კორექტირებას'),
(2623,'კოტორეიშვილი'),
(1330,'კრიზისის'),
(1340,'კრიზისულ'),
(1315,'კრიზისული'),
(1952,'კრიტიკულად'),
(2067,'კუთხით'),
(170,'კულტურათაშორისი'),
(233,'კულტურის'),
(2024,'კუნკურენციის'),
(1585,'კუპრაშვილი'),
(1675,'ლეონიძე'),
(2226,'ლექტორი'),
(2302,'ლიბერალიზაციას'),
(2342,'ლიბერალიზაციის'),
(1351,'ლიკვიდაციამდე'),
(1332,'ლიტერატურის'),
(1437,'მაგალითზე'),
(1849,'მაგისტრანტი'),
(2349,'მაგისტრი'),
(1310,'მაზმიშვილი'),
(2290,'მათ'),
(2056,'მათთან'),
(1312,'მათი'),
(1101,'მაისურაძე'),
(1014,'მაკო'),
(1583,'მამუკა'),
(1238,'მართვა'),
(1931,'მართვაც'),
(1049,'მართვის'),
(1869,'მართვისა'),
(1720,'მართლმსაჯულებაში'),
(1759,'მართლმსაჯულების'),
(2217,'მარიამ'),
(2584,'მარკეტინგი'),
(2161,'მარკეტინგის'),
(2608,'მარკეტინგში'),
(1932,'მარტივი'),
(1581,'მას'),
(2438,'მასალას'),
(2612,'მასზე'),
(1968,'მასობრივი'),
(2350,'მასწავლებელი'),
(1346,'მატერიალურ'),
(1605,'მაღალი'),
(1424,'მახასიათებლები'),
(1252,'მდგარი'),
(1603,'მდგომარეობა'),
(1624,'მდგომარეობაზე'),
(2072,'მდგომარეობას'),
(2277,'მდგომარეობასა'),
(1588,'მდგომარეობის'),
(1396,'მედია'),
(2690,'მედიამ'),
(2751,'მედიას'),
(1682,'მედიატორი'),
(1425,'მედიაში'),
(1374,'მედიის'),
(2631,'მედიცინის'),
(2407,'მეთოდად'),
(1590,'მეთოდები'),
(1354,'მენეჯერის'),
(1254,'მენეჯმენტის'),
(2335,'მეოთხე'),
(2139,'მეორადი'),
(1631,'მერი'),
(1368,'მეტად'),
(2710,'მეტი'),
(2035,'მექანიზმები'),
(1945,'მექანიზმებით'),
(2031,'მექანიზმების'),
(1243,'მეშვეობით'),
(1867,'მეცნიერებათა'),
(1400,'მეცნიერებმა'),
(1093,'მზაობის'),
(2661,'მზერა“'),
(1940,'მთავარი'),
(2424,'მთავარია'),
(2120,'მთავარმა'),
(1078,'მთავრობასა'),
(1008,'მთავრობის'),
(997,'მთლიანად'),
(1546,'მიაღწიონ'),
(2697,'მიაწოდოს'),
(78,'მიდგომა'),
(518,'მიერ'),
(1628,'მიექცეს'),
(1579,'მივანიჭებთ'),
(1343,'მივყავართ'),
(1548,'მიზანი'),
(1336,'მიზანია'),
(1793,'მიზანშეწონილობა'),
(990,'მიზნად'),
(1547,'მიზნებს'),
(2047,'მიზნით'),
(2441,'მით'),
(2711,'მიიღოს'),
(2326,'მიიღოსევროკავშირის'),
(1089,'მიმართ'),
(2165,'მიმართებით'),
(2602,'მიმართულებებს'),
(2034,'მიმართულებით'),
(2406,'მიმართულების'),
(2497,'მიმართული'),
(996,'მიმართულია'),
(1065,'მიმდინარე'),
(2467,'მიმდინარეობები'),
(1692,'მიმოიხილავს'),
(1334,'მიმოხილვას'),
(1622,'მის'),
(82,'მისაღწევად'),
(1044,'მისი'),
(2005,'მიუხედავად'),
(2273,'მიღებულ'),
(2671,'მიწვეული'),
(2266,'მიხედვით'),
(1616,'მიჰყავს'),
(1877,'მკვლევართა'),
(1880,'მკვლევარი'),
(2489,'მმართველობის'),
(172,'მნიშვნელობა'),
(2607,'მნიშვნელობაზე'),
(1356,'მნიშვნელობას'),
(1046,'მნიშვნელობით'),
(1216,'მნიშვნელობის'),
(2523,'მნიშვნელოვან'),
(1361,'მნიშვნელოვანი'),
(1626,'მნიშვნელოვანია'),
(2288,'მნიშვნელოვნად'),
(1953,'მოაზროვნე'),
(2557,'მოდელები'),
(1258,'მოდელების'),
(2767,'მოდელზე'),
(2095,'მოდელი'),
(2264,'მოეწერა'),
(1066,'მოვლენებს'),
(2018,'მოთამაშის'),
(1568,'მოთხოვნილება'),
(1329,'მოიაზრებს'),
(1551,'მოიპოვოს'),
(2305,'მოიცავს'),
(521,'მოლოდინისა'),
(1963,'მომართოს'),
(2317,'მომსახურება'),
(2014,'მომსახურებაზე'),
(2301,'მომსახურებით'),
(2332,'მომსახურების'),
(2619,'მომხმარებელზე'),
(2582,'მომხმარებელთა'),
(2621,'მომხმარებელი'),
(1241,'მონაცემთა'),
(1053,'მონაწილეობას'),
(1571,'მოპოვება'),
(1069,'მოპოვების'),
(2816,'მოსაზრება'),
(1080,'მოსახლეობას'),
(1092,'მოსახლეობის'),
(2659,'მოტივაცია'),
(2629,'მოტივები'),
(2658,'მოტივი'),
(2819,'მოტივით'),
(2567,'მოქალაქეების'),
(1205,'მოღვაწე'),
(2814,'მოცემულია'),
(1564,'მოცემულობა'),
(2293,'მოცულობას'),
(2088,'მოძიებული'),
(2225,'მოწვეული'),
(1922,'მოხდენის'),
(1235,'მოხდეს'),
(1699,'მოხელე'),
(955,'მოხელის'),
(1074,'მოჯადოვებულ'),
(2458,'მსგავსების'),
(2427,'მსგავსი'),
(1256,'მსოფლიოში'),
(1959,'მსხვერპლად'),
(1778,'მსჯელობას'),
(1789,'მტკიცება'),
(2613,'მუშაობისას'),
(1265,'მუშკუდიანი'),
(1448,'მყოფი'),
(2231,'მცირე'),
(1463,'მცხოვრებ'),
(2603,'მჭიდრო'),
(2469,'მხატვრილი'),
(2443,'მხატვრულ'),
(2482,'მხატვრული'),
(1345,'მხოლოდ'),
(2029,'მხრიდან'),
(2092,'მხრივ'),
(2821,'ნაბიჯების'),
(1267,'ნათელა'),
(953,'ნათია'),
(2167,'ნაკლოვანებებს'),
(1259,'ნანა'),
(1244,'ნაშრომი'),
(1655,'ნაშრომში'),
(1408,'ნაწილი'),
(2813,'ნაწილში'),
(1203,'ნებისმიერ'),
(2070,'ნებისმიერი'),
(1476,'ნინო'),
(1047,'ნიშნავს'),
(1087,'ნიჰილიზმი'),
(1816,'ნორმა-'),
(1848,'ნორმა-პრინციპებთან'),
(2824,'ნორმებთან'),
(2402,'ნოსრატ'),
(1681,'ნოტარიუსი'),
(1693,'ნოტარიუსის'),
(1207,'ნოუ-ჰაუს'),
(2657,'ობიექტივიზაცია'),
(2328,'ოთხი'),
(2663,'ოლღა'),
(2831,'ომი'),
(2770,'ომის'),
(2738,'ორგანიზაცია'),
(1245,'ორგანიზაციული'),
(986,'ორგანიზებული'),
(1449,'ორი'),
(1969,'ოფიცერი'),
(2106,'ოქროს'),
(1667,'პანდემიის'),
(1480,'პარადიგმები'),
(2454,'პარალელები'),
(2762,'პარლამენტი'),
(2048,'პასუხისმგებლიან'),
(1819,'პასუხისმგებლიანი'),
(394,'პასუხისმგებლობა'),
(1813,'პატიმრობა'),
(2403,'პეზეშკიანმა'),
(2515,'პერიოდში'),
(961,'პერსპექტივები'),
(1543,'პირდაპირ'),
(1045,'პირდაპირი'),
(2210,'პირებთა'),
(1663,'პირების'),
(1641,'პირობებში'),
(2129,'პირს'),
(2435,'პოემა'),
(2450,'პოემაში'),
(2478,'პოემისა'),
(2355,'პოზიტიურ'),
(76,'პოზიტიური'),
(2442,'პოზიტური'),
(2156,'პოზიცია'),
(2127,'პოზიციაზე'),
(2138,'პოზიციის'),
(2611,'პოზიციონირებისას'),
(2313,'პოლიტიკა'),
(1821,'პოლიტიკის'),
(1555,'პოლიტიკურ'),
(1451,'პოლიტიკური'),
(1838,'პოლიციის'),
(2462,'პრაგმატულ'),
(1764,'პრაქტიკა'),
(2827,'პრაქტიკასთნ'),
(1995,'პრაქტიკულად'),
(1786,'პრევენციული'),
(1817,'პრინციპებთან'),
(1761,'პრინციპთა'),
(1758,'პრინციპი'),
(1847,'პრინციპს'),
(1757,'პრიორიტეტულობის'),
(1639,'პრობლემა'),
(2718,'პრობლემას'),
(1229,'პრობლემებთან'),
(1311,'პრობლემები'),
(2081,'პრობლემების'),
(1201,'პრობლემური'),
(2565,'პროგრამების'),
(1858,'პროგრამის'),
(2270,'პროდუქტები'),
(2013,'პროდუქტებსა'),
(2610,'პროდუქტის'),
(2285,'პროდუქციის'),
(2771,'პროპაგანდა'),
(956,'პროფესიული'),
(1984,'პროფესორი'),
(2036,'პროცედურები'),
(1192,'პროცესებთან'),
(1705,'პროცესების'),
(988,'პროცესი'),
(1237,'პროცესის'),
(1209,'პროცესს'),
(1050,'პროცესში'),
(2418,'ჟან-ჟაკ'),
(1395,'ჟურნალისტიკაზე'),
(2713,'რადგან'),
(1366,'რათა'),
(1083,'რამაც'),
(2153,'რამდენად'),
(2415,'რაობის'),
(1412,'რაოდენობა'),
(2702,'რასაც'),
(1513,'რატომ'),
(1516,'რატომაა'),
(1611,'რაც'),
(1957,'რეალობა'),
(2747,'რეალობაში'),
(2272,'რეგულაციებთან'),
(2043,'რეგულაციების'),
(1003,'რეგულირდება'),
(2030,'რეგულირების'),
(2173,'რეკომენდაციებს'),
(2720,'რეპროდუქცია'),
(2673,'რეპროდუქციულ'),
(2704,'რეპროდუქციული'),
(2341,'რეჟიმის'),
(2708,'რესპონდენტი'),
(2110,'რესურსების'),
(2460,'რესურსის'),
(2002,'რეფორმებიდან'),
(2195,'რექტორი'),
(2739,'რთულად'),
(1808,'რითაც'),
(1606,'რისკით'),
(1234,'როგორ'),
(2545,'როგორია'),
(2598,'როგორიცაა'),
(1439,'როგორც'),
(1925,'როდესაც'),
(2632,'როლი'),
(1355,'როლის'),
(1951,'როლსა'),
(1055,'რომ'),
(989,'რომელიც'),
(2566,'რომელმაც'),
(1342,'რომელსაც'),
(2169,'რომლებიც'),
(2572,'რომლებმაც'),
(1768,'რომლის'),
(2830,'რუსეთ-საქართველოს'),
(2775,'რუსეთ-უკრაინის'),
(2817,'რუსეთის'),
(2353,'რუსთაველის'),
(2801,'რუსთის'),
(2419,'რუსო'),
(2769,'რუსული'),
(2525,'რჩება'),
(1988,'საბაზრო'),
(391,'საბანკო'),
(1414,'საგანგაშოა'),
(1219,'საგანმანათლებლო'),
(1947,'სადაც'),
(1857,'სადოქტრო'),
(1831,'საერთაშორისო'),
(2807,'საერთშორისო'),
(2258,'სავაჭრო'),
(2340,'სავიზო'),
(1943,'სავსეა'),
(1062,'საზოგადოება'),
(2696,'საზოგადოებას'),
(1051,'საზოგადოების'),
(79,'საზოგადოებრივ'),
(1018,'საზოგადოებრივ-პოლიტიკური'),
(1796,'სათანადო'),
(2536,'სათანადოდ'),
(1523,'საიდუმლო'),
(2459,'საინტერესო'),
(1509,'საინტერესოა'),
(958,'საკანონმდებლო'),
(2571,'საკითხებზე'),
(2597,'საკითხები'),
(2308,'საკითხთა'),
(1363,'საკითხი'),
(1765,'საკითხია'),
(1798,'საკითხის'),
(1413,'საკმაოდ'),
(2746,'საკომუნიკაციო'),
(2315,'საკუთრების'),
(2433,'სალიტერატურო'),
(1713,'სალომე'),
(2828,'სამართალი'),
(1771,'სამართლებრივ'),
(1636,'სამართლებრივი'),
(1684,'სამართლის'),
(2330,'სამი'),
(1836,'სამინისტროს'),
(1776,'სამომავლოდ'),
(1016,'სამოქალაქო'),
(2125,'სამსახურეობრივი'),
(998,'სამსახურის'),
(2116,'სამსახურს'),
(18,'სამსახურში'),
(2103,'სამუშაო'),
(2148,'სამუშაოს'),
(1942,'სამყარო'),
(1441,'სამყაროს'),
(1186,'სამყაროში'),
(1071,'სამწუხაროდ'),
(2803,'სამხედრო'),
(1635,'სანქციების'),
(1716,'საპატიმრო'),
(1837,'საპატრულო'),
(2812,'სარჩელებთან'),
(2832,'სასამართლოები'),
(2808,'სასამართლოს'),
(1961,'სასიკეთო'),
(1187,'სასურველი'),
(1871,'სასწავლო'),
(948,'სატაური'),
(1418,'სატელევიზო'),
(2839,'სატესტო'),
(2570,'საუბარია'),
(1755,'საუკეთესო'),
(1614,'საფრთხეს'),
(2086,'საფუძველზე'),
(1797,'საფუძვლებით'),
(2267,'საქართველომ'),
(962,'საქართველოს'),
(1435,'საქართველოსა'),
(1002,'საქართველოში'),
(1835,'საქმეთა'),
(2155,'საქმიანობა'),
(999,'საქმიანობის'),
(2300,'საქონლით'),
(2331,'საქონლის'),
(2179,'საყოველთაოდ'),
(1941,'საყრდენი'),
(2038,'საყურადღებოა'),
(1930,'საშიში'),
(2324,'საშუალებას'),
(2232,'საშუალო'),
(1586,'საწარმოთა'),
(1404,'საწინააღმდეგო'),
(2058,'საჭირო'),
(2170,'საჭიროებენ'),
(1801,'საჭიროებს'),
(939,'სახელი'),
(963,'სახელმწიფო'),
(2826,'სახელმწიფოების'),
(1048,'სახელმწიფოს'),
(1997,'სახელმწიფოსაგან'),
(1852,'სახელობის'),
(1971,'სახლი'),
(17,'საჯარო'),
(1098,'საჯარო-პოლიტიკურ'),
(2609,'სეგმენტაციის'),
(232,'სერვისები'),
(2223,'სერტიფიცირებული'),
(1994,'სექტორი'),
(1204,'სექტორში'),
(2615,'სიახლეები'),
(2750,'სივრცეს'),
(2259,'სივრცის'),
(2654,'სილამაზის'),
(2021,'სირთულეს'),
(2200,'სისტემა'),
(1685,'სისტემათა'),
(1397,'სისტემებზე'),
(1711,'სისტემების'),
(1534,'სისტემის'),
(985,'სისტემური'),
(1357,'სიტუაციაში'),
(1341,'სიტუაციებზე'),
(1316,'სიტუაციების'),
(522,'სიტუაციური'),
(2743,'სიცოცხლისუნარიანობის'),
(2410,'სკოლათა'),
(2434,'სკოლისთვისაც'),
(2756,'სოც'),
(2666,'სოციალურ'),
(2616,'სოციალურ-ფსიქოლოგიური'),
(393,'სოციალური'),
(2620,'სოციოლოგია'),
(2626,'სოციოლოგიის'),
(2310,'სპექტრს'),
(2763,'სპეციალისტი'),
(1350,'სრულ'),
(1199,'სტაბილურობის'),
(2107,'სტანდარტებთან'),
(2181,'სტანდარტები'),
(2157,'სტანდარტებს'),
(1666,'სტანდარტი'),
(2212,'სტანდარტის'),
(1090,'სტატია'),
(1012,'სტატიაში'),
(1335,'სტატიის'),
(1702,'სტატუსი'),
(1694,'სტატუსს'),
(2084,'სტრატეგია'),
(1233,'სტრატეგიას'),
(2190,'სტრატეგიული'),
(2583,'სტრატიფიკაცია'),
(2606,'სტრატიფიკაციის'),
(2555,'სტუ-ს'),
(2121,'სუპერვაიზორმა'),
(1923,'სურვილი'),
(1915,'სურთ'),
(1549,'სურს'),
(2311,'სურსათის'),
(1399,'სფეროებზე'),
(2162,'სფეროების'),
(2168,'სფეროებს'),
(1217,'სფეროს'),
(234,'სფეროში'),
(1367,'სწორად'),
(1184,'სწრაფად'),
(1059,'სჭირდება'),
(1398,'სხვა'),
(1417,'სხვადასხვა'),
(1920,'სხვებზე'),
(1569,'სხვების'),
(2463,'ტენდენციები'),
(2554,'ტექნიკური'),
(1453,'ტექნოლოგიების'),
(2483,'ტექსტი'),
(2470,'ტექსტის'),
(2444,'ტექსტს'),
(519,'ტკივილის'),
(2481,'ტოლერანტობა'),
(1926,'ტოტალურ'),
(2395,'ტრანსკულტურალური'),
(2224,'ტრენერი'),
(1609,'ტურბულენტუ'),
(1862,'ტურბულენტურ'),
(2748,'უდიდესი'),
(2686,'უდიდესია'),
(2312,'უვნებლობა'),
(2211,'უზრუნველყოფილი'),
(1660,'უზრუნველყოფილია'),
(2140,'უზრუნველყოფს'),
(2752,'უკავია'),
(1427,'უკავშირდება'),
(1562,'უკან'),
(1401,'უკვე'),
(2054,'უმაღლეს'),
(1249,'უმაღლესი'),
(1218,'უმაღლესმა'),
(1977,'უმნიშვნელოვანეს'),
(1443,'უმნიშვნელოვანესი'),
(2714,'უმრავლეს'),
(2529,'უმრავლესობას'),
(1434,'უმცირესობებზე'),
(1530,'უნარი'),
(2423,'უნარია'),
(2472,'უნარის'),
(1221,'უნდა'),
(1086,'უნდობლობა'),
(1872,'უნივერსიტეტ'),
(1854,'უნივერსიტეტი'),
(1832,'უნივერსიტეტის'),
(2197,'უნივერსიტეტისჰუმანიტარულ'),
(2198,'უნივერსიტეტ„ალტერბრიჯის“'),
(1782,'უპირველეს'),
(2052,'ურთიერთობების'),
(80,'ურთიერთობებში'),
(1876,'უსაფრთხოების'),
(1353,'უსვამს'),
(1879,'უსმა-ს'),
(1970,'უფლებათა'),
(1670,'უფლებების'),
(1664,'უფლების'),
(1211,'უფრო'),
(1615,'უქმნის'),
(2040,'უცხოური'),
(992,'უწყებებში'),
(1868,'ფაკულტეტის'),
(2280,'ფარგლებში'),
(2309,'ფართო'),
(2015,'ფასების'),
(1572,'ფაქტია'),
(1810,'ფაქტობრივად'),
(2541,'ფაქტორები'),
(2617,'ფაქტორების'),
(2745,'ფაქტორია'),
(1806,'ფაქტს'),
(2802,'ფედერაციის'),
(1914,'ფენომენია'),
(1818,'ფიზიკური'),
(2348,'ფილოლოგიურ'),
(2432,'ფილოსოფიურ-'),
(1623,'ფინანსურ'),
(1587,'ფინანსური'),
(2695,'ფიქრობს'),
(1704,'ფოკუსირებულია'),
(2534,'ფორმალურ'),
(2416,'ფრანგულ'),
(2405,'ფსიქოდინამიურ-ჰუმანისტური'),
(2475,'ფსიქოთერაპევტებისთვის'),
(2351,'ფსიქოთერაპევტი'),
(2396,'ფსიქოთერაპია'),
(2356,'ფსიქოთერაპიაში'),
(2409,'ფსიქოთერაპიულ'),
(77,'ფსიქოთერაპიული'),
(2188,'ფსიქოკონსულტანტი'),
(2823,'ფუნდამენტურ'),
(1215,'ფუნდამენტური'),
(2694,'ფუნქცია'),
(2126,'ფუნქციები'),
(2553,'ქადაგიძე'),
(2530,'ქალები'),
(2543,'ქალების'),
(2633,'ქალებში'),
(2495,'ქალთა'),
(2618,'ქართველ'),
(2474,'ქართველი'),
(2281,'ქართულ'),
(944,'ქართული'),
(1371,'ქეთი'),
(947,'ქვე'),
(2447,'ქვემოთ'),
(1450,'ქვეყანა'),
(1999,'ქვეყანაში'),
(2564,'ქვეყნების'),
(1462,'ქვეყნებში'),
(1079,'ქვეყნის'),
(2703,'ქვია'),
(2581,'ქირია'),
(1570,'ღირებულების'),
(1811,'ღონისძიება'),
(1780,'ღონისძიებებთან'),
(1792,'ღონისძიების'),
(2256,'ღრმა'),
(1531,'ყველა'),
(1557,'ყველაფერი'),
(1561,'ყველაფრის'),
(1790,'ყოველ'),
(1554,'ყოველდღიურ'),
(1783,'ყოვლისა'),
(2257,'ყოვლისმომცველი'),
(1627,'ყურადღება'),
(2669,'შავი'),
(2531,'შეადგენენ'),
(1956,'შეაფასოს'),
(1526,'შეაჩეროს'),
(1193,'შეგუება'),
(2160,'შედარება'),
(2656,'შედარება“'),
(2105,'შედარებითი'),
(2090,'შედეგად'),
(1359,'შედეგები'),
(2274,'შედეგს'),
(2154,'შეესაბამება'),
(1762,'შეესაბამებოდეს'),
(2283,'შეეძლებათ'),
(2448,'შევეცდები'),
(1671,'შეზღუდვის'),
(2297,'შეთანხმებებისგან'),
(2230,'შეთანხმების'),
(1056,'შეიქმნას'),
(1993,'შეიცვალა'),
(2573,'შეიძლება'),
(1700,'შემდგომ'),
(1070,'შემდეგ'),
(1613,'შემთხვევაში'),
(2449,'შემოგთავაზოთ'),
(2292,'შემოსავლებს'),
(1200,'შენარჩუნება'),
(1559,'შენარჩუნების'),
(1372,'შენგელია'),
(1625,'შესაბამისად'),
(2033,'შესაბამისი'),
(2133,'შესაძლებელია'),
(960,'შესაძლებლობები'),
(1697,'შესაძლებლობებს'),
(2027,'შესაძლოა'),
(1331,'შესახებ'),
(1005,'შესახებ“'),
(2134,'შესრულდეს'),
(1706,'შესწავლაზე'),
(1815,'შეუსაბამოა'),
(2117,'შეუძლია'),
(2465,'შეუწყობს'),
(2426,'შეუწყოს'),
(1638,'შეფარდების'),
(1657,'შეფარდებისას'),
(2776,'შეფასება'),
(520,'შეფასებაზე'),
(2804,'შეფასებას'),
(2118,'შექმნას'),
(2114,'შექმნასა'),
(1402,'შექმნეს'),
(2260,'შექმნის'),
(2456,'შეხების'),
(2600,'შეხედვით'),
(2327,'შიდა'),
(1834,'შინაგან'),
(2352,'შოთა'),
(1261,'შონია'),
(1081,'შორის'),
(1478,'შუკვანი'),
(523,'შფოთვის'),
(1935,'ჩაახშოს'),
(1097,'ჩაერთონ'),
(2209,'ჩამდენ'),
(1662,'ჩამდენი'),
(2397,'ჩამოაყალიბა'),
(2685,'ჩამოყალიბებაზე'),
(1553,'ჩანს'),
(2113,'ჩართული'),
(959,'ჩარჩო'),
(2706,'ჩატარებულ'),
(1239,'ჩატარებული'),
(1082,'ჩატეხილია'),
(2451,'ჩემ'),
(1072,'ჩვენ'),
(1532,'ჩვენგანი'),
(2705,'ჩვენს'),
(2761,'ჩოჩია'),
(1431,'ჩხაიძე'),
(1525,'ცდილობს'),
(1185,'ცვალებად'),
(1913,'ცვალებადი'),
(1607,'ცვალებადობით'),
(1236,'ცვლილებების'),
(1189,'ცვლილებებისგან'),
(1962,'ცვლილებებისკენ'),
(2628,'ცვლილების'),
(2665,'ცისკარიშვილი-სოსელია'),
(2725,'ციფრული'),
(2345,'ციცი'),
(2721,'ცნობიერება'),
(2684,'ცნობიერების'),
(1257,'ცნობილი'),
(1576,'ცუდი'),
(2123,'ცხადად'),
(2487,'ცხვარიაშვილი'),
(1512,'ცხოველი“'),
(1099,'ცხოვრებაში'),
(1019,'ცხოვრების'),
(1552,'ძალაუფლება'),
(1479,'ძალაუფლების'),
(1515,'ძალაუფლებისკენ'),
(1518,'ძალაფლება'),
(2430,'ძალიან'),
(1918,'ძირითადად'),
(1589,'ძირითადი'),
(1992,'ძირფესვიანად'),
(1057,'ძლიერი'),
(2516,'წაიწია'),
(2216,'წამოჩინდება'),
(2806,'წამყვანი'),
(2811,'წარდგენილ'),
(2753,'წარმართვა'),
(1620,'წარმატება'),
(2003,'წარმატებული'),
(2755,'წარმოადგენდეს'),
(1213,'წარმოადგენენ'),
(1196,'წარმოადგენს'),
(2166,'წარმოაჩენს'),
(2085,'წარმოაჩინოს'),
(2537,'წარმოდგენილები'),
(2159,'წარმოდგენილია'),
(2805,'წარმოდგენლია'),
(1658,'წარმოების'),
(2740,'წარმოიქმნება'),
(2411,'წარმომადგენლები'),
(1338,'წარმოქმნილ'),
(1773,'წარმოქმნის'),
(2399,'წარმოშობის'),
(2414,'წარმოშობისა'),
(1452,'წარსულითა'),
(2263,'წელს'),
(2457,'წერტილები'),
(1522,'წესის'),
(1376,'წესრიგში'),
(2517,'წინ'),
(1535,'წინადადების'),
(1011,'წინამდებარე'),
(1804,'წინაპირობად'),
(1251,'წინაშე'),
(1455,'წლების'),
(2772,'წლის'),
(1075,'წრეში'),
(1255,'ჭრილში'),
(2347,'ხაზიური'),
(1352,'ხაზს'),
(2692,'ხანია'),
(1772,'ხარვეზს'),
(2294,'ხარისხს'),
(1604,'ხასიათდება'),
(1787,'ხასიათისაა'),
(1927,'ხასიათს'),
(2653,'ხატი“'),
(1202,'ხდება'),
(1933,'ხდებასისტემა'),
(1775,'ხდის'),
(2265,'ხელი'),
(2818,'ხელისუდფლების'),
(2810,'ხელისუფლების'),
(2053,'ხელმძღვანელი'),
(2122,'ხელმძღვანელმა'),
(2466,'ხელს'),
(2261,'ხელშეკრულებაა'),
(2279,'ხელშეკრულების'),
(1077,'ხიდი'),
(2071,'ხოლო'),
(2080,'ხსენებული'),
(1612,'ხშირ'),
(1851,'ჯავახიშვილის'),
(1269,'ჯანელიძე'),
(2674,'ჯანმრთელობა'),
(2712,'ჯანმრთელობაზე'),
(2717,'ჯანმრთელობის'),
(1015,'ჯაოშვილი'),
(2408,'ჯგუფის'),
(2101,'ჯერ'),
(2464,'ჰუმანიზაციას'),
(2428,'ჰუმანისტური'),
(1866,'ჰუმანიტარულ'),
(2765,'ჰუმანიტარული'),
(1060,'ჰქონდეს'),
(803,'‘verb’'),
(709,'“alterbridge’’'),
(2099,'“alterbridge”'),
(450,'“best'),
(92,'“here'),
(111,'“i”'),
(757,'“reading”'),
(832,'“the'),
(2194,'“ალტერბრიჯის“'),
(976,'„about'),
(9,'„alterbridge“'),
(1865,'„usma“'),
(2051,'„ალტერბრიჯის“'),
(2201,'„ალტერბრიჯის“ვიცე-რექტორი'),
(1980,'„ალტერბრიჯი“'),
(2436,'„ვეფხისტყაოსანი“'),
(2354,'„ვეფხისტყაოსნის“გამოყენება'),
(2660,'„მამაკაცის'),
(1511,'„პოლიტიკური'),
(2655,'„სოციალური'),
(2652,'„სხეულის'),
(2199,'„უსმა“-ს');

--
-- Table structure for table `submission_search_object_keywords`
--

CREATE TABLE `submission_search_object_keywords` (
  `object_id` bigint(20) NOT NULL,
  `keyword_id` bigint(20) NOT NULL,
  `pos` int(11) NOT NULL,
  UNIQUE KEY `submission_search_object_keywords_pkey` (`object_id`,`pos`),
  KEY `submission_search_object_keywords_keyword_id` (`keyword_id`)
) ENGINE=InnoDB DEFAULT CHARSET=utf8mb3 COLLATE=utf8mb3_general_ci;

--
-- Dumping data for table `submission_search_object_keywords`
--

INSERT INTO `submission_search_object_keywords` VALUES
(1,1,0),
(64,1,0),
(957,1,0),
(981,1,0),
(1,2,1),
(64,2,1),
(981,2,2),
(1,3,2),
(8,3,2),
(15,3,6),
(22,3,2),
(50,3,2),
(64,3,2),
(64,3,16),
(71,3,2),
(85,3,2),
(92,3,19),
(92,3,36),
(106,3,2),
(113,3,2),
(120,3,2),
(127,3,4),
(134,3,2),
(134,3,11),
(973,3,4),
(973,3,24),
(981,3,4),
(1,4,3),
(22,4,3),
(64,4,3),
(127,4,2),
(933,4,4),
(949,4,5),
(981,4,5),
(1,5,4),
(2,5,2),
(3,5,13),
(3,5,17),
(3,5,25),
(3,5,32),
(3,5,47),
(9,5,5),
(22,5,4),
(23,5,0),
(45,5,82),
(64,5,4),
(65,5,6),
(66,5,13),
(66,5,20),
(894,5,3),
(895,5,21),
(919,5,55),
(981,5,6),
(982,5,2),
(982,5,6),
(983,5,13),
(983,5,26),
(983,5,31),
(983,5,38),
(983,5,52),
(1039,5,24),
(1,6,5),
(22,6,5),
(64,6,5),
(887,6,65),
(887,6,119),
(949,6,7),
(951,6,44),
(965,6,8),
(981,6,7),
(1,7,6),
(8,7,3),
(64,7,6),
(64,7,17),
(973,7,5),
(1,8,7),
(8,8,4),
(22,8,7),
(64,8,7),
(64,8,18),
(71,8,3),
(127,8,5),
(949,8,8),
(973,8,7),
(981,8,10),
(1,9,8),
(8,9,5),
(22,9,8),
(50,9,12),
(64,9,13),
(64,9,24),
(917,9,22),
(933,9,13),
(973,9,17),
(981,9,16),
(1,10,9),
(8,10,6),
(22,10,9),
(50,10,13),
(57,10,9),
(64,10,8),
(64,10,19),
(71,10,4),
(85,10,11),
(127,10,6),
(885,10,5),
(901,10,7),
(917,10,16),
(933,10,7),
(941,10,8),
(949,10,9),
(957,10,5),
(957,10,9),
(965,10,11),
(973,10,11),
(981,10,11),
(1055,10,3),
(1055,10,15),
(1055,10,48),
(1057,10,11),
(1057,10,19),
(1,11,10),
(8,11,7),
(22,11,10),
(50,11,14),
(57,11,10),
(64,11,9),
(64,11,20),
(85,11,12),
(917,11,17),
(933,11,8),
(941,11,9),
(957,11,10),
(965,11,12),
(973,11,12),
(981,11,12),
(1,12,11),
(8,12,8),
(15,12,5),
(15,12,10),
(22,12,11),
(29,12,5),
(36,12,5),
(43,12,5),
(50,12,6),
(50,12,15),
(57,12,11),
(64,12,10),
(64,12,21),
(71,12,7),
(85,12,8),
(85,12,13),
(92,12,7),
(92,12,27),
(92,12,42),
(99,12,9),
(106,12,11),
(113,12,13),
(120,12,10),
(127,12,12),
(134,12,8),
(134,12,19),
(885,12,6),
(893,12,10),
(901,12,8),
(909,12,8),
(917,12,13),
(917,12,18),
(925,12,10),
(933,12,9),
(941,12,10),
(949,12,10),
(957,12,11),
(965,12,13),
(973,12,13),
(981,12,13),
(1029,12,6),
(1,13,12),
(8,13,9),
(15,13,4),
(17,13,9),
(17,13,31),
(22,13,12),
(29,13,4),
(36,13,4),
(43,13,4),
(45,13,25),
(50,13,16),
(57,13,12),
(64,13,11),
(64,13,22),
(85,13,14),
(917,13,19),
(933,13,10),
(941,13,11),
(942,13,0),
(943,13,17),
(943,13,23),
(949,13,11),
(957,13,12),
(958,13,1),
(959,13,69),
(965,13,14),
(967,13,65),
(973,13,14),
(981,13,14),
(991,13,66),
(1,14,13),
(2,14,1),
(3,14,0),
(3,14,51),
(8,14,10),
(8,14,11),
(16,14,2),
(17,14,3),
(17,14,8),
(17,14,81),
(22,14,13),
(50,14,17),
(57,14,13),
(64,14,12),
(64,14,23),
(64,14,25),
(72,14,5),
(73,14,6),
(73,14,11),
(73,14,25),
(73,14,43),
(73,14,51),
(85,14,15),
(919,14,57),
(949,14,12),
(965,14,15),
(973,14,15),
(973,14,18),
(981,14,15),
(1047,14,3),
(1047,14,7),
(1047,14,9),
(1047,14,15),
(1047,14,26),
(919,16,153),
(1047,16,33),
(1047,16,40),
(1049,16,5),
(894,17,9),
(895,17,72),
(981,17,17),
(982,17,11),
(983,17,71),
(983,17,84),
(983,17,91),
(983,17,109),
(983,17,130),
(983,17,133),
(1005,17,7),
(1055,17,69),
(982,18,21),
(983,18,131),
(3,19,1),
(3,20,2),
(3,20,55),
(17,20,6),
(38,20,53),
(94,20,9),
(94,20,42),
(129,20,138),
(895,20,34),
(903,20,15),
(934,20,4),
(935,20,40),
(935,20,43),
(951,20,15),
(959,20,52),
(959,20,78),
(967,20,94),
(983,20,20),
(983,20,34),
(999,20,8),
(999,20,19),
(1023,20,22),
(3,21,3),
(3,22,4),
(3,23,5),
(3,24,6),
(3,25,7),
(108,25,22),
(3,26,8),
(87,26,22),
(950,26,4),
(951,26,72),
(3,27,9),
(3,28,10),
(3,29,11),
(3,30,12),
(3,31,14),
(895,31,23),
(982,31,3),
(983,31,14),
(983,31,53),
(3,32,15),
(10,32,3),
(24,32,11),
(24,32,25),
(31,32,11),
(31,32,25),
(919,32,64),
(967,32,20),
(999,32,53),
(999,32,60),
(3,33,16),
(3,34,18),
(887,34,36),
(895,34,37),
(895,34,39),
(902,34,0),
(951,34,56),
(983,34,46),
(1055,34,4),
(3,35,19),
(3,36,20),
(129,36,86),
(943,36,21),
(991,36,46),
(991,36,50),
(1047,36,10),
(3,37,21),
(3,37,44),
(38,37,80),
(895,37,15),
(982,37,4),
(983,37,11),
(983,37,50),
(3,38,22),
(3,39,23),
(45,39,33),
(3,40,24),
(903,40,27),
(3,41,26),
(87,41,21),
(887,41,17),
(1007,41,44),
(3,42,27),
(3,43,28),
(967,43,4),
(991,43,4),
(3,44,29),
(3,45,30),
(3,46,31),
(2,47,3),
(3,47,33),
(895,47,22),
(982,47,7),
(3,48,34),
(73,48,52),
(1039,48,13),
(3,49,35),
(3,50,36),
(1015,50,12),
(3,51,37),
(23,51,1),
(951,51,23),
(3,52,38),
(52,52,39),
(1015,52,11),
(3,53,39),
(3,54,40),
(3,55,41),
(38,55,54),
(943,55,49),
(3,56,42),
(3,57,43),
(3,58,45),
(17,58,34),
(38,58,56),
(45,58,36),
(45,58,155),
(108,58,29),
(128,58,0),
(129,58,3),
(129,58,109),
(895,58,36),
(927,58,16),
(959,58,37),
(967,58,5),
(973,58,10),
(982,58,5),
(983,58,12),
(983,58,51),
(3,59,46),
(10,59,82),
(3,60,48),
(3,61,49),
(3,62,50),
(3,63,52),
(10,63,85),
(3,64,53),
(122,64,12),
(3,65,54),
(3,66,56),
(38,66,102),
(94,66,25),
(122,66,13),
(1039,66,16),
(1039,66,25),
(1039,66,29),
(1039,66,34),
(8,67,0),
(64,67,14),
(973,67,0),
(8,68,1),
(64,68,15),
(973,68,2),
(8,69,12),
(64,69,26),
(973,69,19),
(8,70,13),
(8,70,18),
(9,70,0),
(10,70,7),
(10,70,86),
(64,70,27),
(919,70,74),
(973,70,20),
(999,70,2),
(8,71,14),
(64,71,28),
(8,72,15),
(8,73,16),
(8,74,17),
(8,75,19),
(973,76,25),
(997,76,8),
(999,76,65),
(999,76,187),
(1001,76,4),
(999,77,171),
(1015,78,28),
(919,79,148),
(919,80,149),
(10,83,0),
(10,84,1),
(919,84,24),
(974,84,5),
(975,84,52),
(10,85,2),
(38,85,134),
(1047,85,6),
(10,86,4),
(959,86,42),
(10,87,5),
(10,88,6),
(951,88,24),
(9,89,1),
(10,89,8),
(10,90,9),
(45,90,148),
(100,90,3),
(107,90,6),
(935,90,45),
(959,90,54),
(10,91,10),
(45,91,125),
(94,91,2),
(887,91,16),
(887,91,18),
(10,92,11),
(10,93,12),
(10,94,13),
(10,95,14),
(10,96,15),
(10,97,16),
(136,97,7),
(136,97,26),
(10,98,17),
(10,98,74),
(919,98,68),
(1047,98,16),
(10,99,18),
(10,99,65),
(10,100,19),
(10,101,20),
(129,101,94),
(967,101,1),
(967,101,9),
(967,101,36),
(967,101,79),
(10,102,21),
(10,103,22),
(17,103,15),
(108,103,38),
(982,103,8),
(983,103,48),
(991,103,38),
(10,104,23),
(38,104,103),
(10,105,24),
(935,105,20),
(10,106,25),
(10,106,61),
(38,106,97),
(66,106,32),
(10,107,26),
(38,107,28),
(115,107,49),
(129,107,93),
(903,107,34),
(919,107,42),
(925,107,13),
(967,107,0),
(967,107,8),
(967,107,35),
(967,107,78),
(10,108,27),
(45,108,77),
(73,108,14),
(10,109,28),
(10,109,33),
(10,110,29),
(10,110,62),
(10,110,64),
(1007,110,36),
(10,111,30),
(10,112,31),
(10,112,75),
(24,112,57),
(31,112,57),
(115,112,71),
(10,113,32),
(10,113,38),
(17,113,58),
(24,113,47),
(31,113,47),
(59,113,25),
(59,113,36),
(59,113,39),
(59,113,98),
(10,114,34),
(73,114,50),
(943,114,46),
(959,114,51),
(10,115,35),
(2,116,0),
(10,116,36),
(10,117,37),
(10,118,39),
(38,118,19),
(72,118,4),
(73,118,5),
(73,118,10),
(73,118,18),
(73,118,24),
(73,118,42),
(959,118,65),
(967,118,110),
(10,119,40),
(17,119,26),
(23,119,3),
(135,119,3),
(136,119,6),
(136,119,52),
(10,120,41),
(38,120,84),
(52,120,30),
(73,120,44),
(108,120,39),
(895,120,11),
(935,120,38),
(967,120,97),
(975,120,43),
(983,120,44),
(1023,120,2),
(1023,120,27),
(1055,120,2),
(1055,120,11),
(1055,120,25),
(1055,120,40),
(1062,120,1),
(10,121,42),
(895,121,12),
(983,121,45),
(1015,121,3),
(1023,121,3),
(10,122,43),
(10,123,44),
(10,124,45),
(10,124,88),
(10,125,46),
(10,126,47),
(45,126,140),
(10,127,48),
(10,127,52),
(24,127,2),
(31,127,2),
(45,127,130),
(136,127,11),
(136,127,31),
(136,127,40),
(919,127,15),
(919,127,38),
(935,127,29),
(999,127,32),
(1039,127,36),
(10,128,49),
(10,129,50),
(17,129,33),
(911,129,25),
(10,130,51),
(10,131,53),
(10,132,54),
(129,132,42),
(10,133,55),
(10,134,56),
(10,135,57),
(45,135,24),
(45,135,152),
(94,135,47),
(967,135,11),
(975,135,19),
(991,135,40),
(1047,135,5),
(10,136,58),
(10,137,59),
(983,137,28),
(10,138,60),
(10,139,63),
(10,140,66),
(10,141,67),
(38,141,38),
(73,141,41),
(10,142,68),
(45,142,116),
(129,142,104),
(919,142,75),
(958,142,0),
(959,142,22),
(959,142,53),
(959,142,66),
(959,142,68),
(959,142,77),
(10,143,69),
(10,144,70),
(967,144,52),
(10,145,71),
(10,146,72),
(45,146,89),
(983,146,22),
(10,147,73),
(87,147,28),
(101,147,30),
(115,147,59),
(943,147,14),
(951,147,41),
(967,147,86),
(1015,147,20),
(1055,147,50),
(10,148,76),
(44,148,1),
(45,148,2),
(10,149,77),
(45,149,138),
(52,149,11),
(87,149,14),
(919,149,67),
(975,149,28),
(10,150,78),
(38,150,25),
(129,150,4),
(10,151,79),
(10,152,80),
(10,153,81),
(45,153,133),
(10,154,83),
(23,154,2),
(66,154,27),
(73,154,4),
(967,154,63),
(10,155,84),
(73,155,37),
(967,155,100),
(10,156,87),
(10,157,89),
(38,157,18),
(919,157,17),
(10,158,90),
(999,158,58),
(9,159,4),
(10,159,91),
(10,160,92),
(885,160,14),
(10,161,93),
(10,162,94),
(917,162,20),
(925,162,7),
(925,162,11),
(933,162,11),
(941,162,12),
(957,162,13),
(15,163,0),
(134,163,9),
(15,164,1),
(15,165,2),
(29,165,2),
(36,165,2),
(43,165,2),
(57,165,2),
(893,165,4),
(15,166,3),
(29,166,3),
(36,166,3),
(43,166,3),
(15,167,7),
(50,167,3),
(85,167,3),
(92,167,2),
(92,167,20),
(92,167,37),
(99,167,2),
(106,167,3),
(113,167,3),
(120,167,3),
(134,167,3),
(134,167,12),
(885,167,8),
(901,167,5),
(909,167,10),
(917,167,5),
(925,167,5),
(941,167,5),
(15,168,8),
(52,168,22),
(52,168,32),
(85,168,19),
(94,168,6),
(94,168,51),
(101,168,8),
(101,168,33),
(107,168,1),
(107,168,9),
(108,168,14),
(136,168,30),
(958,168,3),
(966,168,3),
(991,168,16),
(999,168,31),
(1023,168,37),
(1031,168,9),
(1031,168,47),
(1055,168,20),
(15,169,9),
(925,171,27),
(959,172,145),
(990,172,9),
(17,174,0),
(16,175,0),
(17,175,1),
(17,175,7),
(17,175,78),
(959,175,36),
(990,175,0),
(1023,175,16),
(17,176,2),
(17,176,80),
(17,177,4),
(17,178,5),
(17,178,16),
(17,179,10),
(17,180,11),
(17,180,12),
(911,180,19),
(17,181,13),
(999,181,24),
(17,182,14),
(17,182,19),
(17,182,36),
(17,182,38),
(38,182,68),
(45,182,44),
(959,182,14),
(959,182,26),
(991,182,64),
(991,182,67),
(1047,182,14),
(17,183,17),
(17,184,18),
(17,185,20),
(17,185,55),
(17,186,21),
(903,186,31),
(1047,186,28),
(17,187,22),
(38,187,128),
(911,187,31),
(911,187,41),
(17,188,23),
(17,189,24),
(959,189,17),
(17,190,25),
(17,190,62),
(17,190,69),
(17,190,76),
(52,190,6),
(66,190,8),
(951,190,51),
(17,191,27),
(17,192,28),
(94,192,15),
(101,192,36),
(887,192,75),
(887,192,129),
(935,192,28),
(17,193,29),
(17,193,32),
(927,193,15),
(17,194,30),
(887,194,64),
(887,194,118),
(951,194,36),
(17,195,35),
(38,195,20),
(911,195,30),
(17,196,37),
(45,196,99),
(951,196,11),
(17,197,39),
(17,198,40),
(38,198,62),
(17,199,41),
(17,200,42),
(122,200,15),
(927,200,29),
(17,201,43),
(951,201,19),
(17,202,44),
(17,203,45),
(52,203,40),
(66,203,23),
(128,203,4),
(129,203,8),
(129,203,37),
(129,203,67),
(129,203,132),
(136,203,27),
(926,203,5),
(927,203,12),
(951,203,5),
(951,203,61),
(959,203,57),
(959,203,73),
(975,203,23),
(982,203,10),
(983,203,33),
(983,203,43),
(990,203,6),
(991,203,11),
(991,203,44),
(1007,203,3),
(1007,203,24),
(1055,203,8),
(17,204,46),
(959,204,34),
(991,204,9),
(17,205,47),
(17,206,48),
(17,207,49),
(136,207,9),
(17,208,50),
(101,208,12),
(136,208,10),
(17,209,51),
(94,209,33),
(999,209,41),
(17,210,52),
(17,211,53),
(17,211,64),
(17,211,82),
(951,211,14),
(959,211,38),
(975,211,31),
(17,212,54),
(17,213,56),
(24,213,14),
(31,213,14),
(129,213,60),
(129,213,135),
(911,213,22),
(17,214,57),
(38,214,120),
(903,214,23),
(911,214,15),
(17,215,59),
(919,215,29),
(17,216,60),
(17,216,70),
(17,217,61),
(17,218,63),
(17,218,77),
(17,219,65),
(17,219,67),
(45,219,106),
(17,220,66),
(17,221,68),
(24,221,23),
(31,221,23),
(58,221,4),
(72,221,0),
(73,221,32),
(73,221,48),
(926,221,0),
(927,221,27),
(950,221,0),
(1023,221,34),
(17,222,71),
(17,223,72),
(927,223,14),
(927,223,32),
(1015,223,5),
(17,224,73),
(45,224,145),
(951,224,2),
(17,225,74),
(17,226,75),
(17,227,79),
(17,228,83),
(22,229,0),
(22,230,1),
(22,231,6),
(917,231,15),
(933,231,5),
(941,231,6),
(24,235,0),
(31,235,0),
(24,236,1),
(31,236,1),
(887,236,52),
(887,236,106),
(24,237,3),
(31,237,3),
(115,237,62),
(24,238,4),
(24,238,48),
(31,238,4),
(31,238,48),
(38,238,60),
(38,238,78),
(38,238,107),
(38,238,116),
(966,238,4),
(967,238,6),
(967,238,25),
(967,238,40),
(967,238,49),
(967,238,69),
(967,238,83),
(967,238,87),
(967,238,101),
(24,239,5),
(31,239,5),
(24,240,6),
(31,240,6),
(24,241,7),
(24,241,9),
(31,241,7),
(31,241,9),
(115,241,20),
(24,242,8),
(31,242,8),
(1007,242,29),
(1007,242,43),
(1007,242,47),
(24,243,10),
(31,243,10),
(999,243,27),
(1007,243,12),
(24,244,12),
(31,244,12),
(911,244,23),
(1039,244,28),
(24,245,13),
(31,245,13),
(24,246,15),
(31,246,15),
(983,246,32),
(999,246,9),
(1015,246,2),
(24,247,16),
(31,247,16),
(24,248,17),
(24,248,19),
(24,248,24),
(24,248,30),
(30,248,4),
(31,248,17),
(31,248,19),
(31,248,24),
(31,248,30),
(24,249,18),
(31,249,18),
(94,249,35),
(108,249,40),
(122,249,22),
(887,249,40),
(943,249,20),
(991,249,36),
(1031,249,22),
(1031,249,60),
(24,250,20),
(31,250,20),
(24,251,21),
(31,251,21),
(1009,251,9),
(24,252,22),
(31,252,22),
(24,253,26),
(31,253,26),
(24,254,27),
(31,254,27),
(38,254,88),
(1007,254,37),
(1023,254,36),
(24,255,28),
(31,255,28),
(24,256,29),
(31,256,29),
(24,257,31),
(31,257,31),
(108,257,25),
(24,258,32),
(31,258,32),
(38,258,34),
(45,258,13),
(101,258,20),
(911,258,36),
(943,258,34),
(943,258,42),
(1006,258,4),
(1007,258,18),
(1007,258,35),
(24,259,33),
(31,259,33),
(983,259,23),
(24,260,34),
(31,260,34),
(24,261,35),
(31,261,35),
(59,261,46),
(902,261,7),
(903,261,33),
(1015,261,13),
(24,262,36),
(31,262,36),
(887,262,28),
(24,263,37),
(31,263,37),
(108,263,5),
(129,263,0),
(935,263,36),
(1031,263,2),
(1031,263,40),
(24,264,38),
(24,264,50),
(31,264,38),
(31,264,50),
(959,264,55),
(24,265,39),
(31,265,39),
(59,265,35),
(24,266,40),
(31,266,40),
(129,266,49),
(991,266,30),
(24,267,41),
(31,267,41),
(38,267,129),
(38,267,137),
(24,268,42),
(24,268,52),
(24,268,58),
(30,268,0),
(31,268,42),
(31,268,52),
(31,268,58),
(58,268,3),
(59,268,27),
(59,268,38),
(59,268,100),
(24,269,43),
(31,269,43),
(24,270,44),
(31,270,44),
(24,271,45),
(31,271,45),
(113,271,4),
(966,271,0),
(24,272,46),
(31,272,46),
(121,272,0),
(129,272,24),
(910,272,5),
(911,272,40),
(951,272,55),
(966,272,1),
(24,273,49),
(31,273,49),
(24,274,51),
(31,274,51),
(66,274,16),
(101,274,45),
(129,274,27),
(895,274,33),
(943,274,39),
(1023,274,29),
(24,275,53),
(31,275,53),
(24,276,54),
(31,276,54),
(24,277,55),
(31,277,55),
(1007,277,4),
(24,278,56),
(31,278,56),
(24,279,59),
(31,279,59),
(1062,279,0),
(24,280,60),
(31,280,60),
(59,280,34),
(24,281,61),
(31,281,61),
(73,281,17),
(24,282,62),
(31,282,62),
(24,283,63),
(31,283,63),
(29,284,0),
(29,285,1),
(30,286,1),
(30,287,2),
(38,287,131),
(30,288,3),
(36,289,0),
(43,289,0),
(36,290,1),
(37,291,0),
(128,291,1),
(1031,291,33),
(1031,291,71),
(37,292,1),
(66,292,22),
(72,292,3),
(73,292,29),
(73,292,47),
(927,292,8),
(958,292,2),
(959,292,16),
(959,292,43),
(959,292,70),
(991,292,37),
(1006,292,5),
(1007,292,19),
(1015,292,21),
(37,293,2),
(38,293,2),
(38,293,31),
(38,293,77),
(38,293,122),
(38,293,126),
(37,294,3),
(38,294,144),
(37,295,4),
(38,295,3),
(38,295,32),
(38,295,40),
(38,295,87),
(38,295,123),
(38,295,145),
(38,295,150),
(38,296,0),
(51,296,2),
(52,296,3),
(38,297,1),
(59,297,6),
(951,297,52),
(38,298,4),
(38,299,5),
(927,299,24),
(38,300,6),
(121,300,7),
(38,301,7),
(66,301,10),
(38,302,8),
(45,302,74),
(959,302,76),
(1017,302,13),
(38,303,9),
(910,303,1),
(38,304,10),
(38,305,11),
(38,306,12),
(38,306,67),
(38,306,74),
(59,306,15),
(94,306,23),
(115,306,68),
(903,306,28),
(38,307,13),
(38,308,14),
(38,309,15),
(73,309,15),
(38,310,16),
(38,311,17),
(73,311,26),
(1007,311,5),
(38,312,21),
(38,313,22),
(927,313,19),
(38,314,23),
(38,315,24),
(38,315,139),
(38,316,26),
(38,316,37),
(38,316,45),
(45,316,45),
(45,316,149),
(45,316,151),
(919,316,49),
(959,316,13),
(999,316,62),
(38,317,27),
(38,318,29),
(38,319,30),
(94,319,22),
(951,319,6),
(38,320,33),
(38,321,35),
(136,321,50),
(1039,321,7),
(38,322,36),
(38,322,46),
(38,322,109),
(38,322,146),
(73,322,35),
(73,322,49),
(129,322,66),
(129,322,77),
(967,322,95),
(38,323,39),
(38,323,153),
(38,324,41),
(38,324,124),
(38,325,42),
(38,326,43),
(895,326,29),
(943,326,43),
(975,326,45),
(1015,326,14),
(1023,326,4),
(1031,326,23),
(1031,326,61),
(38,327,44),
(108,327,30),
(38,328,47),
(38,328,105),
(38,328,110),
(38,329,48),
(38,330,49),
(45,330,48),
(45,330,83),
(911,330,37),
(951,330,48),
(1023,330,14),
(38,331,50),
(975,331,46),
(38,332,51),
(38,332,59),
(129,332,99),
(38,333,52),
(38,333,130),
(38,334,55),
(38,335,57),
(44,335,3),
(45,335,4),
(45,335,47),
(943,335,32),
(949,335,6),
(951,335,10),
(959,335,27),
(965,335,7),
(993,335,2),
(1047,335,13),
(38,336,58),
(38,336,141),
(919,336,70),
(38,337,61),
(38,337,115),
(38,338,63),
(887,338,39),
(38,339,64),
(919,339,46),
(38,340,65),
(38,340,119),
(129,340,87),
(919,340,22),
(38,341,66),
(38,342,69),
(129,342,82),
(38,343,70),
(38,344,71),
(38,345,72),
(129,345,125),
(38,346,73),
(129,346,126),
(38,347,75),
(38,348,76),
(38,348,106),
(115,348,51),
(38,349,79),
(38,350,81),
(38,351,82),
(45,351,38),
(45,351,50),
(45,351,78),
(45,351,92),
(129,351,71),
(129,351,92),
(910,351,3),
(911,351,11),
(911,351,29),
(911,351,34),
(911,351,39),
(38,352,83),
(38,352,142),
(38,353,85),
(66,353,28),
(136,353,60),
(38,354,86),
(38,355,89),
(38,356,90),
(38,357,91),
(38,358,92),
(38,359,93),
(38,360,94),
(903,360,30),
(919,360,48),
(927,360,9),
(38,361,95),
(108,361,36),
(129,361,110),
(38,362,96),
(121,362,5),
(136,362,29),
(38,363,98),
(38,364,99),
(38,365,100),
(45,365,15),
(45,365,37),
(45,365,91),
(45,365,102),
(45,365,144),
(38,366,101),
(45,366,90),
(66,366,9),
(966,366,2),
(967,366,68),
(38,367,104),
(38,368,108),
(38,369,111),
(1031,369,30),
(1031,369,68),
(38,370,112),
(38,371,113),
(38,372,114),
(52,372,9),
(52,372,21),
(52,372,26),
(52,372,27),
(57,372,7),
(59,372,60),
(59,372,61),
(66,372,43),
(66,372,50),
(92,372,9),
(106,372,6),
(115,372,10),
(115,372,17),
(122,372,5),
(122,372,10),
(127,372,7),
(127,372,9),
(127,372,11),
(129,372,25),
(129,372,33),
(129,372,38),
(129,372,63),
(129,372,115),
(885,372,17),
(885,372,19),
(885,372,21),
(885,372,24),
(885,372,26),
(885,372,28),
(885,372,30),
(885,372,33),
(893,372,12),
(893,372,15),
(893,372,17),
(893,372,19),
(893,372,21),
(893,372,23),
(901,372,13),
(901,372,15),
(901,372,17),
(901,372,20),
(901,372,22),
(909,372,12),
(909,372,14),
(909,372,16),
(909,372,19),
(909,372,21),
(917,372,8),
(917,372,21),
(925,372,17),
(925,372,19),
(925,372,22),
(925,372,24),
(925,372,26),
(925,372,28),
(925,372,31),
(925,372,33),
(925,372,35),
(933,372,6),
(933,372,12),
(933,372,15),
(933,372,17),
(933,372,19),
(933,372,20),
(933,372,23),
(933,372,25),
(933,372,27),
(941,372,7),
(941,372,16),
(941,372,17),
(941,372,19),
(941,372,21),
(957,372,8),
(957,372,16),
(957,372,17),
(957,372,19),
(957,372,21),
(957,372,23),
(957,372,27),
(957,372,29),
(957,372,31),
(965,372,10),
(965,372,18),
(965,372,21),
(965,372,23),
(965,372,25),
(965,372,28),
(965,372,29),
(965,372,31),
(965,372,33),
(965,372,35),
(973,372,6),
(973,372,16),
(973,372,26),
(973,372,29),
(973,372,30),
(973,372,32),
(973,372,34),
(973,372,36),
(973,372,39),
(973,372,41),
(973,372,43),
(981,372,18),
(981,372,20),
(981,372,23),
(981,372,24),
(981,372,26),
(981,372,28),
(981,372,30),
(981,372,34),
(981,372,35),
(981,372,37),
(991,372,14),
(991,372,31),
(991,372,45),
(991,372,58),
(991,372,71),
(991,372,79),
(991,372,109),
(991,372,119),
(991,372,141),
(991,372,142),
(991,372,143),
(991,372,144),
(991,372,147),
(991,372,148),
(991,372,149),
(991,372,186),
(999,372,20),
(999,372,22),
(999,372,78),
(999,372,82),
(999,372,159),
(999,372,185),
(1007,372,68),
(1007,372,88),
(1023,372,66),
(1023,372,80),
(1023,372,91),
(1031,372,5),
(1031,372,43),
(1039,372,100),
(1047,372,66),
(1055,372,92),
(38,373,117),
(38,373,143),
(951,373,34),
(975,373,38),
(38,374,118),
(108,374,23),
(38,375,121),
(38,376,125),
(38,377,127),
(38,378,132),
(38,379,133),
(38,380,135),
(38,381,136),
(983,381,24),
(991,381,65),
(38,382,138),
(38,383,140),
(66,383,12),
(38,384,147),
(115,384,35),
(935,384,39),
(991,384,49),
(38,385,148),
(942,385,1),
(943,385,22),
(959,385,48),
(991,385,51),
(38,386,149),
(38,387,151),
(38,388,152),
(38,389,154),
(43,390,1),
(950,391,13),
(951,391,80),
(951,391,102),
(951,391,148),
(943,392,90),
(949,392,14),
(959,392,112),
(965,392,20),
(1014,393,2),
(1015,393,29),
(1015,393,47),
(1017,393,0),
(1017,393,4),
(1017,393,6),
(1022,393,1),
(1023,393,47),
(1023,393,63),
(1025,393,2),
(45,395,0),
(44,396,0),
(45,396,1),
(45,396,62),
(45,396,64),
(45,396,72),
(45,396,97),
(45,396,113),
(45,396,141),
(45,396,146),
(45,396,153),
(50,396,8),
(1015,396,7),
(1015,396,17),
(1017,396,8),
(1017,396,10),
(1017,396,12),
(1023,396,5),
(1023,396,17),
(1047,396,19),
(44,397,2),
(45,397,3),
(45,397,21),
(45,397,29),
(45,397,63),
(45,397,114),
(950,397,5),
(951,397,3),
(951,397,21),
(951,397,59),
(45,398,5),
(45,399,6),
(45,400,7),
(45,401,8),
(45,402,9),
(45,403,10),
(45,404,11),
(72,404,2),
(999,404,44),
(45,405,12),
(935,405,31),
(45,406,14),
(45,407,16),
(45,407,40),
(45,407,86),
(45,407,87),
(45,407,104),
(45,407,112),
(943,407,16),
(943,407,25),
(943,407,37),
(45,408,17),
(45,409,18),
(45,410,19),
(45,411,20),
(887,411,19),
(887,411,27),
(1055,411,47),
(45,412,22),
(45,412,98),
(45,412,109),
(45,412,147),
(951,412,18),
(45,413,23),
(45,414,26),
(45,414,30),
(45,414,118),
(919,414,39),
(935,414,16),
(45,415,27),
(45,416,28),
(45,416,34),
(87,416,27),
(45,417,31),
(129,417,116),
(45,418,32),
(45,419,35),
(45,420,39),
(45,420,75),
(45,420,85),
(45,420,100),
(45,420,103),
(45,420,111),
(911,420,21),
(951,420,12),
(1006,420,0),
(1007,420,14),
(1007,420,39),
(1007,420,51),
(1009,420,8),
(45,421,41),
(45,422,42),
(45,423,43),
(45,424,46),
(45,425,49),
(911,425,38),
(951,425,49),
(1007,425,31),
(45,426,51),
(129,426,103),
(958,426,6),
(959,426,41),
(45,427,52),
(51,427,1),
(52,427,12),
(52,427,33),
(122,427,14),
(129,427,70),
(919,427,25),
(927,427,17),
(45,428,53),
(887,428,67),
(887,428,121),
(45,429,54),
(45,430,55),
(115,430,34),
(919,430,69),
(943,430,45),
(967,430,47),
(967,430,108),
(45,431,56),
(87,431,20),
(45,432,57),
(999,432,29),
(45,433,58),
(45,434,59),
(45,435,60),
(45,436,61),
(45,436,127),
(73,436,21),
(73,436,27),
(967,436,76),
(45,437,65),
(45,437,154),
(45,438,66),
(45,438,84),
(45,439,67),
(45,440,68),
(45,441,69),
(45,442,70),
(66,442,55),
(895,442,13),
(45,443,71),
(45,443,73),
(45,443,108),
(129,443,79),
(991,443,26),
(45,444,76),
(45,445,79),
(967,445,45),
(967,445,55),
(45,446,80),
(45,447,81),
(45,448,88),
(45,449,93),
(894,449,6),
(895,449,40),
(45,450,94),
(45,451,95),
(45,452,96),
(926,452,4),
(45,453,101),
(45,454,105),
(45,455,107),
(45,456,110),
(45,457,115),
(45,458,117),
(45,459,119),
(895,459,24),
(967,459,77),
(974,459,3),
(45,460,120),
(910,460,0),
(45,461,121),
(108,461,21),
(967,461,24),
(967,461,33),
(967,461,113),
(45,462,122),
(65,462,5),
(66,462,34),
(887,462,31),
(1055,462,51),
(45,463,123),
(45,464,124),
(45,464,129),
(45,465,126),
(45,466,128),
(45,467,131),
(45,468,132),
(991,468,47),
(45,469,134),
(45,470,135),
(45,471,136),
(45,472,137),
(45,473,139),
(129,473,123),
(895,473,14),
(895,473,25),
(45,474,142),
(45,475,143),
(136,475,59),
(951,475,26),
(1047,475,23),
(45,476,150),
(50,477,0),
(50,478,1),
(50,479,4),
(85,479,6),
(92,479,5),
(92,479,25),
(99,479,7),
(106,479,9),
(113,479,11),
(120,479,8),
(134,479,17),
(893,479,8),
(909,479,6),
(917,479,11),
(925,479,8),
(925,479,15),
(50,480,5),
(85,480,7),
(92,480,6),
(92,480,26),
(92,480,41),
(99,480,8),
(106,480,10),
(113,480,12),
(120,480,9),
(134,480,7),
(134,480,18),
(893,480,9),
(909,480,7),
(917,480,12),
(925,480,9),
(951,480,39),
(951,480,64),
(975,480,18),
(975,480,22),
(1007,480,48),
(1009,480,10),
(1029,480,5),
(50,481,7),
(73,481,20),
(887,481,95),
(887,481,149),
(50,482,9),
(57,482,4),
(65,482,4),
(66,482,15),
(50,483,10),
(57,483,5),
(85,483,9),
(50,484,11),
(57,484,6),
(85,484,10),
(51,485,0),
(52,485,4),
(51,486,3),
(52,486,5),
(51,487,4),
(52,487,14),
(51,488,5),
(52,488,29),
(52,489,0),
(59,489,13),
(66,489,5),
(94,489,34),
(903,489,13),
(927,489,25),
(943,489,11),
(943,489,19),
(959,489,61),
(1031,489,3),
(1031,489,41),
(52,490,1),
(52,491,2),
(59,491,95),
(59,491,102),
(52,492,7),
(951,492,69),
(1007,492,49),
(1009,492,11),
(1017,492,11),
(52,493,8),
(52,494,10),
(52,495,13),
(52,496,15),
(52,497,16),
(52,498,17),
(129,498,107),
(887,498,90),
(887,498,144),
(52,499,18),
(1047,499,4),
(52,500,19),
(122,500,23),
(52,501,20),
(122,501,24),
(52,502,23),
(52,502,35),
(935,502,25),
(975,502,36),
(975,502,48),
(1007,502,23),
(52,503,24),
(52,504,25),
(52,504,34),
(967,504,19),
(52,505,28),
(52,506,31),
(52,507,36),
(52,508,37),
(52,509,38),
(52,510,41),
(52,511,42),
(52,512,43),
(57,513,0),
(965,513,0),
(57,514,1),
(57,515,3),
(57,516,8),
(903,517,80),
(919,517,133),
(925,517,32),
(999,517,88),
(951,518,110),
(991,518,151),
(999,518,139),
(1039,518,69),
(1055,518,62),
(1055,518,88),
(1055,518,101),
(1055,518,114),
(926,524,8),
(935,524,64),
(950,524,12),
(974,524,8),
(991,524,113),
(1023,524,92),
(1039,524,40),
(1046,524,2),
(59,525,0),
(59,526,1),
(59,526,79),
(58,527,0),
(58,527,6),
(59,527,2),
(59,527,10),
(59,527,17),
(59,527,20),
(59,527,22),
(59,527,32),
(59,527,40),
(59,527,49),
(59,527,53),
(59,527,80),
(59,527,83),
(59,527,96),
(59,527,103),
(59,528,3),
(59,529,4),
(59,529,42),
(59,529,56),
(59,530,5),
(59,531,7),
(967,531,43),
(59,532,8),
(59,532,9),
(59,533,11),
(59,534,12),
(101,534,44),
(903,534,14),
(911,534,18),
(59,535,14),
(927,535,26),
(59,536,16),
(58,537,1),
(59,537,18),
(59,537,97),
(59,538,19),
(58,539,5),
(59,539,21),
(59,539,23),
(59,539,104),
(1055,539,5),
(59,540,24),
(58,541,2),
(59,541,26),
(59,541,37),
(59,541,99),
(59,542,28),
(59,542,70),
(59,543,29),
(59,544,30),
(967,544,3),
(975,544,50),
(59,545,31),
(59,546,33),
(59,547,41),
(59,547,52),
(59,547,82),
(59,548,43),
(59,548,57),
(59,549,44),
(59,550,45),
(101,550,11),
(59,551,47),
(59,552,48),
(59,553,50),
(59,554,51),
(59,555,54),
(59,555,84),
(59,556,55),
(59,556,59),
(59,556,76),
(59,556,85),
(59,556,86),
(59,557,58),
(59,558,62),
(129,558,21),
(991,558,77),
(59,559,63),
(59,559,73),
(66,559,31),
(94,559,13),
(107,559,7),
(129,559,19),
(959,559,59),
(59,560,64),
(129,560,2),
(895,560,31),
(943,560,41),
(967,560,59),
(991,560,35),
(1031,560,4),
(1031,560,42),
(59,561,65),
(59,562,66),
(901,562,11),
(965,562,9),
(59,563,67),
(59,564,68),
(991,564,72),
(59,565,69),
(59,566,71),
(59,567,72),
(129,567,18),
(129,567,22),
(999,567,48),
(59,568,74),
(66,568,30),
(59,569,75),
(59,570,77),
(59,571,78),
(59,572,81),
(101,572,26),
(59,573,87),
(59,574,88),
(59,575,89),
(59,576,90),
(59,577,91),
(59,578,92),
(59,579,93),
(59,580,94),
(59,581,101),
(9,582,2),
(73,582,40),
(1015,582,4),
(9,583,3),
(9,584,6),
(65,584,7),
(66,584,14),
(66,584,21),
(919,584,56),
(957,584,6),
(16,585,1),
(58,586,7),
(65,587,0),
(887,587,43),
(65,588,1),
(65,589,2),
(975,589,34),
(65,590,3),
(66,591,0),
(66,591,36),
(66,591,37),
(66,591,62),
(73,591,0),
(73,591,55),
(87,591,0),
(87,591,31),
(101,591,0),
(101,591,48),
(108,591,0),
(108,591,53),
(115,591,0),
(115,591,75),
(122,591,0),
(122,591,29),
(136,591,0),
(136,591,62),
(887,591,0),
(887,591,5),
(887,591,8),
(887,591,152),
(887,591,153),
(887,591,154),
(895,591,0),
(895,591,5),
(895,591,8),
(895,591,41),
(895,591,42),
(895,591,43),
(895,591,44),
(895,591,49),
(895,591,52),
(895,591,90),
(895,591,91),
(895,591,92),
(903,591,0),
(903,591,5),
(903,591,8),
(903,591,41),
(903,591,42),
(903,591,43),
(903,591,44),
(903,591,49),
(903,591,52),
(903,591,87),
(903,591,88),
(903,591,89),
(911,591,0),
(911,591,5),
(911,591,8),
(911,591,42),
(911,591,43),
(911,591,44),
(919,591,0),
(919,591,5),
(919,591,8),
(919,591,76),
(919,591,77),
(919,591,78),
(919,591,79),
(919,591,84),
(919,591,87),
(919,591,154),
(919,591,155),
(919,591,156),
(919,591,157),
(919,591,162),
(919,591,165),
(919,591,190),
(919,591,191),
(919,591,192),
(935,591,0),
(935,591,5),
(935,591,8),
(935,591,48),
(935,591,49),
(935,591,50),
(935,591,51),
(935,591,56),
(935,591,59),
(935,591,115),
(935,591,116),
(935,591,117),
(943,591,0),
(943,591,5),
(943,591,8),
(943,591,50),
(943,591,51),
(943,591,52),
(943,591,53),
(943,591,58),
(943,591,61),
(943,591,117),
(943,591,118),
(943,591,119),
(959,591,0),
(959,591,5),
(959,591,8),
(959,591,80),
(959,591,81),
(959,591,82),
(975,591,0),
(975,591,5),
(975,591,8),
(975,591,53),
(975,591,54),
(975,591,55),
(975,591,56),
(975,591,61),
(975,591,64),
(975,591,130),
(975,591,131),
(975,591,132),
(983,591,0),
(983,591,5),
(983,591,8),
(983,591,54),
(983,591,55),
(983,591,56),
(983,591,57),
(983,591,62),
(983,591,65),
(983,591,68),
(983,591,96),
(983,591,97),
(983,591,98),
(983,591,101),
(983,591,118),
(983,591,119),
(983,591,120),
(983,591,123),
(983,591,141),
(983,591,142),
(983,591,143),
(983,591,144),
(66,592,1),
(66,592,35),
(66,592,38),
(66,592,44),
(66,592,45),
(66,592,51),
(66,592,52),
(66,592,56),
(66,592,57),
(66,592,61),
(73,592,1),
(73,592,54),
(87,592,1),
(87,592,30),
(101,592,1),
(101,592,47),
(108,592,1),
(108,592,52),
(115,592,1),
(115,592,5),
(115,592,6),
(115,592,11),
(115,592,12),
(115,592,18),
(122,592,1),
(122,592,11),
(136,592,1),
(136,592,61),
(927,592,33),
(927,592,40),
(959,592,86),
(959,592,100),
(959,592,102),
(959,592,107),
(66,593,2),
(66,593,39),
(66,593,46),
(66,593,53),
(66,593,58),
(73,593,2),
(87,593,2),
(101,593,2),
(108,593,2),
(115,593,2),
(115,593,7),
(115,593,13),
(122,593,2),
(136,593,2),
(959,593,87),
(959,593,103),
(66,594,3),
(66,594,47),
(66,594,59),
(87,594,3),
(108,594,3),
(115,594,3),
(122,594,3),
(959,594,88),
(959,594,104),
(66,595,4),
(66,595,48),
(66,595,60),
(87,595,4),
(108,595,4),
(115,595,4),
(122,595,4),
(959,595,89),
(959,595,105),
(66,596,6),
(943,596,12),
(66,597,7),
(943,597,13),
(66,598,11),
(1055,598,28),
(66,599,17),
(101,599,46),
(108,599,6),
(129,599,1),
(129,599,10),
(129,599,28),
(895,599,28),
(935,599,37),
(959,599,60),
(991,599,48),
(991,599,61),
(991,599,70),
(991,599,73),
(991,599,78),
(1023,599,30),
(1031,599,14),
(1031,599,52),
(1039,599,19),
(1039,599,23),
(66,600,18),
(959,600,56),
(1039,600,22),
(66,601,19),
(86,601,5),
(917,601,24),
(66,602,24),
(66,603,25),
(66,604,26),
(66,605,29),
(66,606,33),
(66,607,40),
(66,607,54),
(73,607,3),
(101,607,3),
(115,607,8),
(115,607,14),
(136,607,3),
(66,608,41),
(66,609,42),
(66,610,49),
(71,611,0),
(71,612,1),
(71,613,5),
(127,613,8),
(71,614,6),
(127,614,10),
(72,615,1),
(73,616,7),
(73,617,8),
(73,618,9),
(73,619,12),
(73,620,13),
(919,620,21),
(73,621,16),
(73,622,19),
(73,623,22),
(73,624,23),
(73,625,28),
(73,626,30),
(967,626,109),
(967,626,112),
(73,627,31),
(73,628,33),
(73,629,34),
(73,630,36),
(73,631,38),
(129,631,5),
(129,631,9),
(129,631,57),
(129,631,61),
(129,631,108),
(129,631,112),
(129,631,136),
(129,631,139),
(975,631,25),
(73,632,39),
(73,633,45),
(73,634,46),
(73,635,53),
(967,635,99),
(127,636,0),
(127,637,1),
(127,638,3),
(128,638,3),
(129,638,7),
(129,638,14),
(129,638,90),
(935,638,14),
(128,639,2),
(129,639,6),
(129,639,13),
(129,639,39),
(129,639,83),
(129,639,89),
(129,640,11),
(129,641,12),
(935,641,41),
(1031,641,24),
(1031,641,62),
(129,642,15),
(129,643,16),
(129,644,17),
(129,645,20),
(129,646,23),
(129,647,26),
(85,648,21),
(129,648,29),
(129,648,74),
(129,648,84),
(129,648,98),
(129,648,130),
(129,649,30),
(129,649,75),
(129,650,31),
(1039,650,8),
(129,651,32),
(101,652,7),
(129,652,34),
(129,653,35),
(959,653,58),
(129,654,36),
(129,654,59),
(129,654,65),
(129,654,105),
(129,654,134),
(934,654,1),
(935,654,15),
(1039,654,3),
(1039,654,9),
(1047,654,20),
(129,655,40),
(129,656,41),
(129,657,43),
(129,657,52),
(129,658,44),
(935,658,35),
(129,659,45),
(129,660,46),
(951,660,62),
(129,661,47),
(129,662,48),
(129,663,50),
(129,664,51),
(903,664,22),
(919,664,47),
(1015,664,10),
(129,665,53),
(129,666,54),
(108,667,26),
(129,667,55),
(927,667,7),
(959,667,49),
(129,668,56),
(129,668,122),
(959,668,23),
(129,669,58),
(129,670,62),
(129,671,64),
(129,672,68),
(951,672,32),
(991,672,7),
(129,673,69),
(974,673,0),
(1039,673,2),
(129,674,72),
(1031,674,20),
(1031,674,58),
(129,675,73),
(129,676,76),
(990,676,3),
(991,676,17),
(991,676,41),
(991,676,53),
(993,676,0),
(129,677,78),
(101,678,13),
(129,678,80),
(129,679,81),
(101,680,27),
(129,680,85),
(129,681,88),
(129,682,91),
(951,682,35),
(1039,682,33),
(129,683,95),
(129,684,96),
(129,685,97),
(129,686,100),
(975,686,35),
(983,686,42),
(129,687,101),
(129,688,102),
(129,689,106),
(108,690,31),
(129,690,111),
(129,691,113),
(129,692,114),
(129,693,117),
(129,694,118),
(129,695,119),
(935,695,46),
(129,696,120),
(129,697,121),
(129,698,124),
(129,699,127),
(129,700,128),
(129,701,129),
(129,702,131),
(129,703,133),
(129,704,137),
(975,704,21),
(85,705,0),
(120,705,0),
(989,705,0),
(85,706,1),
(85,707,4),
(92,707,3),
(92,707,23),
(99,707,5),
(106,707,7),
(113,707,9),
(120,707,6),
(134,707,15),
(893,707,6),
(909,707,4),
(917,707,9),
(85,708,5),
(92,708,4),
(92,708,24),
(99,708,6),
(106,708,8),
(113,708,10),
(120,708,7),
(134,708,16),
(893,708,7),
(909,708,5),
(917,708,10),
(85,709,16),
(85,710,17),
(85,711,18),
(85,712,20),
(85,713,22),
(86,714,0),
(87,714,9),
(86,715,1),
(87,715,10),
(86,716,2),
(86,717,3),
(87,717,15),
(86,718,4),
(86,719,6),
(990,719,2),
(991,719,3),
(991,719,15),
(87,720,5),
(919,720,51),
(87,721,6),
(959,721,79),
(991,721,56),
(87,722,7),
(87,723,8),
(87,724,11),
(982,724,1),
(983,724,47),
(87,725,12),
(87,726,13),
(87,726,29),
(87,727,16),
(87,728,17),
(991,728,12),
(991,728,22),
(1015,728,16),
(87,729,18),
(87,730,19),
(87,731,23),
(87,732,24),
(87,733,25),
(108,733,51),
(87,734,26),
(983,734,29),
(991,734,25),
(92,735,0),
(99,735,0),
(1005,735,0),
(92,736,1),
(99,736,1),
(92,737,8),
(92,737,21),
(92,737,38),
(99,737,3),
(106,737,4),
(113,737,7),
(120,737,4),
(134,737,4),
(134,737,13),
(917,737,6),
(92,738,10),
(99,738,4),
(92,739,11),
(92,739,28),
(92,739,43),
(99,739,10),
(106,739,12),
(917,739,23),
(92,740,12),
(92,740,29),
(92,740,44),
(99,740,11),
(106,740,13),
(92,741,13),
(92,741,30),
(92,741,45),
(99,741,12),
(106,741,14),
(92,742,14),
(92,742,31),
(92,742,46),
(99,742,13),
(106,742,15),
(92,743,15),
(92,743,32),
(92,743,47),
(99,743,14),
(106,743,16),
(92,744,16),
(92,744,33),
(92,744,48),
(99,744,15),
(106,744,17),
(92,745,17),
(106,745,0),
(92,746,18),
(106,746,1),
(92,747,22),
(92,747,39),
(106,747,5),
(113,747,8),
(120,747,5),
(134,747,5),
(134,747,14),
(917,747,7),
(92,748,34),
(92,749,35),
(92,750,40),
(134,750,6),
(93,751,0),
(94,751,12),
(94,751,29),
(94,751,36),
(94,751,45),
(94,751,52),
(93,752,1),
(94,752,28),
(94,752,37),
(94,752,46),
(122,752,9),
(93,753,2),
(94,753,4),
(94,753,31),
(94,753,49),
(101,753,38),
(93,754,3),
(94,754,5),
(94,754,57),
(93,755,4),
(94,755,39),
(100,755,5),
(94,756,0),
(94,757,1),
(94,758,3),
(94,759,7),
(94,760,8),
(101,760,10),
(107,760,8),
(94,761,10),
(967,761,93),
(983,761,25),
(1023,761,33),
(94,762,11),
(101,762,18),
(101,762,25),
(101,762,35),
(94,763,14),
(94,764,16),
(983,764,16),
(94,765,17),
(94,766,18),
(94,767,19),
(94,768,20),
(94,769,21),
(1055,769,26),
(94,770,24),
(101,770,23),
(94,771,26),
(94,772,27),
(94,773,30),
(115,773,16),
(115,773,28),
(115,773,38),
(999,773,7),
(999,773,45),
(94,774,32),
(94,774,50),
(94,775,38),
(101,775,32),
(94,776,40),
(94,777,41),
(1023,777,39),
(94,778,43),
(94,779,44),
(943,779,28),
(94,780,48),
(94,781,53),
(94,782,54),
(94,783,55),
(94,784,56),
(107,784,2),
(107,784,10),
(100,785,0),
(101,785,15),
(101,785,21),
(101,785,28),
(101,785,37),
(100,786,1),
(101,786,5),
(101,786,9),
(101,786,31),
(100,787,2),
(101,787,16),
(101,787,22),
(101,787,29),
(100,788,4),
(101,788,6),
(101,789,4),
(967,789,90),
(101,790,14),
(101,791,17),
(101,792,19),
(101,793,24),
(101,794,34),
(101,795,39),
(122,795,16),
(101,796,40),
(101,797,41),
(101,798,42),
(101,799,43),
(108,799,18),
(107,800,0),
(108,800,42),
(108,800,48),
(107,801,3),
(107,801,11),
(107,802,4),
(107,803,5),
(108,804,7),
(108,805,8),
(108,806,9),
(108,806,10),
(108,806,13),
(108,806,44),
(115,806,30),
(115,806,61),
(108,807,11),
(108,808,12),
(108,808,43),
(108,808,47),
(108,809,15),
(108,810,16),
(108,810,17),
(108,811,19),
(108,812,20),
(108,813,24),
(108,814,27),
(108,815,28),
(108,816,32),
(108,817,33),
(108,818,34),
(108,819,35),
(108,820,37),
(108,821,41),
(108,822,45),
(108,823,46),
(991,823,74),
(108,824,49),
(108,825,50),
(113,826,0),
(113,827,1),
(113,828,5),
(943,828,15),
(113,829,6),
(967,829,96),
(114,830,0),
(114,831,1),
(114,832,2),
(115,832,40),
(999,832,37),
(114,833,3),
(115,833,9),
(114,834,4),
(114,835,5),
(115,835,54),
(115,836,15),
(115,837,19),
(115,838,21),
(115,839,22),
(115,840,23),
(115,841,24),
(115,842,25),
(115,843,26),
(115,844,27),
(115,845,29),
(983,845,19),
(115,846,31),
(115,847,32),
(115,848,33),
(115,849,36),
(115,849,46),
(115,850,37),
(115,850,67),
(959,850,64),
(115,851,39),
(115,852,41),
(115,853,42),
(115,854,43),
(115,855,44),
(115,856,45),
(935,856,24),
(1039,856,21),
(1055,856,24),
(1055,856,39),
(115,857,47),
(115,858,48),
(115,859,50),
(115,860,52),
(115,861,53),
(115,862,55),
(115,863,56),
(115,864,57),
(115,865,58),
(115,866,60),
(115,867,63),
(115,868,64),
(115,869,65),
(115,870,66),
(115,871,69),
(115,872,70),
(975,872,39),
(115,873,72),
(115,874,73),
(115,875,74),
(120,876,1),
(121,877,1),
(136,877,28),
(136,877,33),
(121,878,2),
(121,879,3),
(121,880,4),
(121,881,6),
(122,882,6),
(122,883,7),
(122,884,8),
(122,885,17),
(122,886,18),
(122,887,19),
(122,888,20),
(122,889,21),
(122,890,25),
(122,891,26),
(122,892,27),
(122,893,28),
(134,894,0),
(134,895,1),
(933,895,2),
(134,896,10),
(135,897,0),
(135,898,1),
(135,899,2),
(136,899,5),
(136,899,51),
(136,899,56),
(136,900,4),
(136,901,8),
(136,902,12),
(136,903,13),
(136,903,35),
(136,904,14),
(136,905,15),
(136,906,16),
(136,907,17),
(136,908,18),
(136,909,19),
(136,910,20),
(136,911,21),
(136,912,22),
(136,913,23),
(136,914,24),
(136,915,25),
(136,916,32),
(136,917,34),
(136,918,36),
(136,919,37),
(136,920,38),
(136,920,45),
(136,921,39),
(136,921,54),
(136,922,41),
(136,923,42),
(136,923,55),
(136,924,43),
(136,925,44),
(136,926,46),
(136,927,47),
(136,928,48),
(136,929,49),
(136,930,53),
(136,931,57),
(136,932,58),
(966,944,11),
(999,944,112),
(887,946,3),
(895,946,3),
(895,946,47),
(903,946,3),
(903,946,47),
(911,946,3),
(919,946,3),
(919,946,82),
(919,946,160),
(935,946,3),
(935,946,54),
(943,946,3),
(943,946,56),
(959,946,3),
(975,946,3),
(975,946,59),
(983,946,3),
(983,946,60),
(957,953,1),
(981,953,1),
(981,954,3),
(982,955,12),
(983,955,72),
(983,955,134),
(895,956,61),
(982,956,13),
(983,956,73),
(983,956,132),
(983,956,135),
(895,957,88),
(927,957,52),
(973,957,42),
(982,957,14),
(983,957,136),
(887,958,177),
(982,958,15),
(983,958,137),
(982,959,16),
(983,959,138),
(982,960,17),
(983,960,139),
(999,960,153),
(982,961,18),
(983,961,140),
(951,962,147),
(958,962,12),
(975,962,84),
(982,962,19),
(983,962,107),
(983,962,114),
(983,962,129),
(991,962,115),
(991,962,150),
(991,962,190),
(991,962,196),
(1013,962,4),
(1021,962,4),
(1053,962,4),
(1055,962,63),
(1055,962,86),
(893,963,22),
(909,963,18),
(917,963,29),
(925,963,23),
(975,963,83),
(982,963,20),
(1006,963,13),
(1007,963,121),
(1009,963,3),
(1029,963,8),
(887,964,1),
(887,964,6),
(887,964,9),
(887,964,11),
(895,964,1),
(895,964,6),
(895,964,9),
(895,964,45),
(895,964,50),
(895,964,53),
(903,964,1),
(903,964,6),
(903,964,9),
(903,964,45),
(903,964,50),
(903,964,53),
(911,964,1),
(911,964,6),
(911,964,9),
(919,964,1),
(919,964,6),
(919,964,9),
(919,964,80),
(919,964,85),
(919,964,88),
(919,964,158),
(919,964,163),
(919,964,166),
(927,964,0),
(927,964,34),
(935,964,1),
(935,964,6),
(935,964,9),
(935,964,52),
(935,964,57),
(935,964,60),
(943,964,1),
(943,964,6),
(943,964,9),
(943,964,54),
(943,964,59),
(943,964,62),
(959,964,1),
(959,964,6),
(959,964,9),
(975,964,1),
(975,964,6),
(975,964,9),
(975,964,57),
(975,964,62),
(975,964,65),
(983,964,1),
(983,964,6),
(983,964,9),
(983,964,58),
(983,964,63),
(983,964,66),
(983,964,69),
(983,964,99),
(983,964,102),
(983,964,121),
(983,964,124),
(887,965,2),
(887,965,4),
(895,965,2),
(895,965,4),
(895,965,46),
(895,965,48),
(903,965,2),
(903,965,4),
(903,965,46),
(903,965,48),
(911,965,2),
(911,965,4),
(919,965,2),
(919,965,4),
(919,965,81),
(919,965,83),
(919,965,159),
(919,965,161),
(935,965,2),
(935,965,4),
(935,965,53),
(935,965,55),
(943,965,2),
(943,965,4),
(943,965,55),
(943,965,57),
(959,965,2),
(959,965,4),
(975,965,2),
(975,965,4),
(975,965,58),
(975,965,60),
(983,965,2),
(983,965,4),
(983,965,59),
(983,965,61),
(887,966,7),
(895,966,7),
(895,966,51),
(903,966,7),
(903,966,51),
(911,966,7),
(919,966,7),
(919,966,86),
(919,966,164),
(935,966,7),
(935,966,58),
(943,966,7),
(943,966,60),
(959,966,7),
(975,966,7),
(975,966,63),
(983,966,7),
(983,966,67),
(983,966,100),
(983,966,122),
(887,967,10),
(895,967,10),
(895,967,54),
(903,967,10),
(903,967,54),
(911,967,10),
(919,967,10),
(919,967,89),
(919,967,167),
(935,967,10),
(935,967,61),
(943,967,10),
(943,967,63),
(959,967,10),
(975,967,10),
(975,967,66),
(983,967,10),
(983,967,70),
(983,967,103),
(983,967,125),
(983,968,15),
(983,969,17),
(983,970,18),
(919,971,40),
(959,971,62),
(983,971,21),
(951,972,4),
(951,972,60),
(959,972,28),
(983,972,27),
(1007,972,30),
(983,973,30),
(983,974,35),
(893,975,5),
(894,975,5),
(901,975,9),
(903,975,19),
(983,975,36),
(1055,975,49),
(1057,975,12),
(983,976,37),
(983,977,39),
(983,978,40),
(983,979,41),
(982,980,9),
(983,980,49),
(983,981,64),
(983,982,74),
(999,982,98),
(887,983,206),
(943,983,103),
(967,983,120),
(967,983,142),
(983,983,75),
(1047,983,31),
(983,984,76),
(983,985,77),
(975,986,88),
(983,986,78),
(983,987,79),
(934,988,10),
(983,988,80),
(983,988,105),
(895,989,82),
(935,989,88),
(935,989,110),
(943,989,107),
(967,989,145),
(967,989,162),
(983,989,81),
(959,990,161),
(983,990,82),
(959,991,162),
(983,991,83),
(983,992,85),
(983,993,86),
(983,994,87),
(983,995,88),
(983,996,89),
(983,997,90),
(967,998,154),
(983,998,92),
(983,998,110),
(895,999,62),
(983,999,93),
(983,1000,94),
(983,1001,95),
(927,1002,49),
(951,1002,73),
(959,1002,154),
(959,1002,167),
(983,1002,104),
(990,1002,13),
(1006,1002,9),
(1007,1002,81),
(983,1003,106),
(983,1004,108),
(983,1005,111),
(983,1006,112),
(983,1007,113),
(983,1008,115),
(983,1009,116),
(983,1010,117),
(983,1011,126),
(983,1012,127),
(1023,1012,42),
(1023,1012,77),
(983,1013,128),
(1015,1013,25),
(1023,1013,43),
(973,1014,1),
(973,1015,3),
(974,1016,6),
(975,1016,90),
(974,1017,7),
(974,1018,9),
(974,1019,10),
(974,1020,11),
(975,1021,11),
(919,1022,72),
(975,1022,12),
(975,1023,13),
(975,1024,14),
(975,1025,15),
(927,1026,10),
(935,1026,44),
(975,1026,16),
(975,1026,27),
(1031,1026,35),
(1031,1026,73),
(1039,1026,4),
(1039,1026,14),
(975,1027,17),
(975,1028,20),
(975,1029,24),
(974,1030,1),
(975,1030,26),
(975,1031,29),
(975,1032,30),
(975,1033,32),
(975,1034,33),
(975,1035,37),
(975,1036,40),
(975,1037,41),
(975,1038,42),
(975,1039,44),
(975,1040,47),
(975,1041,49),
(975,1042,51),
(975,1043,67),
(887,1044,203),
(895,1044,60),
(895,1044,76),
(975,1044,68),
(991,1044,105),
(999,1044,99),
(975,1045,69),
(975,1046,70),
(975,1047,71),
(951,1048,124),
(951,1048,155),
(975,1048,72),
(957,1049,15),
(958,1049,10),
(959,1049,182),
(965,1049,27),
(967,1049,130),
(973,1049,28),
(975,1049,73),
(981,1049,22),
(895,1050,89),
(903,1050,62),
(943,1050,77),
(975,1050,74),
(999,1050,155),
(1023,1050,71),
(975,1051,75),
(1039,1051,41),
(975,1052,76),
(975,1053,77),
(1039,1053,72),
(975,1054,78),
(887,1055,199),
(887,1055,239),
(895,1055,67),
(911,1055,73),
(935,1055,104),
(951,1055,131),
(959,1055,136),
(967,1055,231),
(975,1055,79),
(975,1055,126),
(999,1055,126),
(1039,1055,44),
(1039,1055,78),
(975,1056,80),
(975,1057,81),
(975,1057,89),
(975,1058,82),
(975,1059,85),
(975,1060,86),
(919,1061,101),
(975,1061,87),
(975,1062,91),
(1038,1062,3),
(1041,1062,4),
(975,1063,92),
(975,1064,93),
(975,1065,94),
(975,1066,95),
(975,1067,96),
(975,1068,97),
(975,1069,98),
(975,1070,99),
(975,1071,100),
(975,1072,101),
(975,1073,102),
(975,1074,103),
(975,1075,104),
(966,1076,8),
(975,1076,105),
(975,1077,106),
(975,1078,107),
(951,1079,158),
(959,1079,124),
(975,1079,108),
(975,1080,109),
(975,1081,110),
(991,1081,94),
(1023,1081,54),
(975,1082,111),
(975,1083,112),
(975,1084,113),
(975,1085,114),
(975,1086,115),
(975,1087,116),
(975,1088,117),
(903,1089,66),
(975,1089,118),
(1055,1089,64),
(895,1090,55),
(943,1090,64),
(967,1090,223),
(975,1090,119),
(1055,1090,57),
(1062,1090,3),
(975,1091,120),
(935,1092,81),
(975,1092,121),
(1007,1092,84),
(975,1093,122),
(959,1094,175),
(975,1094,123),
(951,1095,140),
(975,1095,124),
(999,1095,162),
(1023,1095,87),
(975,1096,125),
(975,1097,127),
(975,1098,128),
(919,1099,105),
(975,1099,129),
(965,1100,1),
(965,1101,3),
(965,1102,2),
(966,1103,5),
(967,1103,84),
(967,1103,88),
(967,1103,102),
(966,1104,6),
(967,1104,57),
(967,1104,71),
(967,1104,105),
(966,1105,7),
(967,1105,106),
(885,1106,12),
(967,1106,2),
(967,1106,10),
(967,1106,16),
(967,1106,37),
(967,1107,7),
(967,1107,50),
(967,1107,70),
(967,1108,12),
(967,1109,13),
(967,1110,14),
(957,1111,4),
(965,1111,6),
(967,1111,15),
(967,1112,17),
(967,1113,18),
(967,1114,21),
(967,1115,22),
(967,1116,23),
(967,1117,26),
(967,1118,27),
(895,1119,16),
(967,1119,28),
(967,1120,29),
(967,1120,34),
(967,1120,44),
(967,1120,114),
(967,1121,30),
(967,1122,31),
(967,1123,32),
(967,1124,38),
(967,1125,39),
(943,1126,48),
(967,1126,41),
(967,1127,42),
(967,1128,46),
(967,1128,53),
(887,1129,63),
(887,1129,117),
(967,1129,48),
(967,1130,51),
(967,1131,54),
(967,1131,56),
(967,1131,104),
(903,1132,24),
(967,1132,58),
(967,1132,72),
(967,1133,60),
(967,1134,61),
(967,1135,62),
(967,1136,64),
(1023,1136,7),
(1023,1136,19),
(967,1137,66),
(967,1138,67),
(967,1139,73),
(967,1140,74),
(967,1141,75),
(967,1142,80),
(967,1143,81),
(967,1144,82),
(967,1145,85),
(967,1146,89),
(943,1147,27),
(967,1147,91),
(967,1148,92),
(967,1149,98),
(967,1150,103),
(967,1151,107),
(959,1152,19),
(967,1152,111),
(967,1153,115),
(957,1154,3),
(957,1155,2),
(958,1156,4),
(959,1156,39),
(958,1157,5),
(959,1157,40),
(958,1158,7),
(958,1159,8),
(959,1160,11),
(959,1161,12),
(959,1162,15),
(959,1163,18),
(959,1164,20),
(959,1165,21),
(959,1166,24),
(959,1167,25),
(959,1168,29),
(959,1169,30),
(887,1170,38),
(959,1170,31),
(959,1171,32),
(959,1172,33),
(959,1173,35),
(959,1174,44),
(959,1175,45),
(942,1176,2),
(959,1176,46),
(959,1177,47),
(959,1178,50),
(959,1179,63),
(959,1179,74),
(959,1180,67),
(959,1181,71),
(959,1182,72),
(959,1183,75),
(959,1184,83),
(959,1185,84),
(959,1186,85),
(999,1186,161),
(959,1187,90),
(959,1188,91),
(959,1189,92),
(959,1190,93),
(959,1191,94),
(959,1192,95),
(959,1193,96),
(959,1194,97),
(927,1195,45),
(959,1195,98),
(1047,1195,64),
(887,1196,159),
(927,1196,46),
(959,1196,99),
(967,1197,152),
(959,1198,106),
(959,1199,108),
(919,1200,100),
(959,1200,109),
(959,1201,110),
(919,1202,126),
(919,1202,130),
(959,1202,111),
(959,1203,113),
(951,1204,149),
(959,1204,114),
(1007,1204,92),
(959,1205,115),
(959,1206,116),
(959,1207,117),
(959,1208,118),
(935,1209,91),
(951,1209,101),
(959,1209,119),
(991,1209,219),
(959,1210,120),
(1007,1210,71),
(959,1211,121),
(999,1211,125),
(1039,1211,81),
(959,1212,122),
(959,1213,123),
(959,1214,125),
(959,1215,126),
(959,1216,127),
(917,1217,44),
(959,1217,128),
(959,1218,129),
(958,1219,14),
(959,1219,130),
(959,1219,139),
(959,1219,170),
(1039,1219,54),
(959,1220,131),
(887,1221,166),
(887,1221,197),
(887,1221,217),
(919,1221,178),
(959,1221,132),
(959,1221,149),
(967,1221,140),
(967,1221,150),
(967,1221,180),
(991,1221,101),
(1015,1221,34),
(959,1222,133),
(958,1223,11),
(959,1223,134),
(959,1224,135),
(991,1224,162),
(959,1225,137),
(959,1226,138),
(951,1227,107),
(959,1227,140),
(991,1227,131),
(959,1228,141),
(959,1229,142),
(959,1230,143),
(959,1231,144),
(959,1232,146),
(959,1233,147),
(959,1234,148),
(967,1234,179),
(943,1235,114),
(959,1235,150),
(958,1236,9),
(959,1236,151),
(959,1236,164),
(959,1236,176),
(959,1236,181),
(935,1237,108),
(959,1237,152),
(943,1238,116),
(959,1238,153),
(959,1239,155),
(1039,1239,75),
(959,1240,156),
(959,1241,157),
(910,1242,9),
(959,1242,158),
(959,1243,159),
(927,1244,68),
(959,1244,160),
(959,1245,163),
(967,1245,240),
(959,1246,165),
(959,1247,166),
(959,1247,184),
(919,1248,180),
(943,1248,69),
(951,1248,135),
(959,1248,168),
(1015,1248,49),
(1023,1248,55),
(959,1249,169),
(959,1250,171),
(959,1251,172),
(959,1252,173),
(959,1253,174),
(1015,1253,50),
(942,1254,5),
(943,1254,67),
(943,1254,76),
(959,1254,177),
(967,1254,204),
(959,1255,178),
(999,1255,190),
(1015,1255,31),
(1055,1255,71),
(959,1256,179),
(959,1257,180),
(959,1258,183),
(949,1259,25),
(1029,1259,1),
(949,1260,24),
(1029,1260,0),
(949,1261,27),
(949,1262,26),
(949,1263,1),
(949,1264,0),
(949,1265,3),
(949,1266,2),
(949,1267,29),
(949,1268,28),
(949,1269,31),
(949,1270,30),
(949,1271,33),
(949,1272,32),
(949,1273,35),
(949,1274,34),
(950,1275,1),
(951,1275,70),
(950,1276,2),
(951,1276,71),
(950,1277,3),
(950,1278,6),
(951,1278,33),
(951,1278,54),
(951,1278,68),
(951,1279,0),
(951,1280,1),
(951,1280,28),
(991,1280,23),
(993,1280,4),
(1023,1280,20),
(951,1281,7),
(951,1282,8),
(951,1283,9),
(951,1284,13),
(951,1285,16),
(951,1286,17),
(951,1287,20),
(951,1288,22),
(991,1288,21),
(951,1289,25),
(951,1290,27),
(951,1291,29),
(951,1292,30),
(951,1293,31),
(951,1293,53),
(951,1293,67),
(951,1294,37),
(919,1295,52),
(951,1295,38),
(951,1295,42),
(887,1296,84),
(887,1296,91),
(887,1296,138),
(887,1296,145),
(951,1296,40),
(951,1297,43),
(1031,1297,26),
(1031,1297,64),
(951,1298,45),
(951,1299,46),
(1007,1299,7),
(951,1300,47),
(951,1301,50),
(951,1302,57),
(887,1303,69),
(887,1303,123),
(951,1303,58),
(919,1304,60),
(943,1304,35),
(951,1304,63),
(951,1305,65),
(951,1306,66),
(941,1307,0),
(941,1308,1),
(941,1309,2),
(941,1310,3),
(942,1311,6),
(942,1312,7),
(999,1312,145),
(1006,1312,10),
(1007,1312,97),
(887,1313,189),
(942,1313,8),
(942,1314,9),
(942,1315,10),
(942,1316,11),
(903,1317,75),
(942,1317,12),
(1007,1317,119),
(887,1318,51),
(887,1318,60),
(887,1318,105),
(887,1318,114),
(903,1318,11),
(943,1318,18),
(991,1318,34),
(1055,1318,37),
(943,1319,24),
(942,1320,4),
(943,1320,26),
(943,1320,38),
(943,1321,29),
(943,1322,30),
(943,1323,31),
(943,1324,33),
(943,1325,36),
(943,1326,40),
(895,1327,20),
(943,1327,44),
(943,1328,47),
(943,1329,65),
(943,1330,66),
(943,1330,115),
(943,1331,68),
(991,1331,89),
(1055,1331,85),
(943,1332,70),
(943,1333,71),
(943,1334,72),
(943,1335,73),
(1055,1335,93),
(903,1336,57),
(935,1336,103),
(943,1336,74),
(943,1337,75),
(943,1338,78),
(943,1339,79),
(943,1340,80),
(943,1340,98),
(943,1341,81),
(887,1342,165),
(943,1342,82),
(991,1342,91),
(943,1343,83),
(943,1344,84),
(1007,1344,115),
(943,1345,85),
(967,1345,127),
(943,1346,86),
(943,1347,87),
(943,1348,88),
(919,1349,106),
(927,1349,50),
(935,1349,71),
(935,1349,94),
(943,1349,89),
(967,1349,185),
(967,1349,216),
(1015,1349,40),
(1023,1349,62),
(1023,1349,72),
(1023,1349,79),
(943,1350,91),
(943,1351,92),
(943,1352,93),
(943,1353,94),
(943,1354,95),
(943,1355,96),
(951,1355,156),
(919,1356,172),
(943,1356,97),
(999,1356,173),
(943,1357,99),
(935,1358,102),
(943,1358,100),
(1023,1358,81),
(943,1359,101),
(1023,1359,82),
(943,1360,102),
(887,1361,170),
(943,1361,104),
(999,1361,163),
(943,1362,105),
(886,1363,8),
(943,1363,106),
(943,1364,108),
(887,1365,187),
(943,1365,109),
(919,1366,182),
(943,1366,110),
(967,1366,226),
(967,1366,238),
(919,1367,177),
(943,1367,111),
(1047,1367,60),
(943,1368,112),
(943,1369,113),
(1047,1369,59),
(933,1370,0),
(1045,1370,0),
(933,1371,1),
(1045,1371,1),
(933,1372,3),
(902,1373,6),
(903,1373,32),
(903,1373,78),
(934,1373,0),
(934,1373,5),
(935,1373,11),
(935,1373,21),
(935,1373,34),
(935,1373,47),
(934,1374,6),
(1039,1374,39),
(1046,1374,1),
(934,1375,7),
(934,1376,8),
(934,1377,9),
(935,1377,90),
(935,1378,12),
(935,1379,13),
(1023,1379,31),
(935,1380,17),
(935,1381,18),
(935,1382,19),
(1023,1382,32),
(935,1383,22),
(935,1384,23),
(935,1385,26),
(935,1386,27),
(934,1387,3),
(935,1387,30),
(935,1387,42),
(935,1388,32),
(935,1389,33),
(935,1390,62),
(935,1391,63),
(935,1392,65),
(935,1393,66),
(935,1394,67),
(935,1395,68),
(935,1396,69),
(1038,1396,2),
(1041,1396,0),
(1049,1396,1),
(1049,1396,3),
(935,1397,70),
(935,1398,72),
(967,1398,159),
(991,1398,153),
(991,1398,184),
(935,1399,73),
(935,1400,74),
(935,1401,75),
(967,1401,157),
(1039,1401,47),
(935,1402,76),
(935,1403,77),
(935,1403,95),
(935,1403,111),
(935,1404,78),
(935,1405,79),
(935,1406,80),
(967,1406,126),
(1007,1406,67),
(1047,1406,47),
(935,1407,82),
(991,1407,112),
(935,1408,83),
(935,1409,84),
(935,1409,89),
(935,1410,85),
(935,1411,86),
(991,1411,212),
(935,1412,87),
(935,1413,92),
(935,1414,93),
(927,1415,58),
(935,1415,96),
(935,1416,97),
(927,1417,53),
(935,1417,98),
(935,1418,99),
(935,1419,100),
(935,1420,101),
(935,1421,105),
(935,1422,106),
(935,1423,107),
(991,1423,189),
(935,1424,109),
(935,1425,112),
(935,1426,113),
(935,1427,114),
(925,1428,0),
(925,1429,1),
(925,1430,2),
(925,1431,3),
(926,1432,7),
(927,1432,66),
(926,1433,9),
(926,1434,10),
(927,1434,76),
(926,1435,11),
(991,1435,92),
(926,1436,12),
(926,1437,13),
(927,1438,39),
(927,1438,72),
(895,1439,65),
(895,1439,71),
(919,1439,103),
(927,1439,48),
(967,1439,169),
(991,1439,160),
(999,1439,149),
(1023,1439,68),
(903,1440,76),
(919,1440,142),
(927,1440,41),
(927,1441,42),
(999,1441,167),
(951,1442,90),
(927,1445,47),
(999,1445,164),
(927,1446,51),
(927,1447,54),
(927,1448,55),
(887,1449,241),
(927,1449,56),
(927,1450,57),
(927,1451,59),
(927,1452,60),
(927,1453,61),
(1005,1453,5),
(1005,1453,11),
(927,1454,62),
(927,1455,63),
(927,1456,64),
(927,1457,65),
(927,1458,67),
(927,1459,69),
(927,1460,70),
(927,1461,71),
(927,1462,73),
(1014,1462,6),
(927,1463,74),
(927,1464,75),
(926,1465,1),
(927,1465,6),
(927,1465,22),
(886,1466,0),
(927,1466,11),
(926,1467,6),
(927,1467,13),
(927,1468,18),
(927,1469,20),
(927,1470,21),
(927,1471,23),
(927,1472,28),
(926,1473,3),
(927,1473,30),
(927,1474,31),
(917,1475,0),
(917,1476,1),
(917,1477,2),
(917,1478,3),
(918,1479,2),
(919,1479,97),
(918,1480,3),
(918,1483,1),
(919,1483,11),
(919,1483,20),
(919,1483,30),
(919,1483,53),
(919,1483,58),
(919,1483,73),
(1055,1490,23),
(1055,1491,31),
(887,1493,41),
(999,1493,55),
(919,1497,23),
(919,1498,26),
(1023,1509,88),
(999,1510,95),
(919,1513,94),
(919,1525,132),
(951,1527,117),
(991,1527,85),
(991,1527,154),
(887,1548,205),
(1039,1549,80),
(1039,1550,98),
(919,1552,90),
(919,1552,119),
(919,1552,147),
(919,1552,168),
(919,1552,186),
(1039,1553,77),
(919,1554,104),
(919,1555,107),
(919,1561,110),
(919,1562,111),
(919,1566,96),
(919,1569,127),
(919,1571,98),
(951,1572,130),
(1007,1574,96),
(911,1577,67),
(909,1582,0),
(909,1583,1),
(909,1584,2),
(909,1585,3),
(910,1586,6),
(911,1586,48),
(910,1587,7),
(911,1587,49),
(911,1587,64),
(989,1587,11),
(991,1587,182),
(910,1588,8),
(910,1589,10),
(967,1589,155),
(1047,1589,44),
(910,1590,11),
(910,1591,4),
(911,1591,12),
(911,1591,35),
(911,1592,13),
(991,1592,43),
(911,1593,14),
(911,1594,16),
(911,1595,17),
(911,1596,20),
(911,1597,24),
(911,1598,26),
(910,1599,2),
(911,1599,27),
(911,1600,28),
(911,1601,32),
(911,1602,33),
(911,1603,50),
(1006,1603,8),
(1009,1603,2),
(911,1604,51),
(903,1605,71),
(911,1605,52),
(911,1606,53),
(911,1607,54),
(911,1608,45),
(999,1608,158),
(911,1610,47),
(887,1611,183),
(887,1611,247),
(911,1611,55),
(951,1611,114),
(991,1611,132),
(911,1612,56),
(887,1613,211),
(911,1613,57),
(1039,1613,89),
(911,1614,58),
(911,1615,59),
(1039,1615,99),
(911,1616,61),
(911,1618,62),
(911,1619,63),
(911,1619,76),
(911,1620,65),
(911,1621,66),
(887,1622,186),
(911,1622,68),
(911,1623,69),
(911,1623,77),
(911,1624,70),
(911,1625,71),
(911,1626,72),
(1007,1626,104),
(911,1627,74),
(1023,1627,60),
(911,1628,75),
(911,1629,78),
(901,1631,1),
(901,1632,2),
(901,1633,3),
(902,1634,8),
(903,1634,59),
(902,1635,9),
(903,1635,60),
(902,1636,10),
(951,1636,152),
(1054,1636,14),
(902,1637,11),
(902,1638,12),
(903,1638,61),
(902,1639,13),
(902,1640,14),
(902,1641,15),
(903,1641,79),
(1015,1641,38),
(903,1642,12),
(1055,1642,42),
(902,1644,2),
(903,1644,17),
(902,1645,3),
(903,1645,18),
(903,1647,20),
(903,1648,21),
(903,1651,26),
(903,1651,35),
(903,1652,36),
(903,1653,37),
(903,1655,55),
(1015,1655,24),
(1055,1655,73),
(903,1656,56),
(991,1658,138),
(903,1659,67),
(903,1661,63),
(950,1663,8),
(951,1663,165),
(903,1664,69),
(903,1665,70),
(1014,1665,3),
(903,1668,81),
(903,1669,82),
(903,1670,83),
(903,1671,84),
(893,1673,0),
(893,1674,1),
(893,1675,3),
(893,1676,2),
(894,1677,0),
(895,1677,17),
(895,1677,26),
(894,1678,1),
(895,1678,18),
(895,1678,27),
(894,1679,2),
(894,1680,4),
(894,1681,7),
(895,1681,69),
(894,1682,8),
(895,1682,57),
(895,1682,70),
(894,1683,10),
(893,1684,11),
(894,1684,11),
(901,1684,18),
(1055,1684,109),
(894,1685,12),
(894,1686,13),
(895,1687,19),
(895,1688,30),
(1023,1688,15),
(895,1689,32),
(895,1690,35),
(895,1691,38),
(895,1692,56),
(895,1693,58),
(895,1694,59),
(895,1695,63),
(895,1696,64),
(895,1697,66),
(895,1698,68),
(895,1699,73),
(895,1700,74),
(967,1700,153),
(895,1701,75),
(895,1702,77),
(895,1703,78),
(895,1704,79),
(895,1705,80),
(967,1705,241),
(895,1706,81),
(895,1707,83),
(895,1708,84),
(895,1709,85),
(895,1710,86),
(895,1711,87),
(885,1712,0),
(885,1713,1),
(885,1714,2),
(885,1715,3),
(886,1716,5),
(887,1716,173),
(887,1716,221),
(887,1716,230),
(886,1717,6),
(887,1717,174),
(887,1717,222),
(887,1717,231),
(886,1718,7),
(887,1718,204),
(887,1718,214),
(887,1718,223),
(887,1718,232),
(999,1718,152),
(1055,1718,117),
(886,1719,9),
(887,1719,160),
(886,1720,10),
(886,1721,3),
(887,1721,20),
(887,1721,73),
(887,1721,127),
(886,1722,4),
(887,1722,21),
(887,1722,66),
(887,1722,74),
(887,1722,120),
(887,1722,128),
(887,1723,22),
(887,1724,23),
(887,1724,29),
(887,1725,24),
(887,1726,25),
(887,1726,46),
(887,1726,100),
(887,1727,26),
(887,1728,30),
(887,1728,68),
(887,1728,122),
(887,1729,32),
(887,1729,97),
(887,1729,151),
(886,1730,2),
(887,1730,33),
(887,1730,72),
(887,1730,80),
(887,1730,83),
(887,1730,89),
(887,1730,126),
(887,1730,134),
(887,1730,137),
(887,1730,143),
(887,1731,34),
(887,1732,35),
(887,1733,37),
(887,1733,76),
(887,1733,130),
(887,1734,42),
(887,1735,44),
(887,1735,98),
(1007,1735,13),
(887,1736,45),
(887,1736,99),
(887,1737,47),
(887,1737,101),
(887,1738,48),
(887,1738,102),
(887,1739,49),
(887,1739,103),
(887,1740,50),
(887,1740,104),
(902,1740,1),
(887,1741,53),
(887,1741,107),
(887,1742,54),
(887,1742,108),
(887,1743,55),
(887,1743,109),
(887,1744,56),
(887,1744,61),
(887,1744,93),
(887,1744,110),
(887,1744,115),
(887,1744,147),
(887,1745,57),
(887,1745,62),
(887,1745,94),
(887,1745,111),
(887,1745,116),
(887,1745,148),
(887,1746,58),
(887,1746,112),
(887,1747,59),
(887,1747,113),
(887,1748,70),
(887,1748,87),
(887,1748,124),
(887,1748,141),
(886,1749,1),
(887,1749,71),
(887,1749,79),
(887,1749,82),
(887,1749,125),
(887,1749,133),
(887,1749,136),
(887,1750,77),
(887,1750,131),
(887,1751,78),
(887,1751,132),
(887,1752,81),
(887,1752,135),
(887,1753,85),
(887,1753,88),
(887,1753,92),
(887,1753,139),
(887,1753,142),
(887,1753,146),
(887,1754,86),
(887,1754,96),
(887,1754,140),
(887,1754,150),
(887,1755,155),
(887,1756,156),
(887,1757,157),
(887,1758,158),
(887,1759,161),
(887,1760,162),
(887,1761,163),
(887,1762,167),
(887,1763,168),
(991,1763,104),
(887,1764,169),
(887,1765,171),
(887,1766,172),
(887,1767,175),
(887,1768,176),
(887,1769,178),
(887,1770,179),
(1039,1770,97),
(887,1771,180),
(1055,1771,70),
(887,1772,181),
(887,1773,182),
(887,1774,184),
(887,1775,185),
(887,1776,188),
(887,1777,190),
(887,1778,191),
(887,1779,192),
(887,1779,212),
(887,1779,242),
(887,1780,193),
(887,1781,194),
(1055,1781,91),
(1055,1781,119),
(887,1782,195),
(887,1783,196),
(887,1784,198),
(887,1785,200),
(919,1785,123),
(991,1785,185),
(887,1786,201),
(887,1787,202),
(887,1788,207),
(887,1789,208),
(887,1790,209),
(887,1791,210),
(967,1791,146),
(967,1791,187),
(887,1792,213),
(887,1793,215),
(903,1793,86),
(887,1794,216),
(887,1795,218),
(951,1795,123),
(887,1796,219),
(951,1796,127),
(999,1796,103),
(887,1797,220),
(887,1798,224),
(887,1799,225),
(903,1799,73),
(887,1800,226),
(887,1801,227),
(951,1801,139),
(887,1802,228),
(887,1803,229),
(887,1804,233),
(887,1805,234),
(887,1806,235),
(887,1807,236),
(887,1808,237),
(887,1809,238),
(887,1810,240),
(887,1811,243),
(887,1812,244),
(887,1813,245),
(887,1814,246),
(887,1815,248),
(950,1818,7),
(951,1818,164),
(950,1819,9),
(950,1820,10),
(950,1821,11),
(951,1821,161),
(950,1822,14),
(885,1823,4),
(901,1823,6),
(885,1824,7),
(941,1824,4),
(885,1825,9),
(885,1826,10),
(885,1827,11),
(885,1828,13),
(885,1829,15),
(885,1830,16),
(901,1830,12),
(885,1831,18),
(901,1831,14),
(917,1831,37),
(933,1831,22),
(941,1831,20),
(949,1831,20),
(957,1831,20),
(957,1831,26),
(965,1831,32),
(967,1831,190),
(973,1831,33),
(981,1831,27),
(1014,1831,0),
(1037,1831,13),
(1053,1831,8),
(1054,1831,13),
(1055,1831,68),
(1055,1831,108),
(1057,1831,0),
(1057,1831,9),
(885,1832,20),
(901,1832,16),
(917,1832,30),
(989,1832,9),
(1005,1832,12),
(1037,1832,14),
(885,1833,22),
(901,1833,23),
(909,1833,22),
(917,1833,34),
(925,1833,20),
(941,1833,13),
(989,1833,10),
(1013,1833,8),
(1021,1833,7),
(885,1834,23),
(885,1835,25),
(885,1836,27),
(885,1837,29),
(885,1838,31),
(885,1839,32),
(957,1839,30),
(967,1839,137),
(885,1840,34),
(887,1841,12),
(927,1841,1),
(927,1841,35),
(887,1842,13),
(927,1842,2),
(927,1842,36),
(887,1843,14),
(887,1844,15),
(927,1846,5),
(927,1846,38),
(887,1847,164),
(887,1848,249),
(893,1849,13),
(893,1850,14),
(909,1850,11),
(893,1851,16),
(909,1851,13),
(917,1851,26),
(893,1852,18),
(909,1852,15),
(917,1852,27),
(893,1853,20),
(909,1853,17),
(917,1853,28),
(925,1853,21),
(925,1853,30),
(893,1854,24),
(909,1854,20),
(925,1854,25),
(933,1854,26),
(941,1854,23),
(949,1854,22),
(965,1854,36),
(989,1854,6),
(1005,1854,6),
(1013,1854,6),
(1021,1854,6),
(1029,1854,9),
(901,1855,0),
(901,1856,4),
(901,1856,10),
(909,1856,9),
(917,1856,4),
(901,1857,19),
(901,1858,21),
(965,1858,24),
(902,1859,4),
(1039,1859,35),
(902,1860,5),
(911,1862,46),
(911,1863,60),
(917,1864,14),
(981,1864,9),
(917,1865,25),
(917,1866,31),
(917,1867,32),
(997,1867,5),
(1037,1867,5),
(917,1868,33),
(917,1869,35),
(933,1869,18),
(941,1869,15),
(949,1869,18),
(917,1870,36),
(925,1870,18),
(933,1870,21),
(941,1870,18),
(949,1870,19),
(957,1870,18),
(965,1870,30),
(973,1870,31),
(981,1870,25),
(1047,1870,37),
(1047,1870,58),
(1049,1870,6),
(917,1871,38),
(933,1871,24),
(941,1871,22),
(949,1871,21),
(957,1871,22),
(965,1871,34),
(973,1871,35),
(981,1871,29),
(917,1872,39),
(957,1872,24),
(973,1872,37),
(981,1872,31),
(917,1874,41),
(981,1874,36),
(1045,1874,5),
(917,1875,42),
(941,1875,14),
(917,1876,43),
(917,1877,45),
(917,1878,46),
(917,1880,48),
(918,1881,0),
(919,1883,12),
(919,1884,13),
(919,1885,14),
(919,1886,16),
(919,1887,18),
(919,1888,19),
(919,1889,27),
(919,1890,28),
(919,1891,31),
(919,1892,32),
(919,1893,33),
(919,1894,34),
(919,1895,35),
(919,1896,36),
(919,1897,37),
(919,1898,41),
(919,1899,43),
(919,1900,44),
(919,1901,45),
(919,1902,50),
(919,1903,54),
(919,1904,59),
(919,1905,61),
(919,1906,62),
(942,1906,3),
(919,1907,63),
(919,1908,65),
(919,1909,66),
(919,1910,71),
(919,1912,91),
(919,1913,92),
(919,1914,93),
(919,1915,95),
(919,1916,99),
(919,1917,108),
(919,1918,109),
(919,1919,112),
(919,1920,113),
(919,1921,114),
(919,1922,115),
(919,1923,116),
(919,1924,117),
(919,1925,118),
(919,1926,120),
(919,1927,121),
(919,1928,122),
(919,1929,124),
(919,1930,125),
(919,1931,128),
(919,1932,129),
(919,1934,134),
(919,1935,135),
(919,1936,136),
(919,1937,137),
(919,1938,138),
(919,1939,139),
(919,1940,140),
(919,1941,141),
(919,1942,143),
(919,1943,144),
(919,1944,145),
(919,1945,146),
(919,1946,150),
(919,1947,151),
(1047,1947,50),
(919,1948,152),
(919,1949,169),
(919,1950,170),
(919,1951,171),
(919,1952,173),
(919,1953,174),
(919,1954,175),
(919,1955,176),
(919,1956,179),
(919,1957,181),
(919,1958,183),
(919,1959,184),
(919,1960,185),
(919,1961,187),
(919,1962,188),
(919,1963,189),
(925,1964,4),
(925,1965,6),
(925,1966,12),
(925,1967,14),
(925,1968,16),
(925,1969,29),
(925,1970,34),
(925,1971,36),
(926,1972,2),
(927,1973,3),
(927,1974,4),
(927,1975,37),
(927,1976,43),
(999,1976,132),
(1007,1976,74),
(927,1977,44),
(933,1978,14),
(949,1978,16),
(981,1978,21),
(1037,1978,7),
(933,1979,16),
(1045,1979,6),
(933,1980,28),
(949,1980,23),
(965,1980,37),
(934,1981,2),
(941,1982,24),
(949,1983,15),
(951,1983,134),
(965,1983,22),
(981,1983,19),
(949,1984,17),
(965,1984,19),
(973,1984,23),
(981,1984,38),
(1005,1984,14),
(1037,1984,10),
(949,1985,4),
(949,1986,13),
(957,1986,14),
(951,1988,74),
(951,1989,75),
(951,1990,76),
(951,1991,77),
(951,1992,78),
(951,1993,79),
(951,1994,81),
(951,1995,82),
(951,1996,83),
(951,1997,84),
(951,1998,85),
(951,1999,86),
(951,2000,87),
(951,2000,150),
(1055,2000,65),
(951,2001,88),
(1006,2001,7),
(1007,2001,79),
(1007,2001,124),
(1009,2001,1),
(951,2002,89),
(951,2003,91),
(951,2004,92),
(951,2005,93),
(951,2006,94),
(951,2007,95),
(951,2008,96),
(1047,2008,52),
(951,2009,97),
(951,2010,98),
(951,2011,99),
(951,2012,100),
(951,2013,103),
(951,2014,104),
(951,2015,105),
(951,2016,106),
(951,2017,108),
(951,2017,151),
(951,2018,109),
(951,2019,111),
(951,2020,112),
(951,2021,113),
(951,2022,115),
(951,2023,116),
(951,2023,142),
(951,2023,159),
(951,2024,118),
(951,2025,119),
(951,2026,120),
(951,2027,121),
(951,2028,122),
(951,2029,125),
(967,2029,166),
(951,2030,126),
(951,2031,128),
(951,2032,129),
(951,2033,132),
(951,2034,133),
(967,2034,206),
(973,2034,44),
(1007,2034,66),
(951,2035,136),
(951,2036,137),
(951,2037,138),
(951,2038,141),
(951,2039,143),
(951,2039,160),
(991,2039,177),
(951,2040,144),
(951,2041,145),
(951,2042,146),
(951,2043,153),
(951,2044,154),
(966,2044,15),
(951,2045,157),
(951,2046,162),
(951,2047,163),
(951,2048,166),
(951,2049,167),
(957,2050,7),
(917,2051,40),
(957,2051,25),
(957,2052,28),
(1053,2052,9),
(957,2053,32),
(965,2053,26),
(958,2054,13),
(958,2055,15),
(958,2056,16),
(958,2057,17),
(958,2058,18),
(958,2059,19),
(1007,2067,126),
(1007,2068,103),
(1007,2069,102),
(903,2085,58),
(999,2088,140),
(1007,2092,69),
(965,2097,4),
(965,2098,5),
(965,2099,16),
(965,2100,17),
(1037,2100,9),
(966,2101,9),
(1007,2101,70),
(966,2102,10),
(967,2102,209),
(966,2103,12),
(967,2103,122),
(967,2103,210),
(967,2103,228),
(966,2104,13),
(967,2104,123),
(966,2105,14),
(966,2106,16),
(967,2106,198),
(967,2106,213),
(967,2106,236),
(966,2107,17),
(967,2107,214),
(967,2109,116),
(967,2109,128),
(967,2109,173),
(967,2110,117),
(967,2110,129),
(967,2110,174),
(967,2111,118),
(967,2111,175),
(967,2112,119),
(967,2113,121),
(967,2114,124),
(967,2115,125),
(967,2116,131),
(967,2117,132),
(967,2118,133),
(967,2119,134),
(967,2120,135),
(967,2121,136),
(967,2122,138),
(967,2123,139),
(967,2124,141),
(967,2125,143),
(967,2126,144),
(967,2126,156),
(967,2126,161),
(967,2126,172),
(967,2127,147),
(967,2128,148),
(967,2129,149),
(967,2130,151),
(967,2131,158),
(967,2132,160),
(967,2133,163),
(967,2134,164),
(967,2135,165),
(967,2136,167),
(967,2137,168),
(967,2138,170),
(967,2139,171),
(967,2140,176),
(967,2141,177),
(967,2142,178),
(967,2143,181),
(967,2144,182),
(967,2145,183),
(967,2146,184),
(967,2147,186),
(967,2148,188),
(967,2149,189),
(967,2150,191),
(991,2150,202),
(1023,2150,69),
(967,2151,192),
(967,2151,212),
(967,2152,193),
(967,2152,207),
(967,2153,194),
(967,2154,195),
(967,2155,196),
(967,2156,197),
(967,2157,199),
(967,2158,200),
(1039,2158,71),
(967,2159,201),
(1023,2159,78),
(967,2160,202),
(967,2161,203),
(967,2162,205),
(967,2163,208),
(967,2164,211),
(967,2165,215),
(967,2166,217),
(967,2167,218),
(967,2168,219),
(967,2169,220),
(999,2169,166),
(967,2170,221),
(967,2171,222),
(967,2172,224),
(967,2173,225),
(967,2174,227),
(967,2175,229),
(967,2176,230),
(967,2177,232),
(967,2178,233),
(967,2179,234),
(967,2180,235),
(967,2181,237),
(1033,2181,3),
(967,2182,239),
(967,2183,242),
(973,2184,8),
(973,2185,9),
(973,2186,21),
(973,2187,22),
(973,2188,27),
(973,2190,40),
(974,2191,2),
(974,2192,4),
(981,2193,8),
(981,2194,32),
(981,2195,33),
(982,2196,0),
(917,2199,47),
(919,2200,131),
(973,2201,38),
(959,2202,101),
(903,2203,16),
(903,2204,25),
(903,2205,29),
(903,2206,38),
(903,2207,39),
(903,2208,40),
(903,2209,64),
(903,2210,65),
(903,2211,68),
(903,2212,72),
(903,2213,74),
(903,2214,77),
(903,2215,85),
(919,2216,102),
(989,2217,1),
(989,2218,2),
(989,2219,3),
(989,2220,4),
(989,2220,7),
(989,2221,5),
(989,2221,8),
(1015,2221,46),
(989,2222,12),
(989,2223,13),
(989,2224,14),
(989,2225,15),
(989,2226,16),
(1037,2226,16),
(1037,2226,19),
(990,2227,1),
(990,2227,7),
(991,2227,2),
(991,2227,39),
(991,2227,158),
(991,2227,168),
(991,2227,195),
(993,2227,3),
(990,2228,4),
(991,2228,42),
(991,2228,54),
(993,2228,1),
(990,2229,5),
(991,2229,19),
(990,2230,8),
(991,2230,98),
(990,2231,10),
(991,2231,123),
(990,2232,11),
(991,2232,124),
(990,2233,12),
(991,2234,0),
(991,2234,32),
(991,2234,59),
(991,2234,80),
(991,2234,145),
(999,2234,0),
(999,2234,63),
(999,2234,156),
(1007,2234,0),
(1007,2234,33),
(1007,2234,54),
(1007,2234,100),
(1015,2234,0),
(1015,2234,22),
(1023,2234,0),
(1023,2234,12),
(1023,2234,25),
(1023,2234,40),
(1023,2234,58),
(1023,2234,75),
(1031,2234,0),
(1039,2234,0),
(1039,2234,37),
(1047,2234,0),
(1047,2234,29),
(1055,2234,0),
(1055,2234,55),
(991,2235,1),
(991,2235,33),
(991,2235,60),
(991,2235,81),
(991,2235,146),
(999,2235,1),
(999,2235,64),
(999,2235,157),
(1007,2235,1),
(1007,2235,34),
(1007,2235,55),
(1007,2235,101),
(1015,2235,1),
(1015,2235,23),
(1023,2235,1),
(1023,2235,13),
(1023,2235,26),
(1023,2235,41),
(1023,2235,59),
(1023,2235,76),
(1031,2235,1),
(1039,2235,1),
(1039,2235,38),
(1047,2235,1),
(1047,2235,30),
(1055,2235,1),
(1055,2235,56),
(991,2236,5),
(991,2237,6),
(991,2238,8),
(991,2239,10),
(991,2240,13),
(991,2241,18),
(991,2241,63),
(991,2242,20),
(991,2243,24),
(991,2244,27),
(991,2245,28),
(991,2246,29),
(991,2247,52),
(991,2248,55),
(991,2249,57),
(991,2250,62),
(991,2251,68),
(991,2252,69),
(991,2253,75),
(991,2254,76),
(991,2255,82),
(991,2256,83),
(991,2257,84),
(991,2258,86),
(991,2259,87),
(991,2260,88),
(991,2261,90),
(991,2262,93),
(991,2263,95),
(999,2263,68),
(1054,2263,9),
(1055,2263,59),
(991,2264,96),
(991,2265,97),
(999,2265,106),
(1015,2265,33),
(991,2266,99),
(991,2267,100),
(1007,2267,58),
(991,2268,102),
(991,2269,103),
(991,2270,106),
(991,2271,107),
(1014,2271,5),
(1015,2271,26),
(1017,2271,2),
(991,2272,108),
(991,2273,110),
(991,2274,111),
(991,2275,114),
(991,2276,116),
(1007,2276,109),
(991,2277,117),
(991,2278,118),
(991,2279,120),
(991,2280,121),
(991,2281,122),
(991,2282,125),
(991,2283,126),
(991,2284,127),
(991,2285,128),
(991,2286,129),
(991,2287,130),
(991,2288,133),
(1007,2288,59),
(991,2289,134),
(991,2290,135),
(991,2291,136),
(991,2292,137),
(991,2293,139),
(991,2294,140),
(991,2295,152),
(991,2296,155),
(991,2296,164),
(991,2297,156),
(991,2298,157),
(991,2299,159),
(991,2299,220),
(991,2300,161),
(991,2301,163),
(991,2302,165),
(991,2303,166),
(991,2304,167),
(991,2305,169),
(991,2306,170),
(991,2306,188),
(991,2307,171),
(991,2308,172),
(991,2309,173),
(991,2310,174),
(991,2311,175),
(991,2312,176),
(991,2313,178),
(1006,2313,14),
(1007,2313,122),
(1009,2313,4),
(1017,2313,1),
(1017,2313,5),
(991,2314,179),
(991,2315,180),
(991,2316,181),
(991,2317,183),
(991,2318,187),
(991,2319,191),
(991,2320,192),
(991,2321,193),
(991,2322,194),
(991,2323,197),
(991,2324,198),
(991,2325,199),
(991,2326,200),
(991,2327,201),
(991,2328,203),
(991,2329,204),
(991,2330,205),
(1055,2330,75),
(991,2331,206),
(991,2332,207),
(991,2333,208),
(991,2334,209),
(991,2335,210),
(991,2336,211),
(991,2337,213),
(991,2338,214),
(991,2339,215),
(991,2340,216),
(991,2341,217),
(991,2342,218),
(993,2343,5),
(997,2344,0),
(997,2345,1),
(997,2346,2),
(997,2347,3),
(997,2348,4),
(997,2349,6),
(1029,2349,11),
(997,2350,7),
(997,2351,9),
(998,2352,0),
(999,2352,116),
(998,2353,1),
(999,2353,117),
(998,2354,2),
(998,2355,3),
(998,2356,4),
(999,2357,3),
(999,2358,4),
(999,2358,49),
(999,2359,5),
(1031,2359,21),
(1031,2359,59),
(999,2360,6),
(999,2361,10),
(999,2362,11),
(999,2363,12),
(999,2364,13),
(999,2365,14),
(999,2366,15),
(999,2367,16),
(999,2368,17),
(999,2369,18),
(999,2370,21),
(999,2371,23),
(999,2372,25),
(999,2373,26),
(999,2374,28),
(999,2375,30),
(999,2376,33),
(1039,2376,12),
(999,2377,34),
(999,2378,35),
(1007,2378,27),
(999,2379,36),
(999,2380,38),
(999,2381,39),
(999,2382,40),
(999,2383,42),
(999,2384,43),
(999,2385,46),
(999,2386,47),
(999,2387,50),
(999,2388,51),
(999,2389,52),
(999,2390,54),
(999,2391,56),
(999,2392,57),
(999,2393,59),
(999,2394,61),
(999,2395,66),
(999,2396,67),
(999,2396,128),
(1001,2396,5),
(999,2397,69),
(999,2398,70),
(999,2399,71),
(999,2400,72),
(999,2401,73),
(999,2402,74),
(999,2403,75),
(999,2404,76),
(999,2405,77),
(999,2406,79),
(999,2407,80),
(999,2408,81),
(999,2409,83),
(999,2410,84),
(999,2411,85),
(999,2412,86),
(999,2413,87),
(999,2414,89),
(999,2415,90),
(999,2416,91),
(999,2417,92),
(999,2418,93),
(999,2419,94),
(999,2420,96),
(999,2421,97),
(999,2422,100),
(999,2423,101),
(999,2424,102),
(999,2425,104),
(999,2426,105),
(1015,2426,35),
(999,2427,107),
(999,2428,108),
(999,2429,109),
(999,2430,110),
(1039,2430,96),
(999,2431,111),
(999,2432,113),
(999,2433,114),
(999,2434,115),
(999,2435,118),
(999,2436,119),
(999,2437,120),
(999,2438,121),
(999,2439,122),
(999,2440,123),
(999,2441,124),
(999,2442,127),
(999,2443,129),
(999,2444,130),
(999,2445,131),
(999,2446,133),
(999,2447,134),
(999,2448,135),
(999,2449,136),
(999,2450,137),
(999,2451,138),
(999,2452,141),
(999,2453,142),
(999,2454,143),
(999,2455,144),
(999,2456,146),
(999,2457,147),
(999,2458,148),
(999,2459,150),
(999,2459,183),
(999,2460,151),
(999,2461,154),
(999,2461,188),
(999,2462,160),
(999,2463,165),
(999,2464,168),
(999,2465,169),
(999,2466,170),
(999,2467,172),
(999,2468,174),
(999,2469,175),
(999,2470,176),
(999,2471,177),
(999,2472,178),
(999,2473,179),
(999,2474,180),
(999,2475,181),
(999,2476,182),
(999,2477,184),
(999,2478,186),
(999,2479,189),
(999,2480,191),
(1001,2481,0),
(1001,2482,1),
(1001,2483,2),
(1001,2484,3),
(1005,2485,1),
(1005,2486,2),
(1005,2487,3),
(1005,2488,4),
(1005,2488,10),
(1005,2489,8),
(1005,2490,9),
(1005,2491,13),
(1006,2492,1),
(1007,2492,15),
(1007,2492,40),
(1007,2492,52),
(1006,2493,2),
(1007,2493,16),
(1007,2493,25),
(1007,2493,41),
(1007,2493,45),
(1007,2493,53),
(1031,2493,10),
(1031,2493,16),
(1031,2493,27),
(1031,2493,48),
(1031,2493,54),
(1031,2493,65),
(1006,2494,3),
(1007,2494,17),
(1006,2495,6),
(1007,2495,64),
(1007,2495,78),
(1007,2495,116),
(1007,2495,123),
(1009,2495,0),
(1006,2496,11),
(1006,2497,12),
(1007,2498,2),
(1007,2499,6),
(1007,2500,8),
(1009,2500,12),
(1007,2501,9),
(1009,2501,13),
(1007,2502,10),
(1009,2502,7),
(1007,2503,11),
(1007,2504,20),
(1007,2505,21),
(1007,2506,22),
(1007,2507,26),
(1007,2508,28),
(1007,2509,32),
(1007,2510,38),
(1007,2511,42),
(1007,2512,46),
(1007,2513,50),
(1007,2514,56),
(1055,2514,94),
(1007,2515,57),
(1007,2516,60),
(1007,2517,61),
(1007,2518,62),
(1009,2518,5),
(1007,2519,63),
(1007,2520,65),
(1007,2520,125),
(1007,2521,72),
(1007,2522,73),
(1007,2523,75),
(1007,2524,76),
(1007,2525,77),
(1007,2526,80),
(1007,2527,82),
(1007,2528,83),
(1007,2529,85),
(1007,2530,86),
(1007,2531,87),
(1007,2532,89),
(1007,2533,90),
(1007,2533,112),
(1007,2533,118),
(1007,2534,91),
(1007,2535,93),
(1007,2536,94),
(1007,2537,95),
(1007,2538,98),
(1007,2539,99),
(1007,2540,105),
(1007,2541,106),
(1007,2542,107),
(1007,2543,108),
(1007,2544,110),
(1007,2545,111),
(1007,2545,120),
(1007,2546,113),
(1007,2547,114),
(1007,2548,117),
(1009,2549,6),
(1013,2550,0),
(1013,2551,1),
(1013,2552,2),
(1013,2553,3),
(1013,2554,5),
(1021,2554,5),
(1013,2555,7),
(1014,2556,1),
(1014,2557,4),
(1017,2557,7),
(1015,2558,6),
(1015,2559,8),
(1015,2560,9),
(1015,2561,15),
(1015,2562,18),
(1015,2563,19),
(1015,2564,27),
(1017,2564,3),
(1015,2565,30),
(1015,2566,32),
(1015,2567,36),
(1015,2568,37),
(1015,2569,39),
(1015,2570,41),
(1015,2571,42),
(1015,2572,43),
(1015,2573,44),
(1047,2573,62),
(1015,2574,45),
(1015,2575,48),
(1015,2576,51),
(1017,2577,9),
(1021,2578,0),
(1021,2579,1),
(1021,2580,2),
(1021,2581,3),
(1022,2582,0),
(1022,2583,2),
(1023,2583,48),
(1025,2583,3),
(1022,2584,3),
(1023,2584,49),
(1025,2584,1),
(1049,2584,4),
(1023,2585,6),
(1023,2585,18),
(1023,2586,8),
(1023,2587,9),
(1023,2588,10),
(1023,2589,11),
(1023,2590,21),
(1023,2591,23),
(1023,2592,24),
(1023,2593,28),
(1055,2593,12),
(1055,2593,27),
(1023,2594,35),
(1023,2595,38),
(1023,2596,44),
(1039,2596,59),
(1023,2597,45),
(1023,2598,46),
(1023,2599,50),
(1023,2600,51),
(1023,2601,52),
(1023,2602,53),
(1023,2603,56),
(1023,2604,57),
(1023,2605,61),
(1023,2606,64),
(1023,2607,65),
(1023,2608,67),
(1023,2609,70),
(1023,2610,73),
(1023,2611,74),
(1023,2612,83),
(1023,2613,84),
(1023,2614,85),
(1023,2615,86),
(1023,2616,89),
(1023,2617,90),
(1023,2618,93),
(1030,2618,6),
(1023,2619,94),
(1025,2620,0),
(1025,2621,4),
(1029,2622,2),
(1029,2623,3),
(1029,2624,4),
(1029,2625,7),
(1029,2626,10),
(1030,2627,0),
(1030,2628,1),
(1030,2629,2),
(1030,2630,3),
(1030,2631,4),
(1030,2632,5),
(1030,2633,7),
(1031,2634,6),
(1031,2634,44),
(1031,2635,7),
(1031,2635,31),
(1031,2635,45),
(1031,2635,69),
(1031,2636,8),
(1031,2636,46),
(1031,2637,11),
(1031,2637,49),
(1031,2638,12),
(1031,2638,25),
(1031,2638,50),
(1031,2638,63),
(1031,2639,13),
(1031,2639,51),
(1031,2640,15),
(1031,2640,53),
(1031,2641,17),
(1031,2641,55),
(1031,2642,18),
(1031,2642,56),
(1031,2643,19),
(1031,2643,57),
(1031,2644,28),
(1031,2644,66),
(1031,2645,29),
(1031,2645,67),
(1031,2646,32),
(1031,2646,70),
(1031,2647,34),
(1031,2647,72),
(1031,2648,36),
(1031,2648,74),
(1031,2649,37),
(1031,2649,75),
(1031,2650,38),
(1031,2650,76),
(1031,2651,39),
(1031,2651,77),
(1033,2652,0),
(1033,2653,1),
(1033,2654,2),
(1033,2655,4),
(1033,2656,5),
(1033,2657,6),
(1033,2658,7),
(1033,2659,8),
(1033,2660,9),
(1033,2661,10),
(1037,2662,0),
(1037,2663,1),
(1037,2664,2),
(1037,2665,3),
(1037,2666,4),
(1047,2666,55),
(1037,2667,6),
(1037,2668,8),
(1037,2669,11),
(1037,2670,12),
(1037,2671,15),
(1037,2671,18),
(1053,2671,6),
(1037,2672,17),
(1038,2673,0),
(1039,2673,85),
(1038,2674,1),
(1039,2674,67),
(1041,2674,2),
(1039,2675,5),
(1039,2676,6),
(1039,2677,10),
(1039,2678,11),
(1039,2679,15),
(1039,2680,17),
(1039,2680,26),
(1039,2680,30),
(1039,2681,18),
(1039,2681,27),
(1039,2681,31),
(1039,2682,20),
(1039,2683,32),
(1039,2684,42),
(1039,2685,43),
(1039,2686,45),
(1039,2687,46),
(1039,2688,48),
(1039,2689,49),
(1039,2690,50),
(1039,2691,51),
(1039,2692,52),
(1039,2693,53),
(1039,2694,55),
(1039,2695,56),
(1039,2696,57),
(1039,2696,79),
(1039,2697,58),
(1039,2698,60),
(1039,2699,61),
(1039,2699,83),
(1039,2699,92),
(1039,2700,62),
(1039,2701,63),
(1039,2701,95),
(1039,2702,64),
(1039,2703,65),
(1039,2704,66),
(1039,2704,93),
(1039,2705,68),
(1039,2706,70),
(1039,2707,73),
(1039,2708,74),
(1039,2709,76),
(1039,2710,82),
(1039,2711,84),
(1039,2712,86),
(1039,2713,87),
(1039,2714,88),
(1039,2715,90),
(1039,2716,91),
(1039,2717,94),
(1039,2718,101),
(1039,2719,102),
(1041,2720,1),
(1041,2721,3),
(1045,2722,2),
(1045,2723,3),
(1045,2724,4),
(1046,2725,0),
(1049,2725,0),
(1046,2726,3),
(1047,2726,41),
(1046,2727,4),
(1047,2728,2),
(1047,2728,8),
(1047,2728,24),
(1047,2729,11),
(1047,2730,12),
(1047,2731,17),
(1047,2732,18),
(1047,2733,21),
(1047,2734,22),
(1047,2735,25),
(1047,2736,27),
(1047,2737,32),
(1047,2737,39),
(1047,2738,34),
(1047,2739,35),
(1047,2740,36),
(1047,2741,38),
(1047,2742,42),
(1047,2743,43),
(1047,2744,45),
(1047,2745,46),
(1047,2746,48),
(1047,2747,49),
(1047,2748,51),
(1047,2749,53),
(1047,2750,54),
(1047,2751,56),
(1047,2752,57),
(1047,2753,61),
(1047,2754,63),
(1047,2755,65),
(1049,2756,2),
(1049,2757,7),
(1053,2758,0),
(1053,2759,1),
(1053,2760,2),
(1053,2761,3),
(1053,2762,5),
(1053,2763,7),
(1053,2764,10),
(1054,2765,0),
(1055,2765,102),
(1055,2765,115),
(1057,2765,2),
(1054,2766,1),
(1055,2766,67),
(1055,2766,103),
(1055,2766,116),
(1054,2767,2),
(1054,2768,3),
(1054,2769,4),
(1054,2770,5),
(1054,2770,12),
(1055,2770,84),
(1054,2771,6),
(1054,2772,7),
(1055,2772,83),
(1057,2772,4),
(1054,2773,8),
(1054,2774,10),
(1054,2775,11),
(1057,2775,7),
(1054,2776,15),
(1055,2777,6),
(1055,2778,7),
(1055,2778,36),
(1055,2778,45),
(1057,2778,14),
(1055,2779,9),
(1055,2779,30),
(1055,2780,10),
(1055,2781,13),
(1055,2782,14),
(1055,2783,16),
(1057,2783,20),
(1055,2784,17),
(1055,2784,79),
(1055,2785,18),
(1055,2785,80),
(1055,2786,19),
(1055,2786,81),
(1055,2787,21),
(1057,2787,16),
(1057,2787,18),
(1055,2788,22),
(1055,2789,29),
(1055,2790,32),
(1055,2791,33),
(1055,2792,34),
(1055,2793,35),
(1055,2793,44),
(1055,2793,52),
(1057,2793,13),
(1055,2794,38),
(1055,2795,41),
(1055,2796,43),
(1055,2797,46),
(1055,2798,53),
(1055,2799,54),
(1055,2800,58),
(1055,2801,60),
(1055,2802,61),
(1055,2803,66),
(1055,2804,72),
(1055,2805,74),
(1055,2806,76),
(1055,2807,77),
(1055,2808,78),
(1055,2809,82),
(1055,2810,87),
(1055,2811,89),
(1055,2812,90),
(1055,2813,95),
(1055,2814,96),
(1055,2815,97),
(1055,2816,98),
(1055,2817,99),
(1055,2818,100),
(1055,2819,104),
(1055,2820,105),
(1055,2821,106),
(1055,2822,107),
(1055,2823,110),
(1055,2824,111),
(1055,2825,112),
(1055,2826,113),
(1055,2827,118),
(1057,2828,1),
(1057,2829,3),
(1057,2830,5),
(1057,2831,6),
(1057,2831,8),
(1057,2832,10),
(1057,2833,15),
(1057,2834,17),
(1061,2835,0),
(1061,2835,1),
(1061,2836,2),
(1061,2836,3),
(1061,2837,4),
(1061,2838,5),
(1062,2839,2),
(1063,2840,0),
(1063,2840,46),
(1063,2840,55),
(1063,2840,103),
(1063,2840,149),
(1063,2840,158),
(1063,2841,1),
(1063,2841,104),
(1063,2842,2),
(1063,2842,62),
(1063,2842,105),
(1063,2842,165),
(1063,2843,3),
(1063,2843,38),
(1063,2843,106),
(1063,2843,141),
(1063,2844,4),
(1063,2844,52),
(1063,2844,107),
(1063,2844,155),
(1063,2845,5),
(1063,2845,33),
(1063,2845,108),
(1063,2845,136),
(1063,2846,6),
(1063,2846,16),
(1063,2846,39),
(1063,2846,41),
(1063,2846,109),
(1063,2846,119),
(1063,2846,142),
(1063,2846,144),
(1063,2847,7),
(1063,2847,100),
(1063,2847,110),
(1063,2847,203),
(1063,2848,8),
(1063,2848,111),
(1063,2849,9),
(1063,2849,112),
(1063,2850,10),
(1063,2850,96),
(1063,2850,113),
(1063,2850,199),
(1063,2851,11),
(1063,2851,35),
(1063,2851,114),
(1063,2851,138),
(1063,2852,12),
(1063,2852,115),
(1063,2853,13),
(1063,2853,116),
(1063,2854,14),
(1063,2854,117),
(1063,2855,15),
(1063,2855,53),
(1063,2855,118),
(1063,2855,156),
(1063,2856,17),
(1063,2856,120),
(1063,2857,18),
(1063,2857,121),
(1063,2858,19),
(1063,2858,122),
(1063,2859,20),
(1063,2859,79),
(1063,2859,123),
(1063,2859,182),
(1063,2860,21),
(1063,2860,124),
(1063,2861,22),
(1063,2861,125),
(1063,2862,23),
(1063,2862,126),
(1063,2863,24),
(1063,2863,78),
(1063,2863,127),
(1063,2863,181),
(1063,2864,25),
(1063,2864,87),
(1063,2864,89),
(1063,2864,128),
(1063,2864,190),
(1063,2864,192),
(1063,2865,26),
(1063,2865,129),
(1063,2866,27),
(1063,2866,91),
(1063,2866,130),
(1063,2866,194),
(1063,2867,28),
(1063,2867,80),
(1063,2867,131),
(1063,2867,183),
(1063,2868,29),
(1063,2868,132),
(1063,2869,30),
(1063,2869,133),
(1063,2870,31),
(1063,2870,61),
(1063,2870,134),
(1063,2870,164),
(1063,2871,32),
(1063,2871,82),
(1063,2871,135),
(1063,2871,185),
(1063,2872,34),
(1063,2872,73),
(1063,2872,137),
(1063,2872,176),
(1063,2873,36),
(1063,2873,86),
(1063,2873,139),
(1063,2873,189),
(1063,2874,37),
(1063,2874,140),
(1063,2875,40),
(1063,2875,143),
(1063,2876,42),
(1063,2876,145),
(1063,2877,43),
(1063,2877,93),
(1063,2877,146),
(1063,2877,196),
(1063,2878,44),
(1063,2878,65),
(1063,2878,147),
(1063,2878,168),
(1063,2879,45),
(1063,2879,148),
(1063,2880,47),
(1063,2880,150),
(1063,2881,48),
(1063,2881,88),
(1063,2881,151),
(1063,2881,191),
(1063,2882,49),
(1063,2882,152),
(1063,2883,50),
(1063,2883,153),
(1063,2884,51),
(1063,2884,154),
(1063,2885,54),
(1063,2885,157),
(1063,2886,56),
(1063,2886,159),
(1063,2887,57),
(1063,2887,160),
(1063,2888,58),
(1063,2888,161),
(1063,2889,59),
(1063,2889,162),
(1063,2890,60),
(1063,2890,163),
(1063,2891,63),
(1063,2891,166),
(1063,2892,64),
(1063,2892,84),
(1063,2892,167),
(1063,2892,187),
(1063,2893,66),
(1063,2893,169),
(1063,2894,67),
(1063,2894,94),
(1063,2894,170),
(1063,2894,197),
(1063,2895,68),
(1063,2895,171),
(1063,2896,69),
(1063,2896,71),
(1063,2896,172),
(1063,2896,174),
(1063,2897,70),
(1063,2897,173),
(1063,2898,72),
(1063,2898,92),
(1063,2898,175),
(1063,2898,195),
(1063,2899,74),
(1063,2899,177),
(1063,2900,75),
(1063,2900,101),
(1063,2900,178),
(1063,2900,204),
(1063,2901,76),
(1063,2901,179),
(1063,2902,77),
(1063,2902,180),
(1063,2903,81),
(1063,2903,184),
(1063,2904,83),
(1063,2904,186),
(1063,2905,85),
(1063,2905,188),
(1063,2906,90),
(1063,2906,193),
(1063,2907,95),
(1063,2907,198),
(1063,2908,97),
(1063,2908,200),
(1063,2909,98),
(1063,2909,201),
(1063,2910,99),
(1063,2910,202),
(1063,2911,102),
(1063,2911,205);

--
-- Table structure for table `submission_search_objects`
--

CREATE TABLE `submission_search_objects` (
  `object_id` bigint(20) NOT NULL AUTO_INCREMENT,
  `submission_id` bigint(20) NOT NULL,
  `type` int(11) NOT NULL,
  `assoc_id` bigint(20) DEFAULT NULL,
  PRIMARY KEY (`object_id`),
  KEY `submission_search_object_submission` (`submission_id`)
) ENGINE=InnoDB AUTO_INCREMENT=1069 DEFAULT CHARSET=utf8mb3 COLLATE=utf8mb3_general_ci;

--
-- Dumping data for table `submission_search_objects`
--

INSERT INTO `submission_search_objects` VALUES
(1,2,1,0),
(2,2,2,0),
(3,2,4,0),
(4,2,8,0),
(5,2,16,0),
(6,2,32,0),
(7,2,64,0),
(8,3,1,0),
(9,3,2,0),
(10,3,4,0),
(11,3,8,0),
(12,3,16,0),
(13,3,32,0),
(14,3,64,0),
(15,4,1,0),
(16,4,2,0),
(17,4,4,0),
(18,4,8,0),
(19,4,16,0),
(20,4,32,0),
(21,4,64,0),
(22,5,1,0),
(23,5,2,0),
(24,5,4,0),
(25,5,8,0),
(26,5,16,0),
(27,5,32,0),
(28,5,64,0),
(29,7,1,0),
(30,7,2,0),
(31,7,4,0),
(32,7,8,0),
(33,7,16,0),
(34,7,32,0),
(35,7,64,0),
(36,8,1,0),
(37,8,2,0),
(38,8,4,0),
(39,8,8,0),
(40,8,16,0),
(41,8,32,0),
(42,8,64,0),
(43,9,1,0),
(44,9,2,0),
(45,9,4,0),
(46,9,8,0),
(47,9,16,0),
(48,9,32,0),
(49,9,64,0),
(50,10,1,0),
(51,10,2,0),
(52,10,4,0),
(53,10,8,0),
(54,10,16,0),
(55,10,32,0),
(56,10,64,0),
(57,11,1,0),
(58,11,2,0),
(59,11,4,0),
(60,11,8,0),
(61,11,16,0),
(62,11,32,0),
(63,11,64,0),
(64,19,1,0),
(65,19,2,0),
(66,19,4,0),
(67,19,16,0),
(68,19,8,0),
(69,19,32,0),
(70,19,64,0),
(71,20,1,0),
(72,20,2,0),
(73,20,4,0),
(74,20,16,0),
(75,20,8,0),
(76,20,32,0),
(77,20,64,0),
(85,22,1,0),
(86,22,2,0),
(87,22,4,0),
(88,22,16,0),
(89,22,8,0),
(90,22,32,0),
(91,22,64,0),
(92,23,1,0),
(93,23,2,0),
(94,23,4,0),
(95,23,16,0),
(96,23,8,0),
(97,23,32,0),
(98,23,64,0),
(99,24,1,0),
(100,24,2,0),
(101,24,4,0),
(102,24,16,0),
(103,24,8,0),
(104,24,32,0),
(105,24,64,0),
(106,25,1,0),
(107,25,2,0),
(108,25,4,0),
(109,25,16,0),
(110,25,8,0),
(111,25,32,0),
(112,25,64,0),
(113,26,1,0),
(114,26,2,0),
(115,26,4,0),
(116,26,16,0),
(117,26,8,0),
(118,26,32,0),
(119,26,64,0),
(120,27,1,0),
(121,27,2,0),
(122,27,4,0),
(123,27,16,0),
(124,27,8,0),
(125,27,32,0),
(126,27,64,0),
(127,21,1,0),
(128,21,2,0),
(129,21,4,0),
(130,21,16,0),
(131,21,8,0),
(132,21,32,0),
(133,21,64,0),
(134,30,1,0),
(135,30,2,0),
(136,30,4,0),
(137,30,16,0),
(138,30,8,0),
(139,30,32,0),
(140,30,64,0),
(885,55,1,0),
(886,55,2,0),
(887,55,4,0),
(888,55,16,0),
(889,55,17,0),
(890,55,8,0),
(891,55,32,0),
(892,55,64,0),
(893,54,1,0),
(894,54,2,0),
(895,54,4,0),
(896,54,16,0),
(897,54,17,0),
(898,54,8,0),
(899,54,32,0),
(900,54,64,0),
(901,53,1,0),
(902,53,2,0),
(903,53,4,0),
(904,53,16,0),
(905,53,17,0),
(906,53,8,0),
(907,53,32,0),
(908,53,64,0),
(909,52,1,0),
(910,52,2,0),
(911,52,4,0),
(912,52,16,0),
(913,52,17,0),
(914,52,8,0),
(915,52,32,0),
(916,52,64,0),
(917,51,1,0),
(918,51,2,0),
(919,51,4,0),
(920,51,16,0),
(921,51,17,0),
(922,51,8,0),
(923,51,32,0),
(924,51,64,0),
(925,50,1,0),
(926,50,2,0),
(927,50,4,0),
(928,50,16,0),
(929,50,17,0),
(930,50,8,0),
(931,50,32,0),
(932,50,64,0),
(933,49,1,0),
(934,49,2,0),
(935,49,4,0),
(936,49,16,0),
(937,49,17,0),
(938,49,8,0),
(939,49,32,0),
(940,49,64,0),
(941,48,1,0),
(942,48,2,0),
(943,48,4,0),
(944,48,16,0),
(945,48,17,0),
(946,48,8,0),
(947,48,32,0),
(948,48,64,0),
(949,46,1,0),
(950,46,2,0),
(951,46,4,0),
(952,46,16,0),
(953,46,17,0),
(954,46,8,0),
(955,46,32,0),
(956,46,64,0),
(957,45,1,0),
(958,45,2,0),
(959,45,4,0),
(960,45,16,0),
(961,45,17,0),
(962,45,8,0),
(963,45,32,0),
(964,45,64,0),
(965,44,1,0),
(966,44,2,0),
(967,44,4,0),
(968,44,16,0),
(969,44,17,0),
(970,44,8,0),
(971,44,32,0),
(972,44,64,0),
(973,43,1,0),
(974,43,2,0),
(975,43,4,0),
(976,43,16,0),
(977,43,17,0),
(978,43,8,0),
(979,43,32,0),
(980,43,64,0),
(981,42,1,0),
(982,42,2,0),
(983,42,4,0),
(984,42,16,0),
(985,42,17,0),
(986,42,8,0),
(987,42,32,0),
(988,42,64,0),
(989,56,1,0),
(990,56,2,0),
(991,56,4,0),
(992,56,16,0),
(993,56,17,0),
(994,56,8,0),
(995,56,32,0),
(996,56,64,0),
(997,57,1,0),
(998,57,2,0),
(999,57,4,0),
(1000,57,16,0),
(1001,57,17,0),
(1002,57,8,0),
(1003,57,32,0),
(1004,57,64,0),
(1005,58,1,0),
(1006,58,2,0),
(1007,58,4,0),
(1008,58,16,0),
(1009,58,17,0),
(1010,58,8,0),
(1011,58,32,0),
(1012,58,64,0),
(1013,59,1,0),
(1014,59,2,0),
(1015,59,4,0),
(1016,59,16,0),
(1017,59,17,0),
(1018,59,8,0),
(1019,59,32,0),
(1020,59,64,0),
(1021,60,1,0),
(1022,60,2,0),
(1023,60,4,0),
(1024,60,16,0),
(1025,60,17,0),
(1026,60,8,0),
(1027,60,32,0),
(1028,60,64,0),
(1029,61,1,0),
(1030,61,2,0),
(1031,61,4,0),
(1032,61,16,0),
(1033,61,17,0),
(1034,61,8,0),
(1035,61,32,0),
(1036,61,64,0),
(1037,62,1,0),
(1038,62,2,0),
(1039,62,4,0),
(1040,62,16,0),
(1041,62,17,0),
(1042,62,8,0),
(1043,62,32,0),
(1044,62,64,0),
(1045,63,1,0),
(1046,63,2,0),
(1047,63,4,0),
(1048,63,16,0),
(1049,63,17,0),
(1050,63,8,0),
(1051,63,32,0),
(1052,63,64,0),
(1053,64,1,0),
(1054,64,2,0),
(1055,64,4,0),
(1056,64,16,0),
(1057,64,17,0),
(1058,64,8,0),
(1059,64,32,0),
(1060,64,64,0),
(1061,66,1,0),
(1062,66,2,0),
(1063,66,4,0),
(1064,66,16,0),
(1065,66,17,0),
(1066,66,8,0),
(1067,66,32,0),
(1068,66,64,0);

--
-- Table structure for table `submission_settings`
--

CREATE TABLE `submission_settings` (
  `submission_id` bigint(20) NOT NULL,
  `locale` varchar(14) NOT NULL DEFAULT '',
  `setting_name` varchar(255) NOT NULL,
  `setting_value` text DEFAULT NULL,
  UNIQUE KEY `submission_settings_pkey` (`submission_id`,`locale`,`setting_name`),
  KEY `submission_settings_submission_id` (`submission_id`)
) ENGINE=InnoDB DEFAULT CHARSET=utf8mb3 COLLATE=utf8mb3_general_ci;

--
-- Dumping data for table `submission_settings`
--

INSERT INTO `submission_settings` VALUES
(2,'','projectID',''),
(3,'','projectID',''),
(4,'','projectID',''),
(5,'','projectID',''),
(7,'','projectID',''),
(8,'','projectID',''),
(9,'','projectID',''),
(10,'','projectID',''),
(11,'','projectID','');

--
-- Table structure for table `submission_supplementary_files`
--

CREATE TABLE `submission_supplementary_files` (
  `file_id` bigint(20) NOT NULL,
  `revision` bigint(20) NOT NULL,
  PRIMARY KEY (`file_id`,`revision`)
) ENGINE=InnoDB DEFAULT CHARSET=utf8mb3 COLLATE=utf8mb3_general_ci;

--
-- Dumping data for table `submission_supplementary_files`
--

INSERT INTO `submission_supplementary_files` VALUES
(19,1),
(42,1),
(43,1),
(44,1),
(45,1),
(46,1),
(47,1);

--
-- Table structure for table `submission_tombstones`
--

CREATE TABLE `submission_tombstones` (
  `tombstone_id` bigint(20) NOT NULL AUTO_INCREMENT,
  `submission_id` bigint(20) NOT NULL,
  `date_deleted` datetime NOT NULL,
  `journal_id` bigint(20) NOT NULL,
  `section_id` bigint(20) NOT NULL,
  `set_spec` varchar(255) NOT NULL,
  `set_name` varchar(255) NOT NULL,
  `oai_identifier` varchar(255) NOT NULL,
  PRIMARY KEY (`tombstone_id`),
  KEY `submission_tombstones_journal_id` (`journal_id`),
  KEY `submission_tombstones_submission_id` (`submission_id`)
) ENGINE=InnoDB DEFAULT CHARSET=utf8mb3 COLLATE=utf8mb3_general_ci;

--
-- Dumping data for table `submission_tombstones`
--


--
-- Table structure for table `submissions`
--

CREATE TABLE `submissions` (
  `submission_id` bigint(20) NOT NULL AUTO_INCREMENT,
  `context_id` bigint(20) NOT NULL,
  `date_submitted` datetime DEFAULT NULL,
  `last_modified` datetime DEFAULT NULL,
  `status` tinyint(4) NOT NULL DEFAULT 1,
  `submission_progress` tinyint(4) NOT NULL DEFAULT 1,
  `stage_id` bigint(20) NOT NULL DEFAULT 1,
  `current_publication_id` bigint(20) DEFAULT NULL,
  `date_last_activity` datetime DEFAULT NULL,
  `work_type` tinyint(4) DEFAULT 0,
  `locale` varchar(14) DEFAULT NULL,
  PRIMARY KEY (`submission_id`),
  KEY `submissions_context_id` (`context_id`),
  KEY `submissions_publication_id` (`submission_id`)
) ENGINE=InnoDB AUTO_INCREMENT=67 DEFAULT CHARSET=utf8mb3 COLLATE=utf8mb3_general_ci;

--
-- Dumping data for table `submissions`
--

INSERT INTO `submissions` VALUES
(2,1,'2020-06-04 10:21:40','2020-09-25 09:05:08',3,0,5,1,'2020-06-04 10:30:46',0,'en_US'),
(3,1,'2020-06-04 10:25:04','2020-09-25 09:05:51',3,0,5,2,'2020-06-04 10:30:46',0,'en_US'),
(4,1,'2020-06-04 10:27:44','2020-09-25 09:06:24',3,0,5,3,'2020-06-04 10:30:46',0,'en_US'),
(5,1,'2020-06-04 10:29:41','2020-09-25 09:07:11',3,0,5,4,'2020-06-04 10:30:46',0,'en_US'),
(7,1,'2020-06-04 10:32:45','2020-06-04 10:32:45',3,0,5,5,'2020-06-04 10:30:54',0,'en_US'),
(8,1,'2020-06-04 10:35:14','2020-06-04 10:35:14',3,0,5,6,'2020-06-04 10:32:47',0,'en_US'),
(9,1,'2020-06-04 10:37:11','2020-09-28 11:03:53',3,0,5,7,'2020-06-04 10:35:26',0,'en_US'),
(10,1,'2020-06-04 10:39:03','2020-06-04 10:39:03',3,0,5,8,'2020-06-04 10:37:12',0,'en_US'),
(11,1,'2020-06-04 10:40:59','2020-09-28 11:02:38',3,0,5,9,'2020-06-04 10:39:04',0,'en_US'),
(19,1,'2020-12-25 18:54:29','2020-12-25 18:45:16',3,0,5,16,'2020-12-25 19:15:42',0,'en_US'),
(20,1,'2020-12-25 18:56:45','2020-12-25 18:54:32',3,0,5,17,'2020-12-25 19:15:41',0,'en_US'),
(21,1,'2020-12-25 18:58:45','2020-12-25 18:56:48',3,0,5,18,'2020-12-29 18:01:33',0,'en_US'),
(22,1,'2020-12-25 19:00:34','2020-12-25 18:58:47',3,0,5,19,'2020-12-25 19:15:41',0,'en_US'),
(23,1,'2020-12-25 19:04:12','2020-12-25 19:00:54',3,0,5,20,'2020-12-25 19:15:41',0,'en_US'),
(24,1,'2020-12-25 19:06:08','2020-12-25 19:04:22',3,0,5,21,'2020-12-25 19:15:41',0,'en_US'),
(25,1,'2020-12-25 19:08:28','2020-12-25 19:06:23',3,0,5,22,'2020-12-25 19:15:41',0,'en_US'),
(26,1,'2020-12-25 19:10:54','2020-12-25 19:08:30',3,0,5,23,'2020-12-25 19:15:41',0,'en_US'),
(27,1,'2020-12-25 19:13:15','2020-12-25 19:10:57',3,0,5,24,'2020-12-25 19:15:41',0,'en_US'),
(30,1,'2020-12-29 18:05:04','2020-12-29 18:02:00',3,0,5,27,'2020-12-29 18:05:04',0,'en_US'),
(31,1,'2021-01-09 08:56:33','2021-01-09 08:56:33',1,0,1,28,'2021-01-09 08:56:33',0,'en_US'),
(32,1,NULL,'2021-02-09 18:28:58',1,2,1,29,'2021-04-08 18:22:53',0,'en_US'),
(36,1,'2021-12-15 12:20:50','2021-12-15 12:19:17',1,0,5,33,'2021-12-15 12:51:32',0,'ka_GE'),
(38,1,'2021-12-15 12:50:04','2021-12-15 12:48:03',1,0,5,35,'2021-12-15 12:51:29',0,'ka_GE'),
(42,1,'2021-12-15 13:02:23','2021-12-15 13:00:17',3,0,5,39,'2025-09-15 20:03:34',0,'ka_GE'),
(43,1,'2021-12-15 13:04:04','2021-12-15 13:02:40',3,0,5,40,'2022-01-24 13:40:09',0,'ka_GE'),
(44,1,'2021-12-15 13:06:33','2021-12-15 13:04:06',3,0,5,41,'2022-01-24 13:40:08',0,'en_US'),
(45,1,'2021-12-15 13:08:33','2021-12-15 13:06:35',3,0,5,42,'2022-01-24 13:40:08',0,'en_US'),
(46,1,'2021-12-15 13:15:46','2021-12-15 13:08:35',3,0,5,43,'2022-01-24 13:40:08',0,'en_US'),
(48,1,'2021-12-15 13:23:27','2021-12-15 13:21:25',3,0,5,45,'2022-01-24 13:40:08',0,'ka_GE'),
(49,1,'2021-12-15 13:26:04','2021-12-15 13:24:18',3,0,5,46,'2022-01-24 13:40:07',0,'ka_GE'),
(50,1,'2021-12-15 13:27:30','2021-12-15 13:26:06',3,0,5,47,'2022-01-24 13:40:07',0,'ka_GE'),
(51,1,'2021-12-15 13:29:16','2021-12-15 13:27:33',3,0,5,48,'2022-01-24 13:40:07',0,'ka_GE'),
(52,1,'2021-12-15 13:30:58','2021-12-15 13:29:18',3,0,5,49,'2022-01-24 13:40:07',0,'ka_GE'),
(53,1,'2021-12-15 13:32:48','2021-12-15 13:31:02',3,0,5,50,'2022-01-24 13:40:06',0,'ka_GE'),
(54,1,'2021-12-15 13:35:15','2021-12-15 13:33:03',3,0,5,51,'2022-01-24 13:40:06',0,'ka_GE'),
(55,1,'2021-12-15 13:36:45','2021-12-15 13:35:21',3,0,5,52,'2022-01-24 13:40:05',0,'ka_GE'),
(56,1,'2023-04-27 12:36:55','2023-04-27 12:34:03',3,0,5,53,'2023-04-28 11:05:49',0,'ka_GE'),
(57,1,'2023-04-28 10:33:01','2023-04-28 09:44:47',3,0,5,54,'2023-04-28 11:05:48',0,'ka_GE'),
(58,1,'2023-04-28 10:36:22','2023-04-28 10:33:11',3,0,5,55,'2023-04-28 11:05:48',0,'ka_GE'),
(59,1,'2023-04-28 10:40:19','2023-04-28 10:36:42',3,0,5,56,'2023-04-28 11:05:48',0,'ka_GE'),
(60,1,'2023-04-28 10:42:55','2023-04-28 10:40:20',3,0,5,57,'2023-04-28 11:05:47',0,'ka_GE'),
(61,1,'2023-04-28 10:47:16','2023-04-28 10:43:17',3,0,5,58,'2023-04-28 11:05:47',0,'ka_GE'),
(62,1,'2023-04-28 10:51:23','2023-04-28 10:47:24',3,0,5,59,'2023-04-28 11:05:47',0,'ka_GE'),
(63,1,'2023-04-28 10:59:58','2023-04-28 10:56:42',3,0,5,60,'2023-04-28 11:05:46',0,'ka_GE'),
(64,1,'2023-04-28 11:03:53','2023-04-28 11:00:15',3,0,5,61,'2023-04-28 11:05:46',0,'ka_GE'),
(65,1,'2025-09-15 19:56:32','2025-09-15 19:56:32',1,0,1,62,'2025-09-15 19:56:32',0,'ka_GE'),
(66,1,'2025-09-24 09:23:25','2025-09-24 09:17:10',1,0,5,63,'2025-09-24 09:23:19',0,'ka_GE');

--
-- Table structure for table `subscription_type_settings`
--

CREATE TABLE `subscription_type_settings` (
  `type_id` bigint(20) NOT NULL,
  `locale` varchar(14) NOT NULL DEFAULT '',
  `setting_name` varchar(255) NOT NULL,
  `setting_value` text DEFAULT NULL,
  `setting_type` varchar(6) NOT NULL,
  UNIQUE KEY `subscription_type_settings_pkey` (`type_id`,`locale`,`setting_name`),
  KEY `subscription_type_settings_type_id` (`type_id`)
) ENGINE=InnoDB DEFAULT CHARSET=utf8mb3 COLLATE=utf8mb3_general_ci;

--
-- Dumping data for table `subscription_type_settings`
--


--
-- Table structure for table `subscription_types`
--

CREATE TABLE `subscription_types` (
  `type_id` bigint(20) NOT NULL AUTO_INCREMENT,
  `journal_id` bigint(20) NOT NULL,
  `cost` double NOT NULL,
  `currency_code_alpha` varchar(3) NOT NULL,
  `non_expiring` tinyint(4) NOT NULL DEFAULT 0,
  `duration` smallint(6) DEFAULT NULL,
  `format` smallint(6) NOT NULL,
  `institutional` tinyint(4) NOT NULL DEFAULT 0,
  `membership` tinyint(4) NOT NULL DEFAULT 0,
  `disable_public_display` tinyint(4) NOT NULL,
  `seq` double NOT NULL,
  PRIMARY KEY (`type_id`)
) ENGINE=InnoDB DEFAULT CHARSET=utf8mb3 COLLATE=utf8mb3_general_ci;

--
-- Dumping data for table `subscription_types`
--


--
-- Table structure for table `subscriptions`
--

CREATE TABLE `subscriptions` (
  `subscription_id` bigint(20) NOT NULL AUTO_INCREMENT,
  `journal_id` bigint(20) NOT NULL,
  `user_id` bigint(20) NOT NULL,
  `type_id` bigint(20) NOT NULL,
  `date_start` date DEFAULT NULL,
  `date_end` datetime DEFAULT NULL,
  `status` tinyint(4) NOT NULL DEFAULT 1,
  `membership` varchar(40) DEFAULT NULL,
  `reference_number` varchar(40) DEFAULT NULL,
  `notes` text DEFAULT NULL,
  PRIMARY KEY (`subscription_id`)
) ENGINE=InnoDB DEFAULT CHARSET=utf8mb3 COLLATE=utf8mb3_general_ci;

--
-- Dumping data for table `subscriptions`
--


--
-- Table structure for table `temporary_files`
--

CREATE TABLE `temporary_files` (
  `file_id` bigint(20) NOT NULL AUTO_INCREMENT,
  `user_id` bigint(20) NOT NULL,
  `file_name` varchar(90) NOT NULL,
  `file_type` varchar(255) DEFAULT NULL,
  `file_size` bigint(20) NOT NULL,
  `original_file_name` varchar(127) DEFAULT NULL,
  `date_uploaded` datetime NOT NULL,
  PRIMARY KEY (`file_id`),
  KEY `temporary_files_user_id` (`user_id`)
) ENGINE=InnoDB AUTO_INCREMENT=12 DEFAULT CHARSET=utf8mb3 COLLATE=utf8mb3_general_ci;

--
-- Dumping data for table `temporary_files`
--

INSERT INTO `temporary_files` VALUES
(8,1,'pngroQVEz','image/png',192432,'cover.png','2020-12-25 18:44:53'),
(9,1,'pngrK5Afh','image/png',182816,'scii2.png','2020-12-29 17:52:34'),
(10,1,'pngnxrxzo','image/png',405991,'0 cover.png','2021-12-15 12:12:50'),
(11,1,'pngw6pAAt','image/png',546552,'Cover.png','2023-04-27 10:29:58');

--
-- Table structure for table `usage_stats_temporary_records`
--

CREATE TABLE `usage_stats_temporary_records` (
  `assoc_id` bigint(20) NOT NULL,
  `assoc_type` bigint(20) NOT NULL,
  `day` bigint(20) NOT NULL,
  `entry_time` bigint(20) NOT NULL,
  `metric` bigint(20) NOT NULL DEFAULT 1,
  `country_id` varchar(2) DEFAULT NULL,
  `region` varchar(2) DEFAULT NULL,
  `city` varchar(255) DEFAULT NULL,
  `load_id` varchar(255) NOT NULL,
  `file_type` tinyint(4) DEFAULT NULL
) ENGINE=InnoDB DEFAULT CHARSET=utf8mb3 COLLATE=utf8mb3_general_ci;

--
-- Dumping data for table `usage_stats_temporary_records`
--


--
-- Table structure for table `user_group_settings`
--

CREATE TABLE `user_group_settings` (
  `user_group_id` bigint(20) NOT NULL,
  `locale` varchar(14) NOT NULL DEFAULT '',
  `setting_name` varchar(255) NOT NULL,
  `setting_value` text DEFAULT NULL,
  `setting_type` varchar(6) NOT NULL,
  UNIQUE KEY `user_group_settings_pkey` (`user_group_id`,`locale`,`setting_name`)
) ENGINE=InnoDB DEFAULT CHARSET=utf8mb3 COLLATE=utf8mb3_general_ci;

--
-- Dumping data for table `user_group_settings`
--

INSERT INTO `user_group_settings` VALUES
(1,'en_US','name','Site Admin','string'),
(2,'','abbrevLocaleKey','default.groups.abbrev.manager','string'),
(2,'','nameLocaleKey','default.groups.name.manager','string'),
(2,'en_US','abbrev','JM','string'),
(2,'en_US','name','Journal manager','string'),
(3,'','abbrevLocaleKey','default.groups.abbrev.editor','string'),
(3,'','nameLocaleKey','default.groups.name.editor','string'),
(3,'en_US','abbrev','JE','string'),
(3,'en_US','name','Journal editor','string'),
(4,'','abbrevLocaleKey','default.groups.abbrev.productionEditor','string'),
(4,'','nameLocaleKey','default.groups.name.productionEditor','string'),
(4,'en_US','abbrev','ProdE','string'),
(4,'en_US','name','Production editor','string'),
(5,'','abbrevLocaleKey','default.groups.abbrev.sectionEditor','string'),
(5,'','nameLocaleKey','default.groups.name.sectionEditor','string'),
(5,'en_US','abbrev','SecE','string'),
(5,'en_US','name','Section editor','string'),
(6,'','abbrevLocaleKey','default.groups.abbrev.guestEditor','string'),
(6,'','nameLocaleKey','default.groups.name.guestEditor','string'),
(6,'en_US','abbrev','GE','string'),
(6,'en_US','name','Guest editor','string'),
(7,'','abbrevLocaleKey','default.groups.abbrev.copyeditor','string'),
(7,'','nameLocaleKey','default.groups.name.copyeditor','string'),
(7,'en_US','abbrev','CE','string'),
(7,'en_US','name','Copyeditor','string'),
(8,'','abbrevLocaleKey','default.groups.abbrev.designer','string'),
(8,'','nameLocaleKey','default.groups.name.designer','string'),
(8,'en_US','abbrev','Design','string'),
(8,'en_US','name','Designer','string'),
(9,'','abbrevLocaleKey','default.groups.abbrev.funding','string'),
(9,'','nameLocaleKey','default.groups.name.funding','string'),
(9,'en_US','abbrev','FC','string'),
(9,'en_US','name','Funding coordinator','string'),
(10,'','abbrevLocaleKey','default.groups.abbrev.indexer','string'),
(10,'','nameLocaleKey','default.groups.name.indexer','string'),
(10,'en_US','abbrev','IND','string'),
(10,'en_US','name','Indexer','string'),
(11,'','abbrevLocaleKey','default.groups.abbrev.layoutEditor','string'),
(11,'','nameLocaleKey','default.groups.name.layoutEditor','string'),
(11,'en_US','abbrev','LE','string'),
(11,'en_US','name','Layout Editor','string'),
(12,'','abbrevLocaleKey','default.groups.abbrev.marketing','string'),
(12,'','nameLocaleKey','default.groups.name.marketing','string'),
(12,'en_US','abbrev','MS','string'),
(12,'en_US','name','Marketing and sales coordinator','string'),
(13,'','abbrevLocaleKey','default.groups.abbrev.proofreader','string'),
(13,'','nameLocaleKey','default.groups.name.proofreader','string'),
(13,'en_US','abbrev','PR','string'),
(13,'en_US','name','Proofreader','string'),
(14,'','abbrevLocaleKey','default.groups.abbrev.author','string'),
(14,'','nameLocaleKey','default.groups.name.author','string'),
(14,'en_US','abbrev','AU','string'),
(14,'en_US','name','Author','string'),
(15,'','abbrevLocaleKey','default.groups.abbrev.translator','string'),
(15,'','nameLocaleKey','default.groups.name.translator','string'),
(15,'en_US','abbrev','Trans','string'),
(15,'en_US','name','Translator','string'),
(16,'','abbrevLocaleKey','default.groups.abbrev.externalReviewer','string'),
(16,'','nameLocaleKey','default.groups.name.externalReviewer','string'),
(16,'en_US','abbrev','R','string'),
(16,'en_US','name','Reviewer','string'),
(17,'','abbrevLocaleKey','default.groups.abbrev.reader','string'),
(17,'','nameLocaleKey','default.groups.name.reader','string'),
(17,'en_US','abbrev','Read','string'),
(17,'en_US','name','Reader','string'),
(18,'','abbrevLocaleKey','default.groups.abbrev.subscriptionManager','string'),
(18,'','nameLocaleKey','default.groups.name.subscriptionManager','string'),
(18,'','recommendOnly','0','bool'),
(18,'en_US','abbrev','SubM','string'),
(18,'en_US','name','Subscription Manager','string');

--
-- Table structure for table `user_group_stage`
--

CREATE TABLE `user_group_stage` (
  `context_id` bigint(20) NOT NULL,
  `user_group_id` bigint(20) NOT NULL,
  `stage_id` bigint(20) NOT NULL,
  UNIQUE KEY `user_group_stage_pkey` (`context_id`,`user_group_id`,`stage_id`),
  KEY `user_group_stage_context_id` (`context_id`),
  KEY `user_group_stage_user_group_id` (`user_group_id`),
  KEY `user_group_stage_stage_id` (`stage_id`)
) ENGINE=InnoDB DEFAULT CHARSET=utf8mb3 COLLATE=utf8mb3_general_ci;

--
-- Dumping data for table `user_group_stage`
--

INSERT INTO `user_group_stage` VALUES
(1,3,1),
(1,3,3),
(1,3,4),
(1,3,5),
(1,4,4),
(1,4,5),
(1,5,1),
(1,5,3),
(1,5,4),
(1,5,5),
(1,6,1),
(1,6,3),
(1,6,4),
(1,6,5),
(1,7,4),
(1,8,5),
(1,9,1),
(1,9,3),
(1,10,5),
(1,11,5),
(1,12,4),
(1,13,5),
(1,14,1),
(1,14,3),
(1,14,4),
(1,14,5),
(1,15,1),
(1,15,3),
(1,15,4),
(1,15,5),
(1,16,3),
(1,18,1),
(1,18,3),
(1,18,4),
(1,18,5);

--
-- Table structure for table `user_groups`
--

CREATE TABLE `user_groups` (
  `user_group_id` bigint(20) NOT NULL AUTO_INCREMENT,
  `context_id` bigint(20) NOT NULL,
  `role_id` bigint(20) NOT NULL,
  `is_default` tinyint(4) NOT NULL DEFAULT 0,
  `show_title` tinyint(4) NOT NULL DEFAULT 1,
  `permit_self_registration` tinyint(4) NOT NULL DEFAULT 0,
  `permit_metadata_edit` tinyint(4) NOT NULL DEFAULT 0,
  PRIMARY KEY (`user_group_id`),
  KEY `user_groups_user_group_id` (`user_group_id`),
  KEY `user_groups_context_id` (`context_id`),
  KEY `user_groups_role_id` (`role_id`)
) ENGINE=InnoDB AUTO_INCREMENT=19 DEFAULT CHARSET=utf8mb3 COLLATE=utf8mb3_general_ci;

--
-- Dumping data for table `user_groups`
--

INSERT INTO `user_groups` VALUES
(1,0,1,1,0,0,0),
(2,1,16,1,0,0,1),
(3,1,16,1,0,0,1),
(4,1,16,1,0,0,1),
(5,1,17,1,0,0,0),
(6,1,17,1,0,0,0),
(7,1,4097,1,0,0,0),
(8,1,4097,1,0,0,0),
(9,1,4097,1,0,0,0),
(10,1,4097,1,0,0,0),
(11,1,4097,1,0,0,0),
(12,1,4097,1,0,0,0),
(13,1,4097,1,0,0,0),
(14,1,65536,1,0,1,0),
(15,1,65536,1,0,0,0),
(16,1,4096,1,0,1,0),
(17,1,1048576,1,0,1,0),
(18,1,2097152,1,0,0,0);

--
-- Table structure for table `user_interests`
--

CREATE TABLE `user_interests` (
  `user_id` bigint(20) NOT NULL,
  `controlled_vocab_entry_id` bigint(20) NOT NULL,
  UNIQUE KEY `u_e_pkey` (`user_id`,`controlled_vocab_entry_id`)
) ENGINE=InnoDB DEFAULT CHARSET=utf8mb3 COLLATE=utf8mb3_general_ci;

--
-- Dumping data for table `user_interests`
--


--
-- Table structure for table `user_settings`
--

CREATE TABLE `user_settings` (
  `user_id` bigint(20) NOT NULL,
  `locale` varchar(14) NOT NULL DEFAULT '',
  `setting_name` varchar(255) NOT NULL,
  `assoc_type` bigint(20) DEFAULT 0,
  `assoc_id` bigint(20) DEFAULT 0,
  `setting_value` text DEFAULT NULL,
  `setting_type` varchar(6) NOT NULL,
  UNIQUE KEY `user_settings_pkey` (`user_id`,`locale`,`setting_name`,`assoc_type`,`assoc_id`),
  KEY `user_settings_user_id` (`user_id`),
  KEY `user_settings_locale_setting_name_index` (`setting_name`,`locale`)
) ENGINE=InnoDB DEFAULT CHARSET=utf8mb3 COLLATE=utf8mb3_general_ci;

--
-- Dumping data for table `user_settings`
--

INSERT INTO `user_settings` VALUES
(1,'en_US','givenName',NULL,NULL,'webmaster','string'),
(1,'en_US','familyName',NULL,NULL,'webmaster','string'),
(2,'en_US','affiliation',NULL,NULL,'saarden','string'),
(2,'en_US','givenName',NULL,NULL,'Keith','string'),
(2,'en_US','familyName',NULL,NULL,'Rogers','string'),
(2,'','orcid',NULL,NULL,'','string'),
(3,'en_US','affiliation',NULL,NULL,'International Black Sea University','string'),
(3,'en_US','givenName',NULL,NULL,'metin','string'),
(3,'en_US','familyName',NULL,NULL,'mercan','string'),
(3,'','orcid',NULL,NULL,'','string'),
(4,'en_US','affiliation',NULL,NULL,'JDoe University','string'),
(4,'en_US','givenName',NULL,NULL,'John','string'),
(4,'en_US','familyName',NULL,NULL,'Doe','string'),
(4,'','orcid',NULL,NULL,'','string'),
(1,'en_US','biography',NULL,NULL,'','string'),
(1,'en_US','signature',NULL,NULL,'','string'),
(1,'en_US','affiliation',NULL,NULL,'','string'),
(1,'en_US','preferredPublicName',NULL,NULL,'','string'),
(1,'','orcid',NULL,NULL,'','string'),
(1,'ka_GE','givenName',0,0,'webmaster','string'),
(1,'ka_GE','familyName',0,0,'webmaster','string'),
(1,'ka_GE','preferredPublicName',0,0,'','string'),
(2,'ka_GE','givenName',0,0,'Keith','string'),
(2,'ka_GE','familyName',0,0,'Rogers','string'),
(3,'ka_GE','givenName',0,0,'metin','string'),
(3,'ka_GE','familyName',0,0,'mercan','string'),
(4,'ka_GE','givenName',0,0,'John','string'),
(4,'ka_GE','familyName',0,0,'Doe','string'),
(1,'en_US','biography',0,0,'','string'),
(1,'en_US','signature',0,0,'','string'),
(1,'en_US','affiliation',0,0,'','string'),
(1,'en_US','givenName',0,0,'webmaster','string'),
(1,'en_US','familyName',0,0,'webmaster','string'),
(1,'en_US','preferredPublicName',0,0,'','string'),
(1,'','orcid',0,0,'','string'),
(5,'ka_GE','affiliation',0,0,'ალტერბრიჯი','string'),
(5,'ka_GE','givenName',0,0,'ნინა','string'),
(5,'ka_GE','familyName',0,0,'ხატიაშვილი','string'),
(5,'','orcid',0,0,'','string'),
(6,'ka_GE','affiliation',0,0,'ქართველი','string'),
(6,'ka_GE','givenName',0,0,'მაია','string'),
(6,'ka_GE','familyName',0,0,'სირაბიძე','string'),
(6,'','orcid',0,0,'','string'),
(7,'ka_GE','affiliation',0,0,'adminojs','string'),
(7,'ka_GE','givenName',0,0,'adminojs','string'),
(7,'ka_GE','familyName',0,0,'adminojs','string'),
(7,'','orcid',0,0,'','string'),
(8,'ka_GE','affiliation',0,0,'AutoRegBot','string'),
(8,'ka_GE','givenName',0,0,'Supri','string'),
(8,'ka_GE','familyName',0,0,'Sutrisno','string'),
(9,'ka_GE','affiliation',0,0,'Global University','string'),
(9,'ka_GE','givenName',0,0,'Michael','string'),
(9,'ka_GE','familyName',0,0,'Garcia','string'),
(9,'','orcid',0,0,'','string'),
(10,'ka_GE','affiliation',0,0,'asd','string'),
(10,'ka_GE','givenName',0,0,'nika','string'),
(10,'ka_GE','familyName',0,0,'','string'),
(10,'','orcid',0,0,'','string'),
(10,'ka_GE','biography',0,0,'','string'),
(10,'en_US','biography',0,0,'','string'),
(10,'ka_GE','signature',0,0,'','string'),
(10,'en_US','signature',0,0,'','string'),
(10,'en_US','affiliation',0,0,'','string'),
(10,'en_US','givenName',0,0,'','string'),
(10,'en_US','familyName',0,0,'','string'),
(10,'ka_GE','preferredPublicName',0,0,'webmaster','string'),
(10,'en_US','preferredPublicName',0,0,'','string'),
(11,'ka_GE','affiliation',0,0,'Research Institute','string'),
(11,'ka_GE','givenName',0,0,'Timothy','string'),
(11,'ka_GE','familyName',0,0,'Evans','string'),
(11,'','orcid',0,0,'','string');

--
-- Table structure for table `user_user_groups`
--

CREATE TABLE `user_user_groups` (
  `user_group_id` bigint(20) NOT NULL,
  `user_id` bigint(20) NOT NULL,
  UNIQUE KEY `user_user_groups_pkey` (`user_group_id`,`user_id`),
  KEY `user_user_groups_user_group_id` (`user_group_id`),
  KEY `user_user_groups_user_id` (`user_id`)
) ENGINE=InnoDB DEFAULT CHARSET=utf8mb3 COLLATE=utf8mb3_general_ci;

--
-- Dumping data for table `user_user_groups`
--

INSERT INTO `user_user_groups` VALUES
(1,1),
(2,1),
(2,10),
(3,1),
(3,10),
(4,1),
(4,10),
(5,1),
(5,10),
(6,1),
(6,10),
(7,1),
(7,10),
(8,1),
(8,10),
(9,1),
(9,10),
(10,1),
(10,10),
(11,1),
(11,10),
(12,1),
(12,10),
(13,1),
(13,10),
(14,1),
(14,2),
(14,3),
(14,10),
(15,1),
(15,10),
(16,1),
(16,4),
(16,5),
(16,6),
(16,7),
(16,9),
(16,10),
(16,11),
(17,1),
(17,2),
(17,3),
(17,8),
(17,10),
(18,1),
(18,10);

--
-- Table structure for table `versions`
--

CREATE TABLE `versions` (
  `major` int(11) NOT NULL DEFAULT 0,
  `minor` int(11) NOT NULL DEFAULT 0,
  `revision` int(11) NOT NULL DEFAULT 0,
  `build` int(11) NOT NULL DEFAULT 0,
  `date_installed` datetime NOT NULL,
  `current` tinyint(4) NOT NULL DEFAULT 0,
  `product_type` varchar(30) DEFAULT NULL,
  `product` varchar(30) DEFAULT NULL,
  `product_class_name` varchar(80) DEFAULT NULL,
  `lazy_load` tinyint(4) NOT NULL DEFAULT 0,
  `sitewide` tinyint(4) NOT NULL DEFAULT 0,
  UNIQUE KEY `versions_pkey` (`product_type`,`product`,`major`,`minor`,`revision`,`build`)
) ENGINE=InnoDB DEFAULT CHARSET=utf8mb3 COLLATE=utf8mb3_general_ci;

--
-- Dumping data for table `versions`
--

INSERT INTO `versions` VALUES
(1,0,0,0,'2020-06-04 08:24:52',1,'plugins.metadata','dc11','',0,0),
(1,0,0,0,'2020-06-04 08:24:52',1,'plugins.metadata','mods34','',0,0),
(1,0,0,0,'2020-06-04 08:24:52',1,'plugins.metadata','openurl10','',0,0),
(1,0,0,0,'2020-06-04 08:24:52',0,'plugins.blocks','browse','BrowseBlockPlugin',1,0),
(1,1,0,0,'2020-06-04 08:24:52',1,'plugins.blocks','subscription','SubscriptionBlockPlugin',1,0),
(1,0,0,0,'2020-06-04 08:24:52',1,'plugins.blocks','information','InformationBlockPlugin',1,0),
(1,0,0,0,'2020-06-04 08:24:52',1,'plugins.blocks','makeSubmission','MakeSubmissionBlockPlugin',1,0),
(1,0,0,0,'2020-06-04 08:24:52',1,'plugins.blocks','developedBy','DevelopedByBlockPlugin',1,0),
(1,0,0,0,'2020-06-04 08:24:52',1,'plugins.blocks','languageToggle','LanguageToggleBlockPlugin',1,0),
(1,0,0,0,'2020-06-04 08:24:52',1,'plugins.gateways','resolver','',0,0),
(1,2,0,0,'2020-06-04 08:24:52',1,'plugins.generic','acron','AcronPlugin',1,1),
(1,1,1,1,'2020-06-04 08:24:52',0,'plugins.generic','orcidProfile','OrcidProfilePlugin',1,0),
(1,0,0,0,'2020-06-04 08:24:52',1,'plugins.generic','usageEvent','',0,0),
(1,0,0,0,'2020-06-04 08:24:52',1,'plugins.generic','usageStats','UsageStatsPlugin',0,1),
(1,0,0,0,'2020-06-04 08:24:52',1,'plugins.generic','tinymce','TinyMCEPlugin',1,0),
(1,2,0,0,'2020-06-04 08:24:52',1,'plugins.generic','staticPages','StaticPagesPlugin',1,0),
(1,0,0,0,'2020-06-04 08:24:52',1,'plugins.generic','recommendByAuthor','RecommendByAuthorPlugin',1,1),
(1,0,1,0,'2020-06-04 08:24:52',1,'plugins.generic','pdfJsViewer','PdfJsViewerPlugin',1,0),
(1,2,0,0,'2020-06-04 08:24:52',1,'plugins.generic','openAIRE','OpenAIREPlugin',1,0),
(1,0,0,0,'2020-06-04 08:24:52',0,'plugins.generic','lensGalley','LensGalleyPlugin',1,0),
(0,1,0,0,'2020-06-04 08:24:52',1,'plugins.generic','citationStyleLanguage','CitationStyleLanguagePlugin',1,0),
(1,0,0,0,'2020-06-04 08:24:52',1,'plugins.generic','htmlArticleGalley','HtmlArticleGalleyPlugin',1,0),
(1,0,0,0,'2020-06-04 08:24:52',0,'plugins.generic','googleScholar','GoogleScholarPlugin',1,0),
(1,0,0,0,'2020-06-04 08:24:52',1,'plugins.generic','googleAnalytics','GoogleAnalyticsPlugin',1,0),
(1,0,0,0,'2020-06-04 08:24:52',1,'plugins.generic','dublinCoreMeta','DublinCoreMetaPlugin',1,0),
(1,0,0,0,'2020-06-04 08:24:52',1,'plugins.generic','driver','DRIVERPlugin',1,0),
(1,2,0,0,'2020-06-04 08:24:52',1,'plugins.generic','customBlockManager','CustomBlockManagerPlugin',1,0),
(1,0,0,0,'2020-06-04 08:24:52',1,'plugins.generic','webFeed','WebFeedPlugin',1,0),
(2,1,0,0,'2020-06-04 08:24:52',1,'plugins.importexport','crossref','',0,0),
(2,0,0,0,'2020-06-04 08:24:52',1,'plugins.importexport','datacite','',0,0),
(1,1,0,0,'2020-06-04 08:24:52',1,'plugins.importexport','doaj','',0,0),
(1,0,0,0,'2020-06-04 08:24:52',1,'plugins.importexport','native','',0,0),
(1,0,0,0,'2020-06-04 08:24:52',1,'plugins.importexport','pubmed','',0,0),
(1,0,0,0,'2020-06-04 08:24:52',1,'plugins.importexport','users','',0,0),
(1,0,0,0,'2020-06-04 08:24:52',1,'plugins.oaiMetadataFormats','dc','',0,0),
(1,0,0,0,'2020-06-04 08:24:52',1,'plugins.oaiMetadataFormats','marc','',0,0),
(1,0,0,0,'2020-06-04 08:24:52',1,'plugins.oaiMetadataFormats','marcxml','',0,0),
(1,0,0,0,'2020-06-04 08:24:52',1,'plugins.oaiMetadataFormats','rfc1807','',0,0),
(1,0,0,0,'2020-06-04 08:24:52',1,'plugins.paymethod','manual','',0,0),
(1,0,0,0,'2020-06-04 08:24:52',1,'plugins.paymethod','paypal','',0,0),
(1,0,0,0,'2020-06-04 08:24:52',1,'plugins.pubIds','doi','DOIPubIdPlugin',1,0),
(1,0,0,0,'2020-06-04 08:24:52',1,'plugins.pubIds','urn','URNPubIdPlugin',1,0),
(1,0,0,0,'2020-06-04 08:24:52',1,'plugins.reports','articles','',0,0),
(1,1,0,0,'2020-06-04 08:24:52',1,'plugins.reports','counterReport','',0,0),
(2,0,0,0,'2020-06-04 08:24:52',1,'plugins.reports','reviewReport','',0,0),
(1,0,0,0,'2020-06-04 08:24:52',1,'plugins.reports','views','',0,0),
(1,0,0,0,'2020-06-04 08:24:52',1,'plugins.themes','default','DefaultThemePlugin',1,0),
(3,1,2,4,'2020-06-04 08:24:52',0,'core','ojs2','',0,1),
(1,0,5,1,'2020-06-04 08:39:55',0,'plugins.importexport','quickSubmit','',0,0),
(1,0,1,0,'2020-10-10 14:18:11',1,'plugins.blocks','browse','BrowseBlockPlugin',1,0),
(1,1,2,4,'2020-10-10 14:18:11',0,'plugins.generic','orcidProfile','OrcidProfilePlugin',1,0),
(1,0,0,0,'2020-10-10 14:18:11',1,'plugins.generic','recommendBySimilarity','RecommendBySimilarityPlugin',1,1),
(1,0,0,0,'2020-10-10 14:18:11',1,'plugins.generic','announcementFeed','AnnouncementFeedPlugin',1,0),
(1,1,0,0,'2020-10-10 14:18:11',1,'plugins.generic','googleScholar','GoogleScholarPlugin',1,0),
(1,0,0,0,'2020-10-10 14:18:11',1,'plugins.reports','subscriptions','',0,0),
(3,2,1,1,'2020-10-10 14:18:10',0,'core','ojs2','',0,1),
(1,0,5,2,'2020-10-10 14:28:51',0,'plugins.importexport','quickSubmit','',0,0),
(1,1,1,1,'2021-07-04 18:35:57',1,'plugins.generic','defaultTranslation','DefaultTranslationPlugin',1,0),
(1,0,1,0,'2021-07-04 18:35:57',1,'plugins.generic','lensGalley','LensGalleyPlugin',1,0),
(1,1,2,19,'2021-07-04 18:35:57',1,'plugins.generic','orcidProfile','OrcidProfilePlugin',1,0),
(1,0,6,0,'2021-07-04 18:35:58',1,'plugins.importexport','quickSubmit','',0,0),
(3,3,0,7,'2021-07-04 18:35:56',1,'core','ojs2','',0,1),
(2,0,0,0,'2021-07-12 11:38:01',1,'plugins.importexport','medra','',0,0);

--
-- Dumping routines for database 'dvtsakctbu'
--


