-- Table structure for table `navigation_menu_item_assignment_settings`
--

CREATE TABLE `navigation_menu_item_assignment_settings` (
  `navigation_menu_item_assignment_id` bigint(20) NOT NULL,
  `locale` varchar(14) NOT NULL DEFAULT '',
  `setting_name` varchar(255) NOT NULL,
  `setting_value` text DEFAULT NULL,
  `setting_type` varchar(6) NOT NULL,
  UNIQUE KEY `navigation_menu_item_assignment_settings_pkey` (`navigation_menu_item_assignment_id`,`locale`,`setting_name`),
  KEY `assignment_settings_navigation_menu_item_assignment_id` (`navigation_menu_item_assignment_id`)
) ENGINE=InnoDB DEFAULT CHARSET=utf8mb3 COLLATE=utf8mb3_general_ci;

--
-- Dumping data for table `navigation_menu_item_assignment_settings`
--

INSERT INTO `navigation_menu_item_assignment_settings` VALUES
(0,'en_US','title','Contact','string');

--
-- Table structure for table `navigation_menu_item_assignments`
--

CREATE TABLE `navigation_menu_item_assignments` (
  `navigation_menu_item_assignment_id` bigint(20) NOT NULL AUTO_INCREMENT,
  `navigation_menu_id` bigint(20) NOT NULL,
  `navigation_menu_item_id` bigint(20) NOT NULL,
  `parent_id` bigint(20) DEFAULT NULL,
  `seq` bigint(20) DEFAULT 0,
  PRIMARY KEY (`navigation_menu_item_assignment_id`)
) ENGINE=InnoDB AUTO_INCREMENT=134 DEFAULT CHARSET=utf8mb3 COLLATE=utf8mb3_general_ci;

--
-- Dumping data for table `navigation_menu_item_assignments`
--

INSERT INTO `navigation_menu_item_assignments` VALUES
(1,1,1,0,0),
(2,1,2,0,1),
(3,1,3,0,2),
(4,1,4,3,0),
(5,1,5,3,1),
(6,1,6,3,2),
(7,1,7,3,3),
(8,2,8,0,0),
(9,2,9,0,1),
(10,2,10,0,2),
(11,2,11,10,0),
(12,2,12,10,1),
(13,2,13,10,2),
(14,2,14,10,3),
(124,3,15,0,0),
(125,3,16,0,1),
(126,3,17,0,2),
(127,3,18,0,3),
(128,3,25,18,4),
(129,3,26,18,5),
(130,3,27,18,6),
(131,3,31,18,7),
(132,3,29,18,8),
(133,3,30,18,9);

--
-- Table structure for table `navigation_menu_item_settings`
--

CREATE TABLE `navigation_menu_item_settings` (
  `navigation_menu_item_id` bigint(20) NOT NULL,
  `locale` varchar(14) NOT NULL DEFAULT '',
  `setting_name` varchar(255) NOT NULL,
  `setting_value` longtext DEFAULT NULL,
  `setting_type` varchar(6) NOT NULL,
  UNIQUE KEY `navigation_menu_item_settings_pkey` (`navigation_menu_item_id`,`locale`,`setting_name`),
  KEY `navigation_menu_item_settings_navigation_menu_id` (`navigation_menu_item_id`)
) ENGINE=InnoDB DEFAULT CHARSET=utf8mb3 COLLATE=utf8mb3_general_ci;

--
-- Dumping data for table `navigation_menu_item_settings`
--

INSERT INTO `navigation_menu_item_settings` VALUES
(1,'','titleLocaleKey','navigation.register','string'),
(2,'','titleLocaleKey','navigation.login','string'),
(3,'','titleLocaleKey','{$loggedInUsername}','string'),
(4,'','titleLocaleKey','navigation.dashboard','string'),
(5,'','titleLocaleKey','common.viewProfile','string'),
(6,'','titleLocaleKey','navigation.admin','string'),
(7,'','titleLocaleKey','user.logOut','string'),
(8,'','titleLocaleKey','navigation.register','string'),
(9,'','titleLocaleKey','navigation.login','string'),
(10,'','titleLocaleKey','{$loggedInUsername}','string'),
(11,'','titleLocaleKey','navigation.dashboard','string'),
(12,'','titleLocaleKey','common.viewProfile','string'),
(13,'','titleLocaleKey','navigation.admin','string'),
(14,'','titleLocaleKey','user.logOut','string'),
(15,'','titleLocaleKey','navigation.current','string'),
(16,'','titleLocaleKey','navigation.archives','string'),
(17,'','titleLocaleKey','manager.announcements','string'),
(18,'','titleLocaleKey','navigation.about','string'),
(19,'','titleLocaleKey','about.aboutContext','string'),
(19,'en_US','content','','string'),
(20,'','titleLocaleKey','about.submissions','string'),
(21,'','titleLocaleKey','about.editorialTeam','string'),
(22,'','titleLocaleKey','manager.setup.privacyStatement','string'),
(23,'','titleLocaleKey','about.contact','string'),
(24,'','titleLocaleKey','common.search','string'),
(25,'en_US','content','<p><strong>The concept of the journal</strong></p>\r\n<p>“The Challenges of Modern Science” is the electronic scientific peer reviewed journal based on the International Teaching University of Management and Communication “ALTERBRIDGE”. The journal is published annually and is bilingual (Georgian and English languages).</p>\r\n<p>The main priority of the journal is to give the opportunity to the researchers, students and alumni to present their work to the wide audience.</p>\r\n<p>“The challenges of Modern Science” receives the papers from Georgia and also from abroad, this supports internationalization and cooperation politics between researchers, students and represents their scientific potential.</p>\r\n<p>The editorial of the journal pays attention not only to the actuality of the papers, research characteristics and its value, but to the technical side too (design, references, the spelling).</p>\r\n<p>The scientific Journal of Alterbridge “The Challenges of Modern Science” is an open access journal and the copyright for the articles are owned by the authors. Accordingly the opinions stated in the article are owned by the author and may not reflect the editorial council point of view.&nbsp;</p>\r\n<p>The articles published in the scientific journal of Alterbridge should be published for the first time in the journal and the issues/articles of the journal are freely accessible for wide society, articles are downloadable for free.</p>\r\n<p>Publishing scientific paper in the journal is free.</p>','string'),
(25,'en_US','remoteUrl','','string'),
(25,'en_US','title','The concept of the journal','string'),
(25,'ka_GE','content','<p><strong>ჟურნალის კონცეფცია</strong></p>\r\n<p>„თანამედროვე მეცნიერების გამოწვევები“ - ელექტრონული სამეცნიერო რეცენზირებადი ჟურნალი, რომელიც დაფუძნებულია მართვის და კომუნიკაციის საერთაშორისო სასწავლო უნივერსიტეტ „ალტერბრიჯის“ მიერ. სამეცნიერო ჟურნალი გამოიცემა წელიწადში ერთხელ და არის ორენოვანი (ქართული და ინგლისური ენები).</p>\r\n<p>ჟურნალის მთავარ პრიორიტეტს წარმოადგენს მისცეს შესაძლებლობა მკვლევარებს, სტუდენტებს, აკადემიურ პერსონალს, რომ მათ გააცნონ საკუთარი სამეცნიერო საქმიანობა ფართო აუდიტორიას.</p>\r\n<p>„თანამედროვე მეცნიერების გამოწვევები“ ბეჭდავს როგორც ქართველი, ასევე, საზღვარგარეთ მცხოვრები მკვლევარების სტატიებს. ეს კი ხელს უწყობს კვლევების ინტერნაციონალიზაციას და თანამშრომლობითი ურთიერთობების განვითარებას მკვლევარებს შორის, ასევე, წარმოაჩენს მათ კვლევით პოტენციალს.</p>\r\n<p>ჟურნალის სარედაქციო საბჭო განიხილავს სტატიის არა მხოლოდ აქტუალურობას, კვლევის მახასიათებლებს და მათ ღირებულებას, არამედ მის ტექნიკურ მხარესაც (დიზაინი, ციტირება, სტილისტური მხარე).</p>\r\n<p>ალტერბრიჯის სამეცნიერო ჟურნალზე წვდომა თავისუფალია, ხოლო საავტორო უფლება სტატიაზე ეკუთვნით სტატიის ავტორებს და თანაავტორებს. შესაბამისად, სტატიაში გამოთქმული მოსაზრებები ეკუთვნის ავტორს და არ გამოხატავს სარედაქციო საბჭოს პოზიციას.</p>\r\n<p>ჟურნალში დაბეჭდილი სტატიები არ უნდა იყოს გამოქვეყნებული მანამდე არსად, სტატიები ხელმისაწვდომია ღიად ფართო აუდიტორიისათვის და შესაძლებელია მათი უფასოდ ჩამორტვირთვა.</p>\r\n<p>ჟურნალში სტატიის გამოქვეყნება უფასოა.</p>','string'),
(25,'ka_GE','remoteUrl','','string'),
(25,'ka_GE','title','ჟურნალის კონცეფცია','string'),
(26,'en_US','content','','string'),
(26,'en_US','remoteUrl','','string'),
(26,'en_US','title','The Editorial Team','string'),
(26,'ka_GE','content','','string'),
(26,'ka_GE','remoteUrl','','string'),
(26,'ka_GE','title','რედაქცია','string'),
(27,'en_US','content','<p>The journal “The challenges of Modern Science” presents following fields:</p>\r\n<ul>\r\n<li>Mass Communications</li>\r\n<li>Psychology</li>\r\n<li>Economic and Business Administration</li>\r\n<li>Educational Sciences</li>\r\n<li>Law</li>\r\n</ul>','string'),
(27,'en_US','remoteUrl','','string'),
(27,'en_US','title','Fields','string'),
(27,'ka_GE','content','<p>ჟურნალი “თანამედროვე მეცნიერების გამოწვევები” მოიცავს შემდეგ სფეროებს:</p>\r\n<ul>\r\n<li class=\"show\">მასკომუნიკაცია</li>\r\n<li class=\"show\">ფსიქოლოგია</li>\r\n<li class=\"show\">ეკონომიკა და ბიზნესის ადმინისტრირება</li>\r\n<li class=\"show\">განათლება</li>\r\n<li class=\"show\">სამართალმცოდნეობა</li>\r\n</ul>','string'),
(27,'ka_GE','remoteUrl','','string'),
(27,'ka_GE','title','სფეროები','string'),
(29,'en_US','content','<p><strong>The system to assess the paper</strong></p>\r\n<p>The system to assess the paper</p>\r\n<p>For article evaluation process is used the double anonymous peer review approach.</p>\r\n<p>The criterias to evaluate the references</p>\r\n<ul>\r\n<li class=\"show\">The actuality and novelty of the theme - the actuality of the research topic is controlled (25 scores)</li>\r\n<li class=\"show\">Supporting the research with evidence - the reliability of arguments, consistency and logic, also the scientific literature relevance with research topic is controlled (20 scores)</li>\r\n<li class=\"show\">The reliability and validity - is controlled the reliability and validity of references used in paper (15 scores)</li>\r\n<li class=\"show\">The technical details of the paper - it is controlled if the citation rules, writing style and structure of the paper are correct (15 scores)</li>\r\n<li class=\"show\">The results of the research - it is checked how the research responds the paper to the specifics of the field and the challenges of modern science (25 scores)</li>\r\n</ul>\r\n<p>The scientific article is evaluated with 100 scores. The article will be published in the journal only in the case when the reviewer will assess the paper positively (the positive assessment is considered to be 51 scores).</p>\r\n<p><strong>Note</strong>: At the university should be presented not only the printed version of the paper signed by the author, but also electronic version (Address: Tbilisi, Bagebi, Tskneti Highway 67, International University of Management and Communication “Alterbridge”, research center) electronic address: <a href=\"mailto:s.vasadze@alterbridge.edu.ge\">s.vasadze@alterbridge.edu.ge</a>.</p>','string'),
(29,'en_US','remoteUrl','','string'),
(29,'en_US','title','The Evaluation system','string'),
(29,'ka_GE','content','<p><strong>სამეცნიერო სტატიის შეფასების სისტემა</strong></p>\r\n<p>სტატიის შეფასების პროცესში ანონიმურია როგორც შემფასებლის, ასევე, ავტორის ვინაობა, რაც გულისხმობს ე.წ. ორმხრივ ანონიმურ შეფასებას (double anonymous peer review).</p>\r\n<p>სტატიის შეფასების კრიტერიუმები</p>\r\n<ul>\r\n<li class=\"show\">თემის აქტუალურობა და სიახლე (25 ქულა)</li>\r\n</ul>\r\n<ul>\r\n<li class=\"show\">კვლევის განმტკიცება მტკიცებულებებით - არგუმენტების სანდოობა, თანმიმდევრულობა და ლოგიკურობა, ასევე, ყურადღება ექცევა რამდენად შესაბამისობაშია გამოყენებული სამეცნიერო ლიტერატურა კვლევის საკითხთან (20 ქულა)</li>\r\n</ul>\r\n<ul>\r\n<li class=\"show\">Სანდოობა და ვალიდურობა - მოწმდება სტატიაში გამოყენებული ლიტერატურის, ე.წ. რეფერენსების ვალიდურობა და სანდოობა (15 ქულა)</li>\r\n</ul>\r\n<ul>\r\n<li class=\"show\">Სამეცნიერო სტატიის ტექნიკური დეტალები - მოწმდება ციტირების წესები, წერის სტილი, და სტრუქტურის გამართულობა</li>\r\n</ul>\r\n<ul>\r\n<li class=\"show\">კვლევის შედეგები - რამდენად პასუხობს კვლევა სფეროს სპეციფიკას და თანამედროვე მეცნიერების გამოწვევებს (25 ქულა)</li>\r\n</ul>\r\n<p>Სამეცნიერო სტატია ფასდება 100 ქულით. Სტატია გამოქვეყნდება ჟურნალში მხოლოდ იმ შემთხვევაში, თუკი რეცენზენტი შეაფასებს მას პოზიტიურად (პოზიტიურ შეფასებად მიიჩნევა 51 ქულა და ზემოთ).</p>\r\n<p><strong>Შენიშვნა</strong>: უნივერსიტეტში უნდა იყოს წარმოდგენილი სტატიის ელექტრონული ვერსია შემდეგ ელ.ფოსტაზე: &nbsp;<a href=\"mailto:s.vasadze@alterbridge.edu.ge\">s.vasadze@alterbridge.edu.ge</a>.</p>','string'),
(29,'ka_GE','remoteUrl','','string'),
(29,'ka_GE','title','შეფასების სისტემა','string'),
(30,'en_US','content','','string'),
(30,'en_US','remoteUrl','','string'),
(30,'en_US','title','Contact','string'),
(30,'ka_GE','content','','string'),
(30,'ka_GE','remoteUrl','','string'),
(30,'ka_GE','title','კონტაქტი','string'),
(31,'en_US','content','<p><strong>The format and design of the paper</strong></p>\r\n<ul>\r\n<li class=\"show\">The language of the article - Georgian and/or English</li>\r\n<li class=\"show\">The full text of the Article in Georgian and Abstract in English</li>\r\n<li class=\"show\">Provide the scientific paper in format of DOC (MS-Word), ODT, SXW (OpenOffice) or RTF (Rich Text Format)</li>\r\n<li class=\"show\">The parameters for editor for Word Windows</li>\r\n<li class=\"show\">The size of the paper - A4</li>\r\n<li class=\"show\">Meadow of the paper - Above and below - 2cm,&nbsp; right-left - 2,5cm</li>\r\n<li class=\"show\">Font for Georgian text - Unicode (Sylfaen) - For English text - Sylfaen</li>\r\n<li class=\"show\">Font size - 11</li>\r\n<li class=\"show\">The distance between the rows - 1</li>\r\n<li class=\"show\">The number of pages - 5-12</li>\r\n<li class=\"show\">The pages should not be numbered</li>\r\n</ul>\r\n<p><strong>Structure of the Article</strong></p>\r\n<ul>\r\n<li class=\"show\"><strong>Information about author/coauthor</strong>: the surname, name, scientific/academic degree, place of work/study, contact information (shrift size 12)</li>\r\n<li class=\"show\"><strong>Title of the article</strong>(centralized, bold, shrift size 14)</li>\r\n<li class=\"show\"><strong>Abstract (</strong>no more than 4-5 lines) in English (<em>italic),&nbsp;</em>shrift size 12, abstract should not include citation used from literature and/or sketches, schemes, photos, illustrations, tables.</li>\r\n<li class=\"show\"><strong>Key words&nbsp;</strong>– no more than 5 key words given in the Georgian and English language (<em>italic</em>, shrift size 12)</li>\r\n<li class=\"show\"><strong>Introduction</strong></li>\r\n<li class=\"show\"><strong>Methodology of the research</strong></li>\r\n<li class=\"show\"><strong>Results of the study</strong></li>\r\n<li class=\"show\"><strong>Conclusions and recommendations</strong></li>\r\n<li class=\"show\"><strong>Bibliography/References </strong></li>\r\n</ul>\r\n<p>If the article contains the sketches, schemes, photos, illustrations, tables – it is necessary (format - 90X120mm - 130X120mm) to number the pages with Arabic figures, but if there is only one illustration given in the text, it should not be numbered.</p>\r\n<p>The sketches, paintings, schemes, photos, illustrations, tables might be named and/or explained briefly just below the title (Standard: detectability 96-150 dpi).</p>\r\n<p><strong>The rule of citation</strong></p>\r\n<p>The journal has adopted a rule of citation and reference developed in accordance with European &nbsp;standards. Its requirements for text authentication are:</p>\r\n<ul>\r\n<li class=\"show\">If the quoted opinion, opinion is a quote, we put an excerpt in quotation marks, write the author\'s surname in parentheses, write comma, year of publication, colon and page number. The text will be certified as follows: For example: (Jorbenadze, 2007:181).</li>\r\n<li class=\"show\">We do not use quotation marks when paraphrasing; Page citation is preferred but not required. The text will be certified as follows: For example: (Gamkrelidze, 2007) or (Gamkrelidze, 2007:152).</li>\r\n<li class=\"show\">When certifying collections, we write in parentheses the first word of the collection title, the multipoint, the year of publication, the colon and the page number. For example, the collection of papers of the symposium of young scientists will be verified in the text as follows: For example: (Young ... 2020:123).</li>\r\n<li class=\"show\">If the book/article has several authors, we write in parentheses the surname of the author first mentioned in the book/article, the multipoint, the year of publication, the colon and the page number. The text will be certified as follows. For example: (Tsipuria... 2020:28).</li>\r\n<li class=\"show\">The Bible is verified as follows: in parentheses we write the title of the biblical book with an abbreviation, the full stop, the chapter, the colon, the Article. For example: (Gen. 14:20).</li>\r\n<li class=\"show\">When certifying an encyclopedia or dictionary, it is done by indicating the first word of the author (surnames of the authors) or the title, then we write the year of publication, the colon and the page when quoting. When paraphrasing, a page reference is preferred, though not mandatory.</li>\r\n<li class=\"show\">In case of indicating a foreign language source, we write the author\'s surname in the original language. The rule of certification will be the same as when referring to a Georgian source.</li>\r\n<li class=\"show\">If the author is mentioned in a scientific paper / article, his / her work should be included in the literature list / bibliography and vice versa.</li>\r\n</ul>\r\n<p>&nbsp;</p>\r\n<p><strong>The rule of reference:</strong></p>\r\n<p><strong>a) Book</strong></p>\r\n<ul>\r\n<li class=\"show\">Surname, initials. (Year). Title. Place of publication, publishing house. For example:</li>\r\n</ul>\r\n<p>Freeman, E. (2010). &nbsp;Strategic Management. Cambridge, Cambridge UP</p>\r\n<ul>\r\n<li class=\"show\">If the book does not have an author or editor, title of the organization can be mentioned: UNESCO. (1998). Learning to live together in peace and harmony: values education for peace, human rights, democracy and sustainable development for the Asia-Pacific Region; a UNESCO/APNIEVE sourcebook for teachers’ education and tertiary level education. Bangkok, Thailand: UNESCO PROAP.</li>\r\n<li class=\"show\">If the book was published several times, mention which publishing it is (example: 3th ed.). If the publishing year is not mentioned, note n.d. (no date).</li>\r\n</ul>\r\n<p><strong>b) Journal article</strong></p>\r\n<ul>\r\n<li class=\"show\">Surname, initials. (year). Title (without the capital letters except of the first word). The title of the journal (Italic, all the words start with capital letter). Issue, publishing house, pages. For example:</li>\r\n</ul>\r\n<p>Bregadze, L. (2016).&nbsp; Secrets of Dimension. <em>Jemal Karchkhadze’s Forum, Literary Almanac. </em>&nbsp;Issue 1, Tbilisi, Karchkhadze Publishing House, p.6.</p>\r\n<ul>\r\n<li class=\"show\">When indicating the page of the article, write „p. “, or separate them with a coma. For example: 8 (2), p. „58-59”. Follow only one of the notes.</li>\r\n</ul>\r\n<p><strong>c)&nbsp;</strong><strong>Article from the book</strong></p>\r\n<ul>\r\n<li class=\"show\">Surname, Initials. (Year). Title (Except first word without capital letters). The name of the book author (Editor), name, initials. The title of the book (Italic shrift), The place of publishing, publishing house, pages. For example:</li>\r\n</ul>\r\n<p>Gegenava, D. (2017). <em>Avtandil Demetrashvili 75, Collection of Articles</em>, Tbilisi, Davit Batonishvili Institute of Law Publishing House, p. 106-124</p>\r\n<p><strong>d)&nbsp;Electronic sources:</strong></p>\r\n<ul>\r\n<li class=\"show\">If the website does not have the author, indicate the title of the website. If none of them are accessible, start with the title. At the end, it should be noted when and on which internet source the material is found. For example:</li>\r\n</ul>\r\n<p>Lakerbaia, T. (2014). The Right of Withdrawal in European Consumer Protection Law, Volume&nbsp; I, Retrieved 2 April, from<a href=\"http://press.tsu.ge/data/file_db/elzhurnalebi/lj1y2014.pdf\">http://press.tsu.ge/data/file_db/elzhurnalebi/lj1y2014.pdf</a></p>\r\n<p>NCTE / IRA. (2012). Standards for the English Language Arts. Retrieved September 1, 2014 from&nbsp;<a href=\"http://www.ncte.org/standards/ncte-ira\">http://www.ncte.org/standards/ncte-ira</a></p>\r\n<ul>\r\n<li class=\"show\">In case of finding the electronic source in an article and using it in your research, be sure that the source is still existing.</li>\r\n</ul>\r\n<p><strong>e)</strong> <strong>Footnotes:</strong></p>\r\n<p>For the decisions of Georgia, the International Court of Justice / and for other countries, the rules of documentation/conventions of international organizations and international treaties, legislation are as follows in the footnote of the text. For example:</p>\r\n<p>Decision N1/3/421,422 of the Constitutional Court of Georgia of November 10, 2009;</p>\r\n<p>Decision 672/18 of the Georgian National Communications Commission of November 7, 2007;</p>\r\n<p>Criminal Code, Article 317, 1999;</p>\r\n<p>Law of Georgia on Broadcasting, Article 56.3, 2005;</p>\r\n<p>Recommendation of the Committee of Ministers of the Council of Europe on hate speech No. R(97) 20., 1997</p>\r\n<p>European Directive 2010/13/EU on Audiovisual Media Services, Article 4.7</p>\r\n<p>When referring to the same source in the footnote, which was already used, instead of the source indicated in the previous footnote, it is indicated \"ibid\".</p>\r\n<p><strong>In the list of literature is indicated in alphabet order</strong>. If you mention the same authors in publication, you should follow the chronology. At first, you write the newest, and then the older publication. If several publications issued on the same year by the same author are used as a source, they can be indicated as follows: Radbruch, 2015a and Radbruch 2015 b. If the publication has one author, and in other publication the same author has the coauthor, one-author publication should be mentioned at first and the publication with two and more authors should come next.</p>\r\n<p>For example:</p>\r\n<p>Schmitt, N. (2010). Researching Vocabulary: A Vocabulary Research Manual. New York: Palgrave Macmillan</p>\r\n<p>Schmitt, N. (1997 a). Vocabulary learning strategies. In Schmitt, N. and McCarthy, M. (Ed), Vocabulary: Description, Acquisition, and Pedagogy. Cambridge: Cambridge University Press. p. 17-26</p>\r\n<p>Schmitt, N.&nbsp; (Ed.)&nbsp; (1997b).&nbsp;Vocabulary:&nbsp; Description, acquisition, and&nbsp;pedagogy. Cambridge: Cambridge University Press.</p>\r\n<p>Schmitt, N. and Meara, P. (1997). Researching vocabulary through a word knowledge framework: Word associations and verbal suffixes. Studies in Second Language Acquisition 19, p. 17–36</p>','string'),
(31,'en_US','remoteUrl','','string'),
(31,'en_US','title','For Authors','string'),
(31,'ka_GE','content','<p><strong>სტატიის/სამეცნიერო ნაშრომის გაფორმების წესი და ტექსტის ფორმატი:</strong></p>\r\n<ul>\r\n<li>სტატიის ენა – ქართული და/ან ინგლისური;</li>\r\n<li>სტატიის სრული ტექსტი ქართულ ენაზე და აბსტრაქტი ინგლისურ ენაზე;</li>\r\n<li>სტატია მოგვაწოდეთ DOC(MS-Word), ODT, SXW(OpenOffice) ან RTF (Rich Text Format)&nbsp;ფაილის სახით;</li>\r\n<li>რედაქტორის პარამეტრები Word Windows-ისთვის:</li>\r\n<li>ფურცლის ზომა A4</li>\r\n<li>მინდორი: ზევით-ქვევით – 2 სმ; მარჯვნივ-მარცხნივ – 2,5 სმ.</li>\r\n<li>შრიფტი – ქართული ტექსტისათვის – უნიკოდი (Sylfaen); ინგლისური ტექსტისათვის-Sylfaen</li>\r\n<li>შრიფტის ზომა -11</li>\r\n<li>სტრიქონებს შორის მანძილი -1</li>\r\n<li>გვერდების რაოდენობა – 5-12</li>\r\n<li>ფურცელი არ ინომრება.</li>\r\n</ul>\r\n<p><strong>სტატიის/სამეცნიერო ნაშრომის სტრუქტურა</strong></p>\r\n<ul>\r\n<li><strong>მონაცემები ავტორის/ თანაავტორის შესახებ</strong>: სახელი, გვარი, სამეცნიერო/აკადემიური ხარისხი, სამუშაოს/სწავლის ადგილი, საკონტაქტო ინფორმაცია (შრიფტის ზომა 12);</li>\r\n<li><strong>სტატიის სახელწოდება</strong> (ცენტრირებული, Bold, შრიფტის ზომა 14);</li>\r\n<li><strong>აბსტრაქტი</strong> (არაუმეტეს 4-5 სტრიქონისა) ინგლისურ ენაზე (დახრილი, Italic), შრიფტის ზომა 12) აბსტრაქტი არ უნდა შეიცავდეს ციტატებს გამოყენებული ლიტერატურიდან<br>და/ან ნახაზებს, სქემებს, ფოტოებს, ილუსტრაციებს, ცხრილებს.</li>\r\n<li><strong>საკვანძო სიტყვები</strong> - არაუმეტეს ხუთისა სტატიის ენაზე (დახრილი, Italic, შრიფტის<br>ზომა 12 );</li>\r\n<li><strong>შესავალი;</strong></li>\r\n<li><strong>კვლევის მეთოდოლოგია;</strong></li>\r\n<li><strong>კვლევის შედეგები;</strong></li>\r\n<li><strong>დასკვნები და რეკომენდაციები;</strong></li>\r\n<li><strong>ბიბლიოგრაფია</strong></li>\r\n</ul>\r\n<p>თუ სტატია შეიცავს ნახაზებს, ნახატებს, სქემებს, ფოტოებს, ილუსტრაციებს, ცხრილებს, აუცილებელია (ფორმატი - 90X120მმ-დან 130X120მმ-მდე) დაინომროს არაბული ციფრებით, ხოლოთუ ტექსტში მოცემულია მხოლოდ ერთი ილუსტრაცია, იგი არ ინომრება;</p>\r\n<p>საჭიროების შემთხვევაში ნახაზები, ნახატები, სქემები, ფოტოები, ილუსტრაციები, ცხრილები შეიძლება დასათაურდეს და/ან დაერთოს მცირე განმარტება იქვე, მასალის სათაურის ქვემოთ. ნახაზი უხარვეზოდ უნდა აისახებოდეს ეკრანზე (გარჩევისუნარიანობა 96-150 dpi).<br><br><strong>ციტირების წესი</strong></p>\r\n<p>„ალტერბრიჯში“ მიღებულია ევროპული სტანდარტების შესაბამისად შემუშავებული ციტირებისა და მითითების წესი. ტექსტში დამოწმებისას მისი მოთხოვნებია:</p>\r\n<ul>\r\n<li>თუ მოხმობილი აზრი, მოსაზრება ციტატას წარმოადგენს, ბრჭყალებში ვსვამთ ამონარიდს, ფრჩხილებში ვწერთ ავტორის გვარს, მძიმეს, გამოცემის წელს, ორწერტილს და გვერდის ნომერს. ტექსტში დამოწმებული იქნება შემდეგნაირად: მაგალითად: (ჯორბენაძე, 2007:181).</li>\r\n<li><span style=\"font-size: 0.875rem;\">პერიფრაზირებისას ბრჭყალებს არ ვიყენებთ; გვერდის მითითება სასურველია, მაგრამ არ არის სავალდებულო. ტექსტში დამოწმებული იქნება შემდეგნაირად: მაგალითად: (გამყრელიძე, 2007) ან (გამყრელიძე, 2007: 152).</span></li>\r\n<li><span style=\"font-size: 0.875rem;\">კრებულების დამოწმებისას ფრჩხილებში ვწერთ კრებულის სათაურის პირველ სიტყვას, მრავალწერტილს, პუბლიკაციის გამოცემის წელს, ორწერტილს და გვერდის ნომერს. მაგალითად, ახალგაზრდა მეცნიერთა სიმპოზიუმის მოხსენებათა კრებული ტექსტში დამოწმებული იქნება შემდეგნაირად: (ახალგაზრდა... 2020:123).</span></li>\r\n<li><span style=\"font-size: 0.875rem;\">თუ წიგნს/სტატიას ჰყავს რამდენიმე ავტორი, ფრჩხილებში ვწერთ წიგნში/სტატიაში პირველად მითითებული ავტორის გვარს, მრავალწერტილს, გამოცემის წელს, ორწერტილს და გვერდის ნომერს. ტექსტში დამოწმებული იქნება შემდეგნაირად. მაგალითად: მაგ. (წიფურია... 2020:28).</span></li>\r\n<li><span style=\"font-size: 0.875rem;\">ბიბლიის დამოწმება ხდება შემდეგნაირად: ფრჩხილებში ვწერთ ბიბლიური წიგნის სახელწოდებას შემოკლებით, წერტილს, თავის, ორწერტილს, მუხლს. მაგალითად: (დაბ. 14:20).</span></li>\r\n<li><span style=\"font-size: 0.875rem;\">ენციკლოპედიის ან ლექსიკონის დამოწმებისას ხდება ავტორის (ავტორთა გვარების) ან სათაურის პირველი სიტყვის მითითება, შემდეგ ვწერთ გამოცემის წელს, ორწერტილს და გვერდს ციტირებისას. პერეფრაზირებისას გვერდის მითითება სასურველია, თუმცა სავალდებულო არ არის.</span></li>\r\n<li><span style=\"font-size: 0.875rem;\">უცხოენოვანი წყაროს მითითების შემთხვევაში, ავტორის გვარს ვწერთ ორიგინალის ენაზე. დამოწმების წესი კი ისეთივე იქნება, როგორიც არის ქართულენოვანი წყაროს მითითებისას.</span></li>\r\n<li><span style=\"font-size: 0.875rem;\">თუ ავტორი ნახსენებია სამეცნიერო ნაშრომში/სტატიაში, მისი ნაშრომი უნდა იყოს ასახული ლიტერატურის სიაში/ბიბლიოგრაფიაში და პირიქით.</span></li>\r\n</ul>\r\n<p><strong>ბიბლიოგრაფიაში გამოყენებული წყაროს მითითების წესი:</strong></p>\r\n<p><strong>ა) წიგნი</strong></p>\r\n<p>გვარი, ინიციალები. (წელი). სათაური. გამოცემის ადგილი, გამომცემლობა Freeman, E. (2010). Strategic Management. Cambridge, Cambridge UP<br>ლანგი ი. „მედია და არჩევნები“. (2003). თბილისი, გამომცემლობა „რეგთაიმი“.<br>თუ წიგნს არა ჰყავს ავტორი ან რედაქტორი, მის ნაცვლად შეიძლება დავწეროთ ორგანიზაცია: UNESCO. (1998). Learning to live together in peace and harmony: values education for peace, human rights, democracy and sustainable development for the Asia-Pacific Region; a UNESCO/APNIEVE sourcebook for teachers education and tertiary level education. Bangkok, Thailand: UNESCO PROAP<br>თუ წიგნი რამდენიმეჯერ იყო გამოცემული, აღნიშნეთ, რომელი გამოცემაა ეს (მაგალითად: მესამე გამოცემა/ 3th edition). თუ გამოცემის წელი არ არის მითითებული, აღნიშნეთ: n.d/ არ არის დათარიღებული.</p>\r\n<p><strong>ბ) სტატია ჟურნალში</strong></p>\r\n<p>გვარი, ინიციალები. (წელი). სათაური. ჟურნალის სახელწოდება დახრილი. ნომერი, გამოშვება, გვერდები:<br>Bregadze, L. (2016). Secrets of Dimension. Jemal Karchkhadze’s Forum, Literary Almanac. Issue 1, Tbilisi, Karchkhadze Publishing House. p.6.<br>Gillian S.L. Starks L.T. (2007). The Evolution of shareholder activism in the United States, Journal of Applied Corporate Finance, Vol. 19, Issue. I. p. 58-59<br>სტატიის გვერდის მითითებისას ან შემოკლებით „გვ“. დაწერეთ ან მძიმით გამოყავით ისინი. მაგალითად: 8 (2), გვ./p. „58-59“ ან 8 (2): „58-59”. დაიცავით მხოლოდ ერთი რომელიმე მითითება.</p>\r\n<p><strong>გ) სტატია წიგნში</strong></p>\r\n<p>წიგნის ავტორის (რედაქტორის) გვარი, ინიციალები. (წელი). წიგნის სათაური (დახრილი შრიფტით). გამოცემის ადგილი, გამომცემლობა, გვერდები. მაგალითად:<br>გეგენავა, დ. (2017). ავთანდილ დემეტრაშვილი 75, სტატიათა კრებული, თბილისი, დავით ბატონიშვილის სამართლის ინსტიტუტის გამომცემლობა, გვ. 106-124<br>Yahya, C. A. Morales-Jones, &amp; E. N. W. Ariza (Eds.). (2005). Fundamentals of Teaching English to Speakers of Other Languages in k-12 Mainstream Classrooms. Dubuque, IA: Kendal/Hunt, p.163-181</p>\r\n<p><strong>დ) ელექტრონული წყაროები:</strong></p>\r\n<p>თუ ვებ-გვერდს ავტორი არა ჰყავს, მიუთითეთ ორგანიზაცია ან ვებ-გვერდის დასახელება. თუ არც ერთი არ არის ხელმისაწვდომი, დაწერეთ ავტორის გვარი, ინიციალები. (წელი). სათაური, ნომერი (დახრილი), ვებ-გვერდის მისამართი და მასალზე წვდომის თარიღი. მაგალითად:</p>\r\n<p>კოპალიანი, ა. (2013). ემილი დიკინსონის შემოქმედების აღქმის თავისებურებები ქართულ ლიტერატურაში, #7. http://www.spekali.tsu.ge/index.php/ge/article/viewArticle/7/70 მასალაზე წვდომა 17.04.2019<br>Lakerbaia, T. (2014). The Right of Withdrawal in European Consumer Protection Law, Volume I, Retrieved 2 April, from http://press.tsu.ge/data/file_db/elzhurnalebi/lj1y2014.pdf<br>NCTE / IRA. (2012). Standards for the English Language Arts. Retrieved September 1, 2014 from<br>http://www.ncte.org/standards/ncte-ira http://press.tsu.ge/data/image_db_innova/Enatmecniereba-2017-2018-T60-27-09-2018.pdf<br>თუ მოძიებულია ელექტრონული წყარო სხვა სტატიაში და იყენებთ მას თქვენს კვლევაში, დარწმუნდით, რომ ეს წყარო კიდევ არსებობს. დაწერეთ ის თარიღი, როცა თქვენ გაეცანით მას.</p>\r\n<p><strong>ე) საქართველოს, საერთაშორისო სასამართლოს/სხვა ქვეყნების გადაწყვეტილებებისათვის, საერთაშორისო ორგანიზაციათა დოკუმენტების/ კონვენციებისა და საერთაშორისო ხელშეკრულებების, კანონმდებლობის მითითების წესი ტექსტის სქოლიოში შემდეგნაირია.</strong></p>\r\n<p>მაგალითად:<br>საქართველოს საკონსტიტუციო სასამართლოს 2009 წლის 10 ნოემბრის N1/3/421,422 გადაწყვეტილება;<br>საქართველოს კომუნიკაციების ეროვნული კომისიის 2007 წლის 07 ნოემბრის 672/18 გადაწყვეტილება;<br>სისხლის სამართლის კოდექსი, მუხლი 317, 1999;<br>„მაუწყებლობის შესახებ“ საქართველოს კანონი, მუხლი 56.3, 2005;<br>ევროპის საბჭოს მინისტრთა კომიტეტის რეკომენდაცია სიძულვილის ენაზე No. R(97) 20., 1997 უდიოვიზუალური მედია მომსახურებების შესახებ 2010/13/EU ევროპული დირექტივა, მუხლი 4.7</p>\r\n<p>სქოლიოში იმავე წყაროზე მითითებისას, რომელიც უკვე გამოყენებული იყო, ზუსტად წინა სქოლიოში მითითებული წყაროს ნაცვლად მიეთითება „იქვე“.</p>\r\n<p><strong>ბიბლიოგრაფიაში ლიტერატურის სია</strong> იწერება ანბანურად. ერთი და იგივე ავტორის პუბლიკაციების მითითებისას იცავთ ქრონოლოგიის პრინციპს. ჯერ წერთ უახლესს, შემდეგ უფრო ძველს. თუ თქვენ გამოიყენეთ ერთი ავტორის რამდენიმე ნაშრომი, პუბლიკაცია, რომელიც ერთსა და იმავე წელს გამოვიდა, მათი მითითება შემდეგნაირადაა შესაძლებელი: Radbruch, 2013a and Radbruch 2013 b. თუ ერთ პუბლიკაციას ერთი ავტორი ჰყავს, სხვა პუბლიკაციაში კი იგივე ავტორს თანაავტორი ჰყავს, ჯერ უთითებთ ერთავტორიან პუბლიკაციას, შემდეგ კი - ორ ან მეტ ავტორიანს. მაგალითად:</p>\r\n<p>Schmitt, N. (2010). Researching Vocabulary: A Vocabulary Research Manual. New York: Palgrave Macmillan<br>Schmitt, N. (1997 a). Vocabulary learning strategies. In Schmitt, N. and McCarthy, M. (eds),<br>Vocabulary: Description, Acquisition, and Pedagogy. Cambridge: Cambridge University Press. p. 17-26<br>Schmitt, N. (Ed.) (1997b). Vocabulary: Description, acquisition, and pedagogy. Cambridge: Cambridge University Press.<br>Schmitt, N. and Meara, P. (1997). Researching vocabulary through a word knowledge framework: Word associations and verbal suffixes. Studies in Second Language Acquisition 19, p. 17–36</p>','string'),
(31,'ka_GE','remoteUrl','','string'),
(31,'ka_GE','title','ავტორებისთვის','string');

--
-- Table structure for table `navigation_menu_items`
--

CREATE TABLE `navigation_menu_items` (
  `navigation_menu_item_id` bigint(20) NOT NULL AUTO_INCREMENT,
  `context_id` bigint(20) NOT NULL,
  `path` varchar(255) DEFAULT '',
  `type` varchar(255) DEFAULT '',
  PRIMARY KEY (`navigation_menu_item_id`)
) ENGINE=InnoDB AUTO_INCREMENT=32 DEFAULT CHARSET=utf8mb3 COLLATE=utf8mb3_general_ci;

--
-- Dumping data for table `navigation_menu_items`
--

INSERT INTO `navigation_menu_items` VALUES
(1,0,NULL,'NMI_TYPE_USER_REGISTER'),
(2,0,NULL,'NMI_TYPE_USER_LOGIN'),
(3,0,NULL,'NMI_TYPE_USER_DASHBOARD'),
(4,0,NULL,'NMI_TYPE_USER_DASHBOARD'),
(5,0,NULL,'NMI_TYPE_USER_PROFILE'),
(6,0,NULL,'NMI_TYPE_ADMINISTRATION'),
(7,0,NULL,'NMI_TYPE_USER_LOGOUT'),
(8,1,NULL,'NMI_TYPE_USER_REGISTER'),
(9,1,NULL,'NMI_TYPE_USER_LOGIN'),
(10,1,NULL,'NMI_TYPE_USER_DASHBOARD'),
(11,1,NULL,'NMI_TYPE_USER_DASHBOARD'),
(12,1,NULL,'NMI_TYPE_USER_PROFILE'),
(13,1,NULL,'NMI_TYPE_ADMINISTRATION'),
(14,1,NULL,'NMI_TYPE_USER_LOGOUT'),
(15,1,NULL,'NMI_TYPE_CURRENT'),
(16,1,NULL,'NMI_TYPE_ARCHIVES'),
(17,1,NULL,'NMI_TYPE_ANNOUNCEMENTS'),
(18,1,NULL,'NMI_TYPE_ABOUT'),
(19,1,'','NMI_TYPE_ABOUT'),
(20,1,NULL,'NMI_TYPE_SUBMISSIONS'),
(21,1,NULL,'NMI_TYPE_EDITORIAL_TEAM'),
(22,1,NULL,'NMI_TYPE_PRIVACY'),
(23,1,NULL,'NMI_TYPE_CONTACT'),
(24,1,NULL,'NMI_TYPE_SEARCH'),
(25,1,'concept','NMI_TYPE_CUSTOM'),
(26,1,'','NMI_TYPE_EDITORIAL_TEAM'),
(27,1,'fields','NMI_TYPE_CUSTOM'),
(29,1,'evolution-system','NMI_TYPE_CUSTOM'),
(30,1,'','NMI_TYPE_CONTACT'),
(31,1,'authors','NMI_TYPE_CUSTOM');

--
-- Table structure for table `navigation_menus`
--

CREATE TABLE `navigation_menus` (
  `navigation_menu_id` bigint(20) NOT NULL AUTO_INCREMENT,
  `context_id` bigint(20) NOT NULL,
  `area_name` varchar(255) DEFAULT '',
  `title` varchar(255) NOT NULL,
  PRIMARY KEY (`navigation_menu_id`)
) ENGINE=InnoDB AUTO_INCREMENT=4 DEFAULT CHARSET=utf8mb3 COLLATE=utf8mb3_general_ci;

--
-- Dumping data for table `navigation_menus`
--

INSERT INTO `navigation_menus` VALUES
(1,0,'user','User Navigation Menu'),
(2,1,'user','User Navigation Menu'),
(3,1,'primary','Primary Navigation Menu');

--
-- Table structure for table `notes`
--

CREATE TABLE `notes` (
  `note_id` bigint(20) NOT NULL AUTO_INCREMENT,
  `assoc_type` bigint(20) NOT NULL,
  `assoc_id` bigint(20) NOT NULL,
  `user_id` bigint(20) NOT NULL,
  `date_created` datetime NOT NULL,
  `date_modified` datetime DEFAULT NULL,
  `title` varchar(255) DEFAULT NULL,
  `contents` text DEFAULT NULL,
  PRIMARY KEY (`note_id`),
  KEY `notes_assoc` (`assoc_type`,`assoc_id`)
) ENGINE=InnoDB AUTO_INCREMENT=2 DEFAULT CHARSET=utf8mb3 COLLATE=utf8mb3_general_ci;

--
-- Dumping data for table `notes`
--

INSERT INTO `notes` VALUES
(1,1048586,1,10,'2025-09-15 19:55:29','2025-09-15 19:55:29','კომენტარები რედაქტორისათვის','<p>asdasd</p>');

--
-- Table structure for table `notification_mail_list`
--

CREATE TABLE `notification_mail_list` (
  `notification_mail_list_id` bigint(20) NOT NULL AUTO_INCREMENT,
  `email` varchar(90) NOT NULL,
  `confirmed` tinyint(4) NOT NULL DEFAULT 0,
  `token` varchar(40) NOT NULL,
  `context` bigint(20) NOT NULL,
  PRIMARY KEY (`notification_mail_list_id`),
  UNIQUE KEY `notification_mail_list_email_context` (`email`,`context`)
) ENGINE=InnoDB DEFAULT CHARSET=utf8mb3 COLLATE=utf8mb3_general_ci;

--
-- Dumping data for table `notification_mail_list`
--


--
-- Table structure for table `notification_settings`
--

CREATE TABLE `notification_settings` (
  `notification_id` bigint(20) NOT NULL,
  `locale` varchar(14) DEFAULT NULL,
  `setting_name` varchar(64) NOT NULL,
  `setting_value` text DEFAULT NULL,
  `setting_type` varchar(6) NOT NULL,
  UNIQUE KEY `notification_settings_pkey` (`notification_id`,`locale`,`setting_name`)
) ENGINE=InnoDB DEFAULT CHARSET=utf8mb3 COLLATE=utf8mb3_general_ci;

--
-- Dumping data for table `notification_settings`
--

INSERT INTO `notification_settings` VALUES
(93,'','contents','This is a kind reminder for you to check your journal\'s health through the editorial report.','string'),
(96,'','contents','This is a kind reminder for you to check your journal\'s health through the editorial report.','string'),
(102,'','contents','This is a kind reminder for you to check your journal\'s health through the editorial report.','string'),
(127,'','contents','This is a kind reminder for you to check your journal\'s health through the editorial report.','string'),
(128,'','contents','This is a kind reminder for you to check your journal\'s health through the editorial report.','string'),
(136,'','contents','This is a kind reminder for you to check your journal\'s health through the editorial report.','string'),
(137,'','contents','This is a kind reminder for you to check your journal\'s health through the editorial report.','string'),
(152,'','contents','This is a kind reminder for you to check your journal\'s health through the editorial report.','string'),
(154,'','contents','This is a kind reminder for you to check your journal\'s health through the editorial report.','string'),
(155,'','contents','This is a kind reminder for you to check your journal\'s health through the editorial report.','string'),
(156,'','contents','This is a kind reminder for you to check your journal\'s health through the editorial report.','string'),
(157,'','contents','This is a kind reminder for you to check your journal\'s health through the editorial report.','string'),
(158,'','contents','Third issue of the journal','string'),
(159,'','contents','Third issue of the journal','string'),
(160,'','contents','Third issue of the journal','string'),
(162,'','contents','This is a kind reminder for you to check your journal\'s health through the editorial report.','string'),
(180,'','contents','ეს არის ერთგვარი შეხსენება, რომ შეამოწმოთ თქვენი ჟურნალის ჯანმრთელობა სარედაქციო ანგარიშის საშუალებით.','string'),
(181,'','contents','ეს არის ერთგვარი შეხსენება, რომ შეამოწმოთ თქვენი ჟურნალის ჯანმრთელობა სარედაქციო ანგარიშის საშუალებით.','string'),
(186,'','contents','ეს არის ერთგვარი შეხსენება, რომ შეამოწმოთ თქვენი ჟურნალის ჯანმრთელობა სარედაქციო ანგარიშის საშუალებით.','string'),
(188,'','contents','ეს არის ერთგვარი შეხსენება, რომ შეამოწმოთ თქვენი ჟურნალის ჯანმრთელობა სარედაქციო ანგარიშის საშუალებით.','string'),
(189,'','contents','ეს არის ერთგვარი შეხსენება, რომ შეამოწმოთ თქვენი ჟურნალის ჯანმრთელობა სარედაქციო ანგარიშის საშუალებით.','string'),
(190,'','contents','ეს არის ერთგვარი შეხსენება, რომ შეამოწმოთ თქვენი ჟურნალის ჯანმრთელობა სარედაქციო ანგარიშის საშუალებით.','string'),
(191,'','contents','ეს არის ერთგვარი შეხსენება, რომ შეამოწმოთ თქვენი ჟურნალის ჯანმრთელობა სარედაქციო ანგარიშის საშუალებით.','string'),
(261,'','contents','ეს არის ერთგვარი შეხსენება, რომ შეამოწმოთ თქვენი ჟურნალის ჯანმრთელობა სარედაქციო ანგარიშის საშუალებით.','string'),
(262,'','contents','ეს არის ერთგვარი შეხსენება, რომ შეამოწმოთ თქვენი ჟურნალის ჯანმრთელობა სარედაქციო ანგარიშის საშუალებით.','string'),
(263,'','contents','ეს არის ერთგვარი შეხსენება, რომ შეამოწმოთ თქვენი ჟურნალის ჯანმრთელობა სარედაქციო ანგარიშის საშუალებით.','string'),
(264,'','contents','ეს არის ერთგვარი შეხსენება, რომ შეამოწმოთ თქვენი ჟურნალის ჯანმრთელობა სარედაქციო ანგარიშის საშუალებით.','string'),
(265,'','contents','ეს არის ერთგვარი შეხსენება, რომ შეამოწმოთ თქვენი ჟურნალის ჯანმრთელობა სარედაქციო ანგარიშის საშუალებით.','string'),
(266,'','contents','ეს არის ერთგვარი შეხსენება, რომ შეამოწმოთ თქვენი ჟურნალის ჯანმრთელობა სარედაქციო ანგარიშის საშუალებით.','string'),
(267,'','contents','ეს არის ერთგვარი შეხსენება, რომ შეამოწმოთ თქვენი ჟურნალის ჯანმრთელობა სარედაქციო ანგარიშის საშუალებით.','string'),
(268,'','contents','ეს არის ერთგვარი შეხსენება, რომ შეამოწმოთ თქვენი ჟურნალის ჯანმრთელობა სარედაქციო ანგარიშის საშუალებით.','string'),
(269,'','contents','ეს არის ერთგვარი შეხსენება, რომ შეამოწმოთ თქვენი ჟურნალის ჯანმრთელობა სარედაქციო ანგარიშის საშუალებით.','string'),
(270,'','contents','ეს არის ერთგვარი შეხსენება, რომ შეამოწმოთ თქვენი ჟურნალის ჯანმრთელობა სარედაქციო ანგარიშის საშუალებით.','string'),
(271,'','contents','ეს არის ერთგვარი შეხსენება, რომ შეამოწმოთ თქვენი ჟურნალის ჯანმრთელობა სარედაქციო ანგარიშის საშუალებით.','string'),
(272,'','contents','ეს არის ერთგვარი შეხსენება, რომ შეამოწმოთ თქვენი ჟურნალის ჯანმრთელობა სარედაქციო ანგარიშის საშუალებით.','string'),
(273,'','contents','ეს არის ერთგვარი შეხსენება, რომ შეამოწმოთ თქვენი ჟურნალის ჯანმრთელობა სარედაქციო ანგარიშის საშუალებით.','string'),
(274,'','contents','ეს არის ერთგვარი შეხსენება, რომ შეამოწმოთ თქვენი ჟურნალის ჯანმრთელობა სარედაქციო ანგარიშის საშუალებით.','string'),
(275,'','contents','ეს არის ერთგვარი შეხსენება, რომ შეამოწმოთ თქვენი ჟურნალის ჯანმრთელობა სარედაქციო ანგარიშის საშუალებით.','string'),
(276,'','contents','ეს არის ერთგვარი შეხსენება, რომ შეამოწმოთ თქვენი ჟურნალის ჯანმრთელობა სარედაქციო ანგარიშის საშუალებით.','string'),
(277,'','contents','ეს არის ერთგვარი შეხსენება, რომ შეამოწმოთ თქვენი ჟურნალის ჯანმრთელობა სარედაქციო ანგარიშის საშუალებით.','string'),
(278,'','contents','ეს არის ერთგვარი შეხსენება, რომ შეამოწმოთ თქვენი ჟურნალის ჯანმრთელობა სარედაქციო ანგარიშის საშუალებით.','string'),
(279,'','contents','ეს არის ერთგვარი შეხსენება, რომ შეამოწმოთ თქვენი ჟურნალის ჯანმრთელობა სარედაქციო ანგარიშის საშუალებით.','string'),
(280,'','contents','ეს არის ერთგვარი შეხსენება, რომ შეამოწმოთ თქვენი ჟურნალის ჯანმრთელობა სარედაქციო ანგარიშის საშუალებით.','string'),
(281,'','contents','ეს არის ერთგვარი შეხსენება, რომ შეამოწმოთ თქვენი ჟურნალის ჯანმრთელობა სარედაქციო ანგარიშის საშუალებით.','string'),
(282,'','contents','ეს არის ერთგვარი შეხსენება, რომ შეამოწმოთ თქვენი ჟურნალის ჯანმრთელობა სარედაქციო ანგარიშის საშუალებით.','string'),
(283,'','contents','ეს არის ერთგვარი შეხსენება, რომ შეამოწმოთ თქვენი ჟურნალის ჯანმრთელობა სარედაქციო ანგარიშის საშუალებით.','string'),
(297,'','contents','ეს არის ერთგვარი შეხსენება, რომ შეამოწმოთ თქვენი ჟურნალის ჯანმრთელობა სარედაქციო ანგარიშის საშუალებით.','string'),
(298,'','contents','ეს არის ერთგვარი შეხსენება, რომ შეამოწმოთ თქვენი ჟურნალის ჯანმრთელობა სარედაქციო ანგარიშის საშუალებით.','string'),
(299,'','contents','ეს არის ერთგვარი შეხსენება, რომ შეამოწმოთ თქვენი ჟურნალის ჯანმრთელობა სარედაქციო ანგარიშის საშუალებით.','string'),
(300,'','contents','ეს არის ერთგვარი შეხსენება, რომ შეამოწმოთ თქვენი ჟურნალის ჯანმრთელობა სარედაქციო ანგარიშის საშუალებით.','string'),
(301,'','contents','ეს არის ერთგვარი შეხსენება, რომ შეამოწმოთ თქვენი ჟურნალის ჯანმრთელობა სარედაქციო ანგარიშის საშუალებით.','string'),
(302,'','contents','ეს არის ერთგვარი შეხსენება, რომ შეამოწმოთ თქვენი ჟურნალის ჯანმრთელობა სარედაქციო ანგარიშის საშუალებით.','string'),
(303,'','contents','ეს არის ერთგვარი შეხსენება, რომ შეამოწმოთ თქვენი ჟურნალის ჯანმრთელობა სარედაქციო ანგარიშის საშუალებით.','string'),
(304,'','contents','ეს არის ერთგვარი შეხსენება, რომ შეამოწმოთ თქვენი ჟურნალის ჯანმრთელობა სარედაქციო ანგარიშის საშუალებით.','string'),
(305,'','contents','ეს არის ერთგვარი შეხსენება, რომ შეამოწმოთ თქვენი ჟურნალის ჯანმრთელობა სარედაქციო ანგარიშის საშუალებით.','string'),
(306,'','contents','ეს არის ერთგვარი შეხსენება, რომ შეამოწმოთ თქვენი ჟურნალის ჯანმრთელობა სარედაქციო ანგარიშის საშუალებით.','string'),
(307,'','contents','ეს არის ერთგვარი შეხსენება, რომ შეამოწმოთ თქვენი ჟურნალის ჯანმრთელობა სარედაქციო ანგარიშის საშუალებით.','string'),
(308,'','contents','ეს არის ერთგვარი შეხსენება, რომ შეამოწმოთ თქვენი ჟურნალის ჯანმრთელობა სარედაქციო ანგარიშის საშუალებით.','string'),
(309,'','contents','ეს არის ერთგვარი შეხსენება, რომ შეამოწმოთ თქვენი ჟურნალის ჯანმრთელობა სარედაქციო ანგარიშის საშუალებით.','string'),
(310,'','contents','ეს არის ერთგვარი შეხსენება, რომ შეამოწმოთ თქვენი ჟურნალის ჯანმრთელობა სარედაქციო ანგარიშის საშუალებით.','string'),
(311,'','contents','ეს არის ერთგვარი შეხსენება, რომ შეამოწმოთ თქვენი ჟურნალის ჯანმრთელობა სარედაქციო ანგარიშის საშუალებით.','string'),
(312,'','contents','ეს არის ერთგვარი შეხსენება, რომ შეამოწმოთ თქვენი ჟურნალის ჯანმრთელობა სარედაქციო ანგარიშის საშუალებით.','string'),
(313,'','contents','ეს არის ერთგვარი შეხსენება, რომ შეამოწმოთ თქვენი ჟურნალის ჯანმრთელობა სარედაქციო ანგარიშის საშუალებით.','string'),
(314,'','contents','ეს არის ერთგვარი შეხსენება, რომ შეამოწმოთ თქვენი ჟურნალის ჯანმრთელობა სარედაქციო ანგარიშის საშუალებით.','string'),
(315,'','contents','ეს არის ერთგვარი შეხსენება, რომ შეამოწმოთ თქვენი ჟურნალის ჯანმრთელობა სარედაქციო ანგარიშის საშუალებით.','string'),
(316,'','contents','ეს არის ერთგვარი შეხსენება, რომ შეამოწმოთ თქვენი ჟურნალის ჯანმრთელობა სარედაქციო ანგარიშის საშუალებით.','string'),
(317,'','contents','ეს არის ერთგვარი შეხსენება, რომ შეამოწმოთ თქვენი ჟურნალის ჯანმრთელობა სარედაქციო ანგარიშის საშუალებით.','string'),
(318,'','contents','ეს არის ერთგვარი შეხსენება, რომ შეამოწმოთ თქვენი ჟურნალის ჯანმრთელობა სარედაქციო ანგარიშის საშუალებით.','string'),
(319,'','contents','ეს არის ერთგვარი შეხსენება, რომ შეამოწმოთ თქვენი ჟურნალის ჯანმრთელობა სარედაქციო ანგარიშის საშუალებით.','string'),
(320,'','contents','ეს არის ერთგვარი შეხსენება, რომ შეამოწმოთ თქვენი ჟურნალის ჯანმრთელობა სარედაქციო ანგარიშის საშუალებით.','string'),
(321,'','contents','ეს არის ერთგვარი შეხსენება, რომ შეამოწმოთ თქვენი ჟურნალის ჯანმრთელობა სარედაქციო ანგარიშის საშუალებით.','string'),
(322,'','contents','ეს არის ერთგვარი შეხსენება, რომ შეამოწმოთ თქვენი ჟურნალის ჯანმრთელობა სარედაქციო ანგარიშის საშუალებით.','string'),
(323,'','contents','ეს არის ერთგვარი შეხსენება, რომ შეამოწმოთ თქვენი ჟურნალის ჯანმრთელობა სარედაქციო ანგარიშის საშუალებით.','string'),
(324,'','contents','ეს არის ერთგვარი შეხსენება, რომ შეამოწმოთ თქვენი ჟურნალის ჯანმრთელობა სარედაქციო ანგარიშის საშუალებით.','string'),
(325,'','contents','ეს არის ერთგვარი შეხსენება, რომ შეამოწმოთ თქვენი ჟურნალის ჯანმრთელობა სარედაქციო ანგარიშის საშუალებით.','string'),
(326,'','contents','ეს არის ერთგვარი შეხსენება, რომ შეამოწმოთ თქვენი ჟურნალის ჯანმრთელობა სარედაქციო ანგარიშის საშუალებით.','string'),
(327,'','contents','ეს არის ერთგვარი შეხსენება, რომ შეამოწმოთ თქვენი ჟურნალის ჯანმრთელობა სარედაქციო ანგარიშის საშუალებით.','string'),
(328,'','contents','ეს არის ერთგვარი შეხსენება, რომ შეამოწმოთ თქვენი ჟურნალის ჯანმრთელობა სარედაქციო ანგარიშის საშუალებით.','string'),
(329,'','contents','ეს არის ერთგვარი შეხსენება, რომ შეამოწმოთ თქვენი ჟურნალის ჯანმრთელობა სარედაქციო ანგარიშის საშუალებით.','string'),
(330,'','contents','ეს არის ერთგვარი შეხსენება, რომ შეამოწმოთ თქვენი ჟურნალის ჯანმრთელობა სარედაქციო ანგარიშის საშუალებით.','string'),
(331,'','contents','ეს არის ერთგვარი შეხსენება, რომ შეამოწმოთ თქვენი ჟურნალის ჯანმრთელობა სარედაქციო ანგარიშის საშუალებით.','string'),
(332,'','contents','ეს არის ერთგვარი შეხსენება, რომ შეამოწმოთ თქვენი ჟურნალის ჯანმრთელობა სარედაქციო ანგარიშის საშუალებით.','string'),
(333,'','contents','ეს არის ერთგვარი შეხსენება, რომ შეამოწმოთ თქვენი ჟურნალის ჯანმრთელობა სარედაქციო ანგარიშის საშუალებით.','string'),
(334,'','contents','ეს არის ერთგვარი შეხსენება, რომ შეამოწმოთ თქვენი ჟურნალის ჯანმრთელობა სარედაქციო ანგარიშის საშუალებით.','string'),
(335,'','contents','ეს არის ერთგვარი შეხსენება, რომ შეამოწმოთ თქვენი ჟურნალის ჯანმრთელობა სარედაქციო ანგარიშის საშუალებით.','string'),
(336,'','contents','ეს არის ერთგვარი შეხსენება, რომ შეამოწმოთ თქვენი ჟურნალის ჯანმრთელობა სარედაქციო ანგარიშის საშუალებით.','string'),
(337,'','contents','ეს არის ერთგვარი შეხსენება, რომ შეამოწმოთ თქვენი ჟურნალის ჯანმრთელობა სარედაქციო ანგარიშის საშუალებით.','string');

--
-- Table structure for table `notification_subscription_settings`
--

CREATE TABLE `notification_subscription_settings` (
  `setting_id` bigint(20) NOT NULL AUTO_INCREMENT,
  `setting_name` varchar(64) NOT NULL,
  `setting_value` text DEFAULT NULL,
  `user_id` bigint(20) NOT NULL,
  `context` bigint(20) NOT NULL,
  `setting_type` varchar(6) NOT NULL,
  PRIMARY KEY (`setting_id`)
) ENGINE=InnoDB AUTO_INCREMENT=4 DEFAULT CHARSET=utf8mb3 COLLATE=utf8mb3_general_ci;

--
-- Dumping data for table `notification_subscription_settings`
--

INSERT INTO `notification_subscription_settings` VALUES
(1,'blocked_emailed_notification','16777258',1,1,'int'),
(2,'blocked_emailed_notification','8',2,1,'int'),
(3,'blocked_emailed_notification','268435477',2,1,'int');

--
-- Table structure for table `notifications`
--

CREATE TABLE `notifications` (
  `notification_id` bigint(20) NOT NULL AUTO_INCREMENT,
  `context_id` bigint(20) NOT NULL,
  `user_id` bigint(20) DEFAULT NULL,
  `level` bigint(20) NOT NULL,
  `type` bigint(20) NOT NULL,
  `date_created` datetime NOT NULL,
  `date_read` datetime DEFAULT NULL,
  `assoc_type` bigint(20) DEFAULT NULL,
  `assoc_id` bigint(20) DEFAULT NULL,
  PRIMARY KEY (`notification_id`),
  KEY `notifications_context_id_user_id` (`context_id`,`user_id`,`level`),
  KEY `notifications_context_id` (`context_id`,`level`),
  KEY `notifications_assoc` (`assoc_type`,`assoc_id`),
  KEY `notifications_user_id_level` (`user_id`,`level`)
) ENGINE=InnoDB AUTO_INCREMENT=361 DEFAULT CHARSET=utf8mb3 COLLATE=utf8mb3_general_ci;

--
-- Dumping data for table `notifications`
--

INSERT INTO `notifications` VALUES
(2,1,0,2,16777244,'2020-06-04 08:25:54',NULL,256,1),
(88,1,1,2,8,'2020-10-02 11:42:50',NULL,522,1),
(93,1,1,3,16777258,'2020-10-10 14:18:51','2021-12-15 12:47:56',0,0),
(96,1,1,3,16777258,'2020-11-01 06:20:30','2021-12-15 12:47:56',0,0),
(102,1,1,3,16777258,'2020-12-01 02:30:48','2021-12-15 12:47:56',0,0),
(127,1,1,3,16777258,'2020-12-31 02:40:48','2025-09-13 09:33:16',0,0),
(128,1,1,3,16777258,'2021-01-01 02:40:55','2021-12-15 12:47:56',0,0),
(129,1,0,3,16777220,'2021-01-09 08:56:33',NULL,1048585,31),
(130,1,0,3,16777222,'2021-01-09 08:56:33',NULL,1048585,31),
(131,1,0,3,16777223,'2021-01-09 08:56:33',NULL,1048585,31),
(132,1,0,3,16777224,'2021-01-09 08:56:33',NULL,1048585,31),
(133,1,1,3,16777247,'2021-01-09 08:56:33','2021-12-15 12:47:56',1048585,31),
(134,1,0,2,16777243,'2021-01-09 08:56:33',NULL,1048585,31),
(135,1,0,2,16777245,'2021-01-09 08:56:33',NULL,1048585,31),
(136,1,1,3,16777258,'2021-02-01 00:48:21','2021-12-15 12:47:56',0,0),
(137,1,1,3,16777258,'2021-03-01 00:18:55','2021-12-15 12:47:56',0,0),
(152,1,1,3,16777258,'2021-03-29 00:59:10','2021-12-15 12:47:56',0,0),
(154,1,1,3,16777258,'2021-04-01 00:07:41','2021-12-15 12:47:56',0,0),
(155,1,1,3,16777258,'2021-05-01 00:04:36','2021-12-15 12:47:56',0,0),
(156,1,1,3,16777258,'2021-05-31 00:50:57','2021-12-15 12:47:56',0,0),
(157,1,1,3,16777258,'2021-06-01 00:57:29','2021-12-15 12:47:56',0,0),
(158,1,4,2,8,'2021-06-28 14:41:00',NULL,0,0),
(159,1,3,2,8,'2021-06-28 14:41:00',NULL,0,0),
(160,1,1,2,8,'2021-06-28 14:41:00',NULL,0,0),
(162,1,1,3,16777258,'2021-07-01 00:05:06','2021-12-15 12:47:56',0,0),
(180,1,1,3,16777258,'2021-07-31 00:14:36','2021-12-15 12:47:56',0,0),
(181,1,1,3,16777258,'2021-08-01 00:18:46','2021-12-15 12:47:56',0,0),
(186,1,1,3,16777258,'2021-09-01 00:04:41','2021-12-15 12:47:56',0,0),
(188,1,1,3,16777258,'2021-10-01 00:06:09','2021-12-15 12:47:56',0,0),
(189,1,1,3,16777258,'2021-10-31 00:06:33','2021-12-15 12:47:56',0,0),
(190,1,1,3,16777258,'2021-11-01 00:25:48','2021-12-15 12:47:56',0,0),
(191,1,1,3,16777258,'2021-12-01 00:01:09','2021-12-15 12:47:57',0,0),
(261,1,1,3,16777258,'2021-12-31 00:07:01',NULL,0,0),
(262,1,1,3,16777258,'2022-01-01 00:10:32',NULL,0,0),
(263,1,1,3,16777258,'2022-02-01 00:09:26',NULL,0,0),
(264,1,1,3,16777258,'2022-03-01 00:00:06',NULL,0,0),
(265,1,1,3,16777258,'2022-03-29 00:13:05',NULL,0,0),
(266,1,1,3,16777258,'2022-04-01 00:06:47',NULL,0,0),
(267,1,1,3,16777258,'2022-05-01 00:27:26',NULL,0,0),
(268,1,1,3,16777258,'2022-05-31 00:30:48',NULL,0,0),
(269,1,1,3,16777258,'2022-06-01 00:42:54',NULL,0,0),
(270,1,1,3,16777258,'2022-07-01 00:16:42',NULL,0,0),
(271,1,1,3,16777258,'2022-07-31 00:25:07',NULL,0,0),
(272,1,1,3,16777258,'2022-08-01 00:42:49',NULL,0,0),
(273,1,1,3,16777258,'2022-09-01 00:00:15',NULL,0,0),
(274,1,1,3,16777258,'2022-10-01 00:11:58',NULL,0,0),
(275,1,1,3,16777258,'2022-10-31 01:08:30',NULL,0,0),
(276,1,1,3,16777258,'2022-11-01 01:32:31',NULL,0,0),
(277,1,1,3,16777258,'2022-12-01 00:04:55',NULL,0,0),
(278,1,1,3,16777258,'2022-12-31 00:23:10',NULL,0,0),
(279,1,1,3,16777258,'2023-01-01 00:32:51',NULL,0,0),
(280,1,1,3,16777258,'2023-02-01 00:12:25',NULL,0,0),
(281,1,1,3,16777258,'2023-03-01 00:22:16',NULL,0,0),
(282,1,1,3,16777258,'2023-03-29 01:00:24',NULL,0,0),
(283,1,1,3,16777258,'2023-04-01 00:02:48',NULL,0,0),
(297,1,1,3,16777258,'2023-05-01 00:27:43',NULL,0,0),
(298,1,1,3,16777258,'2023-05-31 00:38:49',NULL,0,0),
(299,1,1,3,16777258,'2023-06-01 00:39:29',NULL,0,0),
(300,1,1,3,16777258,'2023-07-01 00:04:52',NULL,0,0),
(301,1,1,3,16777258,'2023-07-31 00:12:58',NULL,0,0),
(302,1,1,3,16777258,'2023-08-01 00:34:14',NULL,0,0),
(303,1,1,3,16777258,'2023-09-01 00:06:54',NULL,0,0),
(304,1,1,3,16777258,'2023-10-01 00:01:33',NULL,0,0),
(305,1,1,3,16777258,'2023-10-31 00:16:06',NULL,0,0),
(306,1,1,3,16777258,'2023-11-01 00:18:26',NULL,0,0),
(307,1,1,3,16777258,'2023-12-01 00:04:25',NULL,0,0),
(308,1,1,3,16777258,'2023-12-31 00:15:00',NULL,0,0),
(309,1,1,3,16777258,'2024-01-01 00:16:53',NULL,0,0),
(310,1,1,3,16777258,'2024-02-01 00:03:39',NULL,0,0),
(311,1,1,3,16777258,'2024-03-01 00:03:40',NULL,0,0),
(312,1,1,3,16777258,'2024-03-30 00:18:57',NULL,0,0),
(313,1,1,3,16777258,'2024-04-01 00:02:13',NULL,0,0),
(314,1,1,3,16777258,'2024-05-01 00:12:13',NULL,0,0),
(315,1,1,3,16777258,'2024-05-31 00:14:05',NULL,0,0),
(316,1,1,3,16777258,'2024-06-01 00:28:59',NULL,0,0),
(317,1,1,3,16777258,'2024-07-01 00:14:00',NULL,0,0),
(318,1,1,3,16777258,'2024-07-31 00:16:43',NULL,0,0),
(319,1,1,3,16777258,'2024-08-01 00:18:06',NULL,0,0),
(320,1,1,3,16777258,'2024-09-01 00:18:08',NULL,0,0),
(321,1,1,3,16777258,'2024-10-01 00:01:24',NULL,0,0),
(322,1,1,3,16777258,'2024-10-31 00:11:14',NULL,0,0),
(323,1,1,3,16777258,'2024-11-01 00:16:45',NULL,0,0),
(324,1,1,3,16777258,'2024-12-01 00:00:39',NULL,0,0),
(325,1,1,3,16777258,'2024-12-31 00:07:34',NULL,0,0),
(326,1,1,3,16777258,'2025-01-01 00:13:42',NULL,0,0),
(327,1,1,3,16777258,'2025-02-01 00:03:11',NULL,0,0),
(328,1,1,3,16777258,'2025-03-01 00:21:53',NULL,0,0),
(329,1,1,3,16777258,'2025-03-29 00:25:59',NULL,0,0),
(330,1,1,3,16777258,'2025-04-01 00:13:32',NULL,0,0),
(331,1,1,3,16777258,'2025-05-01 00:01:07',NULL,0,0),
(332,1,1,3,16777258,'2025-05-31 00:06:15',NULL,0,0),
(333,1,1,3,16777258,'2025-06-01 00:31:50',NULL,0,0),
(334,1,1,3,16777258,'2025-07-01 00:14:51',NULL,0,0),
(335,1,1,3,16777258,'2025-07-31 00:14:58',NULL,0,0),
(336,1,1,3,16777258,'2025-08-01 00:25:20',NULL,0,0),
(337,1,1,3,16777258,'2025-09-01 00:27:38',NULL,0,0),
(347,1,0,3,16777220,'2025-09-15 19:56:32',NULL,1048585,65),
(348,1,0,3,16777222,'2025-09-15 19:56:32',NULL,1048585,65),
(349,1,0,3,16777223,'2025-09-15 19:56:32',NULL,1048585,65),
(350,1,0,3,16777224,'2025-09-15 19:56:32',NULL,1048585,65),
(351,1,10,3,16777247,'2025-09-15 19:56:32','2025-09-24 09:11:10',1048585,65),
(352,1,1,3,16777247,'2025-09-15 19:56:32',NULL,1048585,65),
(353,1,0,2,16777243,'2025-09-15 19:56:32',NULL,1048585,65),
(354,1,0,2,16777245,'2025-09-15 19:56:32',NULL,1048585,65);

--
-- Table structure for table `oai_resumption_tokens`
--

CREATE TABLE `oai_resumption_tokens` (
  `token` varchar(32) NOT NULL,
  `expire` bigint(20) NOT NULL,
  `record_offset` int(11) NOT NULL,
  `params` text DEFAULT NULL,
  UNIQUE KEY `oai_resumption_tokens_pkey` (`token`)
) ENGINE=InnoDB DEFAULT CHARSET=utf8mb3 COLLATE=utf8mb3_general_ci;

--
-- Dumping data for table `oai_resumption_tokens`
--


--
-- Table structure for table `plugin_settings`
--

CREATE TABLE `plugin_settings` (
  `plugin_name` varchar(80) NOT NULL,
  `context_id` bigint(20) NOT NULL,
  `setting_name` varchar(80) NOT NULL,
  `setting_value` text DEFAULT NULL,
  `setting_type` varchar(6) NOT NULL,
  UNIQUE KEY `plugin_settings_pkey` (`plugin_name`,`context_id`,`setting_name`),
  KEY `plugin_settings_plugin_name` (`plugin_name`)
) ENGINE=InnoDB DEFAULT CHARSET=utf8mb3 COLLATE=utf8mb3_general_ci;

--
-- Dumping data for table `plugin_settings`
--

INSERT INTO `plugin_settings` VALUES
('acronplugin',0,'crontab','[{\"className\":\"plugins.generic.usageStats.UsageStatsLoader\",\"frequency\":{\"hour\":24},\"args\":[\"autoStage\"]},{\"className\":\"plugins.generic.usageStats.UsageStatsLoader\",\"frequency\":{\"hour\":24},\"args\":[\"autoStage\"]},{\"className\":\"plugins.importexport.datacite.DataciteInfoSender\",\"frequency\":{\"hour\":24},\"args\":[]},{\"className\":\"plugins.importexport.doaj.DOAJInfoSender\",\"frequency\":{\"hour\":24},\"args\":[]},{\"className\":\"plugins.importexport.crossref.CrossrefInfoSender\",\"frequency\":{\"hour\":24},\"args\":[]},{\"className\":\"plugins.generic.usageStats.UsageStatsLoader\",\"frequency\":{\"hour\":24},\"args\":[\"autoStage\"]},{\"className\":\"plugins.importexport.datacite.DataciteInfoSender\",\"frequency\":{\"hour\":24},\"args\":[]},{\"className\":\"plugins.importexport.doaj.DOAJInfoSender\",\"frequency\":{\"hour\":24},\"args\":[]},{\"className\":\"plugins.importexport.crossref.CrossrefInfoSender\",\"frequency\":{\"hour\":24},\"args\":[]},{\"className\":\"plugins.generic.usageStats.UsageStatsLoader\",\"frequency\":{\"hour\":24},\"args\":[\"autoStage\"]},{\"className\":\"plugins.importexport.datacite.DataciteInfoSender\",\"frequency\":{\"hour\":24},\"args\":[]},{\"className\":\"plugins.importexport.doaj.DOAJInfoSender\",\"frequency\":{\"hour\":24},\"args\":[]},{\"className\":\"plugins.importexport.crossref.CrossrefInfoSender\",\"frequency\":{\"hour\":24},\"args\":[]},{\"className\":\"plugins.generic.usageStats.UsageStatsLoader\",\"frequency\":{\"hour\":24},\"args\":[\"autoStage\"]},{\"className\":\"plugins.importexport.datacite.DataciteInfoSender\",\"frequency\":{\"hour\":24},\"args\":[]},{\"className\":\"plugins.importexport.doaj.DOAJInfoSender\",\"frequency\":{\"hour\":24},\"args\":[]},{\"className\":\"plugins.importexport.crossref.CrossrefInfoSender\",\"frequency\":{\"hour\":24},\"args\":[]},{\"className\":\"plugins.generic.usageStats.UsageStatsLoader\",\"frequency\":{\"hour\":24},\"args\":[\"autoStage\"]},{\"className\":\"plugins.importexport.datacite.DataciteInfoSender\",\"frequency\":{\"hour\":24},\"args\":[]},{\"className\":\"plugins.importexport.doaj.DOAJInfoSender\",\"frequency\":{\"hour\":24},\"args\":[]},{\"className\":\"plugins.importexport.crossref.CrossrefInfoSender\",\"frequency\":{\"hour\":24},\"args\":[]},{\"className\":\"lib.pkp.classes.task.ReviewReminder\",\"frequency\":{\"hour\":24},\"args\":[]},{\"className\":\"lib.pkp.classes.task.StatisticsReport\",\"frequency\":{\"day\":\"1\"},\"args\":[]},{\"className\":\"classes.tasks.SubscriptionExpiryReminder\",\"frequency\":{\"day\":\"1\"},\"args\":[]}]','object'),
('acronplugin',0,'enabled','1','bool'),
('announcementfeedplugin',1,'dateUpdated','2021-06-28 14:41:00','string'),
('announcementfeedplugin',1,'enabled','1','bool'),
('browseblockplugin',1,'enabled','1','bool'),
('citationstylelanguageplugin',1,'enabled','1','bool'),
('customblockmanagerplugin',1,'enabled','1','bool'),
('defaultthemeplugin',0,'enabled','1','bool'),
('defaultthemeplugin',1,'baseColour','#f4c145','text'),
('defaultthemeplugin',1,'enabled','1','bool'),
('defaulttranslationplugin',1,'enabled','1','bool'),
('developedbyblockplugin',0,'enabled','0','bool'),
('developedbyblockplugin',0,'seq','0','int'),
('developedbyblockplugin',1,'enabled','1','bool'),
('doipubidplugin',1,'enabled','1','bool'),
('driverplugin',1,'enabled','1','bool'),
('dublincoremetaplugin',1,'enabled','1','bool'),
('googleanalyticsplugin',1,'enabled','1','bool'),
('googleanalyticsplugin',1,'googleAnalyticsSiteId','UA-160064180-1','string'),
('googlescholarplugin',1,'enabled','1','bool'),
('htmlarticlegalleyplugin',1,'enabled','1','bool'),
('informationblockplugin',1,'enabled','1','bool'),
('languagetoggleblockplugin',0,'enabled','1','bool'),
('languagetoggleblockplugin',0,'seq','4','int'),
('languagetoggleblockplugin',1,'enabled','1','bool'),
('lensgalleyplugin',1,'enabled','1','bool'),
('makesubmissionblockplugin',1,'enabled','1','bool'),
('openaireplugin',1,'enabled','1','bool'),
('orcidprofileplugin',1,'enabled','1','bool'),
('pdfjsviewerplugin',1,'enabled','1','bool'),
('recommendbyauthorplugin',1,'enabled','1','bool'),
('recommendbysimilarityplugin',1,'enabled','1','bool'),
('resolverplugin',1,'enabled','1','bool'),
('staticpagesplugin',1,'enabled','1','bool'),
('subscriptionblockplugin',1,'enabled','1','bool'),
('tinymceplugin',0,'enabled','1','bool'),
('tinymceplugin',1,'enabled','1','bool'),
('urnpubidplugin',1,'enabled','1','bool'),
('usageeventplugin',0,'enabled','1','bool'),
('usageeventplugin',0,'uniqueSiteId','5ed8b0e29f154','string'),
('usagestatsplugin',0,'accessLogFileParseRegex','/^(?P<ip>\\S+) \\S+ \\S+ \\[(?P<date>.*?)\\] \"\\S+ (?P<url>\\S+).*?\" (?P<returnCode>\\S+) \\S+ \".*?\" \"(?P<userAgent>.*?)\"/','string'),
('usagestatsplugin',0,'chartType','bar','string'),
('usagestatsplugin',0,'createLogFiles','1','bool'),
('usagestatsplugin',0,'datasetMaxCount','4','string'),
('usagestatsplugin',0,'enabled','1','bool'),
('usagestatsplugin',0,'optionalColumns','[\"city\",\"region\"]','object'),
('webfeedblockplugin',1,'context','1','int'),
('webfeedblockplugin',1,'enabled','1','bool'),
('webfeedblockplugin',1,'seq','5','int'),
('webfeedplugin',1,'displayItems','1','bool'),
('webfeedplugin',1,'displayPage','homepage','string'),
('webfeedplugin',1,'enabled','1','bool');

--
-- Table structure for table `publication_categories`
--

CREATE TABLE `publication_categories` (
  `publication_id` bigint(20) NOT NULL,
  `category_id` bigint(20) NOT NULL,
  UNIQUE KEY `publication_categories_id` (`publication_id`,`category_id`)
) ENGINE=InnoDB DEFAULT CHARSET=latin1 COLLATE=latin1_swedish_ci;

--
-- Dumping data for table `publication_categories`
--


--
-- Table structure for table `publication_galley_settings`
--

CREATE TABLE `publication_galley_settings` (
  `galley_id` bigint(20) NOT NULL,
  `locale` varchar(14) NOT NULL DEFAULT '',
  `setting_name` varchar(255) NOT NULL,
  `setting_value` text DEFAULT NULL,
  UNIQUE KEY `publication_galley_settings_pkey` (`galley_id`,`locale`,`setting_name`),
  KEY `publication_galley_settings_galley_id` (`galley_id`),
  KEY `publication_galley_settings_name_value` (`setting_name`(50),`setting_value`(150))
) ENGINE=InnoDB DEFAULT CHARSET=latin1 COLLATE=latin1_swedish_ci;

--
-- Dumping data for table `publication_galley_settings`
--


--
-- Table structure for table `publication_galleys`
--

CREATE TABLE `publication_galleys` (
  `galley_id` bigint(20) NOT NULL AUTO_INCREMENT,
  `locale` varchar(14) DEFAULT NULL,
  `publication_id` bigint(20) NOT NULL,
  `label` varchar(255) DEFAULT NULL,
  `submission_file_id` bigint(20) unsigned DEFAULT NULL,
  `seq` double NOT NULL DEFAULT 0,
  `remote_url` varchar(2047) DEFAULT NULL,
  `is_approved` tinyint(4) NOT NULL DEFAULT 0,
  `url_path` varchar(64) DEFAULT NULL,
  PRIMARY KEY (`galley_id`),
  KEY `publication_galleys_publication_id` (`publication_id`),
  KEY `publication_galleys_url_path` (`url_path`),
  KEY `publication_galleys_submission_file_id_foreign` (`submission_file_id`),
  CONSTRAINT `publication_galleys_submission_file_id_foreign` FOREIGN KEY (`submission_file_id`) REFERENCES `submission_files` (`submission_file_id`)
) ENGINE=InnoDB AUTO_INCREMENT=55 DEFAULT CHARSET=latin1 COLLATE=latin1_swedish_ci;

--
-- Dumping data for table `publication_galleys`
--

INSERT INTO `publication_galleys` VALUES
(1,'en_US',1,'PDF',1,0,'',1,NULL),
(2,'en_US',2,'PDF',3,0,'',1,NULL),
(3,'en_US',3,'PDF',5,0,'',1,NULL),
(4,'en_US',4,'PDF',7,0,'',1,NULL),
(5,'en_US',5,'PDF',9,0,'',1,NULL),
(6,'en_US',6,'PDF',11,0,'',1,NULL),
(7,'en_US',7,'PDF',13,0,'',1,NULL),
(8,'en_US',8,'PDF',15,0,'',1,NULL),
(9,'en_US',9,'PDF',17,0,'',1,NULL),
(10,'en_US',16,'PDF',20,0,'',0,''),
(11,'en_US',17,'PDF',22,0,'',0,''),
(12,'en_US',18,'PDF',24,0,'',0,''),
(13,'en_US',19,'PDF',26,0,'',0,''),
(14,'en_US',20,'PDF',28,0,'',0,''),
(15,'en_US',21,'PDF',30,0,'',0,''),
(16,'en_US',22,'PDF',32,0,'',0,''),
(17,'en_US',23,'PDF',34,0,'',0,''),
(18,'en_US',24,'PDF',36,0,'',0,''),
(19,'en_US',27,'PDF',40,0,'',0,''),
(23,'ka_GE',33,'PDF',49,0,'',0,''),
(25,'ka_GE',35,'PDF',52,0,'',0,''),
(26,'ka_GE',39,'PDF',54,0,'',0,''),
(27,'ka_GE',40,'PDF',56,0,'',0,''),
(28,'en_US',41,'PDF',58,0,'',0,''),
(29,'en_US',42,'PDF',60,0,'',0,''),
(30,'en_US',43,'PDF',62,0,'',0,''),
(31,'ka_GE',45,'PDF',65,0,'',0,''),
(33,'ka_GE',46,'PDF',67,0,'',0,''),
(34,'ka_GE',47,'PDF',69,0,'',0,''),
(36,'ka_GE',49,'PDF',73,0,'',0,''),
(38,'en_US',51,'PDF',78,0,'',0,''),
(39,'ka_GE',51,'PDF',79,0,'',0,''),
(40,'ka_GE',52,'PDF',81,0,'',0,''),
(41,'ka_GE',50,'PDF',82,0,'',0,''),
(42,'ka_GE',48,'PDF',83,0,'',0,''),
(43,'ka_GE',53,'PDF',85,0,'',0,''),
(44,'ka_GE',54,'PDF',87,0,'',0,''),
(45,'ka_GE',55,'PDF',89,0,'',0,''),
(46,'ka_GE',56,'PDF',91,0,'',0,''),
(47,'ka_GE',57,'PDF',93,0,'',0,''),
(48,'ka_GE',58,'PDF',95,0,'',0,''),
(50,'ka_GE',59,'PDF',98,0,'',0,''),
(51,'ka_GE',59,'Diagrams',100,0,'',0,''),
(52,'ka_GE',60,'PDF',102,0,'',0,''),
(53,'ka_GE',61,'PDF',104,0,'',0,''),
(54,'en_US',63,'PDF',108,0,'',0,'');

--
-- Table structure for table `publication_settings`
--

CREATE TABLE `publication_settings` (
  `publication_id` bigint(20) NOT NULL,
  `locale` varchar(14) NOT NULL DEFAULT '',
  `setting_name` varchar(255) NOT NULL,
  `setting_value` mediumtext DEFAULT NULL,
  UNIQUE KEY `publication_settings_pkey` (`publication_id`,`locale`,`setting_name`),
  KEY `publication_settings_publication_id` (`publication_id`),
  KEY `publication_settings_name_value` (`setting_name`(50),`setting_value`(150))
) ENGINE=InnoDB DEFAULT CHARSET=utf8mb3 COLLATE=utf8mb3_general_ci;

--
-- Dumping data for table `publication_settings`
--

INSERT INTO `publication_settings` VALUES
(1,'','copyrightYear',''),
(1,'','hide_author','0'),
(1,'','issueId','1'),
(1,'','licenseURL',''),
(1,'','pages','1-7'),
(1,'en_US','abstract','<p>Communication is a two-way process that occurs through speaking, writing, listening and observing as individuals share ideas, thoughts and feelings.</p>\r\n<p>A public servant is a person who exercises public legal powers as his or her main professional activity, which ensures his / her protection of public interests and is the basis for the creation of a transparent, accountable and quality-oriented public service that should provide fair and equal services to citizens.</p>\r\n<p>The ability to communicate effectively is a foundational skill for professional development and as professionals, public servants need to be acutely aware of their communication skills and of how they give, receive and process information.</p>'),
(1,'en_US','cleanTitle','Interpersonal Communication in Public Service'),
(1,'en_US','copyrightHolder',''),
(1,'en_US','prefix',''),
(1,'en_US','subtitle',''),
(1,'en_US','title','Interpersonal Communication in Public Service'),
(2,'','copyrightYear',''),
(2,'','hide_author','0'),
(2,'','issueId','1'),
(2,'','licenseURL',''),
(2,'','pages','8-14'),
(2,'en_US','abstract','<p>At any stage of life, any organization or person has overcome some kind of difficulty. Positive Psychotherapy, based on the principle of “Here &amp; Now”, teaches us the right analyses of the existed reality, helps to discover our own resources and expand opportunities to find the solution. It’s one of the most human approaches that we can use on the one hand, to better understand our own “I” on the personal level and on the other hand, to manage multifaceted interpersonal relationships at the level of organizational culture.</p>\r\n<p>The article discusses the interpretation of this unique model from a wide perspective, which in people interaction leads to the love of people, understanding each other and through the so-called WIN-WIN tactics can create the team oriented on self-development. It’s well known that if we want to understand us, first we should listen to understand them. This is what helps us to be a leader in managing change, to act in the common interest and to improve the existing reality with our personal responsibility. Here is described the current trends of PR in an original way and tells briefly how professionals in this field can develop skills through a positive psychotherapeutic model to achieve a harmonious balance between internal and external communications.</p>'),
(2,'en_US','cleanTitle','Positive Psychotherapy Approach for Achieving Balance in Public Relations'),
(2,'en_US','copyrightHolder',''),
(2,'en_US','prefix',''),
(2,'en_US','subtitle',''),
(2,'en_US','title','Positive Psychotherapy Approach for Achieving Balance in Public Relations'),
(3,'','copyrightYear',''),
(3,'','hide_author','0'),
(3,'','issueId','1'),
(3,'','licenseURL',''),
(3,'','pages','15-19'),
(3,'en_US','abstract','<p>The increasing importance of intercultural communication is a consequence of the globalization process. The importance of communication management is growing day by day and offers companies new opportunities. Globalization is transforming mono-cultural companies into multicultural ones, which is a new challenge for company managers. Adapting to a foreign culture involves a number of stages. Proper management of the stages leads to further development and success of the companies. To be successful, companies need to be realistic. They have to identify their own cultural, ethnic, identity.</p>\r\n<p>The territory of Georgia has been an area of intensive migration since ancient times. This has created multi-ethnicity in the country and the formation of a multicultural environment where there is a high level of recognition of different cultures. The flow of foreign investment into the country has increased since the 1990s, which has increased the impact of foreign cultures on local.Georgia is one of the countries whose economy is largely dependent on foreign investment. Therefore, the importance of coordinating intercultural communication in the country is especially great.</p>'),
(3,'en_US','cleanTitle','The Importance of  Crosscultural Communication'),
(3,'en_US','copyrightHolder',''),
(3,'en_US','prefix',''),
(3,'en_US','subtitle',''),
(3,'en_US','title','The Importance of  Cross-cultural Communication'),
(4,'','copyrightYear',''),
(4,'','hide_author','0'),
(4,'','issueId','1'),
(4,'','licenseURL',''),
(4,'','pages','20-27'),
(4,'en_US','abstract','<p>Researches prove that people, who have a permanent job, feel much better than the unemployed. It means that employment means a lot for almost every person. However, in many cases, the inappropriate environment at work is a source of stress as well.</p>\r\n<p>When we discuss stress, we should not forget that one and the same situation could have a stronger impact (stress) on one person and less – on the other. Individual factors such as how one sees and copes with stress are extremely important here. Besides, qualification and socio-demographic conditions are essential, too.</p>\r\n<p>The aim of the survey was to assess the quality of the staff anxiety and to carry out correlation and comparative analysis between the level of job satisfaction and the survey results of anxiety.</p>\r\n<p>Employees’ diagnosis was made with reactive and personal anxiety test – questionnaires, developed by Charles Spielberger.</p>'),
(4,'en_US','cleanTitle','Public Services in the Field of Culture'),
(4,'en_US','copyrightHolder',''),
(4,'en_US','prefix',''),
(4,'en_US','subtitle',''),
(4,'en_US','title','Public Services in the Field of Culture'),
(5,'','copyrightYear',''),
(5,'','hide_author','0'),
(5,'','issueId','1'),
(5,'','licenseURL',''),
(5,'','pages','28-37'),
(5,'en_US','abstract','<p>Researches prove that people, who have a permanent job, feel much better than the unemployed. It means that employment means a lot for almost every person. However, in many cases, the inappropriate environment at work is a source of stress as well.</p>\r\n<p>When we discuss stress, we should not forget that one and the same situation could have a stronger impact (stress) on one person and less – on the other. Individual factors such as how one sees and copes with stress are extremely important here. Besides, qualification and socio-demographic conditions are essential, too.</p>\r\n<p>The aim of the survey was to assess the quality of the staff anxiety and to carry out correlation and comparative analysis between the level of job satisfaction and the survey results of anxiety.</p>\r\n<p>Employees’ diagnosis was made with reactive and personal anxiety test – questionnaires, developed by Charles Spielberger.</p>'),
(5,'en_US','cleanTitle','Anxiety as Determining Indicator for WorkRelated Stress'),
(5,'en_US','copyrightHolder',''),
(5,'en_US','prefix',''),
(5,'en_US','subtitle',''),
(5,'en_US','title','Anxiety as Determining Indicator for Work-Related Stress'),
(6,'','copyrightYear',''),
(6,'','hide_author','0'),
(6,'','issueId','1'),
(6,'','licenseURL',''),
(6,'','pages','38-44'),
(6,'en_US','abstract','<p>Knowledge and experience about employee turnover accumulated over the years and centuries from researchers. Some models or methods have undergone transformation over time, but all the major initial theories nowadays is significant to achieve organizational success. Meanwile, together with technological advances and labor trends in the world, demands of human beings are changed. Employee turnover is distinctively important topic for organizations around the world. Managing retention to keep turnover rate is one of the most challenging issues in contemporary world. Organizations should constantly pay attention how to detect personnel drain process effectively for the continuous development of business.</p>\r\n<p>The best way to avoid personnel job leaving is to identify, analyze and eliminate the reasons that may cause it and try to prevent. As time goes by, companies have a shortage of qualified candidate in the long run. At the same time, continuously search for a new employee, on the job orientation and professional growth is associated with new financial expenses.</p>\r\n<p>In article discussed as already known as well as unknown turnover factors.<a name=\"_Toc6657747\"></a><a name=\"_Toc534043739\"></a><a name=\"_Toc534043633\"></a><a name=\"_Toc534043155\"></a> It is noteworthy that, in modern digital era it’s easier to access global and local information to find a new career way out and constantly search for a new job. That’s why organizations need constantly care for maintenance of talents.&nbsp; Even though, that leaving job is caused by various types of reasons high percentage of employee turnover rate still speaks about employee dissatisfaction. As well as, in the company where staff drain indicator is very low, it is clear that organization cares for the employees and staff is satisfied more or less with labor relationship. To avoid expenses caused by voluntary turnover, organizations need to determine problems, diagnose turnover drivers and formulate retention strategies.</p>'),
(6,'en_US','cleanTitle','Tendencies and Challenges of Employee Voluntary Turnover'),
(6,'en_US','copyrightHolder',''),
(6,'en_US','prefix',''),
(6,'en_US','subtitle',''),
(6,'en_US','title','Tendencies and Challenges of Employee Voluntary Turnover'),
(7,'','copyrightYear',''),
(7,'','hide_author','0'),
(7,'','issueId','1'),
(7,'','licenseURL',''),
(7,'','pages','45-53'),
(7,'en_US','abstract','<p>Corporate social responsibility in the banking business spans several decades, although its relevance dates back to the twentieth century, and today it is one of the most important components, as the global crisis has necessitated the integration of moral principles into banking. Many banks have realized the need to create a management system that not only maintains the efficiency of the banking system in the short term, but also ensures the efficiency of its long-term development.</p>\r\n<p>The global financial and economic crisis, which began in 2007 and ended in 2010, has forced companies around the world to reconsider how they do business. Particular attention should be paid to financial institutions and their political will, so as to regulate their actions in order to protect those who easily entrust their finances to them. Emerging areas of social banking and social finance are recent efforts to incorporate broad aspects of capital, social value, and capital into our models of economic well-being. These are approaches to the financial industry that have emerged and attracted public attention mainly during the recent economic crisis. After this crisis, they can use useful lessons on how to improve local and global financial systems, using “best practical” examples.</p>\r\n<p>Social banks were one of the most successful economic start-ups during the global economic crisis of 2007-2010, which increased annual capital by 30%, while most banks were hit by the economic crisis. Social banking is not a radical change of the capitalist system, but an improvement of its basic functions, using the practice of the triple profit principle, which defines three areas of focus: profit, people and the planet.</p>\r\n<p>Thus, our goal is to briefly and simply explain the history, philosophy, current status, perspective of the social bank and what place they have in the global economy, as social banks are based all over the world and their interactions around the world create social finance development.</p>'),
(7,'en_US','cleanTitle','Social Responsibility of Banking Business'),
(7,'en_US','copyrightHolder',''),
(7,'en_US','prefix',''),
(7,'en_US','subtitle',''),
(7,'en_US','title','Social Responsibility of Banking Business'),
(8,'','copyrightYear',''),
(8,'','hide_author','0'),
(8,'','issueId','1'),
(8,'','licenseURL',''),
(8,'','pages','54-62'),
(8,'en_US','abstract','<p>This paper considers the effect that knowledge has on Georgians’ attitudes about foreign policy alliances.&nbsp;Georgia’s current political course is directed towards the West and NATO membership. However, due to the difficult historical past, the&nbsp;Georgian population may have different wishes and expectations,&nbsp;and many&nbsp;might want to get closer to Russia. This article shows exactly whether the Georgian political course and the expectations of the population coincide with each other, and to what degree the most knowledgeable citizens of Georgia agree with the view of elites.</p>'),
(8,'en_US','cleanTitle','Georgians’ Political Knowledge and Attitudes towards the West and Russia'),
(8,'en_US','copyrightHolder',''),
(8,'en_US','prefix',''),
(8,'en_US','subtitle',''),
(8,'en_US','title','Georgians’ Political Knowledge and Attitudes towards the West and Russia'),
(9,'','copyrightYear',''),
(9,'','hide_author','0'),
(9,'','issueId','1'),
(9,'','licenseURL',''),
(9,'','pages','63-79'),
(9,'en_US','abstract','<p>A person’s sensitivity to pain is less when he/she is expecting a painful irritation, or has an experience of a similar feeling, otherwise the feeling of pain intensifies. Present paper examines whether the time duration of pain expectation affects pain assessment, whether pain assessment depends on the level of situational anxiety, and which brain structures are involved in the formulation of pain sensation. Questionnaires were used to assess the level of situational anxiety as well as the level of pain after the delivery of painful stimulus, EEG was recorded in three conditions: 1. When participant was forewarned about the pain expected in 10 min. 2. Delivery of pain immediately after warning, and 3. When painful stimulus was delivered without warning.&nbsp;&nbsp; Quantitative data from the study were processed by the program SPSS, and the qualitative side through brain mapping method. The data obtained suggest warning in advance to minimize the sensitivity to pain as compared to the delivery of pain immediately after warning or without warning. Presumably, activation of the hypothalamic-pituitary-adrenal axis in coordination with prefrontal cortex exerts an analgesic effect during pain expectation. The level of situational anxiety was found having no effect on pain assessment.</p>'),
(9,'en_US','cleanTitle','Pain expectation and situational anxiety impact on assessment of pain in Humans'),
(9,'en_US','copyrightHolder',''),
(9,'en_US','prefix',''),
(9,'en_US','subtitle',''),
(9,'en_US','title','Pain expectation and situational anxiety impact on assessment of pain in Humans'),
(16,'','categoryIds','[]'),
(16,'','copyrightYear','2020'),
(16,'','issueId','2'),
(16,'','pages','1-9'),
(16,'en_US','abstract','<div><span lang=\"GEO/KAT\">The paper provides an analytical review of the foreign and local researchers opinion regarding the relationship between public relations and psychology. The results of the research conducted by the PR Association on the public relations challenges in Georgia and the competencies inherent in the profession in this field are discussed. As a result of obtained data it’s revealed that PR practice </span></div>\r\n<div><span lang=\"EN-US\">is closely interacted with the&nbsp;</span><span lang=\"GEO/KAT\">psychological &nbsp;</span><span lang=\"EN-US\">aspects</span><span lang=\"GEO/KAT\">.</span></div>'),
(16,'en_US','copyrightHolder',''),
(16,'en_US','prefix',''),
(16,'en_US','subtitle',''),
(16,'en_US','title','Future trend - The Bridge between Theory of Psychology and the Practice of Public Relations'),
(17,'','categoryIds','[]'),
(17,'','copyrightYear','2020'),
(17,'','issueId','2'),
(17,'','pages','10-14'),
(17,'en_US','abstract','<div><span lang=\"EN-US\">The field of organizational communication is highly diverse and fragmented. Organizational communication covers a variety of approaches, theories and methodologies, developed within organizational settings or applied from other areas. As a new academic discipline, organizational communication is significant across many areas. Besides, 21<sup>st</sup>-century challenges make substantial impact and push those employed in organizations adapt and develop a strong and winning approach to managing organizational communication. Therefore, the article will explore how present-day challenges impact the way organizations manage their communication and provide some recommendations.</span></div>'),
(17,'en_US','copyrightHolder',''),
(17,'en_US','prefix',''),
(17,'en_US','subtitle',''),
(17,'en_US','title','The Impact of 21st Century Challenges on Organizational Communication'),
(18,'','categoryIds','[]'),
(18,'','copyrightYear','2020'),
(18,'','issueId','2'),
(18,'','pages','15-25'),
(18,'en_US','abstract','<p>The aim of the research is to study the development trends of <strong>investigative journalism in Georgia</strong>. During the research, six experts related to investigative journalism were interviewed using the semi-structured interview method. The data were analyzed using the quantitative method of content analysis.&nbsp; Accoridng to the results of the Research journalistic investigations are no longer produced&nbsp; and published in online Media in Georgia.&nbsp; Investigative journalists teams on so-called opposition TV channels often produce revealing stories, although their credibility and quality are in doubt. Nevertheless, the existence of opposition television stations is crucial for maintaining a <strong>pluralistic media environment</strong> and monitoring&nbsp; the Governemnt. There are only few Media organizations in Georgia that are free from the influence of political and financial groups and prepare journalistic investigations. Most of these small organizations are concentrated in the capital, while the regions suffer from a shortage of investigative journalistic materials. The main reasons for the weakening of investigative journalism are the lack of financial and human resources, the recruitment and outflow of already scarce journalistic personnel in government agencies and commercial institutions, the change of media landscape - due to the <strong>development of digital technologies </strong>newsrooms prefer&nbsp; short, descriptive and fast coverage of shalow facts. Maintaining the status quo in the long run can undermine the impartial and influential journalistic investigation in Georgia, which will be detrimental to the media environment and the <strong>democratic process</strong> as a whole.</p>'),
(18,'en_US','copyrightHolder',''),
(18,'en_US','prefix',''),
(18,'en_US','subtitle',''),
(18,'en_US','title','The Development Tendencies of Investigative Journalism in Georgia'),
(19,'','categoryIds','[]'),
(19,'','copyrightYear','2020'),
(19,'','issueId','2'),
(19,'','pages','26-37'),
(19,'en_US','abstract','<div><span lang=\"GEO/KAT\">Control over the implementation of defined obligations regarding the use of hate speech is now within the framework of the self-regulatory mechanism. The current regulation does not contradict the European directive and it is fully possible to protect the interests of individuals so as not to restrict freedom of expression. However, it is necessary to increase the efficiency of the existing mechanism.</span></div>'),
(19,'en_US','copyrightHolder',''),
(19,'en_US','prefix',''),
(19,'en_US','subtitle',''),
(19,'en_US','title','Hate speech in Broadcasters - Regulation or Self-regulation (under the Association Agreement)'),
(20,'','categoryIds','[]'),
(20,'','copyrightYear','2020'),
(20,'','issueId','2'),
(20,'','pages','38-43'),
(20,'en_US','abstract','<p>The best illustration of “reading” in a novel way and the principle of processing is the lexical platform of the Georgian Dialectal Corpus.</p>\r\n<p>In the process of working on the dictionary, lexicographic data undergo a number of systematic changes. This is a sort of postmodern, rereading rule where the author is not changed but, at the same time, presented information is filled and, by combining several sources, a new lexicographic text, actually, a lexical hypertext is created.</p>\r\n<p>In the paper, we discuss the lexicographic sources of the dictionaries of the GDC and demonstrate an interesting process through the visual material where several lexicographic sources create a single lexical hypertext, and the Georgian lexicographic heritage turns into a new, perfect scientific platform.</p>'),
(20,'en_US','copyrightHolder',''),
(20,'en_US','prefix',''),
(20,'en_US','subtitle',''),
(20,'en_US','title','Lexicographic Sources for the Lexical Platform of the GDC'),
(21,'','categoryIds','[]'),
(21,'','copyrightYear','2020'),
(21,'','issueId','2'),
(21,'','pages','44-50'),
(21,'en_US','abstract','<div><span lang=\"EN-US\">We have studied the dialect texts published in the Georgian Dialect Corpus that were recorded at different times in different regions of Kakheti. Kakhetian vocabulary is currently being clarified and the dictionary is being compiled. This is especially important because there is no Kakhetian vocabulary presented as a separate dictionary. We have compared some of the materials of Kakhetian vocabulary with the existing dialect dictionaries, as well as with the Georgian Explanatory Dictionary. A number of the Kakhetian lexical units have been attested in the vocabularies of other dialects as well but with different meanings. We present the results of the research.</span></div>'),
(21,'en_US','copyrightHolder',''),
(21,'en_US','prefix',''),
(21,'en_US','subtitle',''),
(21,'en_US','title','On Kakhetian Dialect Vocabulary (Based on the Texts of GDC)'),
(22,'','categoryIds','[]'),
(22,'','copyrightYear','2020'),
(22,'','issueId','2'),
(22,'','pages','51-57'),
(22,'en_US','abstract','<div><span lang=\"GEO/KAT\">The aim of the research is to observe the meta language of the language web of the science language of Georgian, to investigate its explicit and non explicit meanings and its cognitive or expressive functions. Observing the different types of referents is extremely crucial alongside with the rapid development of contemporary technologies, artificial languages, machine translation and digital corpora opportunities. The article will also discuss the verb metaphors of the science language and how the verbs itself form the science metaphors while also becoming the objects of metaphoric expression.</span></div>'),
(22,'en_US','copyrightHolder',''),
(22,'en_US','prefix',''),
(22,'en_US','subtitle','Based on the Data from the Corpus of the Georgian Scientific Metalanguage'),
(22,'en_US','title','Metaphors of the Georgian Scientific Metalanguage: Zmna ‘Verb’'),
(23,'','categoryIds','[]'),
(23,'','copyrightYear','2020'),
(23,'','issueId','2'),
(23,'','pages','58-64'),
(23,'en_US','abstract','<div><span lang=\"GEO/KAT\">“</span><span lang=\"EN-US\">The Lodger’’&nbsp;</span><span lang=\"EN-US\">is a modernist text.&nbsp;</span>We will use every tool and means, for example, verbal thinking, symbols, author’s comments and viewpoints in relation to the text, creative language, aesthetic-ideological and ontological structure, in order to determine the primary essence of the text, to define “the whole” and in addition the constant interrelation of the whole and the part. Its primary mission is to represent the human existential search, hopelessness, doubtfulness in the modernism epoch. The destruction of the worldview landmarks existing in the parable language, permanent estrangement with oneself by irrational and anthropological essence and at the same time the realization of own absolute will, certain personal disorientation and spiritual catharsis.</div>'),
(23,'en_US','copyrightHolder',''),
(23,'en_US','prefix',''),
(23,'en_US','subtitle',''),
(23,'en_US','title','Jemal Karchkhadze\'s novel “The Lodger’’ and Markers of Modernism'),
(24,'','categoryIds','[]'),
(24,'','copyrightYear','2020'),
(24,'','issueId','2'),
(24,'','pages','65-72'),
(24,'en_US','abstract','<div><span lang=\"GEO/KAT\">Although&nbsp; the English, German and French sources&nbsp;</span>give us information about the political and ethnic units of the medieval Normans, they are still flawed and one-sided, so it would be impossible to discuss their historical past without identifying and studying the archeological sites.</div>'),
(24,'en_US','copyrightHolder',''),
(24,'en_US','prefix',''),
(24,'en_US','subtitle','VIII-XI centuries'),
(24,'en_US','title','Analysis of Christian and Pagan Graves of the Viking Era'),
(27,'','categoryIds','[]'),
(27,'','copyrightYear','2020'),
(27,'','issueId','2'),
(27,'','pages','73-78'),
(27,'en_US','abstract','<div><span lang=\"EN-US\">Belief about agrarian culture have existed all over the word since ancient times. People pray to deity for abundant crops. They asked god or goddesses for suitable weather for good harvest and welfare. Agricultural deities existed in Georgia as well. In a Christian era Georgian people prayed to the Christian Saints instead of the deity. One of the historical-ethnographic region named Samegrelo people performed rituals around the earthenware vessel named Kvevri, in cellar or open air as well. The topic is about agrarian culture and worship in Samegrelo. The rituals in which agrarian cult had mane place is discussed.</span></div>'),
(27,'en_US','copyrightHolder',''),
(27,'en_US','prefix',''),
(27,'en_US','subtitle',''),
(27,'en_US','title','Beliefs Connected to the Agrarian Culture'),
(28,'','categoryIds','[]'),
(28,'en_US','abstract','<p><em>The main idea of this paper is to check the level of disclosure in the annual statements of Georgian companies and to assess the speculated effect of various company peculiarities on the amount of either voluntary or mandatory disclosure. A disclosure list containing 35 items were established to check the amount of disclosure in the 2018 annual statements of 50 firms. The relationship between the amount of disclosure and various firm peculiarities was analyzed by the means of Ordinary Least Square regression. </em></p>'),
(28,'en_US','prefix',''),
(28,'en_US','subtitle',''),
(28,'en_US','title','Corporate Voluntary and Mandatory Disclosure: Evidence from Georgian Companies'),
(29,'','categoryIds','[]'),
(33,'','categoryIds','[]'),
(33,'','copyrightYear','2021'),
(33,'','issueId','3'),
(33,'','pages','01-10'),
(33,'en_US','abstract','<p>real english</p>'),
(33,'en_US','copyrightHolder',''),
(33,'en_US','prefix',''),
(33,'en_US','subtitle',''),
(33,'en_US','title','real English'),
(33,'ka_GE','abstract','<p>vitom georgian</p>'),
(33,'ka_GE','copyrightHolder',''),
(33,'ka_GE','prefix',''),
(33,'ka_GE','subtitle',''),
(33,'ka_GE','title','vitom qartuli'),
(35,'','categoryIds','[]'),
(35,'','copyrightYear','2021'),
(35,'','issueId','3'),
(35,'','pages','1-10'),
(35,'en_US','abstract','<p>abstract</p>'),
(35,'en_US','copyrightHolder',''),
(35,'en_US','prefix',''),
(35,'en_US','subtitle','sub title'),
(35,'en_US','title','inglisuri'),
(35,'ka_GE','abstract','<p>ქართული აბსტრაქტი</p>'),
(35,'ka_GE','copyrightHolder',''),
(35,'ka_GE','prefix',''),
(35,'ka_GE','subtitle','ქვე სატაური'),
(35,'ka_GE','title','ქართული'),
(39,'','categoryIds','[]'),
(39,'','copyrightYear','2021'),
(39,'','issueId','3'),
(39,'','pages','1-10'),
(39,'en_US','abstract','<div class=\"page\" title=\"Page 1\">\r\n<div class=\"layoutArea\">\r\n<div class=\"column\">\r\n<p>Professional development of public servant is dynamic, systematic, organized and individually- creative process, which aims to improve qualification of employees working in public sector and is oriented to increase effectiveness of public work. In Georgia, this process is regulated with law „About public work“ with by Law-resolution N242 of the government of Georgia. The article discusses the legal framework, opportunities and perspectives for professional development of public servant.</p>\r\n</div>\r\n</div>\r\n</div>'),
(39,'en_US','copyrightHolder',''),
(39,'en_US','title','Legislative Framework for Public Servant Professional Development, Public Service Opportunities and Perspectives in Georgia'),
(39,'ka_GE','abstract','<div class=\"page\" title=\"Page 1\">\r\n<div class=\"section\">\r\n<div class=\"layoutArea\">\r\n<div class=\"column\">\r\n<p>საჯარო მოხელის პროფესიული განვითარება არის დინამიური, სისტემური, ორგანიზებული და ინდივიდუალურ-შემოქმედებითი პროცესი, რომელიც მიზნად ისახავს საჯარო უწყებებში დასაქმებულთა კვალიფიკაციის ამაღლებას და მიმართულია მთლიანად საჯარო სამსახურის საქმიანობის ეფექტიანობის გაზრდაზე.</p>\r\n</div>\r\n</div>\r\n<div class=\"layoutArea\">\r\n<div class=\"column\">\r\n<p>საქართველოში ეს პროცესი რეგულირდება საქართველოს კანონის ,,საჯარო სამსახურის შესახებ“, კანონქვემდებარე აქტით - საქართველოს მთავრობის No242 დადგენილებით.</p>\r\n</div>\r\n</div>\r\n<div class=\"layoutArea\">\r\n<div class=\"column\">\r\n<p>წინამდებარე სტატიაში განხილულია საქართველოს საჯარო სამსახურში პროფესიული საჯარო მოხელის პროფესიული განვითარების საკანონმდებლო ჩარჩო, შესაძლებლობები და პერსპექტივები.</p>\r\n</div>\r\n</div>\r\n</div>\r\n</div>'),
(39,'ka_GE','copyrightHolder',''),
(39,'ka_GE','title',' საჯარო მოხელის პროფესიული განვითარების საკანონმდებლო ჩარჩო, შესაძლებლობები და პერსპექტივები საქართველოს სახელმწიფო სამსახურში'),
(40,'','categoryIds','[]'),
(40,'','copyrightYear','2021'),
(40,'','issueId','3'),
(40,'','pages','11-19'),
(40,'en_US','abstract','<div class=\"page\" title=\"Page 1\">\r\n<div class=\"layoutArea\">\r\n<div class=\"column\">\r\n<p>Democracy, by its direct meaning, is the active participation of society in the running of the state. To create a powerful democratic state, Georgia needs to have a well-organized, strong civil society. If we look at the current events since the independence of our country, unfortunately, we are in a vicious circle: the bridge between the government and the population is broken, that caused the absolute distrust and nihilism towards elections. The article deals with the issues to detect the readiness of our population, especially the youth, to get involved in public-political life.</p>\r\n</div>\r\n</div>\r\n</div>'),
(40,'en_US','copyrightHolder',''),
(40,'en_US','title','The Influence of Civil Activism on Improvement of Social-Political Life'),
(40,'ka_GE','abstract','<div class=\"page\" title=\"Page 1\">\r\n<div class=\"layoutArea\">\r\n<div class=\"column\">\r\n<p>დემოკრატია, მისი პირდაპირი მნიშვნელობით, ნიშნავს სახელმწიფოს მართვის პროცესში საზოგადოების აქტიურ მონაწილეობას. იმისათვის, რომ შეიქმნას ძლიერი დემოკრატიული სახელმწიფო, საქართველოს სჭირდება ჰქონდეს კარგად ორგანიზებული, ძლიერი სამოქალაქო საზოგადოება. თუკი, ამჟამად მიმდინარე მოვლენებს დავაკვირდებით, დამოუკიდებლობის მოპოვების შემდეგ, სამწუხაროდ ჩვენ ისევ მოჯადოვებულ წრეში ვართ: ხიდი მთავრობასა და ქვეყნის მოსახლეობას შორის ჩატეხილია, რამაც გამოიწვია აბსოლუტური უნდობლობა და ნიჰილიზმი არჩევნების მიმართ. სტატია ემსახურება მოსახლეობის მზაობის გამოვლენას, განსაკუთრებით ახალგაზრდების, რომ ჩაერთონ საჯარო-პოლიტიკურ ცხოვრებაში.</p>\r\n</div>\r\n</div>\r\n</div>'),
(40,'ka_GE','copyrightHolder',''),
(40,'ka_GE','title','სამოქალაქო აქტივობის გავლენა საზოგადოებრივ-პოლიტიკური ცხოვრების გაუმჯობესებაზე'),
(41,'','categoryIds','[]'),
(41,'','copyrightYear','2021'),
(41,'','issueId','3'),
(41,'','pages','20-32'),
(41,'en_US','abstract','<p>Human resources department is involved in creation and development of a job description, however only human resources department cannot create this document. The actual supervisor, head of the department or a unit should clarify what the expectations from the person holding the vacancy are. Afterwards the key functions of the job are outlined and other additional activities that can also be done by the position holder are added as secondary functions to the position. Human resources department provides detailed instructions of how the job can be done properly as well as analyzes the similar position in the industry and internationally in order to ensure the job description corresponds to the common internationally accepted or industry accepted golden standard. The study compares selected positions in the field of marketing and management and identifies the differences of local job description to the golden standard, outlining the gaps and recommending the areas of improvement for human resources specialists creating and developing job descriptions. Believing that existing job descriptions in the fields studied lead to inefficiency of the working process in the organizations studies, the article proposes recommendations to develop the job descriptions so that the commonly accepted golden standards are adopted in order to help make organizational processes make the functions of each position more efficient.</p>'),
(41,'en_US','copyrightHolder',''),
(41,'en_US','title','Are We There Yet? Comparative Analysis of Local Georgian Job Descriptions to the Golden Standards'),
(41,'ka_GE','abstract','<p>ადამიანური რესურსების დეპარტამენტი აქტიურად არის ჩართული სამუშაო აღწერილობების შექმნასა და განვითარებაში, თუმცა, მხოლოდ ადამიანური რესურსების მართვის სამსახურს</p>\n<p>არ შეუძლია შექმნას ეს დოკუმენტი. მთავარმა სუპერვაიზორმა, დეპარტამენტის ხელმძღვანელმა ცხადად უნდა გამოკვეთოს, თუ რა არის ის სამსახურეობრივი ფუნქციები, რომელიც კონკრეტულ პოზიციაზე დანიშნულ პირს უნდა გააჩნდეს. ამის შემდგომ კი, სამსახურის ძირითადი ფუნქციები უკვე გაწერილია და სხვა დამატებითი ფუნქციები, რომელიც შესაძლებელია შესრულდეს თანამშრომლის მხრიდან, აგრეთვე დამატებულია, როგორც პოზიციის მეორადი ფუნქციები.</p>\n<p>ადამიანური რესურსების დეპარტამენტი უზრუნველყოფს დეტალურ ინსტრუქციას, თუ როგორ უნდა გაკეთდეს კონკრეტული დავალება ადეკვატურად, ასევე, აანალიზებს კონკრეტულ სამუშაოს ინდუსტრიისა და საერთაშორისო ბაზრის დონეზე და ადგენს, თუ რამდენად შეესაბამება ეს საქმიანობა/პოზიცია ოქროს სტანდარტებს. კვლევაში წარმოდგენილია შედარება მარკეტინგის და მენეჯმენტის სფეროების მიმართულებით და ადგენს განსხვავებებს ადგილობრივი სამუშაო აღწერილობის დონეზე ოქროს სტანდარტებთან მიმართებით, ასევე, წარმოაჩენს ნაკლოვანებებს და იმ სფეროებს, რომლებიც საჭიროებენ განვითარებას.</p>\n<p>სტატია გვაწვდის რეკომენდაციებს, რათა განვავითაროთ სამუშაო აღწერილობები იმგვარად, რომ გაზიარებულ იქნას საყოველთაოდ აღიარებული ოქროს სტანდარტები, რათა გაიზარდოს ორგანიზაციული პროცესების ეფექტურობა.</p>'),
(41,'ka_GE','copyrightHolder',''),
(41,'ka_GE','title','ვართ იქ  ჯერ? ადგილობრივი ქართული სამუშაო აღწერილობების შედარებითი ანალიზი ოქროს სტანდარტებთან'),
(42,'','categoryIds','[]'),
(42,'','copyrightYear','2021'),
(42,'','issueId','3'),
(42,'','pages','33-38'),
(42,'en_US','abstract','<div class=\"page\" title=\"Page 1\">\r\n<div class=\"layoutArea\">\r\n<div class=\"column\">\r\n<p>In the rapidly changing world, companies are facing challenges in adapting to the accelerated processes of wanted or unwanted change. Therefore, maintaining stability becomes problematic for companies from any business sector and the absence of know-how makes it more complicated. Representing the area with fundamental importance to the development of a country, higher education institutions must overcome these challenges still staying competitive. For dealing with the above-mentioned problems, it is crucial to have a strategy, how to manage the process of change. Based on the survey conducted in Georgia and the online data research, the paper aims to describe the essence of organizational change, to reveal change management challenges faced by HEIs in Georgia and describe the famous models of change process implementation.</p>\r\n</div>\r\n</div>\r\n</div>'),
(42,'en_US','copyrightHolder',''),
(42,'en_US','title','Change Management Challenges in Georgian Higher Education Institutions and the Necessary Tools for Handling Them'),
(42,'ka_GE','abstract','<p>სწრაფად ცვალებად სამყაროში<span lang=\"GEO/KAT\">, სასურველი თუ არასასურველი ცვლილებებისგან გამოწვეულ დაჩქარებულ პროცესებთან შეგუება კომპანიებისთვის გამოწვევას წარმოადგენს. </span>ამი<span lang=\"GEO/KAT\">ს გამო</span>, სტაბილურობის შენარჩუნება პრობლემური ხდება ბიზნესის ნებისმიერ სექტორში მოღვაწე კომპანიისთვის, ნოუ-ჰაუს არარსებობა კი პროცესს კიდევ უფრო ართულებს. წარმოადგენენ რა ქვეყნის განვითარებისთვის ფუნდამენტური მნიშვნელობის სფეროს, უმაღლესმა საგანმანათლებლო დაწესებულებებმა უნდა გადალახონ ეს გამოწვევები ისე, რომ არ დაკარგონ კონკურენტუნარიანობა საგანმანათლებლო ბაზარზე. ზემოაღნიშნულ პრობლემებთან გამკლავებისთვის, გადამწყვეტი მნიშვნელობა ენიჭება სტრატეგიას, თუ როგორ უნდა მოხდეს ცვლილებების პროცესის მართვა. საქართველოში ჩატარებული გამოკითხვისა და მონაცემთა ანალიზის მეშვეობით, ნაშრომი მიზნად ისახავს ორგანიზაციული ცვლილებების არსის აღწერას, საქართველოში არსებული უმაღლესი საგანმანათლებლო დაწესებულებების წინაშე მდგარი გამოწვევების გამოვლენას ცვლილებების მენეჯმენტის ჭრილში და მსოფლიოში ცნობილი ცვლილებების მართვის მოდელების აღწერას.</p>'),
(42,'ka_GE','copyrightHolder',''),
(42,'ka_GE','title','ცვლილებების მართვის გამოწვევები საქართველოს უმაღლეს საგანმანათლებლო დაწესებულებებში და მათთან გამკლავების საჭირო ინსტრუმენტები'),
(43,'','categoryIds','[]'),
(43,'','copyrightYear','2021'),
(43,'','issueId','3'),
(43,'','pages','39-48'),
(43,'en_US','abstract','<p>Following the transition to a market economy, the banking sector in Georgia has changed radically, becoming virtually state-independent business and one of the most successful economic reforms in the country. Nevertheless, there is still a process of concentration/consolidation of banks, the identity of prices for banking products and services, the difficulty of establishing a place for a new player in the market, etc., which limits the elements of interbank free competition. The above may be caused by the lack of proper regulatory mechanisms by the state. It is a fact that the existing mechanisms and procedures of administration in the relevant direction need to be refined; particular attention should be paid to sharing of foreign experience in interbank competition, analysis of new legal regulations implemented in the banking sector of Georgia, revealing the role of the state in improving the country\'s interbank competition policy in responsible lending to individuals.</p>'),
(43,'en_US','copyrightHolder',''),
(43,'en_US','title','The impact of Responsible Lending Policies for Individuals on Banking Competition'),
(43,'ka_GE','abstract','<p>საქართველოში საბაზრო ეკონომიკაზე გადასვლის<br />კვალობაზე ძირფესვიანად შეიცვალა საბანკო სექტორი,<br />ის პრაქტიკულად გახდა სახელმწიფოსაგან დამოუკიდებელი <br />და ქვეყანაში განხორციელებული ეკონომიკური<br />რეფორმებიდან ერთ-ერთი წარმატებული ბიზნესი.<br />მიუხედავად აღნიშნულისა, დღემდე ადგილი აქვს ბანკების<br />კონცენტრაცია/კონსოლიდაციის პროცესს, საბანკო პროდუქტებსა<br />და მომსახურებაზე ფასების იდენტურობას, ბაზარზე ახალი მოთამაშის მიერ<br />ადგილის დამკვიდრების სირთულეს და ა.შ.<br />რაც ზღუდავს ბანკთაშორისი თავისუფალი კუნკურენციის ელემენტებს.<br />ზემოაღნიშნული შესაძლოა გამოწვეული იყოს სახელმწიფოს<br />მხრიდან რეგულირების სათანადო მექანიზმების არარსებობით.<br />ფაქტია, რომ შესაბამისი მიმართულებით ადმინისტრირების<br />არსებული მექანიზმები და პროცედურები დახვეწას საჭიროებს,<br />განსაკუთრებით საყურადღებოა ბანკთაშორისი კონკურენციის უცხოური<br />გამოცდილების გაზიარება, საქართველოს საბანკო სექტორში<br />განხორციელებული ახალი სამართლებრივი რეგულაციების ანალიზი,<br />სახელმწიფოს როლის გამოვლენა ქვეყნის ბანკთაშორისი კონკურენციის<br />პოლიტიკის გაუმჯობესების მიზნით ფიზიკური</p>\n<p>პირების პასუხისმგებლიან დაკრედიტებაში.</p>'),
(43,'ka_GE','copyrightHolder',''),
(43,'ka_GE','title','ფიზიკური პირების პასუხისმგებლიანი დაკრედიტების პოლიტიკის გავლენა საბანკო კონკურენციაზე'),
(45,'','categoryIds','[]'),
(45,'','copyrightYear','2021'),
(45,'','issueId','3'),
(45,'','pages','59-65'),
(45,'en_US','abstract','<div class=\"page\" title=\"Page 1\">\r\n<div class=\"layoutArea\">\r\n<div class=\"column\">\r\n<p>The paper is an analytical review of the existing literature on crisis management. The purpose of the paper is to discuss the main problems of management in unexpected crisis situations, which can lead not only to material loss, but also to the complete liquidation of the business. Emphasizes the important role of the manager in crisis situations. The results and conclusion-recommendations of the study is about the important and necessary issues that need to be considered in order to manage crises properly and more effectively.</p>\r\n</div>\r\n</div>\r\n</div>'),
(45,'en_US','copyrightHolder',''),
(45,'en_US','title','Management Problems and Dealing them while Critical Situations'),
(45,'ka_GE','abstract','<div class=\"page\" title=\"Page 1\">\r\n<div class=\"layoutArea\">\r\n<div class=\"column\">\r\n<p>სტატია მოიაზრებს კრიზისის მენეჯმენტის შესახებ არსებული ლიტერატურის ანალიტიკურ მიმოხილვას. სტატიის მიზანია იმსჯელოს მენეჯმენტის პროცესში წარმოქმნილ გაუთვალისწინებელ კრიზისულ სიტუაციებზე, რომელსაც მივყავართ არა მხოლოდ მატერიალურ დანაკარგამდე, არამედ ასევე, ბიზნესის სრულ ლიკვიდაციამდე. ხაზს უსვამს მენეჯერის როლის მნიშვნელობას კრიზისულ სიტუაციაში. კვლევის შედეგები და დასკვნა-რეკომენდაციები არის მნიშვნელოვანი და აუცილებელი საკითხი, რომელიც იმსახურებს გაანალიზებას, რათა სწორად და მეტად ეფექტურად მოხდეს კრიზისის მართვა.</p>\r\n</div>\r\n</div>\r\n</div>'),
(45,'ka_GE','copyrightHolder',''),
(45,'ka_GE','title','მენეჯმენტის პრობლემები და მათი გადაჭრის გზები კრიზისული სიტუაციების დროს'),
(46,'','categoryIds','[]'),
(46,'','copyrightYear','2021'),
(46,'','issueId','3'),
(46,'','pages','66-74'),
(46,'en_US','abstract','<div class=\"page\" title=\"Page 1\">\r\n<div class=\"layoutArea\">\r\n<div class=\"column\">\r\n<p>Covid-19 has affected the news, journalism, and the media system, among other domains. Scientists have already discovered a solution against covid-19, which is vaccination. However, a large part of the population does not trust vaccines. The number of people against immunization today is alarming, as well as different interpretations of covid-19 by different TV channels.</p>\r\n<p>The aim of the research in this article is to determine the process related to the immunization process in the society based on the TV coverage of Covid-19.</p>\r\n</div>\r\n</div>\r\n</div>'),
(46,'en_US','copyrightHolder',''),
(46,'en_US','title','Covid-19 in the Media Agenda and Immunization Process'),
(46,'ka_GE','abstract','<div class=\"page\" title=\"Page 1\">\r\n<div class=\"layoutArea\">\r\n<div class=\"column\">\r\n<p>კოვიდ 19-მა გავლენა იქონია ახალ ამბებზე, ჟურნალისტიკაზე, მედია სისტემებზე და ასევე, სხვა სფეროებზე. მეცნიერებმა უკვე შექმნეს კოვიდ-19-ის საწინააღმდეგო ვაქცინა, თუმცა, მოსახლეობის დიდი ნაწილი არ ენდობა ვაქცინას. იმ ადამიანების რაოდენობა, რომელიც არ ენდობა იმუნიზაციის პროცესს საკმაოდ საგანგაშოა, ასევე, კოვიდ-19-ის განსხვავებული ინტერეპრეტაციები სხვადასხვა სატელევიზო არხებზე განსხვავებულია.</p>\r\n<p>კვლევის მიზანია, რომ გამოავლინოს იმუნიზაციასთან დაკავშირებული პროცესის მახასიათებლები, რომელიც კოვიდ-19-ის მედიაში გაშუქებას უკავშირდება.</p>\r\n</div>\r\n</div>\r\n</div>'),
(46,'ka_GE','copyrightHolder',''),
(46,'ka_GE','title','Covid-19 მედიის დღის წესრიგში და იმუნიზაციის პროცესი'),
(47,'','categoryIds','[]'),
(47,'','copyrightYear','2021'),
(47,'','issueId','3'),
(47,'','pages','75-84'),
(47,'en_US','abstract','<p class=\"docData;DOCY;v5;2492;BQiAAgAAEYQCAAAGiAIAAAN+BwAABYwHAAAAAAAAAAAAAAAAAAAAAAAAAAAAAAAAAAAAAAAAAAAAAAAAAAAAAAAAAAAAAAAAAAAAAAAAAAAAAAAAAAAAAAAAAAAAAAAAAAAAAAAAAAAAAAAAAAAAAAAAAAAAAAAAAAAAAAAAAAAAAAAAAAAAAAAAAAAAAAAAAAAAAAAAAAAAAAAAAAAAAAAAAAAAAAAAAAAAAAAAAAAAAAAAAAAAAAAAAAAAAAAAAAAAAAAAAAAAAAAAAAAAAAAAAAAAAAAAAAAAAAAAAAAAAAAAAAAAAAAAAAAAAAAAAAAAAAAAAAAAAAAAAAAAAAAAAAAAAAAAAAAAAAAAAAAAAAAAAAAAAAAAAAAAAAAAAAAAAAAAAAAAAAAAAAAAAAAAAAAAAAAAAAAAAAAAAAAAAAAAAAAAAAAAAAAAAAAAAAAAAAAAAAAAAAAAAAAAAAAAAAAAAAAAAAAAAAAAAAAAAAAAAAAAAAAAAAAAAAAAAAAAAAAAAAAAAAAAAAAAAAAAAAAAAAAAAAAAAAAAAAAAAAAAAAAAAAAAAAAAAAAAAAAAAAAAAAAAAAAAAAAAAAAAAAAAAAAAAAAAAAAAAAAAAAAAAAAAAAAAAAAAAAAAAAAAAAAAAAAAAAAAAAAAAAAAAAAAAAAAAAAAAAAAAAAAAAAAAAAAAAAAAAAAAAAAAAAAAAAAAAAAAAAAAAAAAAAAAAAAAAAAAAAAAAAAAAAAAAAAAAAAAAAAAAAAAAAAAAAAAAAAAAAAAAAAAAAAAAAAAAAAAAAAAAAAAAAAAAAAAAAAAAAAAAAAAAAAAAAAAAAAAAAAAAAAAAAAAAAAAAAAAAAAAAAA8gQAAADtBAAAAZcAAAAVBgYAAAA2ADEAMgABBgYAAAAkBAAAAAAFAQMJBhIAAAAcAQEoBGQAAAAdAQEpBGQAAAAaBlgAAAAHBh4AAABUAGkAbQBlAHMAIABOAGUAdwAgAFIAbwBtAGEAbgAGBh4AAABUAGkAbQBlAHMAIABOAGUAdwAgAFIAbwBtAGEAbgAbBgoAAABlAG4ALQBHAEIAGwYAAAAAAkwEAAAFZQEAAAFYAAAABwYeAAAAVABpAG0AZQBzACAATgBlAHcAIABSAG8AbQBhAG4ABgYeAAAAVABpAG0AZQBzACAATgBlAHcAIABSAG8AbQBhAG4AGwYKAAAAZQBuAC0ARwBCAAgDAQAAAP4AAABEAGkAcwBpAG4AZgBvAHIAbQBhAHQAaQBvAG4ALAAgAGEAcwAgAG8AbgBlACAAbwBmACAAdABoAGUAIABtAG8AcwB0ACAAYwByAHUAYwBpAGEAbAAgAGMAaABhAGwAbABlAG4AZwBlAHMAIABvAGYAIABtAG8AZABlAHIAbgAgAHMAbwBjAGkAZQB0AHkALAAgAGkAcwAgAGEAbgAgAGkAcwBzAHUAZQAgAGYAbwByACAARwBlAG8AcgBnAGkAYQAgAGEAbgBkACAARQBzAHQAbwBuAGkAYQAuACAAQwBvAHUAbgB0AHIAaQBlAHMAIABhAHQAIAB0AGgAZQBpAAVnAgAAAVgAAAAHBh4AAABUAGkAbQBlAHMAIABOAGUAdwAgAFIAbwBtAGEAbgAGBh4AAABUAGkAbQBlAHMAIABOAGUAdwAgAFIAbwBtAGEAbgAbBgoAAABlAG4ALQBHAEIACAUCAAAAAAIAAHIAIABkAGkAZgBmAGUAcgBlAG4AdAAgAHMAdABhAGcAZQBzACAAbwBmACAAZABlAHYAZQBsAG8AcABtAGUAbgB0ACwAIAB3AGkAdABoACAAZABpAGYAZgBlAHIAZQBuAHQAIABwAG8AbABpAHQAaQBjAGEAbAAgAGIAYQBjAGsAZwByAG8AdQBuAGQAcwAgAGEAbgBkACAAdABlAGMAaABuAG8AbABvAGcAaQBjAGEAbAAgAGQAZQB2AGUAbABvAHAAbQBlAG4AdABzACwAIABoAGEAdgBlACAAYgBlAGUAbgAgAGIAYQB0AHQAbABpAG4AZwAgAGEAIABkAGkAcwBpAG4AZgBvAHIAbQBhAHQAaQBvAG4AIABjAGEAbQBwAGEAaQBnAG4AIABmAG8AcgAgAHkAZQBhAHIAcwAuACAAVABoAGUAIABwAGEAcABlAHIAIABlAHgAYQBtAGkAbgBlAHMAIAB0AGgAZQAgAGkAbQBwAGEAYwB0ACAAbwBmACAAbQBpAHMAaQBuAGYAbwByAG0AYQB0AGkAbwBuACAAbwBuACAAZQB0AGgAbgBpAGMAIABtAGkAbgBvAHIAaQB0AGkAZQBzACAAbABpAHYAaQBuAGcAIABpAG4AIAB0AGgAZQBzAGUAIABjAG8AdQBuAHQAcgBpAGUAcwAuACAABQoAAAABAAAAAAgAAAAABWIAAAABWAAAAAcGHgAAAFQAaQBtAGUAcwAgAE4AZQB3ACAAUgBvAG0AYQBuAAYGHgAAAFQAaQBtAGUAcwAgAE4AZQB3ACAAUgBvAG0AYQBuABsGCgAAAGUAbgAtAEcAQgAIAAAAAAoAAAAAAAAAABEAAAAALAIAAAASAAAAAQYAAAAACQYAAAAAGwYAAAAAAUsAAAAoAQcpAQcqAQcrAQUTAQEIBBgAAAAWBBgAAAAZBgoAAABlAG4ALQBVAFMAGgYKAAAAYQByAC0AUwBBABsGCgAAAGUAbgAtAFUAUwACwAEAAAC7AQAAAQYAAAA2ADEAMgACHAAAAEwAaQBzAHQAIABQAGEAcgBhAGcAcgBhAHAAaAAJAQAAAAMDBgAAADYAMAA0AAoBAAAAAQsEAAAAIgAAAAWGAAAAAAEAAQEAAgEAAwEAKAEHKQEHKgEHKwEFCAQYAAAACgEADAEAJgQAAAAADwEAEAEAEQEAJwQAAAAAFAEAFQEAFgQYAAAAFwEAGAEAGQYKAAAAZQBuAC0AVQBTABoGCgAAAGEAcgAtAFMAQQAbBgoAAABlAG4ALQBVAFMAHAYCAAAAAAAeAQAG3wAAAAABAQEGEgAAACQE0AIAACUEAAAAACYEAAAAAAUBAQYBAAcBAAgBAAkGGwAAACcE8AAAAAsBARwBACgEAAAAAB0BACkEAAAAAA4GCAAAAAABAQED////GQEBGwZ9AAAAABQAAAAAAwAAAAUEAAAAAAYEBAAAAAMBAAEUAAAAAAMAAAAFBAAAAAAGBAQAAAADAQACFAAAAAADAAAABQQAAAAABgQEAAAAAwEAAxQAAAAAAwAAAAUEAAAAAAYEBAAAAAMBAAsUAAAAAAMAAAAFBAAAAAAGBAQAAAADAQAsAQA=\">Disinformation, as one of the most crucial challenges of modern society, is an issue for Georgia and Estonia. Countries at their different stages of development, with different political backgrounds and technological developments, have been battling a disinformation campaign for years. The paper examines the impact of misinformation on ethnic minorities living in these countries.</p>'),
(47,'en_US','copyrightHolder',''),
(47,'en_US','prefix','The'),
(47,'en_US','title','Impact of Disinformation on National Minorities: On Examples of Georgia and Estonia'),
(47,'ka_GE','abstract','<p><span class=\"docData;DOCY;v5;13946;[encoded data, 18596 characters]\">დეზინფორმაცია</span>, თანამედროვე სამყაროს ერთ-ერთ უმნიშვნელოვანეს გამოწვევას წარმოადგენს და ის აქტუალურია, როგორც  საქართველოში, ასევე, ესტონეთშიც. განვითარების სხვადასხვა ეტაპზე მყოფი ეს ორი ქვეყანა, განსხვავებული პოლიტიკური წარსულითა და ტექნოლოგიების განვითარებით, წლების განმავლობაში ებრძვის დეზინფორმაციის კამპანიას. ნაშრომი იკვლევს, თუ რა გავლენას ახდენს დეზინფორმაცია</p>\n<p>ამ ქვეყნებში მცხოვრებ ეთნიკურ უმცირესობებზე.</p>'),
(47,'ka_GE','copyrightHolder',''),
(47,'ka_GE','title','დეზინფორმაციის გავლენა ეროვნულ უმცირესობებზე: საქართველოსა და ესტონეთის მაგალითზე'),
(48,'','categoryIds','[]'),
(48,'','copyrightYear','2021'),
(48,'','issueId','3'),
(48,'','pages','85-90'),
(48,'en_US','abstract','<div class=\"page\" title=\"Page 1\">\n<div class=\"layoutArea\">\n<div class=\"column\">\n<p>Power is a complex and ever-changing phenomenon. People strive to achieve, strengthen, and maintain power for a variety of reasons, which can be seen in both everyday life and political arena. Essentially, all of this stems from a need for recognition and power over others. When authority becomes totalitarian, it becomes unpredictable and dangerous, making it simple to manipulate people. The system aims to suppress human thought, destroy individualism, and eliminate existence as a whole.</p>\n<p>The modern world is full of control mechanisms. Power is manifested through public relations; without communication, power loses its role and significance. A critical, free-spirited person must accurately evaluate the current reality in order to avoid conformism and direct power toward positive change.</p>\n</div>\n</div>\n</div>'),
(48,'en_US','copyrightHolder',''),
(48,'en_US','title','Paradigms of Power'),
(48,'ka_GE','abstract','<div class=\"page\" title=\"Page 1\">\n<div class=\"layoutArea\">\n<div class=\"column\">\n<p>ძალაუფლება კომპლექსური და ცვალებადი ფენომენია. ის, თუ რატომ სურთ ადამიანებს ძალაუფლების მოპოვება, განმტკიცება და შენარჩუნება, კარგად წამოჩინდება, როგორც ყოველდღიურ ცხოვრებაში, ასევე, პოლიტიკურ ასპარეზზეც. ძირითადად, ამ ყველაფრის უკან, აღიარებისა და სხვებზე გავლენის მოხდენის სურვილი იმალება. როდესაც ძალაუფლება ტოტალურ ხასიათს იძენს, იგი არაპროგნოზირებადი და საშიში ხდება და სხვების მართვაც მარტივი ხდება. სისტემა ცდილობს ადამიანის აზროვნება ჩაახშოს, დააკარგვინოს ინდივიდუალიზმი და გამოაცალოს არსებობის მთავარი საყრდენი.</p>\n<p>თანამედროვე სამყარო სავსეა კონტროლის მექანიზმებით. ძალაუფლება საზოგადოებრივ ურთიერთობებში ვლინდება, იქ სადაც არ არსებობს კომუნიკაცია,</p>\n</div>\n</div>\n</div>\n<div class=\"page\" title=\"Page 2\">\n<div class=\"layoutArea\">\n<div class=\"column\">\n<p>ძალაუფლება კარგავს თავის როლსა და მნიშვნელობას. კრიტიკულად მოაზროვნე, თავისუფალმა ადამიანმა სწორად უნდა შეაფასოს არსებული რეალობა, რათა კონფორმიზმის მსხვერპლად არ იქცეს და ძალაუფლება სასიკეთო ცვლილებებისკენ მომართოს.</p>\n</div>\n</div>\n</div>'),
(48,'ka_GE','copyrightHolder',''),
(48,'ka_GE','title','ძალაუფლების პარადიგმები'),
(49,'','categoryIds','[]'),
(49,'','copyrightYear','2021'),
(49,'','issueId','3'),
(49,'','pages','91-99'),
(49,'en_US','abstract','<div class=\"page\" title=\"Page 1\">\r\n<div class=\"layoutArea\">\r\n<div class=\"column\">\r\n<p>The financial condition of enterprises is characterized by rather high risk and variability in present day turbulent economic environment, which in many cases endangers it and leads to the bankruptcy of the enterprise. Operation and financial success of a company greatly depend on its financial condition. That is why important attention is paid to financial analysis of the company.</p>\r\n</div>\r\n</div>\r\n</div>'),
(49,'en_US','copyrightHolder',''),
(49,'en_US','title','Basic Methods for Enterprise Financial Condition Analysis'),
(49,'ka_GE','abstract','<p>დღევანდელ ტურბულენტურ გარემოში, საწარმოთა ფინანსური მდგომარეობა<br />ხასიათდება მაღალი რისკით და ცვალებადობით, რაც ხშირ შემთხვევაში<br />საფრთხეს უქმნის კომპანიას და მიჰყავს ის ბანკროტამდე.<br />კომპანიის ფინანსური წარმატება დიდწილად დამოკიდებულია მის<br />ფინანსურ მდგომარეობაზე, შესაბამისად, მნიშვნელოვანია,<br />რომ ყურადღება მიექცეს კომპანიის ფინანსურ ანალიზს.</p>'),
(49,'ka_GE','copyrightHolder',''),
(49,'ka_GE','title','საწარმოთა ფინანსური მდგომარეობის ანალიზის ძირითადი მეთოდები'),
(50,'','categoryIds','[]'),
(50,'','copyrightYear','2021'),
(50,'','issueId','3'),
(50,'','pages','100-107'),
(50,'en_US','abstract','<div class=\"page\" title=\"Page 1\">\n<div class=\"layoutArea\">\n<div class=\"column\">\n<p>The purpose of the discussion in the paper is to present in the process of imposing administrative sanctions by law against perpetrators to misconduct existence of a high standard of secured rights protection and at the same time show in the modern challenge covid-19 conditions human rights guaranteed by the Constitution Feasibility of limiting admissibility.</p>\n</div>\n</div>\n</div>'),
(50,'en_US','copyrightHolder',''),
(50,'en_US','title','The Legal Nature of Administrative Sanctions and the Problem of Enforcement Under Covid-19 Conditions'),
(50,'ka_GE','abstract','<div class=\"page\" title=\"Page 1\">\n<div class=\"layoutArea\">\n<div class=\"column\">\n<p>ნაშრომში დისკუსიის მიზანია წარმოაჩინოს ადმინისტრაციული სანქციების შეფარდების პროცესში გადაცდომის ჩამდენ პირებთა მიმართ კანონმდებლობით უზრუნველყოფილი უფლების დაცვის მაღალი სტანდარტის არსებობა და ამავე დროს თანამედროვე გამოწვევის covid-19 პირობებში ადამიანის კონსტიტუციით გარანტირებული უფლებების შეზღუდვის დასაშვებობის მიზანშეწონილობა.</p>\n</div>\n</div>\n</div>'),
(50,'ka_GE','copyrightHolder',''),
(50,'ka_GE','title','ადმინისტრაციული სანქციების სამართლებრივი ბუნება და შეფარდების პრობლემა covid -19 პირობებში'),
(51,'','categoryIds','[]'),
(51,'','copyrightYear','2021'),
(51,'','issueId','3'),
(51,'','pages','108-131'),
(51,'en_US','abstract','<div class=\"page\" title=\"Page 1\">\r\n<div class=\"layoutArea\">\r\n<div class=\"column\">\r\n<p>The Article discusses certain aspects of the status and other professional activities of a notary mediator as a possibilities of being considered a public service servant and than the improvement the status of a notary mediator. The research issues are focused on the study and examination of the results of the process expressed during the development of a certain legal institution and legal systems.</p>\r\n</div>\r\n</div>\r\n</div>'),
(51,'en_US','copyrightHolder',''),
(51,'en_US','title','Notary Mediator at the Cross-Junction of Public and Private Law Systems'),
(51,'ka_GE','abstract','<div class=\"page\" title=\"Page 1\">\r\n<div class=\"layoutArea\">\r\n<div class=\"column\">\r\n<p>სტატია მიმოიხილავს მედიატორი ნოტარიუსის სტატუსს და მისი პროფესიული საქმიანობის გარკვეულ ასპექტებს, როგორც შესაძლებლობებს რომ განვიხილოთ ნოტარიუსი მედიატორი, როგორც საჯარო მოხელე და შემდგომ კი, გავაუმჯობესოთ მისი სტატუსი. კვლევა ფოკუსირებულია პროცესების შესწავლაზე, რომელიც გამოვლინდა გარკვეული იურიდიული ინსტიტუტების და სისტემების განვითარების პროცესში.</p>\r\n</div>\r\n</div>\r\n</div>'),
(51,'ka_GE','copyrightHolder',''),
(51,'ka_GE','title','ნოტარიუსი მედიატორი საჯარო და კერძო სამართლის სისტემათა ზღვარზე'),
(52,'','categoryIds','[]'),
(52,'','copyrightYear','2021'),
(52,'','issueId','3'),
(52,'','pages','132-142'),
(52,'en_US','abstract','<div class=\"page\" title=\"Page 1\">\n<div class=\"layoutArea\">\n<div class=\"column\">\n<p class=\"docData;DOCY;v5;4794;[encoded data, 6392 characters]\">The principle of best interests is the principle of the principles of the Juvenile Justice Code. Harmonization of rights-restrictive measures with the supreme principles is essential for the harmonization of legislation and practice. The use of detention bail for juveniles creates many legal inconsistencies, which makes it necessary to analyze it and discuss ways to resolve it in the future.</p>\n<p>With regard to preventive measures, first of all, it should be noted that its ratio is of a preventive-preventive nature, the purpose of its use is not to prove guilt. The expediency of using a specific measure of restraint is a matter of debate, given that the purpose of a measure of restraint is to ensure the proper administration of justice. In this way, it is necessary to regulate the legislation in such a way that it will be implemented. Such is the case with the use of prison bail in juvenile justice, as there are a number of inconsistencies that require the need to adjust prison bail. The only precondition for the use of prison bail is the fact of the arrest of the accused. In the case of arrest on bail due to the fact of arrest, a second measure of restraint is actually applied to the accused - detention. </p>\n<p>With regard to preventive measures, first of all, it should be noted that its ratio is of a preventive-preventive nature, the purpose of its use is not to prove guilt. The expediency of using a specific measure of restraint is a matter of debate, given that the purpose of a measure of restraint is to ensure the proper administration of justice. In this way, it is necessary to regulate the legislation in such a way that it will be implemented. Such is the case with the use of prison bail in juvenile justice, as there are a number of inconsistencies that require the need to adjust prison bail. The only precondition for the use of prison bail is the fact of the arrest of the accused. In the case of arrest on bail due to the fact of arrest, a second measure of restraint is actually applied to the accused - detention.</p>\n</div>\n</div>\n</div>'),
(52,'en_US','copyrightHolder',''),
(52,'en_US','prefix','The'),
(52,'en_US','title','Issue of the Use of Prison Bail in Juvenile Justice'),
(52,'ka_GE','abstract','<p>საუკეთესო ინტერესის პრიორიტეტულობის პრინციპი წარმოადგენს<br />არასრულწლოვანთა მართლმსაჯულების კოდექსის პრინციპთა პრინციპს,<br />რომელსაც უნდა შეესაბამებოდეს კანონმდებლობა და პრაქტიკა.<br />მნიშვნელოვანი საკითხია არასრულწლოვანთათვის</p>\n<p>საპატიმრო გირაოს გამოყენება,<br />რომლის საკანონმდებლო კონსტრუქციაც</p>\n<p>ბევრ სამართლებრივ ხარვეზს წარმოქმნის,<br />რაც აუცილებელს ხდის მის გაანალიზებას</p>\n<p>და სამომავლოდ გადაჭრის გზებზე მსჯელობას.<br />აღკვეთის ღონისძიებებთან დაკავშირებით, უპირველეს ყოვლისა, უნდა აღინიშნოს,<br />რომ იგი პრევენციული ხასიათისაა, მისი გამოყენების მიზანი არ არის ბრალეულობის მტკიცება.<br />ყოველ კონკრეტულ შემთხვევაში აღკვეთის ღონისძიების<br />გამოყენების მიზანშეწონილობა გამოკვეთილი უნდა იყოს სათანადო </p>\n<p>საფუძვლებით. საპატიმრო გირაოს გამოყენების საკითხის</p>\n<p>არსებობა კორექტირებას საჭიროებს,<br />ვინაიდან კანონმდებელი საპატიმრო გირაოს</p>\n<p>გამოყენების წინაპირობად დაკავების ფაქტს ასახელებს,<br />რითაც გამოდის, რომ, ფაქტობრივად, ორი აღკვეთის ღონისძიება გამოიყენება<br />— პატიმრობა და გირაო, რაც შეუსაბამოა ნორმა-პრინციპებთან.</p>'),
(52,'ka_GE','copyrightHolder',''),
(52,'ka_GE','title','საპატიმრო გირაოს გამოყენების საკითხი არასრულწლოვანთა მართლმსაჯულებაში'),
(53,'','categoryIds','[]'),
(53,'','copyrightYear','2023'),
(53,'','issueId','4'),
(53,'','pages','1-10'),
(53,'en_US','abstract','<p style=\"font-weight: 400;\"><em>DCFTA is an agreement on the creation of a deep and comprehensive free trade area, which was signed between Georgia and the European Union in 2014.&nbsp;According to this agreement, Georgian small and medium-sized businesses can export their products to the European market, which will significantly increase their capital, revenues, production volume, quality, etc.&nbsp;</em></p>\r\n<p style=\"font-weight: 400;\"><em>The purpose of the study is to discuss the challenges and opportunities that DCFTA can create for small and medium enterprises of Georgia.&nbsp;Also, the main goal of the research is to determine the main problems encountered by small and medium entrepreneurs during the implementation of the contract.&nbsp;</em></p>\r\n<p style=\"font-weight: 400;\"><em>Research methodology: 45 medium-sized companies, up to 100 employees and the management of these companies participated in the mentioned research.&nbsp;Qualitative research in the form of in-depth interviews and quantitative research are also used.&nbsp;</em></p>'),
(53,'en_US','copyrightHolder',''),
(53,'en_US','prefix',''),
(53,'en_US','subtitle',''),
(53,'en_US','title','Importance of the DCFTA agreement for small and medium businesses in Georgia'),
(53,'ka_GE','abstract','<p style=\"font-weight: 400;\">DCFTA- ღრმა და ყოვლისმომცველი თავისუფალი სავაჭრო სივრცის შექმნის შესახებ ხელშეკრულებაა, რომელსაც საქართველოსა და ევროკავშირს შორის 2014 წელს მოეწერა ხელი. ამ შეთანხმების მიხედვით, საქართველომ უნდა დააახლოოს თავისი კანონმდებლობა და მისი პროდუქტები ევროკავშირის რეგულაციებთან.&nbsp;მიღებულ შედეგს დიდი გავლენა ექნება საქართველოს ეკონომიკურ მდგომარეობასა და განვითარებაზე.&nbsp; ხელშეკრულების ფარგლებში, ქართულ მცირე და საშუალო ბიზნესს შეეძლებათ თავიანთი პროდუქციის ექსპორტი ევროპულ ბაზარზე, რაც მნიშვნელოვნად გაზრდის მათ კაპიტალს, შემოსავლებს, წარმოების მოცულობას, ხარისხს და აშ.&nbsp;&nbsp;&nbsp;&nbsp;</p>\r\n<p style=\"font-weight: 400;\">&nbsp;&nbsp;&nbsp; საქართველოს მიერ გაფორმებული სხვა თავისუფალი ვაჭრობის შეთანხმებებისგან განსხვავებით, DCFTA გულისხმობს როგორც საქონლით, ისე მომსახურებით ვაჭრობის ლიბერალიზაციას. გარდა ამისა, DCFTA მოიცავს ვაჭრობასთან დაკავშირებულ საკითხთა ფართო სპექტრს : სურსათის უვნებლობა, კონკურენციის პოლიტიკა, ინტელექტუალური საკუთრების დაცვა, ფინანსური მომსახურება და სხვა. იგი&nbsp; ითვალისწინებს ვაჭრობასთან დაკავშირებული საქართველოს კანონმდებლობის ეტაპობრივ დაახლოებასევროკავშირის კანონმდებლობასთან. DCFTA საქართველოს აძლევს საშუალებას ეტაპობრივად მიიღოსევროკავშირის შიდა ბაზრის ოთხი თავისუფლებიდან სამი: საქონლის, მომსახურების და კაპიტალისთავისუფალი გადაადგილება. მეოთხე თავისუფლებას - ადამიანების თავისუფალ გადაადგილებას ანუ სავიზო რეჟიმის ლიბერალიზაციის პროცესს გულისხმობს.</p>'),
(53,'ka_GE','copyrightHolder',''),
(53,'ka_GE','prefix',''),
(53,'ka_GE','subtitle',''),
(53,'ka_GE','title','DCFTA შეთანხმების მნიშვნელობა მცირე და საშუალო ბიზნესისთვის საქართველოში'),
(54,'','categoryIds','[]'),
(54,'','copyrightYear','2023'),
(54,'','issueId','4'),
(54,'','pages','11-16'),
(54,'en_US','abstract','<p style=\"font-weight: 400;\">Positive and transcultural therapy actively uses an artistic text in the process of work, so that the client, without pressure moralistic admonitions, realizes his hindering concepts, feels like a co-creator of the process.&nbsp; Nosrad&nbsp; Pezeshkian offers us Eastern fables a lot of wisdom is easily conveyed in them For Georgian people, the function of the support is represented by the poem “The knight in the panther’s skin” created by Shota Rustaveli in the 12<sup>th</sup> century This is a text that is amazingly suited to this method of therapy. Values tolerance the uniqueness of the person conflicts and ways of solving them and finally the harmonious coexistence between the person and the rest of the world.</p>'),
(54,'en_US','copyrightHolder',''),
(54,'en_US','prefix',''),
(54,'en_US','subtitle',''),
(54,'en_US','title',''),
(54,'ka_GE','abstract','<p style=\"font-weight: 400;\">პოზიტიური და ტრანსკულტურალური ფსიქოთერაპია 1968 წელს ჩამოაყალიბა ირანული წარმოშობის გერმანელმა ექიმ-ფსიქოთერაპევტმა ნოსრატ პეზეშკიანმა და ითვლება ფსიქოდინამიურ-ჰუმანისტური&nbsp; მიმართულების მეთოდად. ამ ჯგუფის&nbsp; ფსიქოთერაპიულ სკოლათა წარმომადგენლები ეყრდნობიან ანთროპოსოფიის (ადამიანის წარმოშობისა და რაობის) ფრანგულ კონცეფციას (ჟან-ჟაკ რუსო). ადამიანი არსით კეთილია და განვითარება მისი თანდაყოლილი უნარია, მთავარია, სათანადო გარემომ შეუწყოს ხელი. მსგავსი ჰუმანისტური კონცეფცია ძალიან ახლობელია ქართული ფილოსოფიურ- სალიტერატურო სკოლისთვისაც. შოთა რუსთაველის პოემა „ვეფხისტყაოსანი“ ამოუწურავ მასალას იძლევა კვლევისათვის, მით უფრო, რომ პოზიტური ფსიქოთერაპია მხატვრულ ტექსტს იყენებს ერთ-ერთ ინსტრუმენტად. ქვემოთ შევეცდები, შემოგთავაზოთ პოემაში ჩემ მიერ მოძიებული თემები, კონცეპტები, პარალელები. დაგანახოთ მათი შეხების წერტილები, ამ მსგავსების, როგორც საინტერესო რესურსის, გამოყენების შესაძლებლობები თერაპიის პროცესში.</p>\r\n<p style=\"font-weight: 400;\">დღევანდელ&nbsp; პრაგმატულ სამყაროში განსაკუთრებით მნიშვნელოვანი და აქტუალურია ის ტენდენციები, რომლებიც სამყაროს ჰუმანიზაციას შეუწყობს ხელს, ფსიქოთერაპიული მიმდინარეობები მნიშვნელობას ანიჭებენ მხატვრილი ტექსტის ზემოქმედების უნარის გამოყენებას. ქართველი ფსიქოთერაპევტებისთვის, ვიმედოვნებ, საინტერესო იქნება ამ&nbsp; პოემისა და პოზიტიური თერაპიის ერთ ჭრილში დანახვა.</p>'),
(54,'ka_GE','copyrightHolder',''),
(54,'ka_GE','prefix',''),
(54,'ka_GE','subtitle',''),
(54,'ka_GE','title','შოთა რუსთაველის „ვეფხისტყაოსნის“გამოყენება პოზიტიურ ფსიქოთერაპიაში'),
(55,'','categoryIds','[]'),
(55,'','copyrightYear','2023'),
(55,'','issueId','4'),
(55,'','pages','17-23'),
(55,'en_US','abstract','<p style=\"font-weight: 400;\">Recently, Georgia has made significant progress in the direction of gender equality and women\'s empowerment.However, there is still a lot to be done in this regard. Economic empowerment of women remains one of the important challenges. The majority of the economically inactive population in Georgia is women. They are not adequately represented in the formal employment sector, nor are they paid equally.</p>\r\n<p style=\"font-weight: 400;\">Therefore, it is important to understand what factors hinder the economic empowerment of women, what are the dynamics of employment, whether the interests of women are taken into account during employment and what is the state policy in terms of economic empowerment of women.</p>'),
(55,'en_US','copyrightHolder',''),
(55,'en_US','prefix',''),
(55,'en_US','subtitle',''),
(55,'en_US','title','Economic empowerment of women remains as one of the most important challenges'),
(55,'ka_GE','abstract','<p style=\"font-weight: 400;\">ბოლო პერიოდში საქართველომ მნიშვნელოვნად წაიწია წინ გენდერული თანასწორობისა და ქალთა გაძლიერების მიმართულებით, თუმცა, &nbsp;ამ მხრივ ჯერ კიდევ ბევრია გასაკეთებლი. ერთ-ერთ მნიშვნელოვან გამოწვევად რჩება ქალთა ეკონომიკური გაძლიერება. საქართველოში ეკონომიკურად არააქტიური მოსახლეობის უმრავლესობას ქალები შეადგენენ. &nbsp;ისინი დასაქმების ფორმალურ სექტორში არ არიან სათანადოდ წარმოდგენილები და არც მათი ანაზღაურებაა თანაბარი.</p>\r\n<p style=\"font-weight: 400;\">გამომდინარე აქედან, მნიშვნელოვანია, გავიგოთ, თუ რა ფაქტორები აბრკოლებენ ქალების ეკონომიკურ გაძლიერებას, როგორია დასაქმების დინამიკა, ითვალისიწინებენ თუ არა ქალთა ინტერესებს დასაქმების დროს და როგორია სახელმწიფო პოლიტიკა ქალთა ეკონომიკური გაძლიერების კუთხით.</p>'),
(55,'ka_GE','copyrightHolder',''),
(55,'ka_GE','prefix',''),
(55,'ka_GE','subtitle',''),
(55,'ka_GE','title','ქალთა ეკონომიკური მდგომარეობა საქართველოში და მათი გაძლიერებისკენ მიმართული სახელმწიფო პოლიტიკა'),
(56,'','categoryIds','[]'),
(56,'','copyrightYear','2023'),
(56,'','issueId','4'),
(56,'','pages','24-30'),
(56,'en_US','abstract','<p style=\"font-weight: 400;\">The work discusses the approach of the EU countries in the context of social programs, which should promote the existence of citizens in equal conditions; It is also about issues that may enhance the European social dimension in the light of the existing challenges.</p>'),
(56,'en_US','copyrightHolder',''),
(56,'en_US','prefix',''),
(56,'en_US','subtitle',''),
(56,'en_US','title',''),
(56,'ka_GE','abstract','<p style=\"font-weight: 400;\">ნაშრომში განხილულია ევროკავშირის ქვეყნების მიდგომა სოციალური პროგრამების ჭრილში, რომელმაც ხელი უნდა შეუწყოს მოქალაქეების თანაბარ პირობებში არსებობას; ასევე საუბარია იმ საკითხებზე, რომლებმაც შეიძლება გააძლიეროს ევროპის სოციალური განზომილება არსებული გამოწვევების გათვალისწინებით.</p>'),
(56,'ka_GE','copyrightHolder',''),
(56,'ka_GE','prefix',''),
(56,'ka_GE','subtitle',''),
(56,'ka_GE','title','საერთაშორისო გამოცდილება — სოციალური დაცვის მოდელები ევროკავშირის ქვეყნებში'),
(57,'','categoryIds','[]'),
(57,'','copyrightYear','2023'),
(57,'','issueId','4'),
(57,'','pages','31-38'),
(57,'en_US','abstract','<p style=\"font-weight: 400;\">The article discusses such issues as: social stratification, marketing and the close connection between these two seemingly different directions.</p>\r\n<p style=\"font-weight: 400;\">Attention is also focused on the importance of social stratification in marketing, both in the market segmentation process and in product positioning.</p>\r\n<p style=\"font-weight: 400;\">The article also presents the results of the research and the news discovered while working on it, the impact of socio-psychological factors on the Georgian consumer is especially interesting.</p>'),
(57,'en_US','copyrightHolder',''),
(57,'en_US','prefix',''),
(57,'en_US','subtitle',''),
(57,'en_US','title',''),
(57,'ka_GE','abstract','<p style=\"font-weight: 400;\">სტატიაში განხილულია ისეთი საკითხები, როგორიცაა: სოციალური სტრატიფიკაცია, მარკეტინგი და ამ ორ ერთი შეხედვით განსხვავებულ მიმართულებებს შორის არსებული მჭიდრო კავშირი.</p>\r\n<p style=\"font-weight: 400;\">ყურადღება გამახვილებულია ასევე სოციალური სტრატიფიკაციის მნიშვნელობაზე&nbsp; მარკეტინგში, როგორც ბაზრის სეგმენტაციის პროცესში, ასევე პროდუქტის პოზიციონირებისას.</p>\r\n<p style=\"font-weight: 400;\">სტატიაში წარმოდგენილია ასევე&nbsp; კვლევის შედეგები და მასზე მუშაობისას აღმოჩენილი სიახლეები, განსაკუთრებით საინტერესოა სოციალურ-ფსიქოლოგიური ფაქტორების&nbsp; გავლენა ქართველ მომხმარებელზე.</p>'),
(57,'ka_GE','copyrightHolder',''),
(57,'ka_GE','prefix',''),
(57,'ka_GE','subtitle',''),
(57,'ka_GE','title','მომხმარებელთა სოციალური სტრატიფიკაცია და მარკეტინგი'),
(58,'','categoryIds','[]'),
(58,'','copyrightYear','2023'),
(58,'','issueId','4'),
(58,'','pages','39-51'),
(58,'en_US','abstract','<p style=\"font-weight: 400;\">The aim of this paper is to study&nbsp; motives for changes in appearance in the group of Georgian women who apply to aesthetic medicine. The research focuses on women who are members of thematic \"Facebook groups\" and actively discuss issues related to aesthetic procedures. It can be said that women worry about taking care of their appearance, which is promoted by the tendencies in the networked society, is aimed at raising self-esteem and self-confidence.</p>'),
(58,'en_US','copyrightHolder',''),
(58,'en_US','prefix',''),
(58,'en_US','subtitle',''),
(58,'en_US','title',''),
(58,'ka_GE','abstract','<p>The aim of this paper is to study&nbsp; motives for changes in appearance in the group of Georgian women who apply to aesthetic medicine. The research focuses on women who are members of thematic \"Facebook groups\" and actively discuss issues related to aesthetic procedures. It can be said that women worry about taking care of their appearance, which is promoted by the tendencies in the networked society, is aimed at raising self-esteem and self-confidence.</p>'),
(58,'ka_GE','copyrightHolder',''),
(58,'ka_GE','prefix',''),
(58,'ka_GE','subtitle',''),
(58,'ka_GE','title','გარეგნობის ცვლილების მოტივები და ესთეტიკური მედიცინის როლი ქართველ ქალებში'),
(59,'','categoryIds','[]'),
(59,'','copyrightYear','2023'),
(59,'','issueId','4'),
(59,'','pages','52-60'),
(59,'en_US','abstract','<p style=\"font-weight: 400;\">The influence of the media on the society is the biggest and it is not a controversial topic any longer. Media lost its educational function. It does not think to provide society even the tiny information, like reproductive health. We did the research and 140 respondent took part in it. From the conducted research, it can be seen that the public wants to get more information about reproductive health, because in most cases they do not know or have no information about reproductive health topics, and lack of information is a problem for many people.</p>'),
(59,'en_US','copyrightHolder',''),
(59,'en_US','prefix',''),
(59,'en_US','subtitle',''),
(59,'en_US','title',''),
(59,'ka_GE','abstract','<p style=\"font-weight: 400;\">მედიის გავლენა საზოგადოების ცნობიერების ჩამოყალიბებაზე, რომ უდიდესია, ამას უკვე აღარავინ დაობს. მედიამ კარგა ხანია დაკარგა საგანმანათლებლო ფუნქცია. არ ფიქრობს საზოგადოებას მიაწოდოს ისეთი ელემენტარული ინფორმაცია ისეთ თემებზე, რასაც ქვია რეპროდუქციული ჯანმრთელობა. ჩვენს მიერ ჩატარებულ კვლევაში მონაწილეობას იღებდა 140 რესპონდენტი. ჩატარებული კვლევიდანც ჩანს, რომ საზოგადოებას სურს უფრო მეტი ინფორმაცია მიიღოს რეპროდუქციულ ჯანმრთელობაზე, რადგან უმრავლეს შემთხვევაში არ იციან, ან არ აქვთ ინფორმაცია რეპროდუქციული ჯანმრთელობის თემებზე და ძალიან ბევრ ადამიანს უქმნის&nbsp; პრობლემას არაინფორმირებულობა.</p>'),
(59,'ka_GE','copyrightHolder',''),
(59,'ka_GE','prefix',''),
(59,'ka_GE','subtitle',''),
(59,'ka_GE','title','რეპროდუქციულ ჯანმრთელობა, მედია და საზოგადოება'),
(60,'','categoryIds','[]'),
(60,'','copyrightYear','2023'),
(60,'','issueId','4'),
(60,'','pages','61-70'),
(60,'en_US','abstract','<p style=\"font-weight: 400;\">What is effective communication? It is difficult to create organization without communication, and effective communication is the main determinant of the viability of business companies. However, in the communication reality, where the internet space and social media occupy the largest place, effective and correct communication can be a big challenge.</p>'),
(60,'en_US','copyrightHolder',''),
(60,'en_US','prefix',''),
(60,'en_US','subtitle',''),
(60,'en_US','title',''),
(60,'ka_GE','abstract','<p style=\"font-weight: 400;\">რა არის ეფექტური კომუნიკაცია? ორგანიზაცია რთულად წარმოიქმნება კომუნიკაციის გარეშე, ეფექტური კომუნიკაცია კი ბიზნეს კომპანიების სიცოცხლისუნარიანობის ძირითადი განმსაზღვრელი ფაქტორია; თუმცა იმ საკომუნიკაციო რეალობაში, სადაც უდიდესი ადგილი ინტერნეტ სივრცეს და სოციალურ მედიას უკავია, კომუნიკაციის ეფექტურად და სწორად წარმართვა შეიძლება დიდ გამოწვევას წარმოადგენდეს.&nbsp;</p>'),
(60,'ka_GE','copyrightHolder',''),
(60,'ka_GE','prefix',''),
(60,'ka_GE','subtitle',''),
(60,'ka_GE','title','ციფრული მედიის გავლენა ბიზნეს კომუნიკაციაზე'),
(61,'','categoryIds','[]'),
(61,'','copyrightYear','2023'),
(61,'','issueId','4'),
(61,'','pages','71-84'),
(61,'en_US','abstract','<p style=\"font-weight: 400;\">The article is about the international legal assessment of the military intervention against Georgia by the Russian Federation in 2008. The article presents decisions of the three leading international courts (ECHR, ICJ, ICC) regarding the 2008 Georgian War lawsuit judgment. In the next part of the article, the author presents his opinion about the acts of the Russian authorities, which, according to Kremlin propaganda, are believed to be used for humanitarian intervention purpose. And, in the final part of the article, there is a general discussion of the compatibility of humanitarian intervention with the core principles of international law and the existing practice of using humanitarian interventions by different states.</p>'),
(61,'en_US','copyrightHolder',''),
(61,'en_US','prefix',''),
(61,'en_US','subtitle',''),
(61,'en_US','title',''),
(61,'ka_GE','abstract','<p style=\"font-weight: 400;\">სტატია ეხება 2008 წელს რუსთის ფედერაციის მიერ საქართველოს მიმართ განხორციელებული სამხედრო ინტერვენციის საერთაშორისო (საჯარო) სამართლებრივ ჭრილში შეფასებას. ნაშრომში წარმოდგენლია სამი წამყვანი საერთშორისო სასამართლოს (ECHR, ICJ, ICC) გადაწყვეტილება 2008 წლის ომის შესახებ საქართველოს ხელისუფლების მიერ წარდგენილ სარჩელებთან დაკავშირებით.&nbsp; სტატიის ბოლო ნაწილში კი მოცემულია ავტორის მოსაზრება რუსეთის ხელისუდფლების მიერ ე.წ. ჰუმანიტარული ინტერვენციის მოტივით გადადგმული ნაბიჯების თავსებადობაზე საერთაშორისო სამართლის ფუნდამენტურ ნორმებთან და, ზოგადად, სახელმწიფოების მიერ ჰუმანიტარული ინტერვენციის გამოყენების პრაქტიკასთნ დაკავშირებით.</p>'),
(61,'ka_GE','copyrightHolder',''),
(61,'ka_GE','prefix',''),
(61,'ka_GE','subtitle','2008 წლის აგვისტოსა და 2022 წელს დაწყებული რუსეთ-უკრაინის ომის საერთაშორისო სამართლებრივი შეფასება'),
(61,'ka_GE','title','ჰუმანიტარული ინტერვენციის მოდელზე აგებული რუსული ომის პროპაგანდა:'),
(62,'','categoryIds','[]'),
(62,'en_US','abstract',''),
(62,'en_US','prefix',''),
(62,'en_US','subtitle',''),
(62,'en_US','title','Test'),
(62,'ka_GE','abstract','<p>ასდასდ</p>'),
(62,'ka_GE','prefix','asd'),
(62,'ka_GE','subtitle',''),
(62,'ka_GE','title','ტესტ'),
(63,'','categoryIds','[]'),
(63,'en_US','abstract','<p>Vivamus metus dolor, fringilla accumsan nibh vitae, gravida lacinia nisl. Sed quis odio convallis, iaculis est vitae, tempor justo. Praesent et porta ex, at mattis erat. Maecenas augue ante, elementum nec leo ac, laoreet venenatis lectus. Proin nibh ex, facilisis quis molestie pellentesque, fringilla vitae libero. In vitae vulputate arcu, ut scelerisque tellus. Vivamus consectetur mi varius hendrerit tristique. Aliquam accumsan ut est ac dignissim. Vivamus congue porttitor vestibulum. Aenean rhoncus lectus dolor, eu commodo massa scelerisque et. Quisque dictum semper purus. Donec in purus eu urna facilisis pretium. Nulla pulvinar lacus augue, a porta leo tincidunt ac. Proin vel massa ultrices, molestie ante in, varius ante. Curabitur nec urna at arcu dictum tempus. Sed consequat magna felis, in gravida nulla ultricies a.</p>'),
(63,'en_US','prefix',''),
(63,'en_US','subtitle',''),
(63,'en_US','title','test article'),
(63,'ka_GE','abstract','<p>Vivamus metus dolor, fringilla accumsan nibh vitae, gravida lacinia nisl. Sed quis odio convallis, iaculis est vitae, tempor justo. Praesent et porta ex, at mattis erat. Maecenas augue ante, elementum nec leo ac, laoreet venenatis lectus. Proin nibh ex, facilisis quis molestie pellentesque, fringilla vitae libero. In vitae vulputate arcu, ut scelerisque tellus. Vivamus consectetur mi varius hendrerit tristique. Aliquam accumsan ut est ac dignissim. Vivamus congue porttitor vestibulum. Aenean rhoncus lectus dolor, eu commodo massa scelerisque et. Quisque dictum semper purus. Donec in purus eu urna facilisis pretium. Nulla pulvinar lacus augue, a porta leo tincidunt ac. Proin vel massa ultrices, molestie ante in, varius ante. Curabitur nec urna at arcu dictum tempus. Sed consequat magna felis, in gravida nulla ultricies a.</p>'),
(63,'ka_GE','prefix',''),
(63,'ka_GE','subtitle',''),
(63,'ka_GE','title','სატესტო სტატია');

--
-- Table structure for table `publications`
--

CREATE TABLE `publications` (
  `publication_id` bigint(20) NOT NULL AUTO_INCREMENT,
  `access_status` bigint(20) DEFAULT 0,
  `date_published` date DEFAULT NULL,
  `last_modified` datetime DEFAULT NULL,
  `primary_contact_id` bigint(20) DEFAULT NULL,
  `section_id` bigint(20) DEFAULT NULL,
  `seq` double NOT NULL DEFAULT 0,
  `submission_id` bigint(20) NOT NULL,
  `status` tinyint(4) NOT NULL DEFAULT 1,
  `url_path` varchar(64) DEFAULT NULL,
  `version` bigint(20) DEFAULT NULL,
  PRIMARY KEY (`publication_id`),
  KEY `publications_submission_id` (`submission_id`),
  KEY `publications_section_id` (`section_id`),
  KEY `publications_url_path` (`url_path`)
) ENGINE=InnoDB AUTO_INCREMENT=64 DEFAULT CHARSET=latin1 COLLATE=latin1_swedish_ci;

--
-- Dumping data for table `publications`
--

INSERT INTO `publications` VALUES
(1,0,'2020-05-20','2020-09-25 09:05:08',1,1,1,2,3,NULL,1),
(2,0,'2020-05-20','2020-09-25 09:05:51',2,1,2,3,3,NULL,1),
(3,0,'2020-05-20','2020-09-25 09:06:24',4,1,3,4,3,NULL,1),
(4,0,'2020-05-20','2020-09-25 09:07:11',5,1,4,5,3,NULL,1),
(5,0,'2020-05-20','2020-06-04 10:32:45',6,1,5,7,3,NULL,1),
(6,0,'2020-05-20','2020-06-04 10:35:14',7,1,6,8,3,NULL,1),
(7,0,'2020-05-20','2020-09-28 11:03:53',8,1,7,9,3,NULL,1),
(8,0,'2020-05-20','2020-06-04 10:39:03',9,1,8,10,3,NULL,1),
(9,0,'2020-05-20','2020-09-28 11:02:38',10,1,9,11,3,NULL,1),
(16,0,'2020-12-25','2020-12-25 19:15:41',13,1,0,19,3,NULL,1),
(17,0,'2020-12-25','2020-12-25 19:15:41',14,1,1,20,3,NULL,1),
(18,0,'2020-12-25','2020-12-29 18:01:33',15,1,2,21,3,NULL,1),
(19,0,'2020-12-25','2020-12-25 19:15:41',16,1,3,22,3,NULL,1),
(20,0,'2020-12-25','2020-12-25 19:15:41',17,1,4,23,3,NULL,1),
(21,0,'2020-12-25','2020-12-25 19:15:41',20,1,5,24,3,NULL,1),
(22,0,'2020-12-25','2020-12-25 19:15:41',21,1,6,25,3,NULL,1),
(23,0,'2020-12-25','2020-12-25 19:15:41',22,1,7,26,3,NULL,1),
(24,0,'2020-12-25','2020-12-25 19:15:41',23,1,8,27,3,NULL,1),
(27,0,'2020-12-25','2020-12-29 18:05:04',24,1,9,30,3,NULL,1),
(28,0,NULL,'2021-01-09 08:56:18',26,1,0,31,1,NULL,1),
(29,0,NULL,'2021-02-09 18:28:59',27,1,0,32,1,NULL,1),
(33,0,NULL,'2021-12-15 12:51:32',28,1,0,36,1,NULL,1),
(35,0,NULL,'2021-12-15 12:51:29',30,1,0,38,1,NULL,1),
(39,0,'2021-12-15','2022-01-24 13:40:09',31,1,1,42,3,NULL,1),
(40,0,'2021-12-15','2022-01-24 13:40:08',32,1,2,43,3,NULL,1),
(41,0,'2021-12-15','2022-01-24 13:40:08',33,1,3,44,3,NULL,1),
(42,0,'2021-12-15','2022-01-24 13:40:08',34,1,4,45,3,NULL,1),
(43,0,'2021-12-15','2022-01-24 13:40:08',36,1,5,46,3,NULL,1),
(45,0,'2021-12-15','2022-01-24 13:40:07',41,1,6,48,3,NULL,1),
(46,0,'2021-12-15','2022-01-24 13:40:07',42,1,7,49,3,NULL,1),
(47,0,'2021-12-15','2022-01-24 13:40:07',43,1,8,50,3,NULL,1),
(48,0,'2021-12-15','2022-01-24 13:40:07',44,1,9,51,3,NULL,1),
(49,0,'2021-12-15','2022-01-24 13:40:07',45,1,10,52,3,NULL,1),
(50,0,'2021-12-15','2022-01-24 13:40:06',46,1,11,53,3,NULL,1),
(51,0,'2021-12-15','2022-01-24 13:40:06',47,1,12,54,3,NULL,1),
(52,0,'2021-12-15','2022-01-24 13:40:05',48,1,13,55,3,NULL,1),
(53,0,'2023-04-28','2023-04-28 11:05:49',49,1,0,56,3,NULL,1),
(54,0,'2023-04-28','2023-04-28 11:05:48',50,1,1,57,3,NULL,1),
(55,0,'2023-04-28','2023-04-28 11:05:48',51,1,2,58,3,NULL,1),
(56,0,'2023-04-28','2023-04-28 11:05:48',52,1,3,59,3,NULL,1),
(57,0,'2023-04-28','2023-04-28 11:05:47',53,1,4,60,3,NULL,1),
(58,0,'2023-04-28','2023-04-28 11:05:47',54,1,5,61,3,NULL,1),
(59,0,'2023-04-28','2023-04-28 11:05:47',55,1,6,62,3,NULL,1),
(60,0,'2023-04-28','2023-04-28 11:05:46',56,1,7,63,3,NULL,1),
(61,0,'2023-04-28','2023-04-28 11:05:46',57,1,8,64,3,NULL,1),
(62,0,NULL,'2025-09-15 19:56:29',58,1,0,65,1,NULL,1),
(63,0,NULL,'2025-09-24 09:23:25',59,1,0,66,1,NULL,1);

--
-- Table structure for table `queries`
--

CREATE TABLE `queries` (
  `query_id` bigint(20) NOT NULL AUTO_INCREMENT,
  `assoc_type` bigint(20) NOT NULL,
  `assoc_id` bigint(20) NOT NULL,
  `stage_id` tinyint(4) NOT NULL DEFAULT 1,
  `seq` double NOT NULL DEFAULT 0,
  `date_posted` datetime DEFAULT NULL,
  `date_modified` datetime DEFAULT NULL,
  `closed` smallint(6) NOT NULL DEFAULT 0,
  PRIMARY KEY (`query_id`),
  KEY `queries_assoc_id` (`assoc_type`,`assoc_id`)
) ENGINE=InnoDB AUTO_INCREMENT=2 DEFAULT CHARSET=utf8mb3 COLLATE=utf8mb3_general_ci;

--
-- Dumping data for table `queries`
--

INSERT INTO `queries` VALUES
(1,1048585,65,1,1,NULL,NULL,0);

--
-- Table structure for table `query_participants`
--

CREATE TABLE `query_participants` (
  `query_id` bigint(20) NOT NULL,
  `user_id` bigint(20) NOT NULL,
  UNIQUE KEY `query_participants_pkey` (`query_id`,`user_id`)
) ENGINE=InnoDB DEFAULT CHARSET=utf8mb3 COLLATE=utf8mb3_general_ci;

--
-- Dumping data for table `query_participants`
--

INSERT INTO `query_participants` VALUES
(1,10);

--
-- Table structure for table `queued_payments`
--

CREATE TABLE `queued_payments` (
  `queued_payment_id` bigint(20) NOT NULL AUTO_INCREMENT,
  `date_created` datetime NOT NULL,
  `date_modified` datetime NOT NULL,
  `expiry_date` date DEFAULT NULL,
  `payment_data` text DEFAULT NULL,
  PRIMARY KEY (`queued_payment_id`)
) ENGINE=InnoDB DEFAULT CHARSET=utf8mb3 COLLATE=utf8mb3_general_ci;

--
-- Dumping data for table `queued_payments`
--


--
-- Table structure for table `review_assignments`
--

CREATE TABLE `review_assignments` (
  `review_id` bigint(20) NOT NULL AUTO_INCREMENT,
  `submission_id` bigint(20) NOT NULL,
  `reviewer_id` bigint(20) NOT NULL,
  `competing_interests` text DEFAULT NULL,
  `recommendation` tinyint(4) DEFAULT NULL,
  `date_assigned` datetime DEFAULT NULL,
  `date_notified` datetime DEFAULT NULL,
  `date_confirmed` datetime DEFAULT NULL,
  `date_completed` datetime DEFAULT NULL,
  `date_acknowledged` datetime DEFAULT NULL,
  `date_due` datetime DEFAULT NULL,
  `date_response_due` datetime DEFAULT NULL,
  `last_modified` datetime DEFAULT NULL,
  `reminder_was_automatic` tinyint(4) NOT NULL DEFAULT 0,
  `declined` tinyint(4) NOT NULL DEFAULT 0,
  `reviewer_file_id` bigint(20) DEFAULT NULL,
  `date_rated` datetime DEFAULT NULL,
  `date_reminded` datetime DEFAULT NULL,
  `quality` tinyint(4) DEFAULT NULL,
  `review_round_id` bigint(20) NOT NULL,
  `stage_id` tinyint(4) NOT NULL DEFAULT 1,
  `review_method` tinyint(4) NOT NULL DEFAULT 1,
  `round` tinyint(4) NOT NULL DEFAULT 1,
  `step` tinyint(4) NOT NULL DEFAULT 1,
  `review_form_id` bigint(20) DEFAULT NULL,
  `unconsidered` tinyint(4) DEFAULT NULL,
  `cancelled` tinyint(4) NOT NULL DEFAULT 0,
  PRIMARY KEY (`review_id`),
  KEY `review_assignments_submission_id` (`submission_id`),
  KEY `review_assignments_reviewer_id` (`reviewer_id`),
  KEY `review_assignments_form_id` (`review_form_id`),
  KEY `review_assignments_reviewer_review` (`reviewer_id`,`review_id`)
) ENGINE=InnoDB DEFAULT CHARSET=utf8mb3 COLLATE=utf8mb3_general_ci;

--
-- Dumping data for table `review_assignments`
--


--
-- Table structure for table `review_files`
--

CREATE TABLE `review_files` (
  `review_id` bigint(20) NOT NULL,
  `submission_file_id` bigint(20) unsigned NOT NULL,
  UNIQUE KEY `review_files_pkey` (`review_id`,`submission_file_id`),
  KEY `review_files_review_id` (`review_id`),
  KEY `review_files_submission_file_id_foreign` (`submission_file_id`),
  CONSTRAINT `review_files_submission_file_id_foreign` FOREIGN KEY (`submission_file_id`) REFERENCES `submission_files` (`submission_file_id`)
) ENGINE=InnoDB DEFAULT CHARSET=utf8mb3 COLLATE=utf8mb3_general_ci;

--
-- Dumping data for table `review_files`
--


--
-- Table structure for table `review_form_element_settings`
--

CREATE TABLE `review_form_element_settings` (
  `review_form_element_id` bigint(20) NOT NULL,
  `locale` varchar(14) NOT NULL DEFAULT '',
  `setting_name` varchar(255) NOT NULL,
  `setting_value` text DEFAULT NULL,
  `setting_type` varchar(6) NOT NULL,
  UNIQUE KEY `review_form_element_settings_pkey` (`review_form_element_id`,`locale`,`setting_name`),
  KEY `review_form_element_settings_review_form_element_id` (`review_form_element_id`)
) ENGINE=InnoDB DEFAULT CHARSET=utf8mb3 COLLATE=utf8mb3_general_ci;

--
-- Dumping data for table `review_form_element_settings`
--


--
-- Table structure for table `review_form_elements`
--

CREATE TABLE `review_form_elements` (
  `review_form_element_id` bigint(20) NOT NULL AUTO_INCREMENT,
  `review_form_id` bigint(20) NOT NULL,
  `seq` double DEFAULT NULL,
  `element_type` bigint(20) DEFAULT NULL,
  `required` tinyint(4) DEFAULT NULL,
  `included` tinyint(4) DEFAULT NULL,
  PRIMARY KEY (`review_form_element_id`),
  KEY `review_form_elements_review_form_id` (`review_form_id`)
) ENGINE=InnoDB DEFAULT CHARSET=utf8mb3 COLLATE=utf8mb3_general_ci;

--
-- Dumping data for table `review_form_elements`
--


--
-- Table structure for table `review_form_responses`
--

CREATE TABLE `review_form_responses` (
  `review_form_element_id` bigint(20) NOT NULL,
  `review_id` bigint(20) NOT NULL,
  `response_type` varchar(6) DEFAULT NULL,
  `response_value` text DEFAULT NULL,
  KEY `review_form_responses_pkey` (`review_form_element_id`,`review_id`)
) ENGINE=InnoDB DEFAULT CHARSET=utf8mb3 COLLATE=utf8mb3_general_ci;

--
-- Dumping data for table `review_form_responses`
--


--
-- Table structure for table `review_form_settings`
--

CREATE TABLE `review_form_settings` (
  `review_form_id` bigint(20) NOT NULL,
  `locale` varchar(14) NOT NULL DEFAULT '',
  `setting_name` varchar(255) NOT NULL,
  `setting_value` text DEFAULT NULL,
  `setting_type` varchar(6) NOT NULL,
  UNIQUE KEY `review_form_settings_pkey` (`review_form_id`,`locale`,`setting_name`),
  KEY `review_form_settings_review_form_id` (`review_form_id`)
) ENGINE=InnoDB DEFAULT CHARSET=utf8mb3 COLLATE=utf8mb3_general_ci;

--
-- Dumping data for table `review_form_settings`
--


--
-- Table structure for table `review_forms`
--

CREATE TABLE `review_forms` (
  `review_form_id` bigint(20) NOT NULL AUTO_INCREMENT,
  `assoc_type` bigint(20) NOT NULL,
  `assoc_id` bigint(20) NOT NULL,
  `seq` double DEFAULT NULL,
  `is_active` tinyint(4) DEFAULT NULL,
  PRIMARY KEY (`review_form_id`)
) ENGINE=InnoDB DEFAULT CHARSET=utf8mb3 COLLATE=utf8mb3_general_ci;

--
-- Dumping data for table `review_forms`
--


--
-- Table structure for table `review_round_files`
--

CREATE TABLE `review_round_files` (
  `submission_id` bigint(20) NOT NULL,
  `review_round_id` bigint(20) NOT NULL,
  `stage_id` tinyint(4) NOT NULL,
  `submission_file_id` bigint(20) unsigned NOT NULL,
  UNIQUE KEY `review_round_files_pkey` (`submission_id`,`review_round_id`,`submission_file_id`),
  UNIQUE KEY `review_round_files_submission_file_id_unique` (`submission_file_id`),
  KEY `review_round_files_submission_id` (`submission_id`),
  CONSTRAINT `review_round_files_submission_file_id_foreign` FOREIGN KEY (`submission_file_id`) REFERENCES `submission_files` (`submission_file_id`)
) ENGINE=InnoDB DEFAULT CHARSET=utf8mb3 COLLATE=utf8mb3_general_ci;

--
-- Dumping data for table `review_round_files`
--


--
-- Table structure for table `review_rounds`
--

CREATE TABLE `review_rounds` (
  `review_round_id` bigint(20) NOT NULL AUTO_INCREMENT,
  `submission_id` bigint(20) NOT NULL,
  `stage_id` bigint(20) DEFAULT NULL,
  `round` tinyint(4) NOT NULL,
  `review_revision` bigint(20) DEFAULT NULL,
  `status` bigint(20) DEFAULT NULL,
  PRIMARY KEY (`review_round_id`),
  UNIQUE KEY `review_rounds_submission_id_stage_id_round_pkey` (`submission_id`,`stage_id`,`round`),
  KEY `review_rounds_submission_id` (`submission_id`)
) ENGINE=InnoDB DEFAULT CHARSET=utf8mb3 COLLATE=utf8mb3_general_ci;

--
-- Dumping data for table `review_rounds`
--


--
-- Table structure for table `rt_contexts`
--

CREATE TABLE `rt_contexts` (
  `context_id` bigint(20) NOT NULL AUTO_INCREMENT,
  `version_id` bigint(20) NOT NULL,
  `title` varchar(120) NOT NULL,
  `abbrev` varchar(32) NOT NULL,
  `description` text DEFAULT NULL,
  `cited_by` tinyint(4) NOT NULL DEFAULT 0,
  `author_terms` tinyint(4) NOT NULL DEFAULT 0,
  `define_terms` tinyint(4) NOT NULL DEFAULT 0,
  `geo_terms` tinyint(4) NOT NULL DEFAULT 0,
  `seq` double NOT NULL DEFAULT 0,
  PRIMARY KEY (`context_id`),
  KEY `rt_contexts_version_id` (`version_id`)
) ENGINE=InnoDB DEFAULT CHARSET=utf8mb3 COLLATE=utf8mb3_general_ci;

--
-- Dumping data for table `rt_contexts`
--


--
-- Table structure for table `rt_searches`
--

CREATE TABLE `rt_searches` (
  `search_id` bigint(20) NOT NULL AUTO_INCREMENT,
  `context_id` bigint(20) NOT NULL,
  `title` varchar(120) NOT NULL,
  `description` text DEFAULT NULL,
  `url` text DEFAULT NULL,
  `search_url` text DEFAULT NULL,
  `search_post` text DEFAULT NULL,
  `seq` double NOT NULL DEFAULT 0,
  PRIMARY KEY (`search_id`),
  KEY `rt_searches_context_id` (`context_id`)
) ENGINE=InnoDB DEFAULT CHARSET=utf8mb3 COLLATE=utf8mb3_general_ci;

--
-- Dumping data for table `rt_searches`
--


--
-- Table structure for table `rt_versions`
--

CREATE TABLE `rt_versions` (
  `version_id` bigint(20) NOT NULL AUTO_INCREMENT,
  `journal_id` bigint(20) NOT NULL,
  `version_key` varchar(40) NOT NULL,
  `locale` varchar(14) DEFAULT 'en_US',
  `title` varchar(120) NOT NULL,
  `description` text DEFAULT NULL,
  PRIMARY KEY (`version_id`),
  KEY `rt_versions_journal_id` (`journal_id`),
  KEY `rt_versions_version_key` (`version_key`)
) ENGINE=InnoDB DEFAULT CHARSET=utf8mb3 COLLATE=utf8mb3_general_ci;

--
-- Dumping data for table `rt_versions`
--


--
-- Table structure for table `scheduled_tasks`
--

CREATE TABLE `scheduled_tasks` (
  `class_name` varchar(255) NOT NULL,
  `last_run` datetime DEFAULT NULL,
  UNIQUE KEY `scheduled_tasks_pkey` (`class_name`)
) ENGINE=InnoDB DEFAULT CHARSET=utf8mb3 COLLATE=utf8mb3_general_ci;

--
-- Dumping data for table `scheduled_tasks`
--

INSERT INTO `scheduled_tasks` VALUES
('classes.tasks.SubscriptionExpiryReminder','2025-09-01 00:27:38'),
('lib.pkp.classes.task.ReviewReminder','2025-09-27 20:47:12'),
('lib.pkp.classes.task.StatisticsReport','2025-09-01 00:27:38'),
('plugins.generic.usageStats.UsageStatsLoader','2025-09-27 20:47:11'),
('plugins.importexport.crossref.CrossrefInfoSender','2025-09-27 20:47:12'),
('plugins.importexport.datacite.DataciteInfoSender','2025-09-27 20:47:11'),
('plugins.importexport.doaj.DOAJInfoSender','2025-09-27 20:47:11');

--
-- Table structure for table `section_settings`
--

CREATE TABLE `section_settings` (
  `section_id` bigint(20) NOT NULL,
  `locale` varchar(14) NOT NULL DEFAULT '',
  `setting_name` varchar(255) NOT NULL,
  `setting_value` text DEFAULT NULL,
  `setting_type` varchar(6) NOT NULL,
  UNIQUE KEY `section_settings_pkey` (`section_id`,`locale`,`setting_name`),
  KEY `section_settings_section_id` (`section_id`)
) ENGINE=InnoDB DEFAULT CHARSET=utf8mb3 COLLATE=utf8mb3_general_ci;

--
-- Dumping data for table `section_settings`
--

INSERT INTO `section_settings` VALUES
(1,'en_US','abbrev','ART','string'),
(1,'en_US','policy','','string'),
(1,'en_US','title','Articles','string');

--
-- Table structure for table `sections`
--

CREATE TABLE `sections` (
  `section_id` bigint(20) NOT NULL AUTO_INCREMENT,
  `journal_id` bigint(20) NOT NULL,
  `review_form_id` bigint(20) DEFAULT NULL,
  `seq` double NOT NULL DEFAULT 0,
  `editor_restricted` tinyint(4) NOT NULL DEFAULT 0,
  `meta_indexed` tinyint(4) NOT NULL DEFAULT 0,
  `meta_reviewed` tinyint(4) NOT NULL DEFAULT 1,
  `abstracts_not_required` tinyint(4) NOT NULL DEFAULT 0,
  `hide_title` tinyint(4) NOT NULL DEFAULT 0,
  `hide_author` tinyint(4) NOT NULL DEFAULT 0,
  `abstract_word_count` bigint(20) DEFAULT NULL,
  `is_inactive` smallint(6) NOT NULL DEFAULT 0,
  PRIMARY KEY (`section_id`),
  KEY `sections_journal_id` (`journal_id`)
) ENGINE=InnoDB AUTO_INCREMENT=2 DEFAULT CHARSET=utf8mb3 COLLATE=utf8mb3_general_ci;

--
-- Dumping data for table `sections`
--

INSERT INTO `sections` VALUES
(1,1,0,0,0,1,1,0,0,0,0,0);

--
-- Table structure for table `sessions`
--

CREATE TABLE `sessions` (
  `session_id` varchar(128) NOT NULL,
  `user_id` bigint(20) DEFAULT NULL,
  `ip_address` varchar(39) NOT NULL,
  `user_agent` varchar(255) DEFAULT NULL,
  `created` bigint(20) NOT NULL DEFAULT 0,
  `last_used` bigint(20) NOT NULL DEFAULT 0,
  `remember` tinyint(4) NOT NULL DEFAULT 0,
  `data` text DEFAULT NULL,
  `domain` varchar(255) DEFAULT NULL,
  UNIQUE KEY `sessions_pkey` (`session_id`),
  KEY `sessions_user_id` (`user_id`)
) ENGINE=InnoDB DEFAULT CHARSET=utf8mb3 COLLATE=utf8mb3_general_ci;

--
-- Dumping data for table `sessions`
--

INSERT INTO `sessions` VALUES
('00mt0c1cgqqeu0b10vtk2sbao8',NULL,'185.191.171.5','Mozilla/5.0 (compatible; SemrushBot/7~bl; +http://www.semrush.com/bot.html)',1758662517,1758662517,0,'','journal.alterbridge.edu.ge'),
('01lvbeoma1t2pg46e0tdkcmcv4',NULL,'180.242.68.194','Mozilla/5.0 (Windows NT 10.0; Win64; x64) AppleWebKit/537.36 (KHTML, like Gecko) Chrome/120.0.6099.71 Safari/537.36',1758829483,1758829485,0,'csrf|a:2:{s:9:\"timestamp\";i:1758829485;s:5:\"token\";s:32:\"255d3af395efa6bf1bc564f71657bd45\";}','journal.alterbridge.edu.ge'),
('068sdpmthmdgknnpr0k8hbib1p',NULL,'66.249.74.131','Googlebot/2.1 (+http://www.google.com/bot.html)',1758984059,1758984059,0,'','journal.alterbridge.edu.ge'),
('07r8emtsnbemlrenf7sbk9q5jl',NULL,'74.7.36.77','Mozilla/5.0 AppleWebKit/537.36 (KHTML, like Gecko); compatible; ChatGPT-User/1.0; +https://openai.com/bot',1758954635,1758954635,0,'','journal.alterbridge.edu.ge'),
('08682cgd0vs6d569epcskphptk',NULL,'91.209.8.120','mozilla/5.0 (windows nt 10.0; win64; x64) applewebkit/537.36 (khtml, like gecko) chrome/129.0.6668.42 safari/537.36',1758952460,1758952460,0,'','journal.alterbridge.edu.ge'),
('08kfamrfsepmvi1jl9nb7cutfk',NULL,'185.191.171.3','Mozilla/5.0 (compatible; SemrushBot/7~bl; +http://www.semrush.com/bot.html)',1758901184,1758901184,0,'','journal.alterbridge.edu.ge'),
('08ku545s5vcglvkmih226mstof',NULL,'198.244.242.66','Mozilla/5.0 (compatible; AhrefsBot/7.0; +http://ahrefs.com/robot/)',1758821315,1758821315,0,'','journal.alterbridge.edu.ge'),
('0a0blk1lmcu73mlagnom0kau52',NULL,'217.147.233.207','Mozilla/5.0 (iPhone; CPU iPhone OS 18_6 like Mac OS X) AppleWebKit/605.1.15 (KHTML, like Gecko) Version/26.0 Mobile/15E148 Safari/604.1',1758713363,1758713375,0,'csrf|a:2:{s:9:\"timestamp\";i:1758713364;s:5:\"token\";s:32:\"c952bc43f445c1b1b2458f40cd5968b9\";}','journal.alterbridge.edu.ge'),
('0alvijuk46fkcn0nsbg6008974',NULL,'77.88.47.28','Mozilla/5.0 (compatible; YandexBot/3.0; +http://yandex.com/bots)',1758892773,1758892773,0,'csrf|a:2:{s:9:\"timestamp\";i:1758892773;s:5:\"token\";s:32:\"2920fc7d280c0461da7570a2cc2862d2\";}','journal.alterbridge.edu.ge'),
('0f4itba3qsq7k3hnh148hutjs1',NULL,'217.113.194.226','Mozilla/5.0 (compatible; Barkrowler/0.9; +https://babbar.tech/crawler)',1758762611,1758762611,0,'currentLocale|s:5:\"ka_GE\";','journal.alterbridge.edu.ge'),
('0il3mifbe1qh691d887mhsescd',NULL,'52.167.144.193','Mozilla/5.0 AppleWebKit/537.36 (KHTML, like Gecko; compatible; bingbot/2.0; +http://www.bing.com/bingbot.htm) Chrome/116.0.1938.76 Safari/537.36',1758691360,1758691360,0,'','journal.alterbridge.edu.ge'),
('0jccoc6tbatp5066g7ql8kq0du',NULL,'66.249.74.129','Mozilla/5.0 (Linux; Android 6.0.1; Nexus 5X Build/MMB29P) AppleWebKit/537.36 (KHTML, like Gecko) Chrome/139.0.7258.127 Mobile Safari/537.36 (compatible; Googlebot/2.1; +http://www.google.com/bot.html)',1758599931,1758599931,0,'','journal.alterbridge.edu.ge'),
('0kh9fh9n9ck8enhq17sqggm1av',NULL,'66.249.74.131','Googlebot/2.1 (+http://www.google.com/bot.html)',1758814991,1758814991,0,'','journal.alterbridge.edu.ge'),
('0kqpn1r2hi1lvafrukkqpou22r',NULL,'77.88.47.21','Mozilla/5.0 (compatible; YandexBot/3.0; +http://yandex.com/bots)',1758892767,1758892767,0,'','journal.alterbridge.edu.ge'),
('0m55qieidr9fi3islt8pab835r',NULL,'66.249.74.131','Googlebot/2.1 (+http://www.google.com/bot.html)',1758988775,1758988775,0,'','journal.alterbridge.edu.ge'),
('0n7nh2atn3ielhann1vdkcmmp0',NULL,'85.208.96.208','Mozilla/5.0 (compatible; SemrushBot/7~bl; +http://www.semrush.com/bot.html)',1758659041,1758659041,0,'','journal.alterbridge.edu.ge'),
('0q36kuudsldvbakathtbsdgp8h',NULL,'77.88.47.28','Mozilla/5.0 (compatible; YandexBot/3.0; +http://yandex.com/bots)',1758892766,1758892766,0,'currentLocale|s:5:\"en_US\";','journal.alterbridge.edu.ge'),
('0sarb72u28noooehn1sea96bn1',NULL,'66.249.74.129','Mozilla/5.0 (Linux; Android 6.0.1; Nexus 5X Build/MMB29P) AppleWebKit/537.36 (KHTML, like Gecko) Chrome/139.0.7258.127 Mobile Safari/537.36 (compatible; Googlebot/2.1; +http://www.google.com/bot.html)',1758855979,1758855979,0,'','journal.alterbridge.edu.ge'),
('0ta1231nd7fh3ss2qv6utd0591',NULL,'217.113.194.119','Mozilla/5.0 (compatible; Barkrowler/0.9; +https://babbar.tech/crawler)',1758762591,1758762591,0,'','journal.alterbridge.edu.ge'),
('0um1qu0navbnnudb53vtlmgu2e',NULL,'185.191.171.11','Mozilla/5.0 (compatible; SemrushBot/7~bl; +http://www.semrush.com/bot.html)',1758657391,1758657391,0,'','journal.alterbridge.edu.ge'),
('0vdof7l0st0gm32n1hnjis5cs8',NULL,'198.244.183.174','Mozilla/5.0 (compatible; AhrefsBot/7.0; +http://ahrefs.com/robot/)',1758827469,1758827469,0,'','journal.alterbridge.edu.ge'),
('10r0r1qt11mmamn9ouqgdq7b27',NULL,'217.113.194.113','Mozilla/5.0 (compatible; Barkrowler/0.9; +https://babbar.tech/crawler)',1758762104,1758762104,0,'','journal.alterbridge.edu.ge'),
('143bvgle6rkfvpgvnteoq94hd5',NULL,'198.244.226.18','Mozilla/5.0 (compatible; AhrefsBot/7.0; +http://ahrefs.com/robot/)',1758782934,1758782934,0,'','journal.alterbridge.edu.ge'),
('15jqt8tq3obirkrt2oqpqc4902',NULL,'66.249.74.129','Googlebot/2.1 (+http://www.google.com/bot.html)',1758831999,1758831999,0,'','journal.alterbridge.edu.ge'),
('166hapt7grb8b2kun4ig4flgt3',NULL,'66.249.74.130','Googlebot/2.1 (+http://www.google.com/bot.html)',1758901414,1758901414,0,'','journal.alterbridge.edu.ge'),
('172g1ibkshtmp3d4b858p1ms9l',NULL,'66.249.74.131','Googlebot/2.1 (+http://www.google.com/bot.html)',1758748779,1758748779,0,'','journal.alterbridge.edu.ge'),
('17hdmlvdpcab4dhsvp7gqnuu5v',NULL,'40.77.167.241','Mozilla/5.0 AppleWebKit/537.36 (KHTML, like Gecko; compatible; bingbot/2.0; +http://www.bing.com/bingbot.htm) Chrome/116.0.1938.76 Safari/537.36',1758696517,1758696517,0,'','journal.alterbridge.edu.ge'),
('1geo75h277v0d889jhu0oud136',NULL,'66.249.74.130','Googlebot/2.1 (+http://www.google.com/bot.html)',1758680852,1758680852,0,'','journal.alterbridge.edu.ge'),
('1gg1a214ova24gqcbutkm866du',NULL,'35.205.182.150','python-requests/2.27.1',1758618687,1758618688,0,'','journal.alterbridge.edu.ge'),
('1h5l29nksdc8suu7iubp8tbaqq',NULL,'139.18.241.23','metha/0.4.15',1758819625,1758819625,0,'','journal.alterbridge.edu.ge'),
('1ipghnj0rpcspnqn2djhjo8845',NULL,'66.249.74.129','Googlebot/2.1 (+http://www.google.com/bot.html)',1758707309,1758707309,0,'','journal.alterbridge.edu.ge'),
('1iv368bn3ao7dh8sl2g4lakn0l',NULL,'52.167.144.18','Mozilla/5.0 AppleWebKit/537.36 (KHTML, like Gecko; compatible; bingbot/2.0; +http://www.bing.com/bingbot.htm) Chrome/116.0.1938.76 Safari/537.36',1758617205,1758617205,0,'','journal.alterbridge.edu.ge'),
('1k4vvu107hd514jh40tjl3075k',NULL,'52.167.144.20','Mozilla/5.0 AppleWebKit/537.36 (KHTML, like Gecko; compatible; bingbot/2.0; +http://www.bing.com/bingbot.htm) Chrome/116.0.1938.76 Safari/537.36',1758647440,1758647440,0,'','journal.alterbridge.edu.ge'),
('1leum7utoodk2gsj4974ol1615',NULL,'66.249.74.131','Googlebot/2.1 (+http://www.google.com/bot.html)',1758962302,1758962302,0,'','journal.alterbridge.edu.ge'),
('1m46uru365pg1i9pr0civp7i55',NULL,'185.191.171.12','Mozilla/5.0 (compatible; SemrushBot/7~bl; +http://www.semrush.com/bot.html)',1758668421,1758668421,0,'','journal.alterbridge.edu.ge'),
('1n83ebs0vbqn5ct545o14mbcn4',NULL,'77.88.47.4','Mozilla/5.0 (compatible; YandexBot/3.0; +http://yandex.com/bots)',1758892772,1758892772,0,'currentLocale|s:5:\"ka_GE\";','journal.alterbridge.edu.ge'),
('1oqhjq0h8sh6irhl1grbeqh7g8',NULL,'66.249.74.129','Mozilla/5.0 (Linux; Android 6.0.1; Nexus 5X Build/MMB29P) AppleWebKit/537.36 (KHTML, like Gecko) Chrome/139.0.7258.127 Mobile Safari/537.36 (compatible; Googlebot/2.1; +http://www.google.com/bot.html)',1758992968,1758992968,0,'','journal.alterbridge.edu.ge'),
('1po8t78b7qfdck2scvnjrtt2mq',NULL,'198.244.183.46','Mozilla/5.0 (compatible; AhrefsBot/7.0; +http://ahrefs.com/robot/)',1758833452,1758833452,0,'','journal.alterbridge.edu.ge'),
('1sfpjqfl1f705etv3lf85g3fpa',NULL,'54.37.118.73','Mozilla/5.0 (compatible; AhrefsBot/7.0; +http://ahrefs.com/robot/)',1758953515,1758953515,0,'','journal.alterbridge.edu.ge'),
('1uut7ubqetqljtcdii9cj01ojd',NULL,'66.249.74.131','Mozilla/5.0 (Linux; Android 6.0.1; Nexus 5X Build/MMB29P) AppleWebKit/537.36 (KHTML, like Gecko) Chrome/139.0.7258.127 Mobile Safari/537.36 (compatible; Googlebot/2.1; +http://www.google.com/bot.html)',1758666249,1758666249,0,'','journal.alterbridge.edu.ge'),
('1vai1v31p04bf8hsakf7j8v8cq',NULL,'185.191.171.6','Mozilla/5.0 (compatible; SemrushBot/7~bl; +http://www.semrush.com/bot.html)',1758667450,1758667450,0,'','journal.alterbridge.edu.ge'),
('235r0dqof4icm4a3sgmp107lt9',NULL,'66.249.74.130','Googlebot/2.1 (+http://www.google.com/bot.html)',1758983059,1758983059,0,'','journal.alterbridge.edu.ge'),
('249lvqhsrpk3t4q9qh85j7u6ve',NULL,'85.208.96.211','Mozilla/5.0 (compatible; SemrushBot/7~bl; +http://www.semrush.com/bot.html)',1758645451,1758645451,0,'','journal.alterbridge.edu.ge'),
('24o2hcien1eamene5b3jjqkpj2',NULL,'77.88.47.6','Mozilla/5.0 (compatible; YandexBot/3.0; +http://yandex.com/bots)',1758935653,1758935653,0,'','journal.alterbridge.edu.ge'),
('26f7m0on995el0fdempomri86j',NULL,'180.242.68.194','Mozilla/5.0 (Windows NT 10.0; Win64; x64) AppleWebKit/537.36 (KHTML, like Gecko) Chrome/120.0.6099.71 Safari/537.36',1758604131,1758604132,0,'csrf|a:2:{s:9:\"timestamp\";i:1758604132;s:5:\"token\";s:32:\"9dd6cab4da51f1a92ba5313d73ca7ee8\";}','journal.alterbridge.edu.ge'),
('26o5juiusfklba4obi3ueugrp0',NULL,'66.249.74.130','Googlebot/2.1 (+http://www.google.com/bot.html)',1758682002,1758682002,0,'','journal.alterbridge.edu.ge'),
('2a14ed89fetpn6gmi82m2orqgp',NULL,'180.242.68.194','Mozilla/5.0 (Windows NT 10.0; Win64; x64) AppleWebKit/537.36 (KHTML, like Gecko) Chrome/120.0.6099.71 Safari/537.36',1758857685,1758857685,0,'csrf|a:2:{s:9:\"timestamp\";i:1758857685;s:5:\"token\";s:32:\"39887d1caabe5e77bf280c6ea0ea5a6b\";}','journal.alterbridge.edu.ge'),
('2bvu7fv9cpa3a82d6sluhc8ati',NULL,'77.88.47.6','Mozilla/5.0 (compatible; YandexBot/3.0; +http://yandex.com/bots)',1758679200,1758679200,0,'currentLocale|s:5:\"en_US\";','journal.alterbridge.edu.ge'),
('2dj4qhmj4v2s7r27ogire0v24i',NULL,'77.88.47.4','Mozilla/5.0 (compatible; YandexBot/3.0; +http://yandex.com/bots)',1758892605,1758892605,0,'','journal.alterbridge.edu.ge'),
('2e5ncc1tdd75fgnm9qcrg4qlvs',NULL,'66.249.74.129','Mozilla/5.0 (Linux; Android 6.0.1; Nexus 5X Build/MMB29P) AppleWebKit/537.36 (KHTML, like Gecko) Chrome/139.0.7258.127 Mobile Safari/537.36 (compatible; Googlebot/2.1; +http://www.google.com/bot.html)',1758787341,1758787341,0,'','journal.alterbridge.edu.ge'),
('2fdrbq3ic2q9hq53jg29t65qfq',NULL,'66.249.74.129','Googlebot/2.1 (+http://www.google.com/bot.html)',1758686736,1758686736,0,'','journal.alterbridge.edu.ge'),
('2gro6eir9b0mqdoltf3k84kcrg',NULL,'207.46.13.156','Mozilla/5.0 AppleWebKit/537.36 (KHTML, like Gecko; compatible; bingbot/2.0; +http://www.bing.com/bingbot.htm) Chrome/116.0.1938.76 Safari/537.36',1758835089,1758835089,0,'','journal.alterbridge.edu.ge'),
('2i07orm9sc1b7mitfpe92e15da',NULL,'77.88.47.28','Mozilla/5.0 (compatible; YandexBot/3.0; +http://yandex.com/bots)',1758893055,1758893055,0,'','journal.alterbridge.edu.ge'),
('2itb9s8qibuq27vs7hpqgigdc2',NULL,'217.113.196.249','Mozilla/5.0 (compatible; IbouBot/1.0; +bot@ibou.io; +https://ibou.io/iboubot.html)',1758818174,1758818174,0,'','journal.alterbridge.edu.ge'),
('2kqerpghbr868pmnqm5dpkhgsh',NULL,'198.244.183.223','Mozilla/5.0 (compatible; AhrefsBot/7.0; +http://ahrefs.com/robot/)',1758822970,1758822970,0,'','journal.alterbridge.edu.ge'),
('2lvg027t86evjl4ftb91vl43qo',NULL,'37.59.204.147','Mozilla/5.0 (compatible; AhrefsBot/7.0; +http://ahrefs.com/robot/)',1758897422,1758897422,0,'','journal.alterbridge.edu.ge'),
('2nqjf16ho29fc4vvtmr4jakd4v',NULL,'217.113.194.121','Mozilla/5.0 (compatible; Barkrowler/0.9; +https://babbar.tech/crawler)',1758762183,1758762183,0,'','journal.alterbridge.edu.ge'),
('2nr4ao20hkfo1pqdou4elfl4on',NULL,'66.249.74.131','Googlebot/2.1 (+http://www.google.com/bot.html)',1758637623,1758637623,0,'','journal.alterbridge.edu.ge'),
('2pgkoodbo4h1n77kcskhmdnvjq',NULL,'180.242.68.194','Mozilla/5.0 (Windows NT 10.0; Win64; x64) AppleWebKit/537.36 (KHTML, like Gecko) Chrome/120.0.6099.71 Safari/537.36',1758857711,1758857713,0,'csrf|a:2:{s:9:\"timestamp\";i:1758857713;s:5:\"token\";s:32:\"bcb95f2d2a951afbe2f6f18ab04b1956\";}','journal.alterbridge.edu.ge'),
('2t8o45m9gbdgqv72892ld16ena',NULL,'180.242.68.194','Mozilla/5.0 (Windows NT 10.0; Win64; x64) AppleWebKit/537.36 (KHTML, like Gecko) Chrome/120.0.6099.71 Safari/537.36',1758829480,1758829482,0,'csrf|a:2:{s:9:\"timestamp\";i:1758829482;s:5:\"token\";s:32:\"da3939ee31c8ab24061801b2d444e7bc\";}','journal.alterbridge.edu.ge'),
('2uit62oulg93drp4mui6sgcvcs',NULL,'66.249.74.129','Mozilla/5.0 (Linux; Android 6.0.1; Nexus 5X Build/MMB29P) AppleWebKit/537.36 (KHTML, like Gecko) Chrome/139.0.7258.127 Mobile Safari/537.36 (compatible; Googlebot/2.1; +http://www.google.com/bot.html)',1758837788,1758837788,0,'','journal.alterbridge.edu.ge'),
('31kuqpfqpuiqh1b8g871q2tm38',NULL,'66.249.74.131','Mozilla/5.0 (Linux; Android 6.0.1; Nexus 5X Build/MMB29P) AppleWebKit/537.36 (KHTML, like Gecko) Chrome/139.0.7258.127 Mobile Safari/537.36 (compatible; Googlebot/2.1; +http://www.google.com/bot.html)',1758725386,1758725386,0,'','journal.alterbridge.edu.ge'),
('35mff5ggchp4fq26kv9k11esmd',NULL,'85.208.96.195','Mozilla/5.0 (compatible; SemrushBot/7~bl; +http://www.semrush.com/bot.html)',1758654244,1758654244,0,'','journal.alterbridge.edu.ge'),
('36gr2612ob5rh3iuqpp9h8vaa0',NULL,'114.119.135.232','Mozilla/5.0 (Linux; Android 7.0;) AppleWebKit/537.36 (KHTML, like Gecko) Mobile Safari/537.36 (compatible; PetalBot;+https://webmaster.petalsearch.com/site/petalbot)',1758823812,1758823812,0,'','journal.alterbridge.edu.ge'),
('3af08d397m8fhn3hdk57ghodhr',NULL,'139.18.241.23','metha/0.4.15',1758609022,1758609022,0,'','journal.alterbridge.edu.ge'),
('3evbj2s6bv07uap3a0ac0a0oq3',NULL,'66.249.74.131','Googlebot/2.1 (+http://www.google.com/bot.html)',1758834219,1758834219,0,'','journal.alterbridge.edu.ge'),
('3h1utbl5g5582ddqn1fhc9716n',NULL,'34.142.252.1','Mozilla/5.0 (Linux; Android 5.1.1; SM-J111F)',1758899638,1758899638,0,'','journal.alterbridge.edu.ge'),
('3ho6ga1u76vf6gb1u8hn53nj4j',NULL,'77.88.47.25','Mozilla/5.0 (compatible; YandexBot/3.0; +http://yandex.com/bots)',1758951317,1758951317,0,'','journal.alterbridge.edu.ge'),
('3j5vvjhgicma88s9lqqkvos412',NULL,'66.249.74.130','Googlebot/2.1 (+http://www.google.com/bot.html)',1758988405,1758988405,0,'','journal.alterbridge.edu.ge'),
('3mmiafr0kmksf3rsvmpgmfvvvv',NULL,'38.47.36.194','Mozilla/5.0 (compatible; CMS-Checker/1.0; +https://example.com)',1758788909,1758788909,0,'','journal.alterbridge.edu.ge'),
('3p43aratj6nvv07n92ns90co2a',NULL,'66.249.74.129','Googlebot/2.1 (+http://www.google.com/bot.html)',1758704057,1758704057,0,'','journal.alterbridge.edu.ge'),
('3qdsfe3vdmltpd42jpeh7vo6ap',NULL,'77.88.47.14','Mozilla/5.0 (compatible; YandexBot/3.0; +http://yandex.com/bots)',1758929700,1758929700,0,'','journal.alterbridge.edu.ge'),
('3qvgj35d5knfujhotma4am5n1j',NULL,'198.244.168.206','Mozilla/5.0 (compatible; AhrefsBot/7.0; +http://ahrefs.com/robot/)',1758822420,1758822420,0,'','journal.alterbridge.edu.ge'),
('3rm2q6edooi07j36vmmvrnjdou',NULL,'85.208.96.210','Mozilla/5.0 (compatible; SemrushBot/7~bl; +http://www.semrush.com/bot.html)',1758666122,1758666122,0,'','journal.alterbridge.edu.ge'),
('3smcsbsphsbiv7nuloa6gd9gth',NULL,'180.153.197.189','Mozilla/5.0 (iPhone; CPU iPhone OS 16_0 like Mac OS X) AppleWebKit/605.1.15 (KHTML, like Gecko) Version/18.0 Mobile/15E148 Safari/604.1',1758914819,1758914821,0,'','journal.alterbridge.edu.ge'),
('3vkgnpb3c059ue3kb4hgrdcta2',NULL,'31.57.198.148','Mozilla/5.0 (iPhone; CPU iPhone OS 18_6 like Mac OS X) AppleWebKit/605.1.15 (KHTML, like Gecko) Version/26.0 Mobile/15E148 Safari/604.1',1758626932,1758626932,0,'csrf|a:2:{s:9:\"timestamp\";i:1758626932;s:5:\"token\";s:32:\"3526e481967f45ac88700b02d21fb361\";}','journal.alterbridge.edu.ge'),
('408olg8giunk232tjpeglv5du2',NULL,'66.249.74.129','Mozilla/5.0 (Linux; Android 6.0.1; Nexus 5X Build/MMB29P) AppleWebKit/537.36 (KHTML, like Gecko) Chrome/139.0.7258.127 Mobile Safari/537.36 (compatible; Googlebot/2.1; +http://www.google.com/bot.html)',1758723862,1758723862,0,'','journal.alterbridge.edu.ge'),
('40ilbiabd7ih1e5h0910ults9c',NULL,'85.208.96.194','Mozilla/5.0 (compatible; SemrushBot/7~bl; +http://www.semrush.com/bot.html)',1758674206,1758674206,0,'','journal.alterbridge.edu.ge'),
('40t32rtp5ahd98mv67b7256reh',NULL,'139.18.241.23','metha/0.4.15',1758678650,1758678650,0,'','journal.alterbridge.edu.ge'),
('415i0obr9pfqblj9r4pjjrh1u0',NULL,'157.55.39.205','Mozilla/5.0 AppleWebKit/537.36 (KHTML, like Gecko; compatible; bingbot/2.0; +http://www.bing.com/bingbot.htm) Chrome/116.0.1938.76 Safari/537.36',1758850201,1758850201,0,'','journal.alterbridge.edu.ge'),
('4457kbmu7a39q43gtblsuilqqm',NULL,'85.208.96.198','Mozilla/5.0 (compatible; SemrushBot/7~bl; +http://www.semrush.com/bot.html)',1758654640,1758654640,0,'','journal.alterbridge.edu.ge'),
('465kpoih1bqhuvomu3uj9s3h3q',NULL,'66.249.74.129','Googlebot/2.1 (+http://www.google.com/bot.html)',1758687634,1758687634,0,'','journal.alterbridge.edu.ge'),
('46t7b3gsc7maphk35t8utokmi3',NULL,'66.249.74.131','Googlebot/2.1 (+http://www.google.com/bot.html)',1758770900,1758770900,0,'','journal.alterbridge.edu.ge'),
('483bvt4fbpiirqnlhg19jmoolf',NULL,'185.191.171.15','Mozilla/5.0 (compatible; SemrushBot/7~bl; +http://www.semrush.com/bot.html)',1758631151,1758631151,0,'','journal.alterbridge.edu.ge'),
('49jjogpulhtmb0rjcp5u070ld0',NULL,'77.88.47.13','Mozilla/5.0 (compatible; YandexBot/3.0; +http://yandex.com/bots)',1758945905,1758945905,0,'currentLocale|s:5:\"en_US\";','journal.alterbridge.edu.ge'),
('4a66fio8q84cfej4bgiaea9h39',NULL,'66.249.74.131','Mozilla/5.0 (Linux; Android 6.0.1; Nexus 5X Build/MMB29P) AppleWebKit/537.36 (KHTML, like Gecko) Chrome/139.0.7258.127 Mobile Safari/537.36 (compatible; Googlebot/2.1; +http://www.google.com/bot.html)',1758966034,1758966034,0,'','journal.alterbridge.edu.ge'),
('4aqntnmgis127ovdsoj2rrigcm',NULL,'34.86.177.154','bitlybot/3.0 (+http://bit.ly/)',1758674776,1758674776,0,'','journal.alterbridge.edu.ge'),
('4f16u4nnsqbran2lcpvkas1k6l',NULL,'66.220.149.26','facebookexternalhit/1.1 (+http://www.facebook.com/externalhit_uatext.php)',1758625989,1758625989,0,'','journal.alterbridge.edu.ge'),
('4j2uno8rmp88e8iu4fu9ece70l',NULL,'66.249.74.129','Googlebot/2.1 (+http://www.google.com/bot.html)',1758726366,1758726366,0,'','journal.alterbridge.edu.ge'),
('4k04cpubskmqh2bok2u1rrp9h4',NULL,'185.191.171.17','Mozilla/5.0 (compatible; SemrushBot/7~bl; +http://www.semrush.com/bot.html)',1758643552,1758643552,0,'','journal.alterbridge.edu.ge'),
('4k463lg2nbfopdd0255e9o3og5',NULL,'66.249.74.130','Googlebot/2.1 (+http://www.google.com/bot.html)',1758814657,1758814657,0,'','journal.alterbridge.edu.ge'),
('4l2uqiclo1fpiv1nrt6upvl86i',NULL,'91.209.8.122','mozilla/5.0 (windows nt 10.0; win64; x64) applewebkit/537.36 (khtml, like gecko) chrome/129.0.6668.42 safari/537.36',1758893471,1758893471,0,'','journal.alterbridge.edu.ge'),
('4n5s8vn4pma0l90nt3mc9ipdvg',NULL,'85.208.96.193','Mozilla/5.0 (compatible; SemrushBot/7~bl; +http://www.semrush.com/bot.html)',1758667204,1758667204,0,'','journal.alterbridge.edu.ge'),
('4ndvt8lcndcsdml6lmtdmp115u',NULL,'77.88.47.17','Mozilla/5.0 (compatible; YandexBot/3.0; +http://yandex.com/bots)',1758763428,1758763428,0,'','journal.alterbridge.edu.ge'),
('4pa7mg3tcfkkpmh7tkj383f9l4',NULL,'77.88.47.21','Mozilla/5.0 (compatible; YandexBot/3.0; +http://yandex.com/bots)',1758892772,1758892772,0,'','journal.alterbridge.edu.ge'),
('4qt9ebopttsfga1g2mtq04ud92',NULL,'85.208.96.205','Mozilla/5.0 (compatible; SemrushBot/7~bl; +http://www.semrush.com/bot.html)',1758671850,1758671850,0,'','journal.alterbridge.edu.ge'),
('4tb75pmo14kjl2ela54mod483l',NULL,'66.249.74.130','Googlebot/2.1 (+http://www.google.com/bot.html)',1758835314,1758835314,0,'','journal.alterbridge.edu.ge'),
('4uhjruipimgm5ov6bvovaomvcm',NULL,'57.141.0.29','meta-externalagent/1.1 (+https://developers.facebook.com/docs/sharing/webmasters/crawler)',1758936396,1758936396,0,'','journal.alterbridge.edu.ge'),
('4uqs4qg2nlsgr47m37hpk6r3si',NULL,'66.249.74.129','Mozilla/5.0 (Linux; Android 6.0.1; Nexus 5X Build/MMB29P) AppleWebKit/537.36 (KHTML, like Gecko) Chrome/139.0.7258.127 Mobile Safari/537.36 (compatible; Googlebot/2.1; +http://www.google.com/bot.html)',1758769554,1758769554,0,'','journal.alterbridge.edu.ge'),
('51k6l3ebrh35t1pgu2hlmphb0c',NULL,'66.249.74.130','Googlebot/2.1 (+http://www.google.com/bot.html)',1758752326,1758752326,0,'','journal.alterbridge.edu.ge'),
('51pdonbf5pcr7sr9qc7br3ji36',NULL,'180.242.68.194','Mozilla/5.0 (Windows NT 10.0; Win64; x64) AppleWebKit/537.36 (KHTML, like Gecko) Chrome/120.0.6099.71 Safari/537.36',1758829495,1758829496,0,'csrf|a:2:{s:9:\"timestamp\";i:1758829496;s:5:\"token\";s:32:\"f3e64c9abfe6ad2e93a89b777cb10fe9\";}','journal.alterbridge.edu.ge'),
('57unbbbaqgjv69hvj7r3hvvoo1',NULL,'66.249.74.129','Mozilla/5.0 (Linux; Android 6.0.1; Nexus 5X Build/MMB29P) AppleWebKit/537.36 (KHTML, like Gecko) Chrome/139.0.7258.127 Mobile Safari/537.36 (compatible; Googlebot/2.1; +http://www.google.com/bot.html)',1758993449,1758993449,0,'','journal.alterbridge.edu.ge'),
('58rhpbvpaefnqcnitcqbva4mg9',NULL,'185.70.53.228','Mozilla/5.0 (iPhone; CPU iPhone OS 18_6_0 like Mac OS X) AppleWebKit/605.1.15 (KHTML, like Gecko) CriOS/139.0.7258.76 Mobile/15E148 Safari/604.1',1758610830,1758610831,0,'csrf|a:2:{s:9:\"timestamp\";i:1758610831;s:5:\"token\";s:32:\"ff831f0edf53e3f911f103ae74657d78\";}','journal.alterbridge.edu.ge'),
('593psimerk88fl6b31j6adkqko',NULL,'66.249.74.129','Mozilla/5.0 (Linux; Android 6.0.1; Nexus 5X Build/MMB29P) AppleWebKit/537.36 (KHTML, like Gecko) Chrome/139.0.7258.127 Mobile Safari/537.36 (compatible; Googlebot/2.1; +http://www.google.com/bot.html)',1758964048,1758964048,0,'','journal.alterbridge.edu.ge'),
('59pmtv95iif32v5v8hqj0ad8q0',NULL,'66.249.74.131','Googlebot/2.1 (+http://www.google.com/bot.html)',1758771439,1758771439,0,'','journal.alterbridge.edu.ge'),
('5aeuvqppvcp3rjgmtqeld6i9en',NULL,'66.249.74.129','Mozilla/5.0 (Linux; Android 6.0.1; Nexus 5X Build/MMB29P) AppleWebKit/537.36 (KHTML, like Gecko) Chrome/139.0.7258.127 Mobile Safari/537.36 (compatible; Googlebot/2.1; +http://www.google.com/bot.html)',1758664552,1758664552,0,'','journal.alterbridge.edu.ge'),
('5aj3ni5t5jgs1ri78ce1p4prtq',NULL,'66.249.74.131','Googlebot/2.1 (+http://www.google.com/bot.html)',1758598612,1758598612,0,'','journal.alterbridge.edu.ge'),
('5fg4efg28ktcdosubhcbp5iate',NULL,'180.242.68.194','Mozilla/5.0 (Windows NT 10.0; Win64; x64) AppleWebKit/537.36 (KHTML, like Gecko) Chrome/120.0.6099.71 Safari/537.36',1758926843,1758926844,0,'csrf|a:2:{s:9:\"timestamp\";i:1758926844;s:5:\"token\";s:32:\"6d991e2201044e86852709bbcc1ffba1\";}','journal.alterbridge.edu.ge'),
('5gh79divbidb0t9jn1c246fa1p',NULL,'38.47.36.194','Mozilla/5.0 (compatible; CMS-Checker/1.0; +https://example.com)',1758788908,1758788908,0,'','journal.alterbridge.edu.ge'),
('5hflh74s5it5rj0dqms95e3l6a',NULL,'77.88.47.4','Mozilla/5.0 (compatible; YandexBot/3.0; +http://yandex.com/bots)',1758892766,1758892766,0,'currentLocale|s:5:\"en_US\";','journal.alterbridge.edu.ge'),
('5j5dfa3h01qr9thkho5gv8cfbv',NULL,'66.249.74.129','Googlebot/2.1 (+http://www.google.com/bot.html)',1758919729,1758919729,0,'','journal.alterbridge.edu.ge'),
('5kjc392745mjaj6uiebgvlsl4f',NULL,'17.241.75.247','Mozilla/5.0 (Macintosh; Intel Mac OS X 10_15_7) AppleWebKit/605.1.15 (KHTML, like Gecko) Version/17.4 Safari/605.1.15 (Applebot/0.1; +http://www.apple.com/go/applebot)',1758899363,1758899363,0,'','journal.alterbridge.edu.ge'),
('5l9csb13acu0ro5aqeimui6nnq',NULL,'52.167.144.213','Mozilla/5.0 AppleWebKit/537.36 (KHTML, like Gecko; compatible; bingbot/2.0; +http://www.bing.com/bingbot.htm) Chrome/116.0.1938.76 Safari/537.36',1758686781,1758686781,0,'','journal.alterbridge.edu.ge'),
('5oje03hp06dilapfjpaprr2vat',NULL,'217.113.194.114','Mozilla/5.0 (compatible; Barkrowler/0.9; +https://babbar.tech/crawler)',1758762465,1758762465,0,'currentLocale|s:5:\"ka_GE\";','journal.alterbridge.edu.ge'),
('5p6uphpje62f22236sl2nivlg5',NULL,'66.249.74.131','Mozilla/5.0 (Linux; Android 6.0.1; Nexus 5X Build/MMB29P) AppleWebKit/537.36 (KHTML, like Gecko) Chrome/139.0.7258.127 Mobile Safari/537.36 (compatible; Googlebot/2.1; +http://www.google.com/bot.html)',1758828295,1758828295,0,'','journal.alterbridge.edu.ge'),
('5qfo55efhbd69ivacq5pj2u596',NULL,'66.249.74.129','Mozilla/5.0 (Linux; Android 6.0.1; Nexus 5X Build/MMB29P) AppleWebKit/537.36 (KHTML, like Gecko) Chrome/139.0.7258.127 Mobile Safari/537.36 (compatible; Googlebot/2.1; +http://www.google.com/bot.html)',1758710853,1758710853,0,'','journal.alterbridge.edu.ge'),
('5s319coi5eoparpeo0avbuv5ds',NULL,'66.249.74.129','Mozilla/5.0 (Linux; Android 6.0.1; Nexus 5X Build/MMB29P) AppleWebKit/537.36 (KHTML, like Gecko) Chrome/139.0.7258.127 Mobile Safari/537.36 (compatible; Googlebot/2.1; +http://www.google.com/bot.html)',1758777984,1758777988,0,'','journal.alterbridge.edu.ge'),
('5sjagam6ml91aa2g1lae9i8rgk',NULL,'40.77.167.11','Mozilla/5.0 AppleWebKit/537.36 (KHTML, like Gecko; compatible; bingbot/2.0; +http://www.bing.com/bingbot.htm) Chrome/116.0.1938.76 Safari/537.36',1758938599,1758938599,0,'','journal.alterbridge.edu.ge'),
('5ub73klpgjaofu91n3h5jo4i6h',NULL,'139.18.241.23','metha/0.4.15',1758944478,1758944478,0,'','journal.alterbridge.edu.ge'),
('5vo7l7por9ndero8uknf5lcmb5',NULL,'66.249.74.129','Mozilla/5.0 (Linux; Android 6.0.1; Nexus 5X Build/MMB29P) AppleWebKit/537.36 (KHTML, like Gecko) Chrome/139.0.7258.127 Mobile Safari/537.36 (compatible; Googlebot/2.1; +http://www.google.com/bot.html)',1758715038,1758715038,0,'','journal.alterbridge.edu.ge'),
('614ier6qqf60ckmn34clfg3giv',NULL,'52.167.144.231','Mozilla/5.0 AppleWebKit/537.36 (KHTML, like Gecko; compatible; bingbot/2.0; +http://www.bing.com/bingbot.htm) Chrome/116.0.1938.76 Safari/537.36',1758604397,1758604397,0,'','journal.alterbridge.edu.ge'),
('65a6u4so96slcjfnnnj1rofe1t',NULL,'34.246.121.193','Mozilla/5.0 (Windows NT 10.0; Win64; x64) AppleWebKit/537.36 (KHTML, like Gecko) Chrome/118.0.0.0 Safari/537.36',1758705788,1758705788,0,'','journal.alterbridge.edu.ge'),
('67bqmoamp3qlbprpjkg0h562gq',NULL,'51.195.215.132','Mozilla/5.0 (compatible; AhrefsBot/7.0; +http://ahrefs.com/robot/)',1758780522,1758780522,0,'csrf|a:2:{s:9:\"timestamp\";i:1758780522;s:5:\"token\";s:32:\"4c8801c995ff0f0d254209cda43da2f1\";}','journal.alterbridge.edu.ge'),
('67et21r5rmchnn0id1sjh5d174',NULL,'66.249.74.130','Googlebot/2.1 (+http://www.google.com/bot.html)',1758835738,1758835738,0,'','journal.alterbridge.edu.ge'),
('69e11qjr0cucfqp3viogs600v6',NULL,'66.249.74.130','Mozilla/5.0 (Linux; Android 6.0.1; Nexus 5X Build/MMB29P) AppleWebKit/537.36 (KHTML, like Gecko) Chrome/139.0.7258.127 Mobile Safari/537.36 (compatible; Googlebot/2.1; +http://www.google.com/bot.html)',1758992965,1758992965,0,'currentLocale|s:5:\"ka_GE\";','journal.alterbridge.edu.ge'),
('6apl3j2nl7ef868kk4d8vn57pe',NULL,'66.249.74.131','Mozilla/5.0 (Linux; Android 6.0.1; Nexus 5X Build/MMB29P) AppleWebKit/537.36 (KHTML, like Gecko) Chrome/139.0.7258.127 Mobile Safari/537.36 (compatible; Googlebot/2.1; +http://www.google.com/bot.html)',1758780296,1758780296,0,'','journal.alterbridge.edu.ge'),
('6bepjjgkcbh19eul5601pqdssc',NULL,'180.242.68.194','Mozilla/5.0 (Windows NT 10.0; Win64; x64) AppleWebKit/537.36 (KHTML, like Gecko) Chrome/120.0.6099.71 Safari/537.36',1758829497,1758829498,0,'csrf|a:2:{s:9:\"timestamp\";i:1758829498;s:5:\"token\";s:32:\"c4858084dba533d5246340c0b8021988\";}','journal.alterbridge.edu.ge'),
('6dcjeed9rm9mq8d8eldncfs70i',NULL,'51.195.215.151','Mozilla/5.0 (compatible; AhrefsBot/7.0; +http://ahrefs.com/robot/)',1758816840,1758816840,0,'','journal.alterbridge.edu.ge'),
('6eq5u7oimc309a17g89if3gmma',NULL,'185.191.171.2','Mozilla/5.0 (compatible; SemrushBot/7~bl; +http://www.semrush.com/bot.html)',1758643729,1758643729,0,'','journal.alterbridge.edu.ge'),
('6gm06td5lgbns2dseanqufjjoo',NULL,'66.249.74.130','Mozilla/5.0 (Linux; Android 6.0.1; Nexus 5X Build/MMB29P) AppleWebKit/537.36 (KHTML, like Gecko) Chrome/139.0.7258.127 Mobile Safari/537.36 (compatible; Googlebot/2.1; +http://www.google.com/bot.html)',1758733481,1758733481,0,'','journal.alterbridge.edu.ge'),
('6mi95aetl5u23b8vln0q492vdb',NULL,'74.7.36.92','Mozilla/5.0 AppleWebKit/537.36 (KHTML, like Gecko); compatible; ChatGPT-User/1.0; +https://openai.com/bot',1758999410,1758999410,0,'','journal.alterbridge.edu.ge'),
('6nmt952eashst4frd6a9ij0c7g',NULL,'66.249.74.131','Mozilla/5.0 (Linux; Android 6.0.1; Nexus 5X Build/MMB29P) AppleWebKit/537.36 (KHTML, like Gecko) Chrome/139.0.7258.127 Mobile Safari/537.36 (compatible; Googlebot/2.1; +http://www.google.com/bot.html)',1758720621,1758720621,0,'','journal.alterbridge.edu.ge'),
('6ph2bf5fdur0rpbl7petiujefr',NULL,'66.249.74.131','Googlebot/2.1 (+http://www.google.com/bot.html)',1758599119,1758599119,0,'','journal.alterbridge.edu.ge'),
('6pvht7gh66nbdvjqd66c15972v',NULL,'51.195.244.42','Mozilla/5.0 (compatible; AhrefsBot/7.0; +http://ahrefs.com/robot/)',1758829004,1758829004,0,'','journal.alterbridge.edu.ge'),
('6q3l8ml8d1n39o96hovjtraao4',NULL,'85.208.96.195','Mozilla/5.0 (compatible; SemrushBot/7~bl; +http://www.semrush.com/bot.html)',1758663646,1758663646,0,'','journal.alterbridge.edu.ge'),
('6q3lmnocq73h3cpet9j05harv7',NULL,'66.249.70.35','Mozilla/5.0 (Linux; Android 6.0.1; Nexus 5X Build/MMB29P) AppleWebKit/537.36 (KHTML, like Gecko) Chrome/139.0.7258.127 Mobile Safari/537.36 (compatible; Googlebot/2.1; +http://www.google.com/bot.html)',1758922102,1758922102,0,'','journal.alterbridge.edu.ge'),
('6tc7islrhvs1at20jlp94u28bg',NULL,'51.195.183.27','Mozilla/5.0 (compatible; AhrefsBot/7.0; +http://ahrefs.com/robot/)',1758855232,1758855232,0,'','journal.alterbridge.edu.ge'),
('6uj5egul3dmkvsa09hbqi25602',NULL,'198.244.168.14','Mozilla/5.0 (compatible; AhrefsBot/7.0; +http://ahrefs.com/robot/)',1758839845,1758839845,0,'','journal.alterbridge.edu.ge'),
('71903oqb75g0k2m0ueusl66ofb',NULL,'217.113.194.118','Mozilla/5.0 (compatible; Barkrowler/0.9; +https://babbar.tech/crawler)',1758762142,1758762142,0,'','journal.alterbridge.edu.ge'),
('7534iua5734ke89h4v1bdubp6l',NULL,'66.249.74.129','Googlebot/2.1 (+http://www.google.com/bot.html)',1758989277,1758989277,0,'','journal.alterbridge.edu.ge'),
('761gfjr4godmmdn756ais5fcg7',NULL,'77.88.47.28','Mozilla/5.0 (compatible; YandexBot/3.0; +http://yandex.com/bots)',1758947212,1758947212,0,'','journal.alterbridge.edu.ge'),
('7ag15flud1ff4ugjtk1lll3e6j',NULL,'74.7.36.103','Mozilla/5.0 AppleWebKit/537.36 (KHTML, like Gecko); compatible; ChatGPT-User/1.0; +https://openai.com/bot',1758867317,1758867317,0,'','journal.alterbridge.edu.ge'),
('7bt5vsenjlr9k3ol3ameqesok5',NULL,'40.77.167.156','Mozilla/5.0 AppleWebKit/537.36 (KHTML, like Gecko; compatible; bingbot/2.0; +http://www.bing.com/bingbot.htm) Chrome/116.0.1938.76 Safari/537.36',1758840020,1758840020,0,'','journal.alterbridge.edu.ge'),
('7cubp6bibss87bglkrefebg2jg',NULL,'51.195.244.78','Mozilla/5.0 (compatible; AhrefsBot/7.0; +http://ahrefs.com/robot/)',1758826472,1758826472,0,'','journal.alterbridge.edu.ge'),
('7e1mp52565lr3jgu2scjuqemaa',NULL,'185.191.171.18','Mozilla/5.0 (compatible; SemrushBot/7~bl; +http://www.semrush.com/bot.html)',1758670251,1758670251,0,'','journal.alterbridge.edu.ge'),
('7f5otkb2qho8eqq74312v1kn92',NULL,'66.249.74.131','Googlebot/2.1 (+http://www.google.com/bot.html)',1758771060,1758771060,0,'','journal.alterbridge.edu.ge'),
('7fcfdo2isi6r5h978e9enovu4j',NULL,'185.191.171.18','Mozilla/5.0 (compatible; SemrushBot/7~bl; +http://www.semrush.com/bot.html)',1758870682,1758870682,0,'','journal.alterbridge.edu.ge'),
('7ik1e3le8j31hf2kdk1jggptra',NULL,'185.191.171.10','Mozilla/5.0 (compatible; SemrushBot/7~bl; +http://www.semrush.com/bot.html)',1758673789,1758673789,0,'','journal.alterbridge.edu.ge'),
('7j5mn89l0uf6a2pnaer8abbrpo',NULL,'57.141.0.47','meta-externalagent/1.1 (+https://developers.facebook.com/docs/sharing/webmasters/crawler)',1758690148,1758690148,0,'','journal.alterbridge.edu.ge'),
('7jqr51j02jge4mt71mknn47mnj',NULL,'69.171.231.6','facebookexternalhit/1.1 (+http://www.facebook.com/externalhit_uatext.php)',1758874344,1758874344,0,'','journal.alterbridge.edu.ge'),
('7k27hj6lkv3ob8a4n09ftikmbm',NULL,'66.249.74.129','Googlebot/2.1 (+http://www.google.com/bot.html)',1758811159,1758811159,0,'','journal.alterbridge.edu.ge'),
('7kf0g4fc3gviksn9pp1bk6g79o',NULL,'202.76.161.204','Mozilla/5.0 (X11; U; Linux i686; en-US; rv:1.9.2.7) Gecko/20100726 CentOS/3.6-3.el5.centos Firefox/3.6.7',1758674776,1758674776,0,'','journal.alterbridge.edu.ge'),
('7l7092khn5o3qo8s4bj5h273li',NULL,'66.249.74.130','Googlebot/2.1 (+http://www.google.com/bot.html)',1758854033,1758854033,0,'','journal.alterbridge.edu.ge'),
('7opdgr6rjahmr0gl453gh5tv67',NULL,'66.249.74.131','Googlebot/2.1 (+http://www.google.com/bot.html)',1758922363,1758922363,0,'','journal.alterbridge.edu.ge'),
('7poo6oqoolu22gvusj08u78r93',NULL,'207.46.13.6','Mozilla/5.0 AppleWebKit/537.36 (KHTML, like Gecko; compatible; bingbot/2.0; +http://www.bing.com/bingbot.htm) Chrome/116.0.1938.76 Safari/537.36',1758779602,1758779602,0,'','journal.alterbridge.edu.ge'),
('7r8qmbi136dmn26l1aoo91mlqh',NULL,'47.253.154.229','aria2/1.36.0',1758627931,1758627931,0,'','journal.alterbridge.edu.ge'),
('7sp3b235f1j8im5209ebit9e9m',NULL,'51.75.236.155','Mozilla/5.0 (compatible; AhrefsBot/7.0; +http://ahrefs.com/robot/)',1758951021,1758951021,0,'','journal.alterbridge.edu.ge'),
('7uj9q9chd2ioplcp3d1m5vbifd',NULL,'66.249.74.129','Googlebot/2.1 (+http://www.google.com/bot.html)',1758901307,1758901307,0,'','journal.alterbridge.edu.ge'),
('7v0ocmin869ogpcavllus2ijnd',NULL,'180.242.68.194','Mozilla/5.0 (Windows NT 10.0; Win64; x64) AppleWebKit/537.36 (KHTML, like Gecko) Chrome/120.0.6099.71 Safari/537.36',1758926880,1758926882,0,'csrf|a:2:{s:9:\"timestamp\";i:1758926883;s:5:\"token\";s:32:\"9cb713dd3b618113527680eb66d15f65\";}','journal.alterbridge.edu.ge'),
('7vpro62u6l09s2c1ce335me1i8',NULL,'66.249.74.131','Googlebot/2.1 (+http://www.google.com/bot.html)',1758881963,1758881963,0,'','journal.alterbridge.edu.ge'),
('80ae59a2t10b4708o309p0h8mi',NULL,'66.249.74.129','Googlebot/2.1 (+http://www.google.com/bot.html)',1758945219,1758945219,0,'','journal.alterbridge.edu.ge'),
('82s098885tfcvs5hlm8es6affk',NULL,'185.191.171.6','Mozilla/5.0 (compatible; SemrushBot/7~bl; +http://www.semrush.com/bot.html)',1758667344,1758667344,0,'','journal.alterbridge.edu.ge'),
('847utpikeat85267p7b1m4n82o',NULL,'66.249.74.131','Mozilla/5.0 (Linux; Android 6.0.1; Nexus 5X Build/MMB29P) AppleWebKit/537.36 (KHTML, like Gecko) Chrome/139.0.7258.127 Mobile Safari/537.36 (compatible; Googlebot/2.1; +http://www.google.com/bot.html)',1758672091,1758672091,0,'','journal.alterbridge.edu.ge'),
('89k6ig0uqor9gpnlq84eeq3t98',NULL,'85.208.96.208','Mozilla/5.0 (compatible; SemrushBot/7~bl; +http://www.semrush.com/bot.html)',1758672351,1758672351,0,'','journal.alterbridge.edu.ge'),
('8c6d1bag4m2lf0cilu6tmrdkbh',NULL,'180.190.49.196','Mozilla/5.0 (Windows NT 10.0; Win64; x64) AppleWebKit/537.36 (KHTML, like Gecko) Chrome/140.0.0.0 Safari/537.36',1758634761,1758634762,0,'','journal.alterbridge.edu.ge'),
('8d317v3io9oumudqhinluap4uc',NULL,'66.249.74.131','Googlebot/2.1 (+http://www.google.com/bot.html)',1758617754,1758617754,0,'','journal.alterbridge.edu.ge'),
('8di8lbvr1meteu166l23kok9i4',NULL,'66.249.74.131','Mozilla/5.0 (Linux; Android 6.0.1; Nexus 5X Build/MMB29P) AppleWebKit/537.36 (KHTML, like Gecko) Chrome/139.0.7258.127 Mobile Safari/537.36 (compatible; Googlebot/2.1; +http://www.google.com/bot.html)',1758788865,1758788865,0,'','journal.alterbridge.edu.ge'),
('8f1b0isabs7i3uk8n1ndvacgm2',NULL,'85.208.96.205','Mozilla/5.0 (compatible; SemrushBot/7~bl; +http://www.semrush.com/bot.html)',1758674802,1758674802,0,'','journal.alterbridge.edu.ge'),
('8gk1ut35t3qadmc3nnjchii43d',NULL,'66.249.74.129','Googlebot/2.1 (+http://www.google.com/bot.html)',1758918968,1758918968,0,'','journal.alterbridge.edu.ge'),
('8h65k70kiohjojuonq76r74a61',NULL,'198.244.242.29','Mozilla/5.0 (compatible; AhrefsBot/7.0; +http://ahrefs.com/robot/)',1758824058,1758824058,0,'','journal.alterbridge.edu.ge'),
('8h7pdg9df8hdqhdkq5odo9kvrv',NULL,'82.211.162.87','Mozilla/5.0 (iPhone; CPU iPhone OS 18_6_2 like Mac OS X) AppleWebKit/605.1.15 (KHTML, like Gecko) Version/18.6 Mobile/15E148 Safari/604.1',1758796941,1758796947,0,'','journal.alterbridge.edu.ge'),
('8k2nlnhjvjv163i1fjv4vd3mrm',NULL,'66.249.74.130','Googlebot/2.1 (+http://www.google.com/bot.html)',1758621144,1758621144,0,'','journal.alterbridge.edu.ge'),
('8kcoh5934d89p4qs2ukhq6v5e3',NULL,'188.239.8.194','Mozilla/5.0 (Macintosh; Intel Mac OS X 10_15_7) AppleWebKit/537.36 (KHTML, like Gecko) Chrome/129.0.0.0 Safari/537.36',1758922057,1758922063,0,'','journal.alterbridge.edu.ge'),
('8kj6t28d5ic5tjmppe0tafng1d',NULL,'66.249.74.131','Googlebot/2.1 (+http://www.google.com/bot.html)',1758621099,1758621099,0,'','journal.alterbridge.edu.ge'),
('8l71f23o2irfusb98laa6en5dj',NULL,'217.113.194.119','Mozilla/5.0 (compatible; Barkrowler/0.9; +https://babbar.tech/crawler)',1758762518,1758762518,0,'currentLocale|s:5:\"en_US\";','journal.alterbridge.edu.ge'),
('8m9tu424b5l1vmohlogp3b1jvs',NULL,'217.113.194.114','Mozilla/5.0 (compatible; Barkrowler/0.9; +https://babbar.tech/crawler)',1758762573,1758762573,0,'','journal.alterbridge.edu.ge'),
('8p09oqpo6dt7l73kmk12dqvpms',NULL,'40.77.167.35','Mozilla/5.0 AppleWebKit/537.36 (KHTML, like Gecko; compatible; bingbot/2.0; +http://www.bing.com/bingbot.htm) Chrome/116.0.1938.76 Safari/537.36',1758656778,1758656778,0,'','journal.alterbridge.edu.ge'),
('8q5qh5snncd6hq03bvp4mdc6a5',NULL,'91.209.8.123','mozilla/5.0 (windows nt 10.0; win64; x64) applewebkit/537.36 (khtml, like gecko) chrome/129.0.6668.42 safari/537.36',1758893471,1758893471,0,'','journal.alterbridge.edu.ge'),
('8rn0t0dmqj72rlvhkqgc3vjtqs',NULL,'66.249.74.131','Mozilla/5.0 (Linux; Android 6.0.1; Nexus 5X Build/MMB29P) AppleWebKit/537.36 (KHTML, like Gecko) Chrome/139.0.7258.127 Mobile Safari/537.36 (compatible; Googlebot/2.1; +http://www.google.com/bot.html)',1758654331,1758654331,0,'','journal.alterbridge.edu.ge'),
('8tgve9a8f6a5q0a4ekhpi3b26q',NULL,'85.208.96.207','Mozilla/5.0 (compatible; SemrushBot/7~bl; +http://www.semrush.com/bot.html)',1758632988,1758632988,0,'','journal.alterbridge.edu.ge'),
('90mgdmo1kgrun58mqni7vvceks',NULL,'66.249.74.129','Mozilla/5.0 (Linux; Android 6.0.1; Nexus 5X Build/MMB29P) AppleWebKit/537.36 (KHTML, like Gecko) Chrome/139.0.7258.127 Mobile Safari/537.36 (compatible; Googlebot/2.1; +http://www.google.com/bot.html)',1758673625,1758673625,0,'','journal.alterbridge.edu.ge'),
('921a72726rjjgvv14lqdnf5ght',NULL,'66.249.74.131','Googlebot/2.1 (+http://www.google.com/bot.html)',1758749146,1758749146,0,'','journal.alterbridge.edu.ge'),
('949q2cfgnccpf7ljid1onbp4t3',NULL,'66.249.74.130','Googlebot/2.1 (+http://www.google.com/bot.html)',1758900742,1758900742,0,'','journal.alterbridge.edu.ge'),
('9634nn8qo1nsm7dvjieekt6n4p',NULL,'54.38.147.127','Mozilla/5.0 (compatible; AhrefsBot/7.0; +http://ahrefs.com/robot/)',1758843342,1758843342,0,'csrf|a:2:{s:9:\"timestamp\";i:1758843342;s:5:\"token\";s:32:\"0d52de25a27e6cb01d542b2f164192a4\";}','journal.alterbridge.edu.ge'),
('97aj26pbn36rnu9svieghamsun',NULL,'114.119.155.205','Mozilla/5.0 (Linux; Android 7.0;) AppleWebKit/537.36 (KHTML, like Gecko) Mobile Safari/537.36 (compatible; PetalBot;+https://webmaster.petalsearch.com/site/petalbot)',1758724743,1758724743,0,'','journal.alterbridge.edu.ge'),
('97eb3oor2n4mvquated4cpvftc',NULL,'66.249.74.130','Googlebot/2.1 (+http://www.google.com/bot.html)',1758858007,1758858007,0,'','journal.alterbridge.edu.ge'),
('988th7a7vktna5qojkqeklg3ph',NULL,'139.18.241.23','metha/0.4.15',1758950011,1758950011,0,'','journal.alterbridge.edu.ge'),
('99asguuql6i86kqj7abo2rm60v',NULL,'85.208.96.212','Mozilla/5.0 (compatible; SemrushBot/7~bl; +http://www.semrush.com/bot.html)',1758651893,1758651893,0,'','journal.alterbridge.edu.ge'),
('99sc9ad410l2ggnjs4eskm57h3',NULL,'180.242.68.194','Mozilla/5.0 (Windows NT 10.0; Win64; x64) AppleWebKit/537.36 (KHTML, like Gecko) Chrome/120.0.6099.71 Safari/537.36',1758926917,1758926920,0,'csrf|a:2:{s:9:\"timestamp\";i:1758926920;s:5:\"token\";s:32:\"e53fb09f86641e8753556f70b75ab459\";}','journal.alterbridge.edu.ge'),
('9ad1s5omfgucscub4v0n8h3ae6',NULL,'66.249.74.131','Googlebot/2.1 (+http://www.google.com/bot.html)',1758728506,1758728506,0,'','journal.alterbridge.edu.ge'),
('9e45h747e3ua2v2u07e2dpg4ve',NULL,'180.242.68.194','Mozilla/5.0 (Windows NT 10.0; Win64; x64) AppleWebKit/537.36 (KHTML, like Gecko) Chrome/120.0.6099.71 Safari/537.36',1758829511,1758829512,0,'csrf|a:2:{s:9:\"timestamp\";i:1758829512;s:5:\"token\";s:32:\"a8a1ee613f88ad118750be2c9f04ab4b\";}','journal.alterbridge.edu.ge'),
('9fesr13g3j4hogigdqdoad5053',NULL,'66.249.74.131','Googlebot/2.1 (+http://www.google.com/bot.html)',1758881332,1758881332,0,'','journal.alterbridge.edu.ge'),
('9fvkdgggc187oftkhs3lu5tolf',NULL,'66.249.74.129','Mozilla/5.0 (Linux; Android 6.0.1; Nexus 5X Build/MMB29P) AppleWebKit/537.36 (KHTML, like Gecko) Chrome/139.0.7258.127 Mobile Safari/537.36 (compatible; Googlebot/2.1; +http://www.google.com/bot.html)',1758594091,1758594091,0,'','journal.alterbridge.edu.ge'),
('9hlj97ihogutsasigqdfcu52pf',NULL,'51.195.215.173','Mozilla/5.0 (compatible; AhrefsBot/7.0; +http://ahrefs.com/robot/)',1758819548,1758819548,0,'','journal.alterbridge.edu.ge'),
('9ir7ssvjcu99q21p58hd4falon',NULL,'51.89.129.123','Mozilla/5.0 (compatible; AhrefsBot/7.0; +http://ahrefs.com/robot/)',1758834896,1758834896,0,'','journal.alterbridge.edu.ge'),
('9kkpib9n8lflj4ftkssh2javh3',NULL,'66.249.74.129','Googlebot/2.1 (+http://www.google.com/bot.html)',1758924353,1758924353,0,'','journal.alterbridge.edu.ge'),
('9lak1073h42390828ue5lesc9d',NULL,'77.88.47.4','Mozilla/5.0 (compatible; YandexBot/3.0; +http://yandex.com/bots)',1758949255,1758949255,0,'','journal.alterbridge.edu.ge'),
('9nnk7r793m4a2q1c905fps9dhq',NULL,'66.249.74.129','Googlebot/2.1 (+http://www.google.com/bot.html)',1758623161,1758623161,0,'','journal.alterbridge.edu.ge'),
('9o221572ktl85hl7b51r8ps1nh',NULL,'85.208.96.212','Mozilla/5.0 (compatible; SemrushBot/7~bl; +http://www.semrush.com/bot.html)',1758647417,1758647417,0,'','journal.alterbridge.edu.ge'),
('9o8e6860p8ck5idv91d9lhp86o',NULL,'66.249.74.129','Googlebot/2.1 (+http://www.google.com/bot.html)',1758982771,1758982771,0,'','journal.alterbridge.edu.ge'),
('9obpb90on3koebemk03i7rbnbb',NULL,'52.167.144.147','Mozilla/5.0 AppleWebKit/537.36 (KHTML, like Gecko; compatible; bingbot/2.0; +http://www.bing.com/bingbot.htm) Chrome/116.0.1938.76 Safari/537.36',1758972354,1758972354,0,'','journal.alterbridge.edu.ge'),
('9pm2lg76f8apf3bcrvapkvo291',NULL,'34.142.252.1','Mozilla/5.0 (Linux; Android 5.1.1; SM-J111F)',1758899638,1758899638,0,'','journal.alterbridge.edu.ge'),
('9qmednl0c5tss6efatfbecq1u4',NULL,'66.249.74.130','Mozilla/5.0 (Linux; Android 6.0.1; Nexus 5X Build/MMB29P) AppleWebKit/537.36 (KHTML, like Gecko) Chrome/139.0.7258.127 Mobile Safari/537.36 (compatible; Googlebot/2.1; +http://www.google.com/bot.html)',1758839992,1758839992,0,'','journal.alterbridge.edu.ge'),
('9rii20a9gt6vpd27a5klb1t94k',NULL,'217.113.194.116','Mozilla/5.0 (compatible; Barkrowler/0.9; +https://babbar.tech/crawler)',1758762501,1758762501,0,'currentLocale|s:5:\"en_US\";','journal.alterbridge.edu.ge'),
('9rjb1k41pnqnlujd3mja08dcij',NULL,'77.88.47.9','Mozilla/5.0 (compatible; YandexBot/3.0; +http://yandex.com/bots)',1758592610,1758592610,0,'','journal.alterbridge.edu.ge'),
('9rkd67jafmlsvjpdsvv64qdfng',NULL,'176.31.139.10','Mozilla/5.0 (compatible; AhrefsBot/7.0; +http://ahrefs.com/robot/)',1758951648,1758951648,0,'','journal.alterbridge.edu.ge'),
('9rnuigdi9lh4pk5aggvlpm0aa8',NULL,'185.191.171.16','Mozilla/5.0 (compatible; SemrushBot/7~bl; +http://www.semrush.com/bot.html)',1758670876,1758670876,0,'','journal.alterbridge.edu.ge'),
('9srmdr6e6ppvhaps6q1de6ipj7',NULL,'77.88.47.25','Mozilla/5.0 (compatible; YandexBot/3.0; +http://yandex.com/bots)',1758950963,1758950963,0,'','journal.alterbridge.edu.ge'),
('9vq0e5acm8pa4caaqchnl7qng0',NULL,'77.88.47.27','Mozilla/5.0 (compatible; YandexBot/3.0; +http://yandex.com/bots)',1758624043,1758624043,0,'','journal.alterbridge.edu.ge'),
('a1qbb6kjt71ud4ae57njl3sevo',NULL,'66.249.74.130','Mozilla/5.0 (Linux; Android 6.0.1; Nexus 5X Build/MMB29P) AppleWebKit/537.36 (KHTML, like Gecko) Chrome/139.0.7258.127 Mobile Safari/537.36 (compatible; Googlebot/2.1; +http://www.google.com/bot.html)',1758599018,1758599018,0,'','journal.alterbridge.edu.ge'),
('a20iqa4oq0usv63u5vr8i738gr',NULL,'85.208.96.193','Mozilla/5.0 (compatible; SemrushBot/7~bl; +http://www.semrush.com/bot.html)',1758686865,1758686865,0,'','journal.alterbridge.edu.ge'),
('a2t4ipaphk9m1sfelooh5lotdp',NULL,'77.88.47.31','Mozilla/5.0 (compatible; YandexBot/3.0; +http://yandex.com/bots)',1758972316,1758972316,0,'','journal.alterbridge.edu.ge'),
('a47l66mr7vi9hcq496ncfu7sgp',NULL,'66.249.74.129','Googlebot/2.1 (+http://www.google.com/bot.html)',1758682204,1758682204,0,'','journal.alterbridge.edu.ge'),
('a4jmjtuiisel2fd2rfdnco7mt0',1,'93.177.132.147','Mozilla/5.0 (Windows NT 10.0; Win64; x64) AppleWebKit/537.36 (KHTML, like Gecko) Chrome/140.0.0.0 Safari/537.36 Edg/140.0.0.0',1757755511,1757966278,1,'csrf|a:2:{s:9:\"timestamp\";i:1757966279;s:5:\"token\";s:32:\"6113ad98e84816a30478b5086c09371b\";}userId|i:1;username|s:9:\"webmaster\";currentLocale|s:5:\"ka_GE\";','journal.alterbridge.edu.ge'),
('a63jcu61rsbk0m2h7vfu4apotn',NULL,'52.167.144.18','Mozilla/5.0 AppleWebKit/537.36 (KHTML, like Gecko; compatible; bingbot/2.0; +http://www.bing.com/bingbot.htm) Chrome/116.0.1938.76 Safari/537.36',1758915137,1758915139,0,'currentLocale|s:5:\"ka_GE\";','journal.alterbridge.edu.ge'),
('a6b2q8f0a6ab60la8vc0vlsfvl',NULL,'77.88.47.31','Mozilla/5.0 (compatible; YandexBot/3.0; +http://yandex.com/bots)',1758959157,1758959157,0,'','journal.alterbridge.edu.ge'),
('a6h9cs2ui7i3f0e4ajqskktkbb',NULL,'51.195.215.63','Mozilla/5.0 (compatible; AhrefsBot/7.0; +http://ahrefs.com/robot/)',1758831972,1758831972,0,'','journal.alterbridge.edu.ge'),
('a8ig7bf8mo1nboepa8fve5ceai',NULL,'40.77.167.42','Mozilla/5.0 AppleWebKit/537.36 (KHTML, like Gecko; compatible; bingbot/2.0; +http://www.bing.com/bingbot.htm) Chrome/116.0.1938.76 Safari/537.36',1758989261,1758989261,0,'','journal.alterbridge.edu.ge'),
('a8ol2j8v5v9kfirfi1qc3f9k83',NULL,'66.249.74.131','Googlebot/2.1 (+http://www.google.com/bot.html)',1758615431,1758615431,0,'','journal.alterbridge.edu.ge'),
('abnackvu42uadgb8ub4jrai8a5',NULL,'54.37.118.79','Mozilla/5.0 (compatible; AhrefsBot/7.0; +http://ahrefs.com/robot/)',1758899534,1758899534,0,'','journal.alterbridge.edu.ge'),
('ahfsu46tplgqfluhrjmjhiep99',NULL,'17.241.75.17','Mozilla/5.0 (Macintosh; Intel Mac OS X 10_15_7) AppleWebKit/605.1.15 (KHTML, like Gecko) Version/17.4 Safari/605.1.15 (Applebot/0.1; +http://www.apple.com/go/applebot)',1758650955,1758650955,0,'','journal.alterbridge.edu.ge'),
('ahq9fdt8dreac25t12sgqg85sp',NULL,'93.177.132.147','WhatsApp/2.23.20.0',1758703423,1758703423,0,'csrf|a:2:{s:9:\"timestamp\";i:1758703423;s:5:\"token\";s:32:\"aa06f59f74ca2d8d28ceef1a309b99c7\";}','journal.alterbridge.edu.ge'),
('aip2ocq4fdsu8j9aohfbdgbhdf',NULL,'207.46.13.125','Mozilla/5.0 AppleWebKit/537.36 (KHTML, like Gecko; compatible; bingbot/2.0; +http://www.bing.com/bingbot.htm) Chrome/116.0.1938.76 Safari/537.36',1758806654,1758806654,0,'','journal.alterbridge.edu.ge'),
('ak8v8h54f23afbbkjhndltguvh',NULL,'139.18.241.23','metha/0.4.15',1758819625,1758819625,0,'','journal.alterbridge.edu.ge'),
('almkisivgacam800nopgeoou69',NULL,'66.249.74.131','Googlebot/2.1 (+http://www.google.com/bot.html)',1758747163,1758747163,0,'','journal.alterbridge.edu.ge'),
('apai94tfo8kaqbbbmfegelqe3m',NULL,'176.31.139.31','Mozilla/5.0 (compatible; AhrefsBot/7.0; +http://ahrefs.com/robot/)',1758911160,1758911160,0,'currentLocale|s:5:\"en_US\";','journal.alterbridge.edu.ge'),
('apsf8a2dv9r7eg10j8aknvv4rl',NULL,'66.249.74.130','Mozilla/5.0 (Linux; Android 6.0.1; Nexus 5X Build/MMB29P) AppleWebKit/537.36 (KHTML, like Gecko) Chrome/139.0.7258.127 Mobile Safari/537.36 (compatible; Googlebot/2.1; +http://www.google.com/bot.html)',1758695131,1758695131,0,'','journal.alterbridge.edu.ge'),
('at9rf4i92lukfei5uhu86pcngk',NULL,'180.153.197.237','Mozilla/5.0 (iPhone; CPU iPhone OS 16_0 like Mac OS X) AppleWebKit/605.1.15 (KHTML, like Gecko) Version/18.0 Mobile/15E148 Safari/604.1',1758918772,1758918773,0,'','journal.alterbridge.edu.ge'),
('au2cod0k4cnn94hhj2qmh7m6co',NULL,'77.88.47.12','Mozilla/5.0 (compatible; YandexBot/3.0; +http://yandex.com/bots)',1758959023,1758959023,0,'','journal.alterbridge.edu.ge'),
('aua734be6i7a5f1ehfkbfrqt1u',NULL,'66.249.74.129','Googlebot/2.1 (+http://www.google.com/bot.html)',1758858023,1758858023,0,'','journal.alterbridge.edu.ge'),
('auqhlh6dif4pocr89cet9kdqvr',NULL,'85.208.96.209','Mozilla/5.0 (compatible; SemrushBot/7~bl; +http://www.semrush.com/bot.html)',1758685236,1758685236,0,'','journal.alterbridge.edu.ge'),
('b06rhd6mhjma2ub2e8sikgg6q8',NULL,'66.249.74.130','Mozilla/5.0 (Linux; Android 6.0.1; Nexus 5X Build/MMB29P) AppleWebKit/537.36 (KHTML, like Gecko) Chrome/139.0.7258.127 Mobile Safari/537.36 (compatible; Googlebot/2.1; +http://www.google.com/bot.html)',1758960090,1758960091,0,'currentLocale|s:5:\"ka_GE\";','journal.alterbridge.edu.ge'),
('b098d6d91oqsgq6g1f5obgv9u0',NULL,'111.119.200.105','Mozilla/5.0 (Macintosh; Intel Mac OS X 10_15_7) AppleWebKit/537.36 (KHTML, like Gecko) Chrome/131.0.0.0 Safari/537.36',1758993029,1758993031,0,'','journal.alterbridge.edu.ge'),
('b0u0plium5tofe64r610qeqvsr',NULL,'217.113.194.226','Mozilla/5.0 (compatible; Barkrowler/0.9; +https://babbar.tech/crawler)',1758762349,1758762349,0,'','journal.alterbridge.edu.ge'),
('b2vuiifnu1qg2fpcjjr59h2r4i',NULL,'77.88.47.12','Mozilla/5.0 (compatible; YandexBot/3.0; +http://yandex.com/bots)',1758961022,1758961022,0,'','journal.alterbridge.edu.ge'),
('b3lgdv7p1q7k8nr4739dejfp3i',NULL,'52.167.144.184','Mozilla/5.0 AppleWebKit/537.36 (KHTML, like Gecko; compatible; bingbot/2.0; +http://www.bing.com/bingbot.htm) Chrome/116.0.1938.76 Safari/537.36',1758839890,1758839890,0,'','journal.alterbridge.edu.ge'),
('b3o4klrc7u0hfufojha2s40aae',NULL,'85.208.96.194','Mozilla/5.0 (compatible; SemrushBot/7~bl; +http://www.semrush.com/bot.html)',1758637800,1758637800,0,'','journal.alterbridge.edu.ge'),
('b3qng8d823q7nsk30k1ri5057e',NULL,'66.249.74.129','Mozilla/5.0 (Linux; Android 6.0.1; Nexus 5X Build/MMB29P) AppleWebKit/537.36 (KHTML, like Gecko) Chrome/139.0.7258.127 Mobile Safari/537.36 (compatible; Googlebot/2.1; +http://www.google.com/bot.html)',1758628145,1758628145,0,'','journal.alterbridge.edu.ge'),
('b817cg72tv11vkc1cdvavr6de1',NULL,'85.208.96.208','Mozilla/5.0 (compatible; SemrushBot/7~bl; +http://www.semrush.com/bot.html)',1758654779,1758654779,0,'','journal.alterbridge.edu.ge'),
('b884n9lsnqtftjte27n4t4ck6d',NULL,'173.252.87.7','facebookexternalhit/1.1 (+http://www.facebook.com/externalhit_uatext.php)',1758874343,1758874343,0,'','journal.alterbridge.edu.ge'),
('bagdpvjjum6veh9nhpogivmri0',NULL,'51.195.215.48','Mozilla/5.0 (compatible; AhrefsBot/7.0; +http://ahrefs.com/robot/)',1758818945,1758818945,0,'','journal.alterbridge.edu.ge'),
('bdf50e6ui6ob9jsj34anhig9oe',NULL,'217.113.194.114','Mozilla/5.0 (compatible; Barkrowler/0.9; +https://babbar.tech/crawler)',1758762202,1758762202,0,'','journal.alterbridge.edu.ge'),
('bh4e1ncf5rn7epdduseo1fdtbn',NULL,'66.249.74.130','Mozilla/5.0 (Linux; Android 6.0.1; Nexus 5X Build/MMB29P) AppleWebKit/537.36 (KHTML, like Gecko) Chrome/139.0.7258.127 Mobile Safari/537.36 (compatible; Googlebot/2.1; +http://www.google.com/bot.html)',1758897732,1758897732,0,'','journal.alterbridge.edu.ge'),
('bl2ku48s83hphqs1a4lhoihc75',NULL,'85.208.96.193','Mozilla/5.0 (compatible; SemrushBot/7~bl; +http://www.semrush.com/bot.html)',1758643549,1758643549,0,'','journal.alterbridge.edu.ge'),
('bl372p5t3gjp6b62brtc8r4am3',NULL,'52.167.144.17','Mozilla/5.0 AppleWebKit/537.36 (KHTML, like Gecko; compatible; bingbot/2.0; +http://www.bing.com/bingbot.htm) Chrome/116.0.1938.76 Safari/537.36',1758797283,1758797283,0,'','journal.alterbridge.edu.ge'),
('bm9r3br83e74t3ceqml68m457s',NULL,'66.249.74.130','Googlebot/2.1 (+http://www.google.com/bot.html)',1758811188,1758811188,0,'','journal.alterbridge.edu.ge'),
('bo3dktt7g7nnctd6vcntjpui8c',NULL,'52.167.144.215','Mozilla/5.0 AppleWebKit/537.36 (KHTML, like Gecko; compatible; bingbot/2.0; +http://www.bing.com/bingbot.htm) Chrome/116.0.1938.76 Safari/537.36',1758959994,1758959994,0,'','journal.alterbridge.edu.ge'),
('booogdsuariimre7md55bji1ml',NULL,'217.113.194.114','Mozilla/5.0 (compatible; Barkrowler/0.9; +https://babbar.tech/crawler)',1758762683,1758762683,0,'','journal.alterbridge.edu.ge'),
('btbb5idtb4v38viuieget9ad9r',NULL,'173.252.107.10','facebookexternalhit/1.1 (+http://www.facebook.com/externalhit_uatext.php)',1758645664,1758645664,0,'','journal.alterbridge.edu.ge'),
('buuea7eb183a4o290992vbu3oo',NULL,'148.251.10.60','Mozilla/5.0 (Windows NT 10.0; Win64; x64) AppleWebKit/537.36 Chrome/91.0.4472.124',1758890611,1758890611,0,'','journal.alterbridge.edu.ge'),
('c0ee0iri1caj2ao9huilm3ls4i',NULL,'66.249.74.130','Mozilla/5.0 (Linux; Android 6.0.1; Nexus 5X Build/MMB29P) AppleWebKit/537.36 (KHTML, like Gecko) Chrome/139.0.7258.127 Mobile Safari/537.36 (compatible; Googlebot/2.1; +http://www.google.com/bot.html)',1758964049,1758964049,0,'','journal.alterbridge.edu.ge'),
('c1iv227d13pi8hrqeldr2q9t3g',NULL,'51.195.183.180','Mozilla/5.0 (compatible; AhrefsBot/7.0; +http://ahrefs.com/robot/)',1758844260,1758844260,0,'csrf|a:2:{s:9:\"timestamp\";i:1758844260;s:5:\"token\";s:32:\"40f068e159fc3ca0a4d081b222c6a49a\";}','journal.alterbridge.edu.ge'),
('c2dsthsssf8vfesknen0ea8q8a',NULL,'66.249.74.130','Googlebot/2.1 (+http://www.google.com/bot.html)',1758923599,1758923599,0,'','journal.alterbridge.edu.ge'),
('c2l2prt7488r2nl3ds2l5973mh',NULL,'66.249.74.129','Googlebot/2.1 (+http://www.google.com/bot.html)',1758814736,1758814736,0,'','journal.alterbridge.edu.ge'),
('c3tilcdis8d2lld50076hisq6o',NULL,'51.89.129.92','Mozilla/5.0 (compatible; AhrefsBot/7.0; +http://ahrefs.com/robot/)',1758856468,1758856468,0,'','journal.alterbridge.edu.ge'),
('c45akvrkc18v9c6aupdsdh5ujp',NULL,'180.242.68.194','Mozilla/5.0 (Windows NT 10.0; Win64; x64) AppleWebKit/537.36 (KHTML, like Gecko) Chrome/120.0.6099.71 Safari/537.36',1758926869,1758926870,0,'csrf|a:2:{s:9:\"timestamp\";i:1758926870;s:5:\"token\";s:32:\"9f8d89384cc60c05f7d6aa56f4fed40a\";}','journal.alterbridge.edu.ge'),
('c4jhjvsbe8asmueq5ea3dlbrdd',NULL,'85.208.96.200','Mozilla/5.0 (compatible; SemrushBot/7~bl; +http://www.semrush.com/bot.html)',1758651521,1758651521,0,'','journal.alterbridge.edu.ge'),
('c530k04d0bdrag4i7q89c6bt9t',NULL,'157.55.39.7','Mozilla/5.0 AppleWebKit/537.36 (KHTML, like Gecko; compatible; bingbot/2.0; +http://www.bing.com/bingbot.htm) Chrome/116.0.1938.76 Safari/537.36',1758766044,1758766044,0,'','journal.alterbridge.edu.ge'),
('c7eg0o9kqk7s9795999egbnktj',NULL,'114.119.148.160','Mozilla/5.0 (Linux; Android 7.0;) AppleWebKit/537.36 (KHTML, like Gecko) Mobile Safari/537.36 (compatible; PetalBot;+https://webmaster.petalsearch.com/site/petalbot)',1758701097,1758701097,0,'','journal.alterbridge.edu.ge'),
('c8vba183bih1aea9ltdsge4i4n',NULL,'66.249.74.130','Mozilla/5.0 (Linux; Android 6.0.1; Nexus 5X Build/MMB29P) AppleWebKit/537.36 (KHTML, like Gecko) Chrome/139.0.7258.127 Mobile Safari/537.36 (compatible; Googlebot/2.1; +http://www.google.com/bot.html)',1758620032,1758620032,0,'','journal.alterbridge.edu.ge'),
('c93eb6k32t5ob98jchd8425esu',NULL,'85.208.96.209','Mozilla/5.0 (compatible; SemrushBot/7~bl; +http://www.semrush.com/bot.html)',1758633877,1758633877,0,'','journal.alterbridge.edu.ge'),
('ca8ldkc25jlj8oqlop5sasn39j',NULL,'66.249.74.130','Googlebot/2.1 (+http://www.google.com/bot.html)',1758709650,1758709650,0,'','journal.alterbridge.edu.ge'),
('ca9n5cgcs9e8ukbeb1cavjbnde',NULL,'66.249.74.130','Mozilla/5.0 (Linux; Android 6.0.1; Nexus 5X Build/MMB29P) AppleWebKit/537.36 (KHTML, like Gecko) Chrome/139.0.7258.127 Mobile Safari/537.36 (compatible; Googlebot/2.1; +http://www.google.com/bot.html)',1758814390,1758814390,0,'','journal.alterbridge.edu.ge'),
('ccp5ffs2vjhsjckvjsagqtb1mr',NULL,'91.209.8.125','mozilla/5.0 (x11; ubuntu; linux x86_64; rv:130.0) gecko/20100101 firefox/130.0',1758708739,1758708739,0,'','journal.alterbridge.edu.ge'),
('ce6t2mt6u9j0jkb33guis066qd',NULL,'217.113.194.226','Mozilla/5.0 (compatible; Barkrowler/0.9; +https://babbar.tech/crawler)',1758762555,1758762555,0,'','journal.alterbridge.edu.ge'),
('cf0bigslg9shi3s9j9m2k12j7l',NULL,'178.134.158.93','Mozilla/5.0 (Macintosh; Intel Mac OS X 10_15_7) AppleWebKit/537.36 (KHTML, like Gecko) Chrome/138.0.0.0 Safari/537.36',1758902375,1758902375,0,'','journal.alterbridge.edu.ge'),
('cfc62ejqprqm6beeuf1hm84otr',NULL,'40.77.167.55','Mozilla/5.0 AppleWebKit/537.36 (KHTML, like Gecko; compatible; bingbot/2.0; +http://www.bing.com/bingbot.htm) Chrome/116.0.1938.76 Safari/537.36',1758598683,1758598683,0,'','journal.alterbridge.edu.ge'),
('chn3ftbcrrg1i8sp4g5iv0pjuv',NULL,'66.249.74.131','Googlebot/2.1 (+http://www.google.com/bot.html)',1758943390,1758943390,0,'','journal.alterbridge.edu.ge'),
('ci990bt1g3is7fhhd30um64qdt',NULL,'217.113.194.117','Mozilla/5.0 (compatible; Barkrowler/0.9; +https://babbar.tech/crawler)',1758762648,1758762648,0,'','journal.alterbridge.edu.ge'),
('cl3n6ap842ino6jgc3blpsq85r',NULL,'173.252.87.3','facebookexternalhit/1.1 (+http://www.facebook.com/externalhit_uatext.php)',1758874343,1758874343,0,'','journal.alterbridge.edu.ge'),
('cmb8r58k7im7uvgu67qiupjdrj',NULL,'54.38.147.18','Mozilla/5.0 (compatible; AhrefsBot/7.0; +http://ahrefs.com/robot/)',1758782564,1758782564,0,'','journal.alterbridge.edu.ge'),
('cof4a6kjcm3juoa8rtbvhp3gou',NULL,'66.249.74.130','Googlebot/2.1 (+http://www.google.com/bot.html)',1758983793,1758983793,0,'','journal.alterbridge.edu.ge'),
('cpa0vicdhp6s5tgt0jsph0nc7a',NULL,'66.249.74.130','Googlebot/2.1 (+http://www.google.com/bot.html)',1758642152,1758642152,0,'','journal.alterbridge.edu.ge'),
('crg8n1hikq7m2i6e0sqminsei5',NULL,'57.141.0.51','meta-externalagent/1.1 (+https://developers.facebook.com/docs/sharing/webmasters/crawler)',1758655986,1758655986,0,'','journal.alterbridge.edu.ge'),
('cuqtid50s3u86tqqlul8pq8nkq',NULL,'52.167.144.171','Mozilla/5.0 AppleWebKit/537.36 (KHTML, like Gecko; compatible; bingbot/2.0; +http://www.bing.com/bingbot.htm) Chrome/116.0.1938.76 Safari/537.36',1758715741,1758715741,0,'','journal.alterbridge.edu.ge'),
('d2s84vs6s4djab00464huiadjv',NULL,'66.249.74.129','Googlebot/2.1 (+http://www.google.com/bot.html)',1758709154,1758709154,0,'','journal.alterbridge.edu.ge'),
('d57o2305ou2cjlr6lgf0h8m6cq',NULL,'185.191.171.9','Mozilla/5.0 (compatible; SemrushBot/7~bl; +http://www.semrush.com/bot.html)',1758671133,1758671133,0,'','journal.alterbridge.edu.ge'),
('d67feo5brtjsl4fph7rer2pj9i',NULL,'185.191.171.8','Mozilla/5.0 (compatible; SemrushBot/7~bl; +http://www.semrush.com/bot.html)',1758914671,1758914671,0,'','journal.alterbridge.edu.ge'),
('d7ale3jtkmas7du12qnme4slgq',NULL,'57.141.0.3','meta-externalagent/1.1 (+https://developers.facebook.com/docs/sharing/webmasters/crawler)',1758664643,1758664643,0,'','journal.alterbridge.edu.ge'),
('d8dq9akjqhcv8a5iv5trjo2rnr',NULL,'180.242.68.194','Mozilla/5.0 (Windows NT 10.0; Win64; x64) AppleWebKit/537.36 (KHTML, like Gecko) Chrome/120.0.6099.71 Safari/537.36',1758926902,1758926903,0,'csrf|a:2:{s:9:\"timestamp\";i:1758926903;s:5:\"token\";s:32:\"1aa5f80fd61a60be0808917692f90df6\";}','journal.alterbridge.edu.ge'),
('da95qhrf38hjun0736s64souap',NULL,'85.208.96.194','Mozilla/5.0 (compatible; SemrushBot/7~bl; +http://www.semrush.com/bot.html)',1758655761,1758655761,0,'','journal.alterbridge.edu.ge'),
('db5elsn5r312fgr3rmnvhoam54',NULL,'216.244.66.242','Mozilla/5.0 (compatible; DotBot/1.2; +https://opensiteexplorer.org/dotbot; help@moz.com)',1758868550,1758868550,0,'','journal.alterbridge.edu.ge'),
('dc4nh4ir1bhhito7p1hott61t8',NULL,'139.18.241.23','metha/0.4.15',1758845520,1758845520,0,'','journal.alterbridge.edu.ge'),
('dcg427jcepupncug1kov978s5s',NULL,'20.0.53.98','Mozilla/5.0 AppleWebKit/537.36 (KHTML, like Gecko); compatible; ChatGPT-User/1.0; +https://openai.com/bot',1758659806,1758659806,0,'','journal.alterbridge.edu.ge'),
('de93qho9ue5oicef3h9kbi8ht1',NULL,'66.249.74.130','Googlebot/2.1 (+http://www.google.com/bot.html)',1758768929,1758768929,0,'','journal.alterbridge.edu.ge'),
('desqo9dmq3vkm2cjnne5dggovv',NULL,'74.7.36.103','Mozilla/5.0 AppleWebKit/537.36 (KHTML, like Gecko); compatible; ChatGPT-User/1.0; +https://openai.com/bot',1758867317,1758867317,0,'','journal.alterbridge.edu.ge'),
('dgksjp713val3f1c1bn36c63uj',NULL,'66.249.74.130','Googlebot/2.1 (+http://www.google.com/bot.html)',1758752465,1758752465,0,'','journal.alterbridge.edu.ge'),
('dguadag3tgjt5s0952c0k80ncq',NULL,'198.244.240.92','Mozilla/5.0 (compatible; AhrefsBot/7.0; +http://ahrefs.com/robot/)',1758779433,1758779433,0,'','journal.alterbridge.edu.ge'),
('di5un1g1nso70ufa1vikpgb91q',NULL,'31.13.103.113','facebookexternalhit/1.1 (+http://www.facebook.com/externalhit_uatext.php)',1758628547,1758628547,0,'','journal.alterbridge.edu.ge'),
('djc7c989dq7ftrlm52q682pokq',NULL,'198.244.242.174','Mozilla/5.0 (compatible; AhrefsBot/7.0; +http://ahrefs.com/robot/)',1758831004,1758831004,0,'','journal.alterbridge.edu.ge'),
('djl27nbmr0dhv4rslaeq7kdi81',NULL,'77.88.47.28','Mozilla/5.0 (compatible; YandexBot/3.0; +http://yandex.com/bots)',1758892767,1758892767,0,'','journal.alterbridge.edu.ge'),
('dkjkvi1r7580djib9spvsnbcut',NULL,'157.55.39.193','Mozilla/5.0 AppleWebKit/537.36 (KHTML, like Gecko; compatible; bingbot/2.0; +http://www.bing.com/bingbot.htm) Chrome/116.0.1938.76 Safari/537.36',1758991631,1758991631,0,'','journal.alterbridge.edu.ge'),
('dn41egiir700k3got71n024i04',NULL,'172.182.211.202','Mozilla/5.0 (Macintosh; Intel Mac OS X 10_15_7) AppleWebKit/537.36 (KHTML, like Gecko) Chrome/131.0.0.0 Safari/537.36; compatible; OAI-SearchBot/1.0; +https://openai.com/searchbot',1758954701,1758954701,0,'','journal.alterbridge.edu.ge'),
('dnrrk9jhe3uk8chk6opi9c080b',NULL,'66.249.74.131','Mozilla/5.0 (Linux; Android 6.0.1; Nexus 5X Build/MMB29P) AppleWebKit/537.36 (KHTML, like Gecko) Chrome/139.0.7258.127 Mobile Safari/537.36 (compatible; Googlebot/2.1; +http://www.google.com/bot.html)',1758972744,1758972744,0,'','journal.alterbridge.edu.ge'),
('do4hj856dc3r6hb5jn3rq40sgr',NULL,'66.249.74.130','Googlebot/2.1 (+http://www.google.com/bot.html)',1758751829,1758751829,0,'','journal.alterbridge.edu.ge'),
('doiksjdeq9iukda38b5qo04afe',NULL,'69.171.230.20','facebookexternalhit/1.1 (+http://www.facebook.com/externalhit_uatext.php)',1758873897,1758873897,0,'','journal.alterbridge.edu.ge'),
('dq3pjc7aet3gs95tqkts5rmsrg',NULL,'198.244.240.222','Mozilla/5.0 (compatible; AhrefsBot/7.0; +http://ahrefs.com/robot/)',1758826989,1758826989,0,'','journal.alterbridge.edu.ge'),
('dq3tikf4b5unm4np1t7ha1n5el',NULL,'188.239.58.22','Mozilla/5.0 (iPhone; CPU iPhone OS 16_0 like Mac OS X) AppleWebKit/605.1.15 (KHTML, like Gecko) Version/18.0 Mobile/15E148 Safari/604.1',1758921890,1758921891,0,'','journal.alterbridge.edu.ge'),
('dqbfrjm5ftitk2itlcca6bg613',NULL,'77.88.47.4','Mozilla/5.0 (compatible; YandexBot/3.0; +http://yandex.com/bots)',1758892768,1758892768,0,'currentLocale|s:5:\"ka_GE\";','journal.alterbridge.edu.ge'),
('dso8r0cbgd9n0o5dnm8f49sm0t',NULL,'162.120.184.30','Mozilla/5.0 (Windows NT 10.0; Win64; x64) AppleWebKit/537.36 (KHTML, like Gecko) Chrome/140.0.0.0 Safari/537.36',1758634762,1758634762,0,'','journal.alterbridge.edu.ge'),
('dv4ilavvqanrnapfvve3opoina',NULL,'77.88.47.25','Mozilla/5.0 (compatible; YandexBot/3.0; +http://yandex.com/bots)',1758679201,1758679201,0,'','journal.alterbridge.edu.ge'),
('dvcu6etmovj1kte5l628pshd7h',NULL,'94.43.193.117','Mozilla/5.0 (Windows NT 10.0; Win64; x64) AppleWebKit/537.36 (KHTML, like Gecko) Chrome/140.0.0.0 Safari/537.36',1758789486,1758789495,0,'','journal.alterbridge.edu.ge'),
('e12aqmroes9u2qpvkm95hvo4ou',NULL,'52.167.144.204','Mozilla/5.0 AppleWebKit/537.36 (KHTML, like Gecko; compatible; bingbot/2.0; +http://www.bing.com/bingbot.htm) Chrome/116.0.1938.76 Safari/537.36',1758865114,1758865115,0,'currentLocale|s:5:\"ka_GE\";','journal.alterbridge.edu.ge'),
('e23np56f36ai9fi7a1l9stk9at',NULL,'40.77.167.55','Mozilla/5.0 AppleWebKit/537.36 (KHTML, like Gecko; compatible; bingbot/2.0; +http://www.bing.com/bingbot.htm) Chrome/116.0.1938.76 Safari/537.36',1758919058,1758919058,0,'','journal.alterbridge.edu.ge'),
('e7e00g920t4so4joqpqspcios8',NULL,'185.191.171.11','Mozilla/5.0 (compatible; SemrushBot/7~bl; +http://www.semrush.com/bot.html)',1758664080,1758664080,0,'','journal.alterbridge.edu.ge'),
('e8o7tu9npaiae9dvqq23intf4q',NULL,'66.249.74.129','Googlebot/2.1 (+http://www.google.com/bot.html)',1758687658,1758687658,0,'','journal.alterbridge.edu.ge'),
('eamhd9l7arqjoe0k0kpje2u7g3',NULL,'180.242.68.194','Mozilla/5.0 (Windows NT 10.0; Win64; x64) AppleWebKit/537.36 (KHTML, like Gecko) Chrome/120.0.6099.71 Safari/537.36',1758926875,1758926875,0,'csrf|a:2:{s:9:\"timestamp\";i:1758926875;s:5:\"token\";s:32:\"042548e6f189be65bd1486a342b079b5\";}','journal.alterbridge.edu.ge'),
('eb6c4ummfelbvl3714msv5cgti',NULL,'180.242.68.194','Mozilla/5.0 (Windows NT 10.0; Win64; x64) AppleWebKit/537.36 (KHTML, like Gecko) Chrome/120.0.6099.71 Safari/537.36',1758926930,1758926931,0,'csrf|a:2:{s:9:\"timestamp\";i:1758926931;s:5:\"token\";s:32:\"d6fb584cf7ed704ccbd6fcf31ed512c1\";}','journal.alterbridge.edu.ge'),
('eh6rttm2a7g4fl1hp3msns9mdl',NULL,'66.249.74.130','Googlebot/2.1 (+http://www.google.com/bot.html)',1758685485,1758685485,0,'','journal.alterbridge.edu.ge'),
('ehos3h6o0up4cguusmf29otq7u',NULL,'66.249.74.129','Mozilla/5.0 (Linux; Android 6.0.1; Nexus 5X Build/MMB29P) AppleWebKit/537.36 (KHTML, like Gecko) Chrome/139.0.7258.127 Mobile Safari/537.36 (compatible; Googlebot/2.1; +http://www.google.com/bot.html)',1758716490,1758716494,0,'','journal.alterbridge.edu.ge'),
('eitvb4cubellrqd9mm5dmnauns',NULL,'85.208.96.211','Mozilla/5.0 (compatible; SemrushBot/7~bl; +http://www.semrush.com/bot.html)',1758631776,1758631776,0,'','journal.alterbridge.edu.ge'),
('ejbitta78r8i0ce0jrg9hvc5p5',NULL,'139.18.241.23','metha/0.4.15',1758678650,1758678650,0,'','journal.alterbridge.edu.ge'),
('ekltfn29h9ung0g6mjnbkmd43a',NULL,'66.249.74.131','Mozilla/5.0 (Linux; Android 6.0.1; Nexus 5X Build/MMB29P) AppleWebKit/537.36 (KHTML, like Gecko) Chrome/139.0.7258.127 Mobile Safari/537.36 (compatible; Googlebot/2.1; +http://www.google.com/bot.html)',1759000479,1759000479,0,'','journal.alterbridge.edu.ge'),
('elsf2qsrc6ad9fpvtsi2154jrr',NULL,'66.249.74.131','Googlebot/2.1 (+http://www.google.com/bot.html)',1758945320,1758945320,0,'','journal.alterbridge.edu.ge'),
('en6454clj9d03sq3jjrv0mab6t',NULL,'77.88.47.23','Mozilla/5.0 (compatible; YandexBot/3.0; +http://yandex.com/bots)',1758956343,1758956343,0,'','journal.alterbridge.edu.ge'),
('epihfllm4ka0qcn1f3k71l8jto',NULL,'66.249.74.130','Mozilla/5.0 (Linux; Android 6.0.1; Nexus 5X Build/MMB29P) AppleWebKit/537.36 (KHTML, like Gecko) Chrome/139.0.7258.127 Mobile Safari/537.36 (compatible; Googlebot/2.1; +http://www.google.com/bot.html)',1758903002,1758903002,0,'','journal.alterbridge.edu.ge'),
('epm0p8nk9rh89854ep9f7jpap7',NULL,'92.222.108.98','Mozilla/5.0 (compatible; AhrefsBot/7.0; +http://ahrefs.com/robot/)',1758947567,1758947567,0,'','journal.alterbridge.edu.ge'),
('er3ud9euadgbv7i3lfsfqr8qks',NULL,'31.146.76.64','Mozilla/5.0 (iPhone; CPU iPhone OS 18_6_2 like Mac OS X) AppleWebKit/605.1.15 (KHTML, like Gecko) Version/18.6 Mobile/15E148 Safari/604.1',1758799580,1758799581,0,'','journal.alterbridge.edu.ge'),
('er64a5dj7fo6fcrnlq492ov54o',NULL,'66.249.74.130','Googlebot/2.1 (+http://www.google.com/bot.html)',1758640673,1758640673,0,'','journal.alterbridge.edu.ge'),
('erm579br5jpbqobq6k6ph2nb18',NULL,'66.249.74.130','Mozilla/5.0 (Linux; Android 6.0.1; Nexus 5X Build/MMB29P) AppleWebKit/537.36 (KHTML, like Gecko) Chrome/139.0.7258.127 Mobile Safari/537.36 (compatible; Googlebot/2.1; +http://www.google.com/bot.html)',1758664793,1758664793,0,'','journal.alterbridge.edu.ge'),
('esb168plkrrji4v2bcf8vtmfqm',NULL,'66.249.74.130','Mozilla/5.0 (Linux; Android 6.0.1; Nexus 5X Build/MMB29P) AppleWebKit/537.36 (KHTML, like Gecko) Chrome/139.0.7258.127 Mobile Safari/537.36 (compatible; Googlebot/2.1; +http://www.google.com/bot.html)',1758869519,1758869519,0,'','journal.alterbridge.edu.ge'),
('esrelqkqlqhkvhtj5u6lspvckv',NULL,'77.88.47.4','Mozilla/5.0 (compatible; YandexBot/3.0; +http://yandex.com/bots)',1758911438,1758911438,0,'','journal.alterbridge.edu.ge'),
('eup5f7o0621hooa4i6cqriphme',NULL,'180.242.68.194','Mozilla/5.0 (Windows NT 10.0; Win64; x64) AppleWebKit/537.36 (KHTML, like Gecko) Chrome/120.0.6099.71 Safari/537.36',1758857746,1758857747,0,'csrf|a:2:{s:9:\"timestamp\";i:1758857747;s:5:\"token\";s:32:\"479e10b4f854c986aa4ae1289bee10a1\";}','journal.alterbridge.edu.ge'),
('f6ndn2gvh68qdj37porlivucsa',NULL,'185.191.171.17','Mozilla/5.0 (compatible; SemrushBot/7~bl; +http://www.semrush.com/bot.html)',1758653716,1758653716,0,'','journal.alterbridge.edu.ge'),
('f706opsvdefoga7snrbhno5pu7',NULL,'54.38.147.28','Mozilla/5.0 (compatible; AhrefsBot/7.0; +http://ahrefs.com/robot/)',1758841609,1758841609,0,'','journal.alterbridge.edu.ge'),
('f70mtpj5gobuiohefhh0qnef6h',NULL,'66.249.74.130','Googlebot/2.1 (+http://www.google.com/bot.html)',1758945150,1758945150,0,'','journal.alterbridge.edu.ge'),
('f7orsee6irq597ohp1hcdtr0vu',NULL,'85.208.96.210','Mozilla/5.0 (compatible; SemrushBot/7~bl; +http://www.semrush.com/bot.html)',1758645506,1758645506,0,'','journal.alterbridge.edu.ge'),
('fbopvnlsab2g7o5qbf8shhsqvn',NULL,'52.255.111.12','Mozilla/5.0 AppleWebKit/537.36 (KHTML, like Gecko); compatible; ChatGPT-User/1.0; +https://openai.com/bot',1758969248,1758969248,0,'','journal.alterbridge.edu.ge'),
('fbt70rolc1hm5ra0k9s0tii4o5',NULL,'66.249.74.131','Googlebot/2.1 (+http://www.google.com/bot.html)',1758881879,1758881879,0,'','journal.alterbridge.edu.ge'),
('fdpv6qpaokkgsoinr1q7tcutp8',NULL,'66.249.74.130','Googlebot/2.1 (+http://www.google.com/bot.html)',1758792876,1758792876,0,'','journal.alterbridge.edu.ge'),
('ffepb3g9gvbpcphhh49t8pqikq',NULL,'66.249.74.131','Googlebot/2.1 (+http://www.google.com/bot.html)',1758941298,1758941298,0,'','journal.alterbridge.edu.ge'),
('fjr18fgk3th10a8j0dsmn3omoj',NULL,'66.249.74.129','Googlebot/2.1 (+http://www.google.com/bot.html)',1758748333,1758748333,0,'','journal.alterbridge.edu.ge'),
('fke67q69uf371ououk4v5ggrdh',NULL,'17.241.75.70','Mozilla/5.0 (Macintosh; Intel Mac OS X 10_15_7) AppleWebKit/605.1.15 (KHTML, like Gecko) Version/17.4 Safari/605.1.15 (Applebot/0.1; +http://www.apple.com/go/applebot)',1758932581,1758932581,0,'','journal.alterbridge.edu.ge'),
('fkqp0ph54knicqadto11s173gn',NULL,'173.252.107.8','facebookexternalhit/1.1 (+http://www.facebook.com/externalhit_uatext.php)',1758645663,1758645663,0,'','journal.alterbridge.edu.ge'),
('flbh909a6h6rc8fsbul5pmo52h',NULL,'52.167.144.180','Mozilla/5.0 AppleWebKit/537.36 (KHTML, like Gecko; compatible; bingbot/2.0; +http://www.bing.com/bingbot.htm) Chrome/116.0.1938.76 Safari/537.36',1758789790,1758789790,0,'','journal.alterbridge.edu.ge'),
('flv39s0jah94maojjns7306v8t',NULL,'66.249.74.130','Mozilla/5.0 (Linux; Android 6.0.1; Nexus 5X Build/MMB29P) AppleWebKit/537.36 (KHTML, like Gecko) Chrome/139.0.7258.127 Mobile Safari/537.36 (compatible; Googlebot/2.1; +http://www.google.com/bot.html)',1758739187,1758739187,0,'','journal.alterbridge.edu.ge'),
('fn74fbjd3vpkpmhjtj34mnna2t',NULL,'185.191.171.13','Mozilla/5.0 (compatible; SemrushBot/7~bl; +http://www.semrush.com/bot.html)',1758644192,1758644192,0,'','journal.alterbridge.edu.ge'),
('fnc62eid37iamo2g1blipa390n',NULL,'139.18.241.23','metha/0.4.15',1758871726,1758871726,0,'','journal.alterbridge.edu.ge'),
('fnja0aac8fsjdr7ek7b1fddcmg',NULL,'66.249.74.131','Mozilla/5.0 (Linux; Android 6.0.1; Nexus 5X Build/MMB29P) AppleWebKit/537.36 (KHTML, like Gecko) Chrome/139.0.7258.127 Mobile Safari/537.36 (compatible; GoogleOther)',1758897979,1758897979,0,'','journal.alterbridge.edu.ge'),
('foontchab00ht7487gtuc9um0b',NULL,'139.18.241.23','metha/0.4.15',1758859728,1758859728,0,'','journal.alterbridge.edu.ge'),
('fovdr1gbt37siesflegc3sii7t',NULL,'185.191.171.6','Mozilla/5.0 (compatible; SemrushBot/7~bl; +http://www.semrush.com/bot.html)',1758681054,1758681054,0,'','journal.alterbridge.edu.ge'),
('fpt7n8bq4cl6bih824c5gephr7',NULL,'198.244.183.203','Mozilla/5.0 (compatible; AhrefsBot/7.0; +http://ahrefs.com/robot/)',1758853837,1758853837,0,'','journal.alterbridge.edu.ge'),
('g2ivpjkrvhp5eb2liivn4aac53',NULL,'180.242.68.194','Mozilla/5.0 (Windows NT 10.0; Win64; x64) AppleWebKit/537.36 (KHTML, like Gecko) Chrome/120.0.6099.71 Safari/537.36',1758926861,1758926862,0,'csrf|a:2:{s:9:\"timestamp\";i:1758926862;s:5:\"token\";s:32:\"8b0f2e570abc098e6f0d3a90b832c6d3\";}','journal.alterbridge.edu.ge'),
('g35vome83cgakqmbk8kabjeb92',NULL,'157.55.39.8','Mozilla/5.0 AppleWebKit/537.36 (KHTML, like Gecko; compatible; bingbot/2.0; +http://www.bing.com/bingbot.htm) Chrome/116.0.1938.76 Safari/537.36',1758948335,1758948335,0,'','journal.alterbridge.edu.ge'),
('g9ls4vv05lbaaubv6e1pt4r9rn',NULL,'114.119.138.235','Mozilla/5.0 (Linux; Android 7.0;) AppleWebKit/537.36 (KHTML, like Gecko) Mobile Safari/537.36 (compatible; PetalBot;+https://webmaster.petalsearch.com/site/petalbot)',1758626478,1758626478,0,'','journal.alterbridge.edu.ge'),
('ga7f9lf0dp224ng0opj6rokfe3',NULL,'40.77.167.77','Mozilla/5.0 AppleWebKit/537.36 (KHTML, like Gecko; compatible; bingbot/2.0; +http://www.bing.com/bingbot.htm) Chrome/116.0.1938.76 Safari/537.36',1758604852,1758604852,0,'','journal.alterbridge.edu.ge'),
('gcb9mcik9qcjmsjdmf3vdrrmro',NULL,'40.77.167.70','Mozilla/5.0 AppleWebKit/537.36 (KHTML, like Gecko; compatible; bingbot/2.0; +http://www.bing.com/bingbot.htm) Chrome/116.0.1938.76 Safari/537.36',1758670716,1758670716,0,'','journal.alterbridge.edu.ge'),
('ggg380dmoh8ek09t6db8ocejml',NULL,'40.77.167.55','Mozilla/5.0 AppleWebKit/537.36 (KHTML, like Gecko; compatible; bingbot/2.0; +http://www.bing.com/bingbot.htm) Chrome/116.0.1938.76 Safari/537.36',1758695924,1758695924,0,'','journal.alterbridge.edu.ge'),
('gh2cm31lvah5642hdg38p6fqi9',NULL,'180.242.68.194','Mozilla/5.0 (Windows NT 10.0; Win64; x64) AppleWebKit/537.36 (KHTML, like Gecko) Chrome/120.0.6099.71 Safari/537.36',1758857762,1758857763,0,'csrf|a:2:{s:9:\"timestamp\";i:1758857763;s:5:\"token\";s:32:\"fa5724d1138f006ff3b4b0321d9d3745\";}','journal.alterbridge.edu.ge'),
('ghklkki99j6s55smckt46osgcj',NULL,'66.249.74.130','Googlebot/2.1 (+http://www.google.com/bot.html)',1758857132,1758857132,0,'','journal.alterbridge.edu.ge'),
('gjfeh1nie1l8ni13cfmbc45im8',NULL,'66.249.74.131','Googlebot/2.1 (+http://www.google.com/bot.html)',1758792860,1758792860,0,'','journal.alterbridge.edu.ge'),
('gnsr2bk9k1f2doggh9rlsg3kgi',NULL,'66.249.74.131','GoogleOther',1758674780,1758674780,0,'','journal.alterbridge.edu.ge'),
('gntvvc3vg0nf6k3qoa57056de4',NULL,'66.249.74.129','Googlebot/2.1 (+http://www.google.com/bot.html)',1758901903,1758901903,0,'','journal.alterbridge.edu.ge'),
('gp0gpl76aatc945vig2v256gjo',NULL,'77.88.47.31','Mozilla/5.0 (compatible; YandexBot/3.0; +http://yandex.com/bots)',1758958146,1758958146,0,'currentLocale|s:5:\"en_US\";','journal.alterbridge.edu.ge'),
('gpnf3c99rdc52t8urp0o22bh5d',NULL,'185.191.171.9','Mozilla/5.0 (compatible; SemrushBot/7~bl; +http://www.semrush.com/bot.html)',1758639524,1758639524,0,'','journal.alterbridge.edu.ge'),
('gro2lk7dae6n9ksi3hpnnbsleb',NULL,'188.239.11.212','Mozilla/5.0 (Windows NT 10.0; Win64; x64) AppleWebKit/537.36 (KHTML, like Gecko) Chrome/129.0.0.0 Safari/537.36',1758905059,1758905070,0,'','journal.alterbridge.edu.ge'),
('gsj03hm9df8ke0f72k0k1uhb33',NULL,'185.191.171.10','Mozilla/5.0 (compatible; SemrushBot/7~bl; +http://www.semrush.com/bot.html)',1758640312,1758640312,0,'','journal.alterbridge.edu.ge'),
('gsv73q94ee12n4hpis3mtnnpuc',10,'212.58.120.137','Mozilla/5.0 (Windows NT 10.0; Win64; x64) AppleWebKit/537.36 (KHTML, like Gecko) Chrome/140.0.0.0 Safari/537.36',1758870478,1758871668,1,'csrf|a:2:{s:9:\"timestamp\";i:1758871668;s:5:\"token\";s:32:\"03ec393224940a0182eb73c49eaf13b1\";}userId|i:10;username|s:7:\"nika163\";','journal.alterbridge.edu.ge'),
('gtfa6d3t9e7m1j92obrfqe9djv',NULL,'57.141.0.60','meta-externalagent/1.1 (+https://developers.facebook.com/docs/sharing/webmasters/crawler)',1758734184,1758734184,0,'','journal.alterbridge.edu.ge'),
('gu7lj1gbn8baajegjn2nsh2teg',NULL,'85.208.96.198','Mozilla/5.0 (compatible; SemrushBot/7~bl; +http://www.semrush.com/bot.html)',1758672475,1758672475,0,'','journal.alterbridge.edu.ge'),
('gvrr9ptjpi6qhrl82qhldu041b',NULL,'185.191.171.16','Mozilla/5.0 (compatible; SemrushBot/7~bl; +http://www.semrush.com/bot.html)',1758657580,1758657580,0,'','journal.alterbridge.edu.ge'),
('h0g0f5lgejg57vjsftobjt7cti',NULL,'51.195.215.120','Mozilla/5.0 (compatible; AhrefsBot/7.0; +http://ahrefs.com/robot/)',1758846935,1758846935,0,'','journal.alterbridge.edu.ge'),
('h24pb7rvs333ajh12sa72lar0p',NULL,'66.249.74.129','Googlebot/2.1 (+http://www.google.com/bot.html)',1758830239,1758830239,0,'','journal.alterbridge.edu.ge'),
('h5ltm0itgngfv9hvt74k64gp7p',NULL,'77.88.47.21','Mozilla/5.0 (compatible; YandexBot/3.0; +http://yandex.com/bots)',1758892768,1758892768,0,'','journal.alterbridge.edu.ge'),
('h69772l8p7brsc5bikt6qerlmf',NULL,'77.88.47.11','Mozilla/5.0 (compatible; YandexBot/3.0; +http://yandex.com/bots)',1758918207,1758918207,0,'','journal.alterbridge.edu.ge'),
('h9oelhmbja7d3ji5q0u8c60ufs',NULL,'66.249.74.129','Googlebot/2.1 (+http://www.google.com/bot.html)',1758622761,1758622761,0,'','journal.alterbridge.edu.ge'),
('hdbdj2skkknr35aa3tfhnv1u37',NULL,'52.167.144.230','Mozilla/5.0 AppleWebKit/537.36 (KHTML, like Gecko; compatible; bingbot/2.0; +http://www.bing.com/bingbot.htm) Chrome/116.0.1938.76 Safari/537.36',1758674583,1758674583,0,'','journal.alterbridge.edu.ge'),
('hddo92fvp5ch0ijbikq0a2o65j',NULL,'66.249.74.129','Googlebot/2.1 (+http://www.google.com/bot.html)',1758920128,1758920128,0,'','journal.alterbridge.edu.ge'),
('hgs6f5ellm2fallqi8j8amf3rk',NULL,'112.65.212.4','Mozilla/5.0 (Macintosh; Intel Mac OS X 10_15_7) AppleWebKit/537.36 (KHTML, like Gecko) Chrome/128.0.0.0 Safari/537.36',1758914855,1758914856,0,'','journal.alterbridge.edu.ge'),
('hgvf3bminvpj3rrcmahepov4d6',NULL,'185.191.171.14','Mozilla/5.0 (compatible; SemrushBot/7~bl; +http://www.semrush.com/bot.html)',1758666048,1758666048,0,'','journal.alterbridge.edu.ge'),
('hii30fc9na0116e6hlp76fbf6n',NULL,'5.178.214.21','Mozilla/5.0 (Windows NT 10.0; Win64; x64) AppleWebKit/537.36 (KHTML, like Gecko) Chrome/140.0.0.0 Safari/537.36',1758986138,1758986237,0,'','journal.alterbridge.edu.ge'),
('hiqr8v7j0m1usvli22ou3ockr6',NULL,'74.7.36.77','Mozilla/5.0 AppleWebKit/537.36 (KHTML, like Gecko); compatible; ChatGPT-User/1.0; +https://openai.com/bot',1758954639,1758954639,0,'','journal.alterbridge.edu.ge'),
('hjv68gnbdlr97hsdcao4ud4gm5',NULL,'66.249.74.130','Mozilla/5.0 (Linux; Android 6.0.1; Nexus 5X Build/MMB29P) AppleWebKit/537.36 (KHTML, like Gecko) Chrome/139.0.7258.127 Mobile Safari/537.36 (compatible; Googlebot/2.1; +http://www.google.com/bot.html)',1758990972,1758990972,0,'','journal.alterbridge.edu.ge'),
('hltlkv3nc5lst8fmmpo0f6639j',NULL,'66.249.74.129','Googlebot/2.1 (+http://www.google.com/bot.html)',1758835122,1758835122,0,'','journal.alterbridge.edu.ge'),
('hnmqoi00eq1idkt6oaf2v93n3e',NULL,'52.167.144.138','Mozilla/5.0 AppleWebKit/537.36 (KHTML, like Gecko; compatible; bingbot/2.0; +http://www.bing.com/bingbot.htm) Chrome/116.0.1938.76 Safari/537.36',1758746767,1758746767,0,'','journal.alterbridge.edu.ge'),
('hptvsshcio205ogifg5ta3ukaj',NULL,'114.119.138.235','Mozilla/5.0 (Linux; Android 7.0;) AppleWebKit/537.36 (KHTML, like Gecko) Mobile Safari/537.36 (compatible; PetalBot;+https://webmaster.petalsearch.com/site/petalbot)',1758684455,1758684456,0,'currentLocale|s:5:\"en_US\";','journal.alterbridge.edu.ge'),
('hqjke4gqcvoepc7egclub789ma',NULL,'66.249.74.130','Mozilla/5.0 (Linux; Android 6.0.1; Nexus 5X Build/MMB29P) AppleWebKit/537.36 (KHTML, like Gecko) Chrome/139.0.7258.127 Mobile Safari/537.36 (compatible; Googlebot/2.1; +http://www.google.com/bot.html)',1758983603,1758983603,0,'','journal.alterbridge.edu.ge'),
('hr7lntvcl18setfrdj8pmalaie',NULL,'139.18.241.23','metha/0.4.15',1758944478,1758944478,0,'','journal.alterbridge.edu.ge'),
('ht6f0fquimrcm9bv6v04u689l6',NULL,'139.18.241.23','metha/0.4.15',1758845519,1758845519,0,'','journal.alterbridge.edu.ge'),
('htttpnptn32qkt0n6l12g94fr7',NULL,'146.174.170.56','Mozilla/5.0 (X11; U; Linux x86_64; en-US) AppleWebKit/534.16 (KHTML, like Gecko) Ubuntu/10.10 Chromium/10.0.648.127 Chrome/10.0.648.127 Safari/534.16',1758925282,1758925282,0,'currentLocale|s:5:\"en_US\";','journal.alterbridge.edu.ge'),
('hvj2r5v26aqek8gqn452d34j2l',NULL,'159.138.145.153','Mozilla/5.0 (iPhone; CPU iPhone OS 16_0 like Mac OS X) AppleWebKit/605.1.15 (KHTML, like Gecko) Version/18.0 Mobile/15E148 Safari/604.1',1758921974,1758921976,0,'','journal.alterbridge.edu.ge'),
('i0m7b7kupvgfhhqa7fmi3bcbm2',NULL,'52.167.144.187','Mozilla/5.0 AppleWebKit/537.36 (KHTML, like Gecko; compatible; bingbot/2.0; +http://www.bing.com/bingbot.htm) Chrome/116.0.1938.76 Safari/537.36',1758999449,1758999449,0,'','journal.alterbridge.edu.ge'),
('i0oaesro7sqp0ju83m6e401ii1',NULL,'66.249.74.129','Googlebot/2.1 (+http://www.google.com/bot.html)',1758835190,1758835190,0,'','journal.alterbridge.edu.ge'),
('i1pllqek16nvie2bqf565aqcrf',NULL,'8.160.38.240','Mozilla/5.0 (Macintosh; Intel Mac OS X 10_15_7) AppleWebKit/537.36 (KHTML, like Gecko) Chrome/133.0.0.0 Safari/537.36',1758921099,1758921099,0,'','journal.alterbridge.edu.ge'),
('i4on11ponebh5itrtajrljvo85',NULL,'66.220.149.2','facebookexternalhit/1.1 (+http://www.facebook.com/externalhit_uatext.php)',1758625989,1758625989,0,'','journal.alterbridge.edu.ge'),
('i624pmsamq9m6ne6b0olqgmf6n',NULL,'94.23.188.206','Mozilla/5.0 (compatible; AhrefsBot/7.0; +http://ahrefs.com/robot/)',1758949059,1758949059,0,'','journal.alterbridge.edu.ge'),
('i79si03o1mdb52e076fn4vgglb',NULL,'66.249.74.130','Googlebot/2.1 (+http://www.google.com/bot.html)',1758853857,1758853857,0,'','journal.alterbridge.edu.ge'),
('i8rf324edhuuhl8a2quj3f6j1h',NULL,'66.249.74.129','Googlebot/2.1 (+http://www.google.com/bot.html)',1758666158,1758666158,0,'','journal.alterbridge.edu.ge'),
('i9ivl1ruob6vko3u6spf8ps56v',NULL,'198.244.226.56','Mozilla/5.0 (compatible; AhrefsBot/7.0; +http://ahrefs.com/robot/)',1758694110,1758694110,0,'','journal.alterbridge.edu.ge'),
('ib3jh39ps2lpdkkregrsmf8csc',NULL,'185.191.171.11','Mozilla/5.0 (compatible; SemrushBot/7~bl; +http://www.semrush.com/bot.html)',1758647397,1758647397,0,'','journal.alterbridge.edu.ge'),
('id6q6btu9ibutbtjfj8g49u0sd',NULL,'66.249.74.129','Googlebot/2.1 (+http://www.google.com/bot.html)',1758945017,1758945017,0,'','journal.alterbridge.edu.ge'),
('idjtglggukbkqmcu8u6nd90jkh',NULL,'52.167.144.146','Mozilla/5.0 AppleWebKit/537.36 (KHTML, like Gecko; compatible; bingbot/2.0; +http://www.bing.com/bingbot.htm) Chrome/116.0.1938.76 Safari/537.36',1758695907,1758695908,0,'','journal.alterbridge.edu.ge'),
('ifb1r0q78fti94l0nd3pjgt20h',NULL,'66.249.74.130','Googlebot/2.1 (+http://www.google.com/bot.html)',1758617678,1758617678,0,'','journal.alterbridge.edu.ge'),
('ii49bf799jocjddhslvu9qs60q',NULL,'54.38.147.97','Mozilla/5.0 (compatible; AhrefsBot/7.0; +http://ahrefs.com/robot/)',1758774840,1758774840,0,'','journal.alterbridge.edu.ge'),
('ikr6va58nhu0nu9eol13nj8pkl',NULL,'40.77.167.25','Mozilla/5.0 AppleWebKit/537.36 (KHTML, like Gecko; compatible; bingbot/2.0; +http://www.bing.com/bingbot.htm) Chrome/116.0.1938.76 Safari/537.36',1758703786,1758703786,0,'','journal.alterbridge.edu.ge'),
('ip81l72m143uheg0553raqqeoo',NULL,'66.249.74.130','Mozilla/5.0 (Linux; Android 6.0.1; Nexus 5X Build/MMB29P) AppleWebKit/537.36 (KHTML, like Gecko) Chrome/139.0.7258.127 Mobile Safari/537.36 (compatible; Googlebot/2.1; +http://www.google.com/bot.html)',1758684434,1758684434,0,'','journal.alterbridge.edu.ge'),
('iqbm7g819ojarpkh3eri7ib7d5',NULL,'66.249.74.130','Googlebot/2.1 (+http://www.google.com/bot.html)',1758897496,1758897496,0,'','journal.alterbridge.edu.ge'),
('iqfkr3ds4rhtuvampoji9q6e33',NULL,'66.249.74.131','Googlebot/2.1 (+http://www.google.com/bot.html)',1758598418,1758598418,0,'','journal.alterbridge.edu.ge'),
('isvld65g6pskfouehffd150ur6',NULL,'52.167.144.147','Mozilla/5.0 AppleWebKit/537.36 (KHTML, like Gecko; compatible; bingbot/2.0; +http://www.bing.com/bingbot.htm) Chrome/116.0.1938.76 Safari/537.36',1758972336,1758972336,0,'','journal.alterbridge.edu.ge'),
('iu5nvcu7u8cpilu3n7rejc9fjb',NULL,'85.208.96.208','Mozilla/5.0 (compatible; SemrushBot/7~bl; +http://www.semrush.com/bot.html)',1758690164,1758690164,0,'','journal.alterbridge.edu.ge'),
('j14mhtmpl9r73qfcg7pbeqa8il',NULL,'66.249.74.129','Mozilla/5.0 (Linux; Android 6.0.1; Nexus 5X Build/MMB29P) AppleWebKit/537.36 (KHTML, like Gecko) Chrome/139.0.7258.127 Mobile Safari/537.36 (compatible; Googlebot/2.1; +http://www.google.com/bot.html)',1758730910,1758730911,0,'currentLocale|s:5:\"ka_GE\";','journal.alterbridge.edu.ge'),
('j4na1aksl4s0ad1rduuh37u3ps',NULL,'198.244.168.93','Mozilla/5.0 (compatible; AhrefsBot/7.0; +http://ahrefs.com/robot/)',1758823527,1758823527,0,'','journal.alterbridge.edu.ge'),
('j4os203932u6gjo6osbe5h1rle',NULL,'66.249.74.131','Googlebot/2.1 (+http://www.google.com/bot.html)',1758751530,1758751530,0,'','journal.alterbridge.edu.ge'),
('j5u12s8ok8a8taus2d7khovc18',NULL,'5.39.109.170','Mozilla/5.0 (compatible; AhrefsBot/7.0; +http://ahrefs.com/robot/)',1758949733,1758949733,0,'','journal.alterbridge.edu.ge'),
('j7m0fd1l0jmm8tdpgrt1jfmi5b',NULL,'66.249.74.131','Googlebot/2.1 (+http://www.google.com/bot.html)',1758877159,1758877159,0,'','journal.alterbridge.edu.ge'),
('j9dsm4pepir4kvcbmc21l0dtfo',NULL,'180.242.68.194','Mozilla/5.0 (Windows NT 10.0; Win64; x64) AppleWebKit/537.36 (KHTML, like Gecko) Chrome/120.0.6099.71 Safari/537.36',1758857697,1758857697,0,'csrf|a:2:{s:9:\"timestamp\";i:1758857697;s:5:\"token\";s:32:\"4d2d3d7125c61c7d1f2abe3a70c2c3f4\";}','journal.alterbridge.edu.ge'),
('jcat4emc28vv3fo3s2bkfga7t9',NULL,'217.113.194.118','Mozilla/5.0 (compatible; Barkrowler/0.9; +https://babbar.tech/crawler)',1758762219,1758762219,0,'','journal.alterbridge.edu.ge'),
('jcfgls99elv6nbcl3qdm8krois',NULL,'146.174.182.178','Mozilla/5.0 (Macintosh; Intel Mac OS X 10_6_3) AppleWebKit/535.1 (KHTML, like Gecko) Chrome/13.0.782.41 Safari/535.1',1758918793,1758918794,0,'currentLocale|s:5:\"ka_GE\";','journal.alterbridge.edu.ge'),
('jcm3b2aqn9onuceq37kii838rq',NULL,'66.249.74.129','Mozilla/5.0 (Linux; Android 6.0.1; Nexus 5X Build/MMB29P) AppleWebKit/537.36 (KHTML, like Gecko) Chrome/139.0.7258.127 Mobile Safari/537.36 (compatible; Googlebot/2.1; +http://www.google.com/bot.html)',1758838878,1758838878,0,'','journal.alterbridge.edu.ge'),
('je984avettajg3mt401oavjrhk',NULL,'185.191.171.10','Mozilla/5.0 (compatible; SemrushBot/7~bl; +http://www.semrush.com/bot.html)',1758630260,1758630260,0,'','journal.alterbridge.edu.ge'),
('jeg2lk5v1pkqd73ijtidmasej3',NULL,'180.242.68.194','Mozilla/5.0 (Windows NT 10.0; Win64; x64) AppleWebKit/537.36 (KHTML, like Gecko) Chrome/120.0.6099.71 Safari/537.36',1758829486,1758829488,0,'csrf|a:2:{s:9:\"timestamp\";i:1758829488;s:5:\"token\";s:32:\"02fddbb2306d1cabee4b921e68615586\";}','journal.alterbridge.edu.ge'),
('jen0suqdte44o307tbdpj59gkd',NULL,'94.74.127.197','Mozilla/5.0 (Macintosh; Intel Mac OS X 10_15_7) AppleWebKit/537.36 (KHTML, like Gecko) Chrome/129.0.0.0 Safari/537.36',1758997983,1758997984,0,'','journal.alterbridge.edu.ge'),
('jkdj8kmnq6ona5agpkph6752u6',NULL,'77.88.47.12','Mozilla/5.0 (compatible; YandexBot/3.0; +http://yandex.com/bots)',1758958147,1758958147,0,'','journal.alterbridge.edu.ge'),
('jlvulu8ml78e7lgffa3bt58gfe',NULL,'85.208.96.199','Mozilla/5.0 (compatible; SemrushBot/7~bl; +http://www.semrush.com/bot.html)',1758632612,1758632612,0,'','journal.alterbridge.edu.ge'),
('jq9bsbjhq329r2fbrk80r3p6np',NULL,'85.208.96.204','Mozilla/5.0 (compatible; SemrushBot/7~bl; +http://www.semrush.com/bot.html)',1758644518,1758644518,0,'','journal.alterbridge.edu.ge'),
('jsh9kjoft9216s8hr7urqpq3ea',NULL,'207.46.13.78','Mozilla/5.0 AppleWebKit/537.36 (KHTML, like Gecko; compatible; bingbot/2.0; +http://www.bing.com/bingbot.htm) Chrome/116.0.1938.76 Safari/537.36',1758977928,1758977928,0,'','journal.alterbridge.edu.ge'),
('k1aa70ogl7bksrv7t873s7qbjn',NULL,'66.249.74.130','Googlebot/2.1 (+http://www.google.com/bot.html)',1758599077,1758599077,0,'','journal.alterbridge.edu.ge'),
('k1t8kbau13fc23ktcg4401edbi',NULL,'198.244.183.1','Mozilla/5.0 (compatible; AhrefsBot/7.0; +http://ahrefs.com/robot/)',1758825909,1758825909,0,'','journal.alterbridge.edu.ge'),
('k7nrm8bsga73m6fsk2m3b0vdn0',NULL,'66.249.74.130','Mozilla/5.0 (Linux; Android 6.0.1; Nexus 5X Build/MMB29P) AppleWebKit/537.36 (KHTML, like Gecko) Chrome/139.0.7258.127 Mobile Safari/537.36 (compatible; Googlebot/2.1; +http://www.google.com/bot.html)',1758940130,1758940130,0,'','journal.alterbridge.edu.ge'),
('k91ldb8m5vdj3jsmom0a5tacgq',NULL,'40.77.167.44','Mozilla/5.0 AppleWebKit/537.36 (KHTML, like Gecko; compatible; bingbot/2.0; +http://www.bing.com/bingbot.htm) Chrome/116.0.1938.76 Safari/537.36',1758678218,1758678218,0,'','journal.alterbridge.edu.ge'),
('kabb7jt828v77ktlhh8bl9fdlc',NULL,'66.249.74.129','Googlebot/2.1 (+http://www.google.com/bot.html)',1758623575,1758623575,0,'','journal.alterbridge.edu.ge'),
('kakdmbrm5dkgbqdcbu40fj9m7f',NULL,'51.195.183.176','Mozilla/5.0 (compatible; AhrefsBot/7.0; +http://ahrefs.com/robot/)',1758857571,1758857571,0,'','journal.alterbridge.edu.ge'),
('kd7g237cl38l1ntf2r7mvfkt9u',NULL,'185.191.171.11','Mozilla/5.0 (compatible; SemrushBot/7~bl; +http://www.semrush.com/bot.html)',1758668965,1758668965,0,'','journal.alterbridge.edu.ge'),
('kdt3nari0papet0qtilijn7p93',NULL,'85.208.96.210','Mozilla/5.0 (compatible; SemrushBot/7~bl; +http://www.semrush.com/bot.html)',1758661810,1758661810,0,'','journal.alterbridge.edu.ge'),
('kfbd2n0li0448be85v81aelfro',NULL,'198.244.226.53','Mozilla/5.0 (compatible; AhrefsBot/7.0; +http://ahrefs.com/robot/)',1758824593,1758824593,0,'','journal.alterbridge.edu.ge'),
('kfcq9oqisco6g5qmaftliiolnr',NULL,'217.113.196.202','Mozilla/5.0 (compatible; IbouBot/1.0; +bot@ibou.io; +https://ibou.io/iboubot.html)',1758602875,1758602875,0,'','journal.alterbridge.edu.ge'),
('kfosegkks1m45mfec8eisphfbq',NULL,'64.226.63.234','Mozilla/5.0 (Windows NT 10.0; Win64; x64) AppleWebKit/537.36 (KHTML, like Gecko) Chrome/140.0.0.0 Safari/537.36',1758673813,1758673814,0,'','journal.alterbridge.edu.ge'),
('kgj2trki3jm4i77kd9d8p1p2b9',NULL,'66.249.74.131','Googlebot/2.1 (+http://www.google.com/bot.html)',1758702876,1758702876,0,'','journal.alterbridge.edu.ge'),
('khl5466isph7hm77jelpddqsbv',NULL,'172.182.194.32','Mozilla/5.0 (Macintosh; Intel Mac OS X 10_15_7) AppleWebKit/537.36 (KHTML, like Gecko) Chrome/131.0.0.0 Safari/537.36; compatible; OAI-SearchBot/1.0; +https://openai.com/searchbot',1758740141,1758740141,0,'','journal.alterbridge.edu.ge'),
('kibm08u3kjgbkik2iqaj3enhtb',NULL,'66.249.74.130','Googlebot/2.1 (+http://www.google.com/bot.html)',1758943315,1758943315,0,'','journal.alterbridge.edu.ge'),
('kio43oeu756vfopu0tfb7dov1n',NULL,'66.249.74.131','Googlebot/2.1 (+http://www.google.com/bot.html)',1758767324,1758767324,0,'','journal.alterbridge.edu.ge'),
('kjug20l2ak76gtk276mt57cdon',NULL,'66.249.74.131','Googlebot/2.1 (+http://www.google.com/bot.html)',1758687487,1758687487,0,'','journal.alterbridge.edu.ge'),
('klf6140460ioal7d2k3pu50a02',NULL,'66.249.74.129','Googlebot/2.1 (+http://www.google.com/bot.html)',1758686929,1758686929,0,'','journal.alterbridge.edu.ge'),
('knhn9hf5vupgmmoilngv8ll9va',NULL,'66.249.74.130','Googlebot/2.1 (+http://www.google.com/bot.html)',1758809590,1758809590,0,'','journal.alterbridge.edu.ge'),
('kogdvgipc6c87fb9klnl168fpi',NULL,'94.43.193.117','Mozilla/5.0 (Windows NT 10.0; Win64; x64) AppleWebKit/537.36 (KHTML, like Gecko) Chrome/140.0.0.0 Safari/537.36',1758699253,1758809153,0,'','journal.alterbridge.edu.ge'),
('kp7upjkil7943ual4m6ni2c1t5',NULL,'52.167.144.166','Mozilla/5.0 AppleWebKit/537.36 (KHTML, like Gecko; compatible; bingbot/2.0; +http://www.bing.com/bingbot.htm) Chrome/116.0.1938.76 Safari/537.36',1758643553,1758643553,0,'','journal.alterbridge.edu.ge'),
('kultruigpf9gcje92ulpphjl84',NULL,'51.195.183.123','Mozilla/5.0 (compatible; AhrefsBot/7.0; +http://ahrefs.com/robot/)',1758820717,1758820717,0,'','journal.alterbridge.edu.ge'),
('l1hrlls290toljvs8kfecdtt18',NULL,'66.249.74.129','Googlebot/2.1 (+http://www.google.com/bot.html)',1758686870,1758686870,0,'','journal.alterbridge.edu.ge'),
('l34rgrbnq711l3orfb3pm741fa',NULL,'51.68.247.223','Mozilla/5.0 (compatible; AhrefsBot/7.0; +http://ahrefs.com/robot/)',1758908406,1758908406,0,'currentLocale|s:5:\"ka_GE\";','journal.alterbridge.edu.ge'),
('l3mqi4posf8vphuei5rtctmejf',NULL,'52.167.144.230','Mozilla/5.0 AppleWebKit/537.36 (KHTML, like Gecko; compatible; bingbot/2.0; +http://www.bing.com/bingbot.htm) Chrome/116.0.1938.76 Safari/537.36',1758674002,1758674002,0,'','journal.alterbridge.edu.ge'),
('lak8827m42kiu70nedkfp8kts2',NULL,'66.249.74.131','Mozilla/5.0 (Linux; Android 6.0.1; Nexus 5X Build/MMB29P) AppleWebKit/537.36 (KHTML, like Gecko) Chrome/139.0.7258.127 Mobile Safari/537.36 (compatible; GoogleOther)',1758659029,1758659029,0,'','journal.alterbridge.edu.ge'),
('lcs5qqfnc9h1g4nd6m8khfcgnc',NULL,'77.88.47.28','Mozilla/5.0 (compatible; YandexBot/3.0; +http://yandex.com/bots)',1758892772,1758892772,0,'currentLocale|s:5:\"en_US\";','journal.alterbridge.edu.ge'),
('lgrkulia046jih4ob9bho7o74h',NULL,'66.249.74.130','Googlebot/2.1 (+http://www.google.com/bot.html)',1758770282,1758770282,0,'','journal.alterbridge.edu.ge'),
('lhf29clis5dspug20cpvghl8vf',NULL,'66.249.74.129','Googlebot/2.1 (+http://www.google.com/bot.html)',1758620698,1758620698,0,'','journal.alterbridge.edu.ge'),
('lhmu74pvlb5upc3dmcoius0l3f',NULL,'185.191.171.12','Mozilla/5.0 (compatible; SemrushBot/7~bl; +http://www.semrush.com/bot.html)',1758620804,1758620804,0,'','journal.alterbridge.edu.ge'),
('li5ad1hli4b9kj5q66q0h8ar20',NULL,'66.249.74.129','Googlebot/2.1 (+http://www.google.com/bot.html)',1758748345,1758748345,0,'','journal.alterbridge.edu.ge'),
('llelrf2nqrfst9hmjk7oaeq8fi',NULL,'180.242.68.194','Mozilla/5.0 (Windows NT 10.0; Win64; x64) AppleWebKit/537.36 (KHTML, like Gecko) Chrome/120.0.6099.71 Safari/537.36',1758829479,1758829479,0,'csrf|a:2:{s:9:\"timestamp\";i:1758829479;s:5:\"token\";s:32:\"e750cdc2f6cdbd3a2d8ddc37cdc2f623\";}','journal.alterbridge.edu.ge'),
('lnu2tsa927m1pv6iif5dvi776e',NULL,'85.208.96.205','Mozilla/5.0 (compatible; SemrushBot/7~bl; +http://www.semrush.com/bot.html)',1758687530,1758687530,0,'','journal.alterbridge.edu.ge'),
('lp1c1srdlgbjvphl671d4olqjr',NULL,'17.241.219.22','Mozilla/5.0 (Macintosh; Intel Mac OS X 10_15_7) AppleWebKit/605.1.15 (KHTML, like Gecko) Version/17.4 Safari/605.1.15 (Applebot/0.1; +http://www.apple.com/go/applebot)',1758643187,1758643187,0,'currentLocale|s:5:\"en_US\";csrf|a:2:{s:9:\"timestamp\";i:1758643187;s:5:\"token\";s:32:\"2c4a68700eb2233bdef1461b32d2a4c8\";}','journal.alterbridge.edu.ge'),
('lp96u6qmi4j27646ert39eufe5',NULL,'40.77.167.17','Mozilla/5.0 AppleWebKit/537.36 (KHTML, like Gecko; compatible; bingbot/2.0; +http://www.bing.com/bingbot.htm) Chrome/116.0.1938.76 Safari/537.36',1758590190,1758590190,0,'','journal.alterbridge.edu.ge'),
('lq7lij3ehljrp3nupjr7q0cp1b',NULL,'66.249.74.130','Googlebot/2.1 (+http://www.google.com/bot.html)',1758963444,1758963444,0,'','journal.alterbridge.edu.ge'),
('lrsnku3i6gofrtsfdjqr1qdq2b',NULL,'114.119.136.109','Mozilla/5.0 (Linux; Android 7.0;) AppleWebKit/537.36 (KHTML, like Gecko) Mobile Safari/537.36 (compatible; PetalBot;+https://webmaster.petalsearch.com/site/petalbot)',1758914138,1758914138,0,'','journal.alterbridge.edu.ge'),
('lructn1dvl3vk7srqu6vlf12g4',NULL,'185.191.171.10','Mozilla/5.0 (compatible; SemrushBot/7~bl; +http://www.semrush.com/bot.html)',1758643914,1758643914,0,'currentLocale|s:5:\"ka_GE\";','journal.alterbridge.edu.ge'),
('ltssn1dpp4o6ie741cr3tc78dr',NULL,'85.208.96.206','Mozilla/5.0 (compatible; SemrushBot/7~bl; +http://www.semrush.com/bot.html)',1758672357,1758672357,0,'','journal.alterbridge.edu.ge'),
('m0m3btcn1hdo0bh29quv3o98i6',NULL,'66.249.74.130','Mozilla/5.0 (Linux; Android 6.0.1; Nexus 5X Build/MMB29P) AppleWebKit/537.36 (KHTML, like Gecko) Chrome/139.0.7258.127 Mobile Safari/537.36 (compatible; Googlebot/2.1; +http://www.google.com/bot.html)',1758607032,1758607032,0,'','journal.alterbridge.edu.ge'),
('m27hc0ush4m98n4pgucd4mibee',NULL,'66.249.74.129','Googlebot/2.1 (+http://www.google.com/bot.html)',1758945107,1758945107,0,'','journal.alterbridge.edu.ge'),
('m2kcj1tqh6j38obv3qg24mri1s',NULL,'111.119.198.254','Mozilla/5.0 (Windows NT 10.0; Win64; x64) AppleWebKit/537.36 (KHTML, like Gecko) Chrome/130.0.0.0 Safari/537.36',1758921738,1758921742,0,'','journal.alterbridge.edu.ge'),
('m3ggedp47ihscn96s72gvqapbm',NULL,'139.18.241.23','metha/0.4.15',1758859728,1758859728,0,'','journal.alterbridge.edu.ge'),
('m41n9v3occtghllpserbfshq13',NULL,'185.191.171.4','Mozilla/5.0 (compatible; SemrushBot/7~bl; +http://www.semrush.com/bot.html)',1758653225,1758653225,0,'','journal.alterbridge.edu.ge'),
('m5a1g42dcds7oeec0obfn95udo',NULL,'217.113.194.116','Mozilla/5.0 (compatible; Barkrowler/0.9; +https://babbar.tech/crawler)',1758762392,1758762392,0,'','journal.alterbridge.edu.ge'),
('m6ev8lhfqh78n062vumtvrofnd',NULL,'66.249.74.129','Mozilla/5.0 (Linux; Android 6.0.1; Nexus 5X Build/MMB29P) AppleWebKit/537.36 (KHTML, like Gecko) Chrome/139.0.7258.127 Mobile Safari/537.36 (compatible; Googlebot/2.1; +http://www.google.com/bot.html)',1758714249,1758714249,0,'','journal.alterbridge.edu.ge'),
('m76jvcertr8cji8pht0e6t5s0o',NULL,'185.191.171.8','Mozilla/5.0 (compatible; SemrushBot/7~bl; +http://www.semrush.com/bot.html)',1758655772,1758655772,0,'','journal.alterbridge.edu.ge'),
('mb1aegod2mmp87laf6oj2a7t39',NULL,'51.195.215.41','Mozilla/5.0 (compatible; AhrefsBot/7.0; +http://ahrefs.com/robot/)',1758695393,1758695393,0,'','journal.alterbridge.edu.ge'),
('meb003isrsu898stnkg4cidne2',NULL,'66.249.74.131','Googlebot/2.1 (+http://www.google.com/bot.html)',1758833344,1758833344,0,'','journal.alterbridge.edu.ge'),
('mgdg685c96ns6unis26e4bk59t',NULL,'40.77.167.14','Mozilla/5.0 AppleWebKit/537.36 (KHTML, like Gecko; compatible; bingbot/2.0; +http://www.bing.com/bingbot.htm) Chrome/116.0.1938.76 Safari/537.36',1758988644,1758988644,0,'','journal.alterbridge.edu.ge'),
('ml0gcurmvjcd3oj5scfpqnilp9',NULL,'217.113.194.226','Mozilla/5.0 (compatible; Barkrowler/0.9; +https://babbar.tech/crawler)',1758762273,1758762273,0,'','journal.alterbridge.edu.ge'),
('mlal20okdna3vfgij676da0a06',NULL,'66.249.74.129','Mozilla/5.0 (Linux; Android 6.0.1; Nexus 5X Build/MMB29P) AppleWebKit/537.36 (KHTML, like Gecko) Chrome/139.0.7258.127 Mobile Safari/537.36 (compatible; Googlebot/2.1; +http://www.google.com/bot.html)',1758782413,1758782413,0,'','journal.alterbridge.edu.ge'),
('mp97mh69vfqv3kq8ok9j4qcssq',NULL,'217.113.194.119','Mozilla/5.0 (compatible; Barkrowler/0.9; +https://babbar.tech/crawler)',1758762313,1758762313,0,'','journal.alterbridge.edu.ge'),
('mpj6qmsev3hcnj110ep1v91bq0',NULL,'66.249.74.129','Mozilla/5.0 (Linux; Android 6.0.1; Nexus 5X Build/MMB29P) AppleWebKit/537.36 (KHTML, like Gecko) Chrome/139.0.7258.127 Mobile Safari/537.36 (compatible; Googlebot/2.1; +http://www.google.com/bot.html)',1758675508,1758675508,0,'','journal.alterbridge.edu.ge'),
('mrm5g0eraejegsee62rfjd2kk4',NULL,'139.18.241.23','metha/0.4.15',1758725986,1758725986,0,'','journal.alterbridge.edu.ge'),
('mrq8igohsgfcln1td7im5u4ee1',NULL,'66.249.74.129','Googlebot/2.1 (+http://www.google.com/bot.html)',1758961052,1758961052,0,'','journal.alterbridge.edu.ge'),
('msjduet4bc3ubo36999p0covjj',NULL,'139.18.241.23','metha/0.4.15',1758887541,1758887541,0,'','journal.alterbridge.edu.ge'),
('msplfiecokoo8mvgvdoarf2ugo',NULL,'217.147.236.103','Mozilla/5.0 (iPhone; CPU iPhone OS 18_6 like Mac OS X) AppleWebKit/605.1.15 (KHTML, like Gecko) Version/18.6 Mobile/15E148 Safari/604.1',1758867365,1758867404,0,'','journal.alterbridge.edu.ge'),
('mu5jvhtga0rca2o34b0ohcte80',NULL,'77.88.47.4','Mozilla/5.0 (compatible; YandexBot/3.0; +http://yandex.com/bots)',1758893055,1758893055,0,'csrf|a:2:{s:9:\"timestamp\";i:1758893055;s:5:\"token\";s:32:\"4732a87dcb9fd861302333b6bdbd16ed\";}','journal.alterbridge.edu.ge'),
('n02l85grot0biahn7n7mc35ojq',NULL,'185.191.171.12','Mozilla/5.0 (compatible; SemrushBot/7~bl; +http://www.semrush.com/bot.html)',1758636336,1758636336,0,'','journal.alterbridge.edu.ge'),
('n0i7m4lfr28ph0iamu43glters',NULL,'66.249.74.130','Mozilla/5.0 (Linux; Android 6.0.1; Nexus 5X Build/MMB29P) AppleWebKit/537.36 (KHTML, like Gecko) Chrome/139.0.7258.127 Mobile Safari/537.36 (compatible; Googlebot/2.1; +http://www.google.com/bot.html)',1758652437,1758652437,0,'','journal.alterbridge.edu.ge'),
('n15br1i5ah4ssbjmihcoagrj9d',NULL,'185.191.171.16','Mozilla/5.0 (compatible; SemrushBot/7~bl; +http://www.semrush.com/bot.html)',1758625606,1758625606,0,'','journal.alterbridge.edu.ge'),
('n1trbcmo70246632m4sdaj7mmg',NULL,'66.249.74.129','Googlebot/2.1 (+http://www.google.com/bot.html)',1758728522,1758728522,0,'','journal.alterbridge.edu.ge'),
('n2ss1m9vdfaqdbcubb3njs2a5j',NULL,'114.119.148.160','Mozilla/5.0 (Linux; Android 7.0;) AppleWebKit/537.36 (KHTML, like Gecko) Mobile Safari/537.36 (compatible; PetalBot;+https://webmaster.petalsearch.com/site/petalbot)',1758764958,1758764958,0,'','journal.alterbridge.edu.ge'),
('n2vtdifee18fdneumbfu683k4i',NULL,'198.244.168.141','Mozilla/5.0 (compatible; AhrefsBot/7.0; +http://ahrefs.com/robot/)',1758874596,1758874596,0,'','journal.alterbridge.edu.ge'),
('n389t06ifg5tb0o5b88jhhvaif',NULL,'114.119.138.235','Mozilla/5.0 (Linux; Android 7.0;) AppleWebKit/537.36 (KHTML, like Gecko) Mobile Safari/537.36 (compatible; PetalBot;+https://webmaster.petalsearch.com/site/petalbot)',1758678705,1758678707,0,'currentLocale|s:5:\"en_US\";','journal.alterbridge.edu.ge'),
('n4kn689qg7ndu4gaq54nb3ejno',NULL,'139.18.241.23','metha/0.4.15',1758744503,1758744503,0,'','journal.alterbridge.edu.ge'),
('n594o1qudta4pp3o028oml55ui',NULL,'180.242.68.194','Mozilla/5.0 (Windows NT 10.0; Win64; x64) AppleWebKit/537.36 (KHTML, like Gecko) Chrome/120.0.6099.71 Safari/537.36',1758857765,1758857765,0,'csrf|a:2:{s:9:\"timestamp\";i:1758857766;s:5:\"token\";s:32:\"a23b4ab4ab3aa53b44bb725f79c028ce\";}','journal.alterbridge.edu.ge'),
('n5osjcqmag30rchln72d29meb9',NULL,'180.242.68.194','Mozilla/5.0 (Windows NT 10.0; Win64; x64) AppleWebKit/537.36 (KHTML, like Gecko) Chrome/120.0.6099.71 Safari/537.36',1758857688,1758857688,0,'csrf|a:2:{s:9:\"timestamp\";i:1758857689;s:5:\"token\";s:32:\"2bb54eccbe82b30f7623541e9b8e182e\";}','journal.alterbridge.edu.ge'),
('n81kmnjuv4ts6aghpnga5h03o0',NULL,'94.23.188.216','Mozilla/5.0 (compatible; AhrefsBot/7.0; +http://ahrefs.com/robot/)',1758948327,1758948327,0,'','journal.alterbridge.edu.ge'),
('n9th75sv0me8p6uke70lgvco6g',NULL,'66.249.74.130','Mozilla/5.0 (Linux; Android 6.0.1; Nexus 5X Build/MMB29P) AppleWebKit/537.36 (KHTML, like Gecko) Chrome/139.0.7258.127 Mobile Safari/537.36 (compatible; Googlebot/2.1; +http://www.google.com/bot.html)',1758662953,1758662953,0,'','journal.alterbridge.edu.ge'),
('nbmi3a69ve9rgs4d0bqg6i0ge3',NULL,'217.113.194.118','Mozilla/5.0 (compatible; Barkrowler/0.9; +https://babbar.tech/crawler)',1758762536,1758762536,0,'','journal.alterbridge.edu.ge'),
('ncd5igfn76o63k3ii4eelbi0sa',NULL,'77.88.47.21','Mozilla/5.0 (compatible; YandexBot/3.0; +http://yandex.com/bots)',1758892767,1758892767,0,'','journal.alterbridge.edu.ge'),
('nd3ah1ou0jkg2hn20e9gbcv2gn',NULL,'66.249.74.130','Mozilla/5.0 (Linux; Android 6.0.1; Nexus 5X Build/MMB29P) AppleWebKit/537.36 (KHTML, like Gecko) Chrome/139.0.7258.127 Mobile Safari/537.36 (compatible; Googlebot/2.1; +http://www.google.com/bot.html)',1758692347,1758692347,0,'','journal.alterbridge.edu.ge'),
('ng1vsh613mf9dot8l0uetds156',NULL,'34.124.159.83','Mozilla/5.0 (Linux; Android 5.1.1; SM-J111F)',1758940785,1758940785,0,'','journal.alterbridge.edu.ge'),
('ngt32a31t1d0of324l509a4cu8',NULL,'51.68.247.208','Mozilla/5.0 (compatible; AhrefsBot/7.0; +http://ahrefs.com/robot/)',1758952276,1758952276,0,'','journal.alterbridge.edu.ge'),
('ni2jm70ojb8bcckrf4fo2h8t6h',NULL,'52.167.144.225','Mozilla/5.0 AppleWebKit/537.36 (KHTML, like Gecko; compatible; bingbot/2.0; +http://www.bing.com/bingbot.htm) Chrome/116.0.1938.76 Safari/537.36',1758757824,1758757825,0,'currentLocale|s:5:\"ka_GE\";','journal.alterbridge.edu.ge'),
('njfc6brn499l2r02c8cs1c2rsm',NULL,'66.249.74.129','Mozilla/5.0 (Linux; Android 6.0.1; Nexus 5X Build/MMB29P) AppleWebKit/537.36 (KHTML, like Gecko) Chrome/139.0.7258.127 Mobile Safari/537.36 (compatible; Googlebot/2.1; +http://www.google.com/bot.html)',1758644966,1758644966,0,'','journal.alterbridge.edu.ge'),
('np8f3abccjcisnngn8ps9tc1ji',NULL,'66.249.74.131','Googlebot/2.1 (+http://www.google.com/bot.html)',1758987203,1758987203,0,'','journal.alterbridge.edu.ge'),
('nqj1up41d6uaev2pf502ell07b',NULL,'66.249.74.129','Googlebot/2.1 (+http://www.google.com/bot.html)',1758616422,1758616422,0,'','journal.alterbridge.edu.ge'),
('nrttd6hhmgr97d8vv636i657le',NULL,'40.77.167.151','Mozilla/5.0 AppleWebKit/537.36 (KHTML, like Gecko; compatible; bingbot/2.0; +http://www.bing.com/bingbot.htm) Chrome/116.0.1938.76 Safari/537.36',1758836141,1758836141,0,'','journal.alterbridge.edu.ge'),
('nscu2a5ltb3eq9cc69apoljvf4',NULL,'66.249.74.129','Googlebot/2.1 (+http://www.google.com/bot.html)',1758815027,1758815027,0,'','journal.alterbridge.edu.ge'),
('ntnm9e3lcm2uvnljqojnd2gc0j',NULL,'66.249.74.129','Googlebot/2.1 (+http://www.google.com/bot.html)',1758668653,1758668653,0,'','journal.alterbridge.edu.ge'),
('nts3e8o8ltnusra91tnnicb1p5',NULL,'51.195.183.88','Mozilla/5.0 (compatible; AhrefsBot/7.0; +http://ahrefs.com/robot/)',1758821870,1758821870,0,'','journal.alterbridge.edu.ge'),
('nuhj088rtl9qm8oi88vlptqpct',NULL,'92.222.104.221','Mozilla/5.0 (compatible; AhrefsBot/7.0; +http://ahrefs.com/robot/)',1758952866,1758952866,0,'','journal.alterbridge.edu.ge'),
('o0h19qf1o454m6192vvfm3ffrk',NULL,'66.249.74.129','Googlebot/2.1 (+http://www.google.com/bot.html)',1758923003,1758923003,0,'','journal.alterbridge.edu.ge'),
('o1ab99fo5cnudepquprnnmd7p2',NULL,'66.249.74.131','Mozilla/5.0 (Linux; Android 6.0.1; Nexus 5X Build/MMB29P) AppleWebKit/537.36 (KHTML, like Gecko) Chrome/139.0.7258.127 Mobile Safari/537.36 (compatible; Googlebot/2.1; +http://www.google.com/bot.html)',1758654562,1758654562,0,'','journal.alterbridge.edu.ge'),
('o21g1ukqacpk5c1qr8biap051m',NULL,'185.191.171.12','Mozilla/5.0 (compatible; SemrushBot/7~bl; +http://www.semrush.com/bot.html)',1758649801,1758649801,0,'','journal.alterbridge.edu.ge'),
('o3rhc6fk2m1sq6n7ultot942ss',NULL,'185.191.171.9','Mozilla/5.0 (compatible; SemrushBot/7~bl; +http://www.semrush.com/bot.html)',1758635267,1758635267,0,'','journal.alterbridge.edu.ge'),
('oa5tka85ef6pvd1buid4o3rorh',NULL,'66.249.74.131','Mozilla/5.0 (Linux; Android 6.0.1; Nexus 5X Build/MMB29P) AppleWebKit/537.36 (KHTML, like Gecko) Chrome/139.0.7258.127 Mobile Safari/537.36 (compatible; Googlebot/2.1; +http://www.google.com/bot.html)',1758838744,1758838744,0,'','journal.alterbridge.edu.ge'),
('obj8mmtd0c6pmbeo7gpgvtpd4v',NULL,'85.208.96.207','Mozilla/5.0 (compatible; SemrushBot/7~bl; +http://www.semrush.com/bot.html)',1758643915,1758643915,0,'','journal.alterbridge.edu.ge'),
('ockmb0lqd62bopjlcq43o3e4qm',NULL,'66.249.74.129','Googlebot/2.1 (+http://www.google.com/bot.html)',1758620713,1758620713,0,'','journal.alterbridge.edu.ge'),
('og0qddgh3etanb7f5m82o0rlur',NULL,'91.209.8.124','mozilla/5.0 (x11; ubuntu; linux x86_64; rv:127.0) gecko/20100101 firefox/127.0',1758830591,1758830591,0,'','journal.alterbridge.edu.ge'),
('oip6kj7pbdcsapsdf5qpneutbg',10,'217.147.233.215','Mozilla/5.0 (Macintosh; Intel Mac OS X 10_15_7) AppleWebKit/605.1.15 (KHTML, like Gecko) Version/18.6 Safari/605.1.15',1758794270,1758794290,1,'csrf|a:2:{s:9:\"timestamp\";i:1758794290;s:5:\"token\";s:32:\"4796f5be3d0e3778b4468003f23d25f6\";}userId|i:10;username|s:7:\"nika163\";currentLocale|s:5:\"en_US\";','journal.alterbridge.edu.ge'),
('oj1o39jh0v5j8pesud2ekto1rs',NULL,'85.208.96.194','Mozilla/5.0 (compatible; SemrushBot/7~bl; +http://www.semrush.com/bot.html)',1758635639,1758635639,0,'','journal.alterbridge.edu.ge'),
('ojvtcf9uf0g1bh5ulmuqq88vf3',NULL,'40.77.167.156','Mozilla/5.0 AppleWebKit/537.36 (KHTML, like Gecko; compatible; bingbot/2.0; +http://www.bing.com/bingbot.htm) Chrome/116.0.1938.76 Safari/537.36',1758665115,1758665115,0,'','journal.alterbridge.edu.ge'),
('om2s992pm21tdlr9a8osmq7slq',NULL,'185.191.171.18','Mozilla/5.0 (compatible; SemrushBot/7~bl; +http://www.semrush.com/bot.html)',1758646575,1758646575,0,'','journal.alterbridge.edu.ge'),
('on0f2765jb31rnme6epmemslck',NULL,'77.88.47.21','Mozilla/5.0 (compatible; YandexBot/3.0; +http://yandex.com/bots)',1758892771,1758892771,0,'','journal.alterbridge.edu.ge'),
('oqr8iab5usamp0h1kuflsqvdfc',NULL,'185.191.171.4','Mozilla/5.0 (compatible; SemrushBot/7~bl; +http://www.semrush.com/bot.html)',1758673408,1758673408,0,'','journal.alterbridge.edu.ge'),
('orud9odug0miv41kqidoopmnut',NULL,'66.249.74.131','Googlebot/2.1 (+http://www.google.com/bot.html)',1758668565,1758668565,0,'','journal.alterbridge.edu.ge'),
('osagjo9jkeq8vr44o1tjgjvb91',NULL,'66.249.74.129','Googlebot/2.1 (+http://www.google.com/bot.html)',1758751844,1758751844,0,'','journal.alterbridge.edu.ge'),
('ot26nf92vngddul5fg0h0uqf22',NULL,'185.191.171.14','Mozilla/5.0 (compatible; SemrushBot/7~bl; +http://www.semrush.com/bot.html)',1758633072,1758633072,0,'','journal.alterbridge.edu.ge'),
('ot6qbun7r3dah89fui8ggujf9v',NULL,'198.244.168.51','Mozilla/5.0 (compatible; AhrefsBot/7.0; +http://ahrefs.com/robot/)',1758828515,1758828515,0,'','journal.alterbridge.edu.ge'),
('otq25vs9q92oo956pc8e6gjfue',NULL,'198.244.242.32','Mozilla/5.0 (compatible; AhrefsBot/7.0; +http://ahrefs.com/robot/)',1758827985,1758827985,0,'','journal.alterbridge.edu.ge'),
('ourj2rujh799mqo5r30h936alq',NULL,'180.242.68.194','Mozilla/5.0 (Windows NT 10.0; Win64; x64) AppleWebKit/537.36 (KHTML, like Gecko) Chrome/120.0.6099.71 Safari/537.36',1758829496,1758829497,0,'csrf|a:2:{s:9:\"timestamp\";i:1758829497;s:5:\"token\";s:32:\"56fc904bbb5ac28ed9827c8c87af8c8a\";}','journal.alterbridge.edu.ge'),
('p1mhuhckoa17horseffk6au2g3',NULL,'66.249.74.131','Mozilla/5.0 (Linux; Android 6.0.1; Nexus 5X Build/MMB29P) AppleWebKit/537.36 (KHTML, like Gecko) Chrome/139.0.7258.127 Mobile Safari/537.36 (compatible; Googlebot/2.1; +http://www.google.com/bot.html)',1758898108,1758898108,0,'','journal.alterbridge.edu.ge'),
('p5o7vmj9vd5b2p3uf74gormg19',NULL,'66.249.74.129','Mozilla/5.0 (Linux; Android 6.0.1; Nexus 5X Build/MMB29P) AppleWebKit/537.36 (KHTML, like Gecko) Chrome/139.0.7258.127 Mobile Safari/537.36 (compatible; Googlebot/2.1; +http://www.google.com/bot.html)',1758998245,1758998245,0,'','journal.alterbridge.edu.ge'),
('p7372flkj14gsl3vc27aikguak',NULL,'66.249.74.130','Googlebot/2.1 (+http://www.google.com/bot.html)',1758881097,1758881097,0,'','journal.alterbridge.edu.ge'),
('p8abp8bebn1rjg3lbtmo4d17h0',NULL,'66.249.74.129','Googlebot/2.1 (+http://www.google.com/bot.html)',1758943299,1758943299,0,'','journal.alterbridge.edu.ge'),
('pacmm25aq13f1f5u511rmua3r0',NULL,'217.113.194.119','Mozilla/5.0 (compatible; Barkrowler/0.9; +https://babbar.tech/crawler)',1758762255,1758762255,0,'','journal.alterbridge.edu.ge'),
('pb7atm20lig3e5cehi4cbajk08',NULL,'66.249.74.129','Googlebot/2.1 (+http://www.google.com/bot.html)',1758902064,1758902064,0,'','journal.alterbridge.edu.ge'),
('pccrn9cd4162vb0j93bjmhj2l6',NULL,'198.244.183.129','Mozilla/5.0 (compatible; AhrefsBot/7.0; +http://ahrefs.com/robot/)',1758693066,1758693066,0,'','journal.alterbridge.edu.ge'),
('pdn2g215a5enstc02skeaqdpqe',NULL,'148.113.130.12','Mozilla/5.0 (compatible; AhrefsBot/7.0; +http://ahrefs.com/robot/)',1758885357,1758885357,0,'','journal.alterbridge.edu.ge'),
('pi3g5c9ftlvs2k2r1t2po5oeus',NULL,'180.242.68.194','Mozilla/5.0 (Windows NT 10.0; Win64; x64) AppleWebKit/537.36 (KHTML, like Gecko) Chrome/120.0.6099.71 Safari/537.36',1758857760,1758857761,0,'csrf|a:2:{s:9:\"timestamp\";i:1758857761;s:5:\"token\";s:32:\"d909696372e2e273542e4661562f715f\";}','journal.alterbridge.edu.ge'),
('pilst469es600tnl8n5ej5do75',NULL,'185.191.171.19','Mozilla/5.0 (compatible; SemrushBot/7~bl; +http://www.semrush.com/bot.html)',1758665247,1758665247,0,'','journal.alterbridge.edu.ge'),
('pkkm85bpg1qeco83ji7dag8f3p',NULL,'180.242.68.194','Mozilla/5.0 (Windows NT 10.0; Win64; x64) AppleWebKit/537.36 (KHTML, like Gecko) Chrome/120.0.6099.71 Safari/537.36',1758857696,1758857697,0,'csrf|a:2:{s:9:\"timestamp\";i:1758857697;s:5:\"token\";s:32:\"fe8623f63a0db3ab249cb978796bc644\";}','journal.alterbridge.edu.ge'),
('pl01a9o8ht3t03nkt5dp9k16p1',NULL,'66.249.74.131','Mozilla/5.0 (Linux; Android 6.0.1; Nexus 5X Build/MMB29P) AppleWebKit/537.36 (KHTML, like Gecko) Chrome/139.0.7258.127 Mobile Safari/537.36 (compatible; Googlebot/2.1; +http://www.google.com/bot.html)',1758844285,1758844285,0,'','journal.alterbridge.edu.ge'),
('pnnva7d2hunpcot0qn1lmp6dng',NULL,'139.18.241.23','metha/0.4.15',1758664099,1758664099,0,'','journal.alterbridge.edu.ge'),
('popre036mhkr4dlq3bd38odmqd',NULL,'185.191.171.14','Mozilla/5.0 (compatible; SemrushBot/7~bl; +http://www.semrush.com/bot.html)',1758640341,1758640341,0,'','journal.alterbridge.edu.ge'),
('pt6s95oec8gpc9fadvgoqf5hb9',NULL,'52.167.144.147','Mozilla/5.0 AppleWebKit/537.36 (KHTML, like Gecko; compatible; bingbot/2.0; +http://www.bing.com/bingbot.htm) Chrome/116.0.1938.76 Safari/537.36',1758972355,1758972355,0,'','journal.alterbridge.edu.ge'),
('pt7httm984v2vrghvl1ghd4oth',NULL,'66.249.74.130','Googlebot/2.1 (+http://www.google.com/bot.html)',1758663344,1758663344,0,'','journal.alterbridge.edu.ge'),
('puoq105sfp33qinba6qr28itnd',NULL,'69.171.230.7','facebookexternalhit/1.1 (+http://www.facebook.com/externalhit_uatext.php)',1758873896,1758873896,0,'','journal.alterbridge.edu.ge'),
('q1kkf6aabg8sogd8hqs8bhkfj7',NULL,'85.208.96.199','Mozilla/5.0 (compatible; SemrushBot/7~bl; +http://www.semrush.com/bot.html)',1758639902,1758639902,0,'','journal.alterbridge.edu.ge'),
('q1kna75s8dj1nk08p2fmttr548',NULL,'20.25.151.234','Mozilla/5.0 (Macintosh; Intel Mac OS X 10_15_7) AppleWebKit/537.36 (KHTML, like Gecko) Chrome/131.0.0.0 Safari/537.36; compatible; OAI-SearchBot/1.0; +https://openai.com/searchbot',1758669349,1758669349,0,'','journal.alterbridge.edu.ge'),
('q2o3j5oo7ulv21562blinu4tgn',NULL,'52.167.144.176','Mozilla/5.0 AppleWebKit/537.36 (KHTML, like Gecko; compatible; bingbot/2.0; +http://www.bing.com/bingbot.htm) Chrome/116.0.1938.76 Safari/537.36',1758629823,1758629824,0,'currentLocale|s:5:\"ka_GE\";','journal.alterbridge.edu.ge'),
('q4h1ssocjuh003r6orkfqf2o8h',NULL,'139.18.241.23','metha/0.4.15',1758936066,1758936066,0,'','journal.alterbridge.edu.ge'),
('q57enfer2n9fvp21cohd2ac0nj',NULL,'198.244.183.144','Mozilla/5.0 (compatible; AhrefsBot/7.0; +http://ahrefs.com/robot/)',1758846028,1758846028,0,'','journal.alterbridge.edu.ge'),
('q6dbt9t64uucnldeio8hecov6v',NULL,'31.13.103.2','facebookexternalhit/1.1 (+http://www.facebook.com/externalhit_uatext.php)',1758628547,1758628547,0,'','journal.alterbridge.edu.ge'),
('q7vabip5747h40b0opjri20d68',NULL,'94.43.193.117','Mozilla/5.0 (Windows NT 10.0; Win64; x64) AppleWebKit/537.36 (KHTML, like Gecko) Chrome/140.0.0.0 Safari/537.36',1758827769,1758827782,0,'','journal.alterbridge.edu.ge'),
('q94jjn2oteqhg0f0n75le0sjdh',NULL,'52.167.144.207','Mozilla/5.0 AppleWebKit/537.36 (KHTML, like Gecko; compatible; bingbot/2.0; +http://www.bing.com/bingbot.htm) Chrome/116.0.1938.76 Safari/537.36',1758970507,1758970507,0,'currentLocale|s:5:\"en_US\";','journal.alterbridge.edu.ge'),
('qa63u6k5u8irc8ft7k5ifltpp7',NULL,'66.249.74.130','Mozilla/5.0 (Linux; Android 6.0.1; Nexus 5X Build/MMB29P) AppleWebKit/537.36 (KHTML, like Gecko) Chrome/139.0.7258.127 Mobile Safari/537.36 (compatible; Googlebot/2.1; +http://www.google.com/bot.html)',1758999932,1758999932,0,'','journal.alterbridge.edu.ge'),
('qa7evmu2oogvqhnif8v031dq7e',NULL,'66.249.74.129','Mozilla/5.0 (Linux; Android 6.0.1; Nexus 5X Build/MMB29P) AppleWebKit/537.36 (KHTML, like Gecko) Chrome/139.0.7258.127 Mobile Safari/537.36 (compatible; Googlebot/2.1; +http://www.google.com/bot.html)',1759001609,1759001609,0,'','journal.alterbridge.edu.ge'),
('qd4rme39nopeqk3tv51j2lpfpk',NULL,'217.113.196.237','Mozilla/5.0 (compatible; IbouBot/1.0; +bot@ibou.io; +https://ibou.io/iboubot.html)',1758818195,1758818195,0,'','journal.alterbridge.edu.ge'),
('qe0deim1dcnps24tar63knghff',NULL,'66.249.74.129','Googlebot/2.1 (+http://www.google.com/bot.html)',1758682848,1758682848,0,'','journal.alterbridge.edu.ge'),
('qgqv5ojvj6lqq9r3lgqhptc5m4',NULL,'66.249.74.129','Googlebot/2.1 (+http://www.google.com/bot.html)',1758897595,1758897595,0,'','journal.alterbridge.edu.ge'),
('qh6h277c719o3csuu67gcn9cvb',NULL,'185.191.171.8','Mozilla/5.0 (compatible; SemrushBot/7~bl; +http://www.semrush.com/bot.html)',1758651076,1758651076,0,'','journal.alterbridge.edu.ge'),
('qige4g29tfiq4klimqbgegf1ao',NULL,'52.167.144.230','Mozilla/5.0 AppleWebKit/537.36 (KHTML, like Gecko; compatible; bingbot/2.0; +http://www.bing.com/bingbot.htm) Chrome/116.0.1938.76 Safari/537.36',1758714452,1758714453,0,'currentLocale|s:5:\"ka_GE\";','journal.alterbridge.edu.ge'),
('qik7ofkhvbvvmd2cc2g4i5urun',NULL,'66.249.74.129','Googlebot/2.1 (+http://www.google.com/bot.html)',1758881444,1758881444,0,'','journal.alterbridge.edu.ge'),
('qlph2f36t2m93js9j9flpt7m31',NULL,'85.208.96.204','Mozilla/5.0 (compatible; SemrushBot/7~bl; +http://www.semrush.com/bot.html)',1758654837,1758654837,0,'','journal.alterbridge.edu.ge'),
('qnkd0n9prss1uvhc67vqh0rkmr',NULL,'180.242.68.194','Mozilla/5.0 (Windows NT 10.0; Win64; x64) AppleWebKit/537.36 (KHTML, like Gecko) Chrome/120.0.6099.71 Safari/537.36',1758857802,1758857803,0,'csrf|a:2:{s:9:\"timestamp\";i:1758857803;s:5:\"token\";s:32:\"7de8af0fcdc1ab89a5a26d393cfedd11\";}','journal.alterbridge.edu.ge'),
('qppt8lm8k677f0riviphfttc8v',NULL,'74.105.51.152','Mozilla/5.0 (Macintosh; Intel Mac OS X 10_15_7) AppleWebKit/605.1.15 (KHTML, like Gecko) Version/17.6 Safari/605.1.15',1758930263,1758930264,0,'','journal.alterbridge.edu.ge'),
('qqvg3heq97jif11rmss92heenm',NULL,'74.7.36.77','Mozilla/5.0 AppleWebKit/537.36 (KHTML, like Gecko); compatible; ChatGPT-User/1.0; +https://openai.com/bot',1758954640,1758954640,0,'','journal.alterbridge.edu.ge'),
('qs2cbu462mjo4u2haaiunsdj24',NULL,'17.22.237.112','Mozilla/5.0 (Macintosh; Intel Mac OS X 10_15_7) AppleWebKit/605.1.15 (KHTML, like Gecko) Version/17.4 Safari/605.1.15 (Applebot/0.1; +http://www.apple.com/go/applebot)',1758605024,1758605024,0,'','journal.alterbridge.edu.ge'),
('qtbup45db10jpinf22bdm26knq',NULL,'66.249.74.130','Mozilla/5.0 (Linux; Android 6.0.1; Nexus 5X Build/MMB29P) AppleWebKit/537.36 (KHTML, like Gecko) Chrome/139.0.7258.127 Mobile Safari/537.36 (compatible; Googlebot/2.1; +http://www.google.com/bot.html)',1758902442,1758902442,0,'','journal.alterbridge.edu.ge'),
('qvnn3c377r8fl32klukdr00g15',NULL,'51.195.244.168','Mozilla/5.0 (compatible; AhrefsBot/7.0; +http://ahrefs.com/robot/)',1758829520,1758829520,0,'','journal.alterbridge.edu.ge'),
('r06k6chna36adi1eaa1qldl9s6',NULL,'198.244.183.121','Mozilla/5.0 (compatible; AhrefsBot/7.0; +http://ahrefs.com/robot/)',1758831489,1758831489,0,'','journal.alterbridge.edu.ge'),
('r0fethc1eoiuqb4q2pq7ducge6',NULL,'66.249.74.130','Googlebot/2.1 (+http://www.google.com/bot.html)',1758793098,1758793098,0,'','journal.alterbridge.edu.ge'),
('r4g7s56p0riv1rha5q662trs8s',NULL,'148.113.130.82','Mozilla/5.0 (compatible; AhrefsBot/7.0; +http://ahrefs.com/robot/)',1758884111,1758884111,0,'','journal.alterbridge.edu.ge'),
('r501fbu80j450t9csuv1inli3p',NULL,'66.249.74.130','Googlebot/2.1 (+http://www.google.com/bot.html)',1758767487,1758767487,0,'','journal.alterbridge.edu.ge'),
('r5vbtoinc0tfhuro6i3opnlf2a',NULL,'217.113.194.116','Mozilla/5.0 (compatible; Barkrowler/0.9; +https://babbar.tech/crawler)',1758762428,1758762428,0,'','journal.alterbridge.edu.ge'),
('ra2nogbeeva36l1616cs6hvp5g',NULL,'217.113.194.116','Mozilla/5.0 (compatible; Barkrowler/0.9; +https://babbar.tech/crawler)',1758762410,1758762410,0,'','journal.alterbridge.edu.ge'),
('rc42b5ec03v2s7kuvj35n0tpfh',NULL,'66.249.74.129','Googlebot/2.1 (+http://www.google.com/bot.html)',1758988469,1758988469,0,'','journal.alterbridge.edu.ge'),
('rc48dqptp7haq99e98fmkm95lo',NULL,'66.249.74.130','Mozilla/5.0 (Linux; Android 6.0.1; Nexus 5X Build/MMB29P) AppleWebKit/537.36 (KHTML, like Gecko) Chrome/139.0.7258.127 Mobile Safari/537.36 (compatible; Googlebot/2.1; +http://www.google.com/bot.html)',1758723068,1758723068,0,'','journal.alterbridge.edu.ge'),
('rf8ejiqm6nadrh4r2cmstifd2k',NULL,'66.249.74.129','Googlebot/2.1 (+http://www.google.com/bot.html)',1758944943,1758944943,0,'','journal.alterbridge.edu.ge'),
('rf9qruj610p14nap9v202mpe6e',NULL,'66.249.74.130','Googlebot/2.1 (+http://www.google.com/bot.html)',1758961995,1758961995,0,'','journal.alterbridge.edu.ge'),
('rgrdi3jkp0qgmtuatosp256h9k',NULL,'77.88.47.28','Mozilla/5.0 (compatible; YandexBot/3.0; +http://yandex.com/bots)',1758892770,1758892770,0,'currentLocale|s:5:\"en_US\";','journal.alterbridge.edu.ge'),
('ri7chco6iltv8rn0bju1jqtp2h',NULL,'66.249.74.130','Googlebot/2.1 (+http://www.google.com/bot.html)',1758814081,1758814081,0,'','journal.alterbridge.edu.ge'),
('rm6b1famddqe7gqflu64jd6ugc',NULL,'66.249.74.129','Googlebot/2.1 (+http://www.google.com/bot.html)',1758598978,1758598978,0,'','journal.alterbridge.edu.ge'),
('rmdksh2o56nh5cboonu66v4b5s',NULL,'34.45.143.144','Mozilla/5.0 (Macintosh; Intel Mac OS X 10.15; rv:109.0) AppleWebKit/537.36 (KHTML, like Gecko) Chrome/108.0.0.0 Safari/537.36',1758634777,1758634777,0,'','journal.alterbridge.edu.ge'),
('rp2a8336pea78sqhg4ts9cft5t',NULL,'52.167.144.189','Mozilla/5.0 AppleWebKit/537.36 (KHTML, like Gecko; compatible; bingbot/2.0; +http://www.bing.com/bingbot.htm) Chrome/116.0.1938.76 Safari/537.36',1758636811,1758636811,0,'','journal.alterbridge.edu.ge'),
('rqe7nkorbrfuh6giq49c1n70dc',NULL,'207.46.13.78','Mozilla/5.0 AppleWebKit/537.36 (KHTML, like Gecko; compatible; bingbot/2.0; +http://www.bing.com/bingbot.htm) Chrome/116.0.1938.76 Safari/537.36',1758816106,1758816106,0,'','journal.alterbridge.edu.ge'),
('rs71cfl2i8jfnhc7m11dkm1v4p',NULL,'37.59.204.130','Mozilla/5.0 (compatible; AhrefsBot/7.0; +http://ahrefs.com/robot/)',1758893667,1758893667,0,'','journal.alterbridge.edu.ge'),
('rt9g9a5h0bs3fvf3q1un0qc25n',NULL,'66.249.74.129','Googlebot/2.1 (+http://www.google.com/bot.html)',1758681994,1758681994,0,'','journal.alterbridge.edu.ge'),
('rtg8o5rbgk000hoqernsjsoofs',NULL,'15.235.98.217','Mozilla/5.0 (compatible; AhrefsBot/7.0; +http://ahrefs.com/robot/)',1758886643,1758886643,0,'','journal.alterbridge.edu.ge'),
('ruembq0l658sckjkept63tts2n',NULL,'139.18.241.23','metha/0.4.15',1758742792,1758742792,0,'','journal.alterbridge.edu.ge'),
('s0mekm0id4rsjj2vrgst7ip0vf',NULL,'217.113.194.112','Mozilla/5.0 (compatible; Barkrowler/0.9; +https://babbar.tech/crawler)',1758762373,1758762373,0,'','journal.alterbridge.edu.ge'),
('s3gbpujea0bok55sq0lh8198f4',NULL,'91.209.8.121','mozilla/5.0 (windows nt 10.0; win64; x64) applewebkit/537.36 (khtml, like gecko) chrome/129.0.6668.42 safari/537.36',1758798494,1758798494,0,'','journal.alterbridge.edu.ge'),
('s4mqupr1eqd0m48un1c1m88n50',NULL,'139.18.241.23','metha/0.4.15',1758609022,1758609022,0,'','journal.alterbridge.edu.ge'),
('s7kti7v4087mkt2ior9p11ufaq',10,'5.187.10.9','Mozilla/5.0 (Macintosh; Intel Mac OS X 10_15_7) AppleWebKit/537.36 (KHTML, like Gecko) Chrome/140.0.0.0 Safari/537.36',1758703750,1758703972,1,'csrf|a:2:{s:9:\"timestamp\";i:1758703971;s:5:\"token\";s:32:\"4271d89955a8790f058c25ce2747ec58\";}userId|i:10;username|s:7:\"nika163\";','journal.alterbridge.edu.ge'),
('sb5iuri2ackomjsvjd539bj98r',NULL,'77.88.47.28','Mozilla/5.0 (compatible; YandexBot/3.0; +http://yandex.com/bots)',1758892766,1758892766,0,'currentLocale|s:5:\"en_US\";','journal.alterbridge.edu.ge'),
('sbno0pr2sf9b735os2bth5qkto',NULL,'23.229.113.138','Mozilla/5.0 (Windows NT 10.0; Win64; x64) AppleWebKit/537.36 (KHTML, like Gecko) Chrome/139.0.0.0 Safari/537.36',1758802468,1758802498,0,'csrf|a:2:{s:9:\"timestamp\";i:1758802487;s:5:\"token\";s:32:\"8d93012194dd8b878f1986565ae118c6\";}','journal.alterbridge.edu.ge'),
('seks3r6jkdal47jpg24ep6m3ca',NULL,'66.249.74.129','Mozilla/5.0 (Linux; Android 6.0.1; Nexus 5X Build/MMB29P) AppleWebKit/537.36 (KHTML, like Gecko) Chrome/139.0.7258.127 Mobile Safari/537.36 (compatible; Googlebot/2.1; +http://www.google.com/bot.html)',1758974784,1758974784,0,'','journal.alterbridge.edu.ge'),
('set6k4snufttk4s1q8tmrivbli',NULL,'185.191.171.2','Mozilla/5.0 (compatible; SemrushBot/7~bl; +http://www.semrush.com/bot.html)',1758657063,1758657063,0,'','journal.alterbridge.edu.ge'),
('sgj31981b6dpuf94biidl510mh',NULL,'66.249.74.129','Googlebot/2.1 (+http://www.google.com/bot.html)',1758941007,1758941007,0,'','journal.alterbridge.edu.ge'),
('shqje1h7vl0ghnoodsfn4s4uuv',NULL,'180.242.68.194','Mozilla/5.0 (Windows NT 10.0; Win64; x64) AppleWebKit/537.36 (KHTML, like Gecko) Chrome/120.0.6099.71 Safari/537.36',1758829498,1758829499,0,'csrf|a:2:{s:9:\"timestamp\";i:1758829499;s:5:\"token\";s:32:\"eb59391df332b76ad8065384c9ef0a62\";}','journal.alterbridge.edu.ge'),
('shvafsfrfds9ugqqqtcku271gf',NULL,'66.249.74.130','Googlebot/2.1 (+http://www.google.com/bot.html)',1758642136,1758642136,0,'','journal.alterbridge.edu.ge'),
('sigkf8chj88sk0k2gi7rkcnboi',NULL,'66.249.68.3','Googlebot/2.1 (+http://www.google.com/bot.html)',1758961441,1758961441,0,'','journal.alterbridge.edu.ge'),
('sjvkvp1d9atoj0aeqr5cr8l564',NULL,'46.110.53.145','Mozilla/5.0 (Windows NT 10.0; Win64; x64) AppleWebKit/537.36 (KHTML, like Gecko) Chrome/140.0.0.0 Safari/537.36',1758892113,1758892116,0,'','journal.alterbridge.edu.ge'),
('so6a67ar993tkt3u1vs18gs6ra',NULL,'66.249.74.130','Googlebot/2.1 (+http://www.google.com/bot.html)',1758919596,1758919596,0,'','journal.alterbridge.edu.ge'),
('sodeavmkunk8eefh00ht481i06',NULL,'216.247.234.86','Mozilla/5.0 (Windows NT 10.0; Win64; x64) AppleWebKit/537.36 (KHTML, like Gecko) Chrome/140.0.0.0 Safari/537.36',1758890613,1758890613,0,'','journal.alterbridge.edu.ge'),
('sp9ttntre5gvi690hlo54jrnva',NULL,'66.249.74.129','Googlebot/2.1 (+http://www.google.com/bot.html)',1758858633,1758858633,0,'','journal.alterbridge.edu.ge'),
('srp5439sq1oldf45635rj3i23v',NULL,'77.88.47.12','Mozilla/5.0 (compatible; YandexBot/3.0; +http://yandex.com/bots)',1758969686,1758969686,0,'','journal.alterbridge.edu.ge'),
('st757b5bv60q5fni7isul1sjan',NULL,'52.167.144.157','Mozilla/5.0 AppleWebKit/537.36 (KHTML, like Gecko; compatible; bingbot/2.0; +http://www.bing.com/bingbot.htm) Chrome/116.0.1938.76 Safari/537.36',1758671588,1758671588,0,'','journal.alterbridge.edu.ge'),
('sv8247jsv47dqpqd67utm13u4m',NULL,'66.249.74.131','Googlebot/2.1 (+http://www.google.com/bot.html)',1758619005,1758619005,0,'','journal.alterbridge.edu.ge'),
('svmpd1onraio9nh8h5knjtuok8',NULL,'66.249.74.130','Googlebot/2.1 (+http://www.google.com/bot.html)',1758899355,1758899355,0,'','journal.alterbridge.edu.ge'),
('t0n5ukd8rl93au447pb3qc5qoh',NULL,'66.249.74.129','Googlebot/2.1 (+http://www.google.com/bot.html)',1758683036,1758683036,0,'','journal.alterbridge.edu.ge'),
('t132edcltnijcusc7q4s5nt200',NULL,'66.249.74.131','Googlebot/2.1 (+http://www.google.com/bot.html)',1758877671,1758877671,0,'','journal.alterbridge.edu.ge'),
('t3hunv8hr5ui70mcrk6i2t48er',NULL,'85.208.96.211','Mozilla/5.0 (compatible; SemrushBot/7~bl; +http://www.semrush.com/bot.html)',1758660249,1758660249,0,'','journal.alterbridge.edu.ge'),
('t58g0k0es920t2f13ekj1660eg',NULL,'34.124.159.83','Mozilla/5.0 (Linux; Android 5.1.1; SM-J111F)',1758940785,1758940785,0,'','journal.alterbridge.edu.ge'),
('t5iimtkipnlluu4s5e4f9mhiki',NULL,'66.249.74.130','Googlebot/2.1 (+http://www.google.com/bot.html)',1758617850,1758617850,0,'','journal.alterbridge.edu.ge'),
('t8tacpst7l5vcflcdqtqagbun6',NULL,'94.23.188.205','Mozilla/5.0 (compatible; AhrefsBot/7.0; +http://ahrefs.com/robot/)',1758895260,1758895260,0,'','journal.alterbridge.edu.ge'),
('tb737b04j11ef3filrbdse0jah',NULL,'85.208.96.199','Mozilla/5.0 (compatible; SemrushBot/7~bl; +http://www.semrush.com/bot.html)',1758664691,1758664691,0,'','journal.alterbridge.edu.ge'),
('tcceqnpf3mkevf5kkjvtqpeota',NULL,'77.88.47.4','Mozilla/5.0 (compatible; YandexBot/3.0; +http://yandex.com/bots)',1758899549,1758899549,0,'','journal.alterbridge.edu.ge'),
('tckeqgnpq65789m2ih539vfo7n',NULL,'66.249.74.131','Googlebot/2.1 (+http://www.google.com/bot.html)',1758898173,1758898173,0,'','journal.alterbridge.edu.ge'),
('tg5abl7e259v4vr5f2ocdcb6el',NULL,'85.208.96.199','Mozilla/5.0 (compatible; SemrushBot/7~bl; +http://www.semrush.com/bot.html)',1758649537,1758649537,0,'','journal.alterbridge.edu.ge'),
('thukob924c278c92670qp36c8q',NULL,'66.249.74.130','Googlebot/2.1 (+http://www.google.com/bot.html)',1758875999,1758875999,0,'','journal.alterbridge.edu.ge'),
('tnv8ptbihk8i111r6nv2909k4a',NULL,'162.120.184.29','Mozilla/5.0 (Windows NT 10.0; Win64; x64) AppleWebKit/537.36 (KHTML, like Gecko) Chrome/140.0.0.0 Safari/537.36',1758634759,1758634759,0,'','journal.alterbridge.edu.ge'),
('ttshdqp91h8jetdk3563ranmco',NULL,'66.249.74.130','Googlebot/2.1 (+http://www.google.com/bot.html)',1758922466,1758922466,0,'','journal.alterbridge.edu.ge'),
('tvo5s88d2iumml9aljmjvm5nsj',NULL,'66.249.74.129','Mozilla/5.0 (Linux; Android 6.0.1; Nexus 5X Build/MMB29P) AppleWebKit/537.36 (KHTML, like Gecko) Chrome/139.0.7258.127 Mobile Safari/537.36 (compatible; Googlebot/2.1; +http://www.google.com/bot.html)',1758666551,1758666551,0,'','journal.alterbridge.edu.ge'),
('u0sd7nv93ieogde1ainjgnvjpn',NULL,'66.249.74.130','Googlebot/2.1 (+http://www.google.com/bot.html)',1758593732,1758593732,0,'','journal.alterbridge.edu.ge'),
('u2hp448cmk83ne3r5o6e0aukdq',NULL,'198.244.226.220','Mozilla/5.0 (compatible; AhrefsBot/7.0; +http://ahrefs.com/robot/)',1758783310,1758783310,0,'','journal.alterbridge.edu.ge'),
('u3jdlm6kuj6anhioth6eqiqk59',NULL,'198.244.242.0','Mozilla/5.0 (compatible; AhrefsBot/7.0; +http://ahrefs.com/robot/)',1758778256,1758778256,0,'','journal.alterbridge.edu.ge'),
('u3jqaq0f3qno8k4ia08ktfcjdb',NULL,'139.18.241.23','metha/0.4.15',1758873130,1758873130,0,'','journal.alterbridge.edu.ge'),
('u4ii2ushp3htkg5fvniqd57353',NULL,'198.244.183.127','Mozilla/5.0 (compatible; AhrefsBot/7.0; +http://ahrefs.com/robot/)',1758830001,1758830001,0,'','journal.alterbridge.edu.ge'),
('u57gs8jq30mf5k6eni7luniv6s',NULL,'85.208.96.198','Mozilla/5.0 (compatible; SemrushBot/7~bl; +http://www.semrush.com/bot.html)',1758641082,1758641082,0,'','journal.alterbridge.edu.ge'),
('u5t8f073rudn778e760l4ih8qh',NULL,'66.249.74.129','Googlebot/2.1 (+http://www.google.com/bot.html)',1758641684,1758641684,0,'','journal.alterbridge.edu.ge'),
('u8dq2moc89rk38leah79554gkf',NULL,'66.249.74.130','Googlebot/2.1 (+http://www.google.com/bot.html)',1758702827,1758702827,0,'','journal.alterbridge.edu.ge'),
('uffagmrmepq3nct5vn7v528dpq',NULL,'139.18.241.23','metha/0.4.15',1758936066,1758936066,0,'','journal.alterbridge.edu.ge'),
('ug1lr7roj4tc9sfejnmg02one5',NULL,'114.119.138.235','Mozilla/5.0 (Linux; Android 7.0;) AppleWebKit/537.36 (KHTML, like Gecko) Mobile Safari/537.36 (compatible; PetalBot;+https://webmaster.petalsearch.com/site/petalbot)',1758961055,1758961056,0,'currentLocale|s:5:\"en_US\";','journal.alterbridge.edu.ge'),
('uhjmkfu42fb213a926ve72b082',NULL,'66.249.74.130','Googlebot/2.1 (+http://www.google.com/bot.html)',1758944959,1758944959,0,'','journal.alterbridge.edu.ge'),
('uiji7o8hgtnkekfs1ea6vvddud',NULL,'185.191.171.11','Mozilla/5.0 (compatible; SemrushBot/7~bl; +http://www.semrush.com/bot.html)',1758659924,1758659924,0,'','journal.alterbridge.edu.ge'),
('uit1t5pcp42lbarpv6gsam0lnd',NULL,'77.88.47.4','Mozilla/5.0 (compatible; YandexBot/3.0; +http://yandex.com/bots)',1758892770,1758892770,0,'currentLocale|s:5:\"ka_GE\";','journal.alterbridge.edu.ge'),
('umeud7fhrm49vekj8hkgqa29i1',NULL,'66.249.74.129','Mozilla/5.0 (Linux; Android 6.0.1; Nexus 5X Build/MMB29P) AppleWebKit/537.36 (KHTML, like Gecko) Chrome/139.0.7258.127 Mobile Safari/537.36 (compatible; Googlebot/2.1; +http://www.google.com/bot.html)',1758720495,1758720495,0,'','journal.alterbridge.edu.ge'),
('uns581eguok0sejqha4fh835o2',NULL,'198.244.226.184','Mozilla/5.0 (compatible; AhrefsBot/7.0; +http://ahrefs.com/robot/)',1758825117,1758825117,0,'','journal.alterbridge.edu.ge'),
('uq2n81j95kgdmtcfhnrcidgp6h',NULL,'5.39.1.253','Mozilla/5.0 (compatible; AhrefsBot/7.0; +http://ahrefs.com/robot/)',1758950391,1758950391,0,'','journal.alterbridge.edu.ge'),
('usg74o7frqrsv86ob2ftc4oopl',NULL,'185.191.171.13','Mozilla/5.0 (compatible; SemrushBot/7~bl; +http://www.semrush.com/bot.html)',1758887518,1758887518,0,'','journal.alterbridge.edu.ge'),
('ut6oskdsofpnrbf28vrvvcif17',NULL,'185.191.171.10','Mozilla/5.0 (compatible; SemrushBot/7~bl; +http://www.semrush.com/bot.html)',1758635978,1758635978,0,'','journal.alterbridge.edu.ge'),
('uujqei3j3fvdjr8jmo3pj7024n',NULL,'180.242.68.194','Mozilla/5.0 (Windows NT 10.0; Win64; x64) AppleWebKit/537.36 (KHTML, like Gecko) Chrome/120.0.6099.71 Safari/537.36',1758926882,1758926885,0,'csrf|a:2:{s:9:\"timestamp\";i:1758926885;s:5:\"token\";s:32:\"4e498df18f3dbe9998bc7aab20cea226\";}','journal.alterbridge.edu.ge'),
('uvq11ekrmt91fuclagr1s34f02',NULL,'66.249.74.129','Mozilla/5.0 (Linux; Android 6.0.1; Nexus 5X Build/MMB29P) AppleWebKit/537.36 (KHTML, like Gecko) Chrome/139.0.7258.127 Mobile Safari/537.36 (compatible; Googlebot/2.1; +http://www.google.com/bot.html)',1758987145,1758987145,0,'','journal.alterbridge.edu.ge'),
('v7sbi46qv9nbpl0iflvtloea5o',NULL,'185.191.171.11','Mozilla/5.0 (compatible; SemrushBot/7~bl; +http://www.semrush.com/bot.html)',1758647038,1758647038,0,'','journal.alterbridge.edu.ge'),
('v85bbgfvt26rvj5hnnepegbbag',NULL,'85.208.96.209','Mozilla/5.0 (compatible; SemrushBot/7~bl; +http://www.semrush.com/bot.html)',1758657865,1758657865,0,'','journal.alterbridge.edu.ge'),
('v8j89n6b963brt3280i25i2md0',NULL,'217.113.194.113','Mozilla/5.0 (compatible; Barkrowler/0.9; +https://babbar.tech/crawler)',1758762482,1758762482,0,'currentLocale|s:5:\"ka_GE\";','journal.alterbridge.edu.ge'),
('vdu3495cin8mtt9vdoi6o4grg7',NULL,'66.249.74.131','Mozilla/5.0 (Linux; Android 6.0.1; Nexus 5X Build/MMB29P) AppleWebKit/537.36 (KHTML, like Gecko) Chrome/139.0.7258.127 Mobile Safari/537.36 (compatible; Googlebot/2.1; +http://www.google.com/bot.html)',1758993994,1758993994,0,'','journal.alterbridge.edu.ge'),
('ve0fejel61iujmhmc3di7mnh6u',NULL,'185.191.171.9','Mozilla/5.0 (compatible; SemrushBot/7~bl; +http://www.semrush.com/bot.html)',1758625604,1758625604,0,'currentLocale|s:5:\"en_US\";','journal.alterbridge.edu.ge'),
('vfeeimiu4hj0etfqpk931icj29',NULL,'66.249.74.131','Googlebot/2.1 (+http://www.google.com/bot.html)',1758940304,1758940304,0,'','journal.alterbridge.edu.ge'),
('vfp85rafvbqgl98fpob8qdlgae',NULL,'40.77.167.57','Mozilla/5.0 AppleWebKit/537.36 (KHTML, like Gecko; compatible; bingbot/2.0; +http://www.bing.com/bingbot.htm) Chrome/116.0.1938.76 Safari/537.36',1758830090,1758830090,0,'currentLocale|s:5:\"ka_GE\";','journal.alterbridge.edu.ge'),
('virarca7bl12sls5b5jnmmkbr2',NULL,'69.171.231.1','facebookexternalhit/1.1 (+http://www.facebook.com/externalhit_uatext.php)',1758874344,1758874344,0,'','journal.alterbridge.edu.ge'),
('vjgcvs6qom5h3ju2bvvuqv3e3v',NULL,'52.167.144.219','Mozilla/5.0 AppleWebKit/537.36 (KHTML, like Gecko; compatible; bingbot/2.0; +http://www.bing.com/bingbot.htm) Chrome/116.0.1938.76 Safari/537.36',1758662744,1758662744,0,'','journal.alterbridge.edu.ge'),
('vk2v2vpsdfnpd30e0v54i95qt9',NULL,'57.141.4.59','meta-externalagent/1.1 (+https://developers.facebook.com/docs/sharing/webmasters/crawler)',1758863735,1758863735,0,'','journal.alterbridge.edu.ge'),
('vlp187j4bu1nlv13e130uddofu',NULL,'185.191.171.9','Mozilla/5.0 (compatible; SemrushBot/7~bl; +http://www.semrush.com/bot.html)',1758657171,1758657171,0,'','journal.alterbridge.edu.ge'),
('vlt6vc23v31oh5r1vo562k65f9',NULL,'66.249.74.129','Googlebot/2.1 (+http://www.google.com/bot.html)',1758812367,1758812367,0,'','journal.alterbridge.edu.ge'),
('vnsf2pc8jg5npv7d4afkh4cs5h',NULL,'66.249.74.129','Mozilla/5.0 (Linux; Android 6.0.1; Nexus 5X Build/MMB29P) AppleWebKit/537.36 (KHTML, like Gecko) Chrome/139.0.7258.127 Mobile Safari/537.36 (compatible; Googlebot/2.1; +http://www.google.com/bot.html)',1758783914,1758783914,0,'','journal.alterbridge.edu.ge'),
('vphhc32fmi0lq31r737gq5kf0s',NULL,'66.249.74.129','Googlebot/2.1 (+http://www.google.com/bot.html)',1758683465,1758683465,0,'','journal.alterbridge.edu.ge'),
('vs6sffv103b14d71spn0vk1t3c',NULL,'5.39.1.246','Mozilla/5.0 (compatible; AhrefsBot/7.0; +http://ahrefs.com/robot/)',1758888161,1758888161,0,'','journal.alterbridge.edu.ge'),
('vslnnko75t6u5ercepk24nd15e',NULL,'66.249.74.129','Googlebot/2.1 (+http://www.google.com/bot.html)',1758945033,1758945033,0,'','journal.alterbridge.edu.ge');

--
